--
-- Host: localhost    Database: reparati_store
-- ------------------------------------------------------


--
-- Current Database: `reparati_store`
--


--
-- Table structure for table `address`
--

CREATE TABLE `address` (
  `address_id` int NOT NULL AUTO_INCREMENT,
  `customer_id` int NOT NULL,
  `firstname` varchar(32) COLLATE utf8mb3_bin NOT NULL DEFAULT '',
  `lastname` varchar(32) COLLATE utf8mb3_bin NOT NULL DEFAULT '',
  `company` varchar(32) COLLATE utf8mb3_bin NOT NULL,
  `company_id` varchar(32) COLLATE utf8mb3_bin NOT NULL,
  `tax_id` varchar(32) COLLATE utf8mb3_bin NOT NULL,
  `address_1` varchar(128) COLLATE utf8mb3_bin NOT NULL,
  `address_2` varchar(128) COLLATE utf8mb3_bin NOT NULL,
  `city` varchar(128) COLLATE utf8mb3_bin NOT NULL,
  `postcode` varchar(10) COLLATE utf8mb3_bin NOT NULL,
  `country_id` int NOT NULL DEFAULT '0',
  `zone_id` int NOT NULL DEFAULT '0',
  PRIMARY KEY (`address_id`),
  KEY `customer_id` (`customer_id`)
) ENGINE=MyISAM AUTO_INCREMENT=43 DEFAULT CHARSET=utf8mb3 COLLATE=utf8mb3_bin;

--
-- Dumping data for table `address`
--

INSERT INTO `address` (`address_id`, `customer_id`, `firstname`, `lastname`, `company`, `company_id`, `tax_id`, `address_1`, `address_2`, `city`, `postcode`, `country_id`, `zone_id`) VALUES (1,1,'Gogoi','Cristian-Valentin','','','','Str.Velei Nr.9A','','Bucuresti','',175,2688),(2,2,'Andrei','Hosu','','','','str. Observatorului nr. 2','','Cluj-Napoca','400489',175,2692),(3,3,'T','Andra','','','','Straulesti','','Bucuresti','',175,2688),(4,4,'Iulian','Dimitriu','','','','Str. Barbosi Nr.59  Bl. B2 Ap.1','','Galati','',175,2697),(5,5,'Claudiu','Farcas','','','','str Vasile Lupu nr 83','bl D1 sc E ap 20','IASI','700319',175,2703),(6,6,'PETRU','BUZDUGAN','','','','Gloriei Bl 19 Ap 26','','Roman','611113',175,2708),(7,7,'Gagiu','Alexandra','SC HYPERCUBIC SRL','RO25328519','','Calea Rahovei, nr 266-268, corp 3, Parter, Birou 15','','Bucuresti','',175,2688),(8,8,'vlad','Petcof','','','','Stirbei Voda Nr. 6','','Rm. Valcea','240084',175,2719),(9,9,'costi','ghost','','','','galati','','galati','',175,2697),(10,10,'ion','florentin','','','','aleea pantelimon nr 1 bl 11 sc a ap 3','','bucuresti','',175,2688),(11,11,'Voicu','Silviu Constantin','','','','str. Constantin Brancoveanu nr. 79 bl. 60B1 sc.1 ap.8','','Craiova','',175,2696),(12,12,'Bogdan','Morteci','','','','str. Cameliei, nr. 3A, bl. 48, et.1, ap.5 ','','Ploiesti','',175,2710),(13,13,'Marius','Petre','Scania Romania SRL','RO12480794','','Sos. Bucuresti nr. 5','','Ciorogarla','077055',175,2704),(14,14,'Andrei','Serban','SC VI CONSULT SRL','RO16865416','','Str. 13 Decembrie, Nr.19, Bl.H1, Ap.3','','Ploiesti','100537',175,2710),(15,15,'Buteanu ','Mircea','','','','Aleea Nucilor  nr.3','bl.K2  ap.6','Zalau','450007',175,2712),(16,16,'marcu','catalin','','','','perisorului ,nr.3','','roman','',175,2708),(17,17,'Samuel','Ilie','','','','calea romanilor nr 135 ','','Geoagiu','335400',175,2701),(18,17,'Samuel','Ilie','','','','calea romanilor. nr 135','','Geoagiu','335400',175,2701),(19,18,'Enache','Ionel','SC MAX BIT SERVICE SRL','24035774','','Str. G-ral IE Florescu, Bl.D13, Sc.A, Ap.1','','Targoviste','130056',175,2695),(20,19,'Draghici','Marcel-Alexandru','','','','Str. Nicolae iorga, nr.1, bloc A 17/1, Sc.B, Ap.10','','Ramnicu Valcea','240059',175,2719),(21,20,'susan','medrea','','','','principala  nr 185','','hoghilag','557100',175,2713),(22,21,'Cucu','Nicolae','','','','Abatorului 1','','Slatina','23008',175,2709),(23,22,'pap','levy','','','','aleea retezat','','cluj napoca','',175,2692),(24,23,'catalin','tutu','','','','teiului 29','','bucuresti','',175,2688),(25,24,'Ilie','Andrici','','','','str.principala nr.6','','Deda','547206',175,2707),(26,25,'Pacurari','Daniel','','','','str. Teilor nr1, bl. IRIS, sc.B, ap.4','','Suceava','',175,2714),(27,26,'Creita','George','','','','Faurei,  Garoafa','','Focsani','',175,2720),(28,27,'Cristea','Stefan','','','','Aleea Dealul macinului 1A, bl. 452, ap. 161','sector 6','Bucuresti','062043',175,2688),(29,28,'Dan','Gavrilescu','IT SERVICE &amp; CONSULTING SRL','RO14045789','','BD. THEODOR PALLADY NR.3 BL.X1 SC.B APT.65 ET.5 INTERFON.65C SECTOR 3','','BUCURESTI','032251',175,2688),(30,29,'Raluca','Urechiatu','','','','Calea Mosilor 296','','Bucuresti, sector2','',175,2688),(31,30,'Abiel ','Popitan','','','','str Mircea Eliade  nr 46G Ap. 19','','Cluj-Napoca','400364',175,2692),(32,31,'Bogdan','Stancu','','','','Str. Aeromodelului Nr.64 Sectorul 1','','Bucuresti','',175,2688),(33,32,'Dumitrescu','Gabi','','','','Strada Mesterul Manole','','Constanta','',175,2693),(34,33,'ioan','chis','','','','arad','','arad','',175,2680),(35,34,'Toma','Ionela','','','','Alunis nr 18','','Timisoara','',175,2716),(36,35,'Diaconu','Emil','','','','Str Albac nr 9','','Cluj-Napoca','',175,2692),(37,36,'Motoc','Liviu','','','','Str Crinului nr 5','','Mangalia','',175,2693),(38,37,'POPOVICI','BOGDAN-RADU','','','','Str. Stupilor nr.7','','Bucuresti','',175,2688),(39,38,'pescaru','marius','','','','blv dacia','','craiova','',175,2696),(40,39,'enache','maria','','','','str lujerului nr 4','','deva','',175,2701),(41,40,'andra','dan','','','','22ff','','bucuresti','',175,2688),(42,41,'Mircea','Iosef','','','','Oituz, nr.30','','Suceava','',175,2714);

--
-- Table structure for table `affiliate_transaction`
--

CREATE TABLE `affiliate_transaction` (
  `affiliate_transaction_id` int NOT NULL AUTO_INCREMENT,
  `affiliate_id` int NOT NULL,
  `order_id` int NOT NULL,
  `description` text COLLATE utf8mb3_bin NOT NULL,
  `amount` decimal(15,4) NOT NULL,
  `date_added` datetime NOT NULL,
  PRIMARY KEY (`affiliate_transaction_id`)
) ENGINE=MyISAM DEFAULT CHARSET=utf8mb3 COLLATE=utf8mb3_bin;

--
-- Dumping data for table `affiliate_transaction`
--


--
-- Table structure for table `attribute`
--

CREATE TABLE `attribute` (
  `attribute_id` int NOT NULL AUTO_INCREMENT,
  `attribute_group_id` int NOT NULL,
  `sort_order` int NOT NULL,
  PRIMARY KEY (`attribute_id`)
) ENGINE=MyISAM AUTO_INCREMENT=12 DEFAULT CHARSET=utf8mb3 COLLATE=utf8mb3_bin;

--
-- Dumping data for table `attribute`
--


--
-- Table structure for table `attribute_description`
--

CREATE TABLE `attribute_description` (
  `attribute_id` int NOT NULL,
  `language_id` int NOT NULL,
  `name` varchar(64) COLLATE utf8mb3_bin NOT NULL,
  PRIMARY KEY (`attribute_id`,`language_id`)
) ENGINE=MyISAM DEFAULT CHARSET=utf8mb3 COLLATE=utf8mb3_bin;

--
-- Dumping data for table `attribute_description`
--


--
-- Table structure for table `attribute_group`
--

CREATE TABLE `attribute_group` (
  `attribute_group_id` int NOT NULL AUTO_INCREMENT,
  `sort_order` int NOT NULL,
  PRIMARY KEY (`attribute_group_id`)
) ENGINE=MyISAM AUTO_INCREMENT=7 DEFAULT CHARSET=utf8mb3 COLLATE=utf8mb3_bin;

--
-- Dumping data for table `attribute_group`
--

INSERT INTO `attribute_group` (`attribute_group_id`, `sort_order`) VALUES (3,2),(4,1),(5,3),(6,4);

--
-- Table structure for table `attribute_group_description`
--

CREATE TABLE `attribute_group_description` (
  `attribute_group_id` int NOT NULL,
  `language_id` int NOT NULL,
  `name` varchar(64) COLLATE utf8mb3_bin NOT NULL,
  PRIMARY KEY (`attribute_group_id`,`language_id`)
) ENGINE=MyISAM DEFAULT CHARSET=utf8mb3 COLLATE=utf8mb3_bin;

--
-- Dumping data for table `attribute_group_description`
--

INSERT INTO `attribute_group_description` (`attribute_group_id`, `language_id`, `name`) VALUES (3,1,'Memory'),(4,1,'Technical'),(5,1,'Motherboard'),(6,1,'Processor'),(3,2,'Memory'),(4,2,'Technical'),(5,2,'Motherboard'),(6,2,'Processor');

--
-- Table structure for table `banner`
--

CREATE TABLE `banner` (
  `banner_id` int NOT NULL AUTO_INCREMENT,
  `name` varchar(64) COLLATE utf8mb3_bin NOT NULL,
  `status` tinyint(1) NOT NULL,
  PRIMARY KEY (`banner_id`)
) ENGINE=MyISAM AUTO_INCREMENT=17 DEFAULT CHARSET=utf8mb3 COLLATE=utf8mb3_bin;

--
-- Dumping data for table `banner`
--

INSERT INTO `banner` (`banner_id`, `name`, `status`) VALUES (6,'HP Products',0),(7,'Samsung Tab',0),(8,'Manufacturers',0),(9,'mainbanner',1),(10,'subbanner1',1),(11,'subbanner2',1),(12,'leftbanner1',1),(13,'leftbanner2',1),(14,'rightbanner1',1),(15,'rightbanner2',0),(16,'rightbanner3',1);

--
-- Table structure for table `banner_image`
--

CREATE TABLE `banner_image` (
  `banner_image_id` int NOT NULL AUTO_INCREMENT,
  `banner_id` int NOT NULL,
  `link` varchar(255) COLLATE utf8mb3_bin NOT NULL,
  `image` varchar(255) COLLATE utf8mb3_bin NOT NULL,
  PRIMARY KEY (`banner_image_id`)
) ENGINE=MyISAM AUTO_INCREMENT=176 DEFAULT CHARSET=utf8mb3 COLLATE=utf8mb3_bin;

--
-- Dumping data for table `banner_image`
--

INSERT INTO `banner_image` (`banner_image_id`, `banner_id`, `link`, `image`) VALUES (85,7,'index.php?route=product/product&amp;path=57&amp;product_id=49','data/demo/samsung_banner.jpg'),(78,6,'index.php?route=product/manufacturer/info&amp;manufacturer_id=7','data/demo/hp_banner.jpg'),(83,8,'index.php?route=product/manufacturer/info&amp;manufacturer_id=6','data/demo/palm_logo.jpg'),(82,8,'index.php?route=product/manufacturer/info&amp;manufacturer_id=10','data/demo/sony_logo.jpg'),(81,8,'index.php?route=product/manufacturer/info&amp;manufacturer_id=9','data/demo/canon_logo.jpg'),(80,8,'index.php?route=product/manufacturer/info&amp;manufacturer_id=8','data/demo/apple_logo.jpg'),(79,8,'index.php?route=product/manufacturer/info&amp;manufacturer_id=5','data/demo/htc_logo.jpg'),(84,8,'index.php?route=product/manufacturer/info&amp;manufacturer_id=7','data/demo/hp_logo.jpg'),(172,9,'http://www.service-laptop.com.ro/Display-laptop','data/banners/DisplayLaptopStoc601x236.jpg'),(158,12,'http://www.service-laptop.com.ro/tastaturi%20laptop','data/banners/Tastatura1191x218.png'),(166,16,'','data/banners/right_banner_3-192x188.png'),(171,9,'http://www.service-laptop.com.ro/incarcatoare%20laptop','data/banners/AlimentatoareLaptopStoc601x236.jpg'),(173,10,'http://www.reparatii-laptopuri.ro/','data/banners/service.png'),(157,13,'http://www.service-laptop.com.ro/carcase%20laptop','data/banners/BanerStanga2191x218copy.png'),(170,9,'http://www.service-laptop.com.ro/baterii%20laptop%20ieftine','data/banners/BaterieLaptopStoc601x236.jpg'),(175,14,'/dezmembrari-laptop-componente-sh','data/banners/rright_banner_2-192x268.png'),(174,11,'http://www.service-laptop.com.ro/racire_laptop_cooler','data/banners/coolingpad.png');

--
-- Table structure for table `banner_image_description`
--

CREATE TABLE `banner_image_description` (
  `banner_image_id` int NOT NULL,
  `language_id` int NOT NULL,
  `banner_id` int NOT NULL,
  `title` varchar(64) COLLATE utf8mb3_bin NOT NULL,
  PRIMARY KEY (`banner_image_id`,`language_id`)
) ENGINE=MyISAM DEFAULT CHARSET=utf8mb3 COLLATE=utf8mb3_bin;

--
-- Dumping data for table `banner_image_description`
--

INSERT INTO `banner_image_description` (`banner_image_id`, `language_id`, `banner_id`, `title`) VALUES (85,1,7,'Samsung Tab 10.1'),(78,1,6,'HP Banner'),(84,1,8,'Hewlett-Packard'),(83,1,8,'Palm'),(82,1,8,'Sony'),(81,1,8,'Canon'),(80,1,8,'Apple'),(79,1,8,'HTC'),(172,1,9,'mainbanner3'),(172,2,9,'mainbanner3'),(171,1,9,'mainbanner2'),(173,1,10,'subbanner1'),(174,1,11,'subbanner2'),(158,1,12,'leftbanner1'),(157,1,13,'leftbanner2'),(175,1,14,'rightbanner1'),(166,1,16,'rightbanner3'),(85,2,7,'Samsung Tab 10.1'),(78,2,6,'HP Banner'),(84,2,8,'Hewlett-Packard'),(83,2,8,'Palm'),(82,2,8,'Sony'),(81,2,8,'Canon'),(80,2,8,'Apple'),(79,2,8,'HTC'),(171,2,9,'mainbanner2'),(170,1,9,'mainbanner1'),(170,2,9,'mainbanner1'),(173,2,10,'subbanner1'),(174,2,11,'subbanner2'),(158,2,12,'leftbanner1'),(157,2,13,'leftbanner2'),(175,2,14,'rightbanner1'),(166,2,16,'rightbanner3');

--
-- Table structure for table `category`
--

CREATE TABLE `category` (
  `category_id` int NOT NULL AUTO_INCREMENT,
  `image` varchar(255) COLLATE utf8mb3_bin DEFAULT NULL,
  `parent_id` int NOT NULL DEFAULT '0',
  `top` tinyint(1) NOT NULL,
  `column` int NOT NULL,
  `sort_order` int NOT NULL DEFAULT '0',
  `status` tinyint(1) NOT NULL,
  `date_added` datetime NOT NULL DEFAULT '0000-00-00 00:00:00',
  `date_modified` datetime NOT NULL DEFAULT '0000-00-00 00:00:00',
  PRIMARY KEY (`category_id`)
) ENGINE=MyISAM AUTO_INCREMENT=157 DEFAULT CHARSET=utf8mb3 COLLATE=utf8mb3_bin;

--
-- Dumping data for table `category`
--

INSERT INTO `category` (`category_id`, `image`, `parent_id`, `top`, `column`, `sort_order`, `status`, `date_added`, `date_modified`) VALUES (70,'data/tastatura-laptop-diverse-modele-8042_0.jpg',0,1,1,4,1,'2012-11-27 19:41:56','2014-05-07 11:18:48'),(135,'',65,0,1,0,1,'2013-02-08 11:07:29','2013-02-09 13:34:35'),(66,'data/1272944230_adapter-acer.jpg',65,0,1,0,1,'2012-11-27 19:27:07','2013-04-25 21:57:20'),(67,'data/asus adaptor.jpg',65,0,1,0,1,'2012-11-27 19:30:25','2013-04-25 21:57:45'),(68,'data/dell-inspiron-e1505-9019-g52-laptop-ac-adapter-charger-6268-p.jpg',65,0,1,0,1,'2012-11-27 19:30:48','2012-11-27 20:29:36'),(69,'data/18-3222373510132012.jpg',65,0,1,0,1,'2012-11-27 19:35:44','2012-11-27 19:35:44'),(65,'data/incarcator-laptop-compaq-presario-cq60-962688_big.jpg',0,1,1,0,1,'2012-11-27 19:11:49','2014-05-07 11:18:03'),(64,'data/baterie-laptop-dell-inspiron-6000-9200-9300-9400-service-laptop-vanzari-laptop-hp-renew-componente.jpg',59,0,1,0,1,'2012-11-27 19:06:24','2013-02-02 23:19:45'),(63,'data/lenovo.jpg',59,0,1,0,1,'2012-11-27 19:05:35','2013-02-02 23:20:37'),(62,'data/toshiba.jpeg',59,0,1,0,1,'2012-11-27 19:00:44','2013-02-02 23:21:19'),(136,'',65,0,1,0,1,'2013-02-08 11:11:21','2013-02-09 13:35:07'),(61,'data/asus.jpg',59,0,1,0,1,'2012-11-27 18:55:08','2013-02-02 23:19:24'),(60,'data/5976708_1_644x461_baterii-laptop-acer-asus-dell-fujitsu-hp-toshiba-lenovo-msi-timisoara_rev002.jpg',59,0,1,0,1,'2012-11-27 18:53:34','2013-02-02 23:18:41'),(59,'data/baterie-laptop-dell-inspiron-1721-777515_big.jpg',0,1,1,1,1,'2012-11-27 18:35:24','2014-05-07 11:19:39'),(72,'data/images1.jpg',79,1,1,4,1,'2012-11-27 20:07:46','2014-05-07 11:00:19'),(73,'data/dv9000-hp-laptop-back-cover.jpg',72,0,1,0,1,'2012-11-27 20:13:33','2012-11-27 20:24:11'),(74,'data/images.jpg',72,0,1,0,1,'2012-11-27 20:15:53','2012-11-27 20:28:41'),(75,'data/hp-compaq-nc6000-laptop-bottom-case-ge6600-01-pc8806-344399-001-.jpg',72,0,1,0,1,'2012-11-27 20:17:39','2012-11-27 20:25:10'),(76,'data/dell_inspiron_1525_1526_laptop_palmrest_and_touchpad_x626g.jpg',72,0,1,0,1,'2012-11-27 20:23:08','2012-11-27 20:23:08'),(148,'',0,0,1,0,1,'2013-05-13 14:31:32','2013-05-13 14:31:32'),(149,'',148,0,1,0,1,'2013-05-13 14:33:36','2013-05-13 14:36:18'),(79,'',0,1,1,5,1,'2012-11-27 20:37:57','2014-05-07 11:22:57'),(156,'',155,0,1,0,1,'2014-05-07 13:17:58','2014-05-07 13:17:58'),(151,'',155,0,1,0,1,'2014-05-07 11:08:30','2014-05-07 12:26:19'),(152,'',155,0,1,6,1,'2014-05-07 11:10:48','2014-05-07 12:26:34'),(81,'data/Laptop_Notebook_Hp_Cpu_fan_cooler_cooling_fan.jpg',79,0,1,0,1,'2012-11-27 20:47:27','2014-05-07 10:15:36'),(82,'data/heat-pipes.jpg',79,0,1,0,1,'2012-11-27 20:51:15','2014-05-07 10:16:23'),(83,'data/toshiba.jpg',65,0,1,0,1,'2012-11-28 12:00:33','2012-11-28 12:00:33'),(84,'data/Universal-Laptop-Adapter-90w.jpg',65,0,1,6,1,'2012-11-28 16:53:31','2012-11-28 16:53:31'),(85,'data/bezel asus k50ij.jpg',74,0,1,0,1,'2012-11-28 17:14:14','2012-12-05 18:22:52'),(86,'data/cooler and pipes.jpg',79,0,1,3,1,'2012-11-28 17:32:41','2014-05-07 10:16:53'),(87,'data/13gnxm1ap010-F.png',73,0,1,0,1,'2012-11-28 17:43:42','2012-11-28 17:43:42'),(88,'data/cooler+pipe.jpg',86,0,1,0,1,'2012-11-28 18:01:11','2012-11-28 18:01:11'),(89,'',86,0,1,0,1,'2012-11-29 18:33:09','2012-11-29 18:33:09'),(90,'',86,0,1,0,1,'2012-11-29 18:35:29','2012-11-29 18:35:29'),(91,'',70,0,1,0,1,'2012-11-29 19:16:30','2012-11-29 19:16:30'),(92,'',73,0,1,0,1,'2012-12-03 11:07:40','2012-12-03 11:07:40'),(93,'',70,0,1,0,1,'2012-12-03 11:19:11','2012-12-03 11:19:11'),(94,'',74,0,1,0,1,'2012-12-03 11:19:23','2012-12-03 11:19:23'),(95,'',70,0,1,0,1,'2012-12-03 18:23:29','2012-12-03 18:23:29'),(96,'',72,0,1,0,1,'2012-12-04 19:14:24','2012-12-04 19:14:24'),(97,'',96,0,1,0,1,'2012-12-04 19:16:21','2012-12-04 19:16:21'),(98,'',76,0,1,0,1,'2012-12-04 20:59:14','2012-12-04 20:59:14'),(99,'',73,0,1,0,1,'2012-12-05 10:51:54','2012-12-05 10:51:54'),(100,'',96,0,1,0,1,'2012-12-05 11:58:17','2012-12-05 11:58:17'),(101,'',76,0,1,0,1,'2012-12-05 14:15:48','2012-12-05 14:15:48'),(102,'',75,0,1,0,1,'2012-12-05 17:38:21','2012-12-05 17:38:21'),(103,'',75,0,1,0,1,'2012-12-05 18:17:21','2012-12-05 18:17:21'),(104,'',74,0,1,0,1,'2012-12-05 18:22:33','2012-12-05 18:22:33'),(105,'',76,0,1,0,1,'2012-12-05 18:57:06','2012-12-05 18:57:06'),(106,'',96,0,1,0,1,'2012-12-05 19:01:07','2012-12-05 19:01:07'),(107,'',75,0,1,0,1,'2012-12-05 20:03:21','2012-12-05 20:03:21'),(147,'',79,0,1,0,1,'2013-04-29 10:48:46','2013-04-29 10:48:46'),(146,'',72,0,1,0,1,'2013-02-12 13:18:35','2013-02-12 13:18:35'),(110,'',0,1,1,3,1,'2012-12-11 18:10:30','2014-05-07 11:19:56'),(111,'',110,0,1,0,1,'2012-12-11 18:11:16','2013-02-12 13:14:59'),(112,'',110,0,1,0,1,'2012-12-11 18:12:20','2013-02-08 11:04:02'),(113,'',112,0,1,0,1,'2012-12-11 18:27:37','2012-12-11 18:27:37'),(114,'',112,0,1,0,1,'2012-12-11 20:19:03','2012-12-11 20:19:03'),(115,'',112,0,1,0,1,'2012-12-11 20:20:19','2012-12-11 20:20:19'),(116,'',110,0,1,0,1,'2012-12-12 12:46:36','2012-12-12 12:52:42'),(117,'',110,0,1,0,1,'2012-12-12 12:48:15','2012-12-12 13:28:16'),(118,'',110,0,1,0,1,'2012-12-12 12:49:07','2012-12-12 12:53:44'),(119,'',110,0,1,0,1,'2012-12-12 12:49:49','2012-12-12 12:54:00'),(120,'',110,0,1,0,1,'2012-12-12 12:51:07','2012-12-12 12:54:18'),(121,'',110,0,1,0,1,'2012-12-12 12:55:04','2012-12-12 12:55:04'),(122,'',110,0,1,0,1,'2012-12-12 12:56:02','2012-12-12 12:56:02'),(123,'',110,0,1,0,1,'2012-12-12 12:59:26','2012-12-12 12:59:26'),(124,'',110,0,1,0,1,'2012-12-12 13:01:33','2012-12-12 13:01:33'),(125,'',110,0,1,0,1,'2012-12-12 13:02:15','2012-12-12 13:02:15'),(126,'',110,0,1,0,1,'2012-12-12 13:03:14','2012-12-12 13:03:14'),(127,'',110,0,1,0,1,'2012-12-12 13:04:14','2012-12-12 13:04:14'),(128,'',110,0,1,0,1,'2012-12-12 13:05:11','2012-12-12 13:05:11'),(129,'',70,0,1,0,1,'2012-12-17 19:05:53','2012-12-17 19:05:53'),(130,'',112,0,1,0,1,'2012-12-17 20:14:45','2012-12-17 20:14:45'),(131,'',110,0,1,0,1,'2013-01-15 15:45:29','2013-01-15 15:46:02'),(132,'',110,0,1,0,1,'2013-01-15 15:47:08','2013-01-15 15:47:08'),(133,'',70,0,1,0,1,'2013-01-15 19:48:10','2013-01-15 19:48:10'),(137,'',65,0,1,0,1,'2013-02-08 11:12:45','2013-02-10 17:27:41'),(138,'',65,0,1,0,1,'2013-02-08 11:21:29','2013-02-08 11:21:29'),(139,'',79,0,1,1,1,'2013-02-08 11:25:35','2013-02-08 11:32:57'),(140,'',79,0,1,0,1,'2013-02-08 11:34:20','2013-02-08 11:34:20'),(141,'',79,0,1,0,1,'2013-02-08 11:36:08','2013-02-08 11:39:37'),(142,'',79,0,1,0,1,'2013-02-08 11:38:24','2013-02-08 11:38:24'),(143,'',65,0,1,0,1,'2013-02-08 16:53:37','2013-02-08 16:54:21'),(144,'',65,1,1,0,1,'2013-02-10 17:22:14','2013-02-10 17:28:26'),(145,'',110,0,1,0,1,'2013-02-10 20:07:51','2013-02-10 20:07:51'),(153,'',155,0,1,0,1,'2014-05-07 11:12:44','2014-05-07 12:25:48'),(154,'',155,0,1,0,1,'2014-05-07 11:13:48','2014-05-07 12:26:02'),(155,'',0,1,1,6,1,'2014-05-07 12:21:56','2014-05-07 12:32:51');

--
-- Table structure for table `category_description`
--

CREATE TABLE `category_description` (
  `category_id` int NOT NULL,
  `language_id` int NOT NULL,
  `name` varchar(255) COLLATE utf8mb3_bin NOT NULL DEFAULT '',
  `description` text COLLATE utf8mb3_bin NOT NULL,
  `meta_description` varchar(255) COLLATE utf8mb3_bin NOT NULL,
  `meta_keyword` varchar(255) COLLATE utf8mb3_bin NOT NULL,
  PRIMARY KEY (`category_id`,`language_id`),
  KEY `name` (`name`)
) ENGINE=MyISAM DEFAULT CHARSET=utf8mb3 COLLATE=utf8mb3_bin;

--
-- Dumping data for table `category_description`
--

INSERT INTO `category_description` (`category_id`, `language_id`, `name`, `description`, `meta_description`, `meta_keyword`) VALUES (70,1,'Tastaturi laptop','','',''),(133,2,'MSI','&lt;p&gt;\r\n	Tastaturi pentru laptop MSI&lt;/p&gt;\r\n','tastaturi msi | tastaturi originale msi | tastaturi ieftine msi','tastaturi msi | tastaturi originale msi | tastaturi ieftine msi'),(72,2,'Carcase laptop','&lt;p&gt;Carcase originale ieftine pentru orice marca de laptop&lt;/p&gt;\r\n','carcase cover originale | carcase cover originale | carcase cover laptop','carcase cover originale | carcase cover originale | carcase cover laptop'),(70,2,'Tastaturi laptop','&lt;p&gt;Tastaturi originale ieftine pentru orice marca de laptop&lt;/p&gt;\r\n','tastaturi originale | tastaturi ieftine | tastaturi laptop','tastaturi originale | tastaturi ieftine | tastaturi laptop'),(65,2,'Alimentatoare','&lt;p&gt;Incarcatoare originale ieftine pentru orice marca de laptop&lt;/p&gt;\r\n','incarcatoare originale | incarcatoare ieftine | incarcatoare laptop | alimentatoare originale | alimentatoare ieftine | alimentatoare laptop ','incarcatoare originale | incarcatoare ieftine | incarcatoare laptop | alimentatoare originale | alimentatoare ieftine | alimentatoare laptop '),(66,2,'Acer','&lt;p&gt;Incarcatoare originale ieftine pentru laptop Acer&lt;/p&gt;\r\n','incarcatoare originale Acer | incarcatoare ieftine Acer | incarcatoare laptop','incarcatoare originale Acer | incarcatoare ieftine Acer | incarcatoare laptop'),(66,1,'Acer','','',''),(67,2,'Asus','&lt;p&gt;Incarcatoare pentru orice model de laptop Asus&lt;/p&gt;\r\n','Incarcatoare originale Asus | Incarcatoare ieftine Asus | Incarcatoare laptop Asus ','Incarcatoare laptop Asus '),(68,2,'Dell','&lt;p&gt;\r\n	Incarcatoare originale ieftine pentru laptop Dell&lt;/p&gt;\r\n','incarcatoare originale Dell | incarcatoare ieftine Dell | incarcatoare laptop','incarcatoare originale Dell | incarcatoare ieftine Dell | incarcatoare laptop'),(68,1,'Dell','','',''),(69,2,'HP','&lt;p&gt;\r\n	Incarcatoare originale ieftine pentru laptop HP&lt;/p&gt;\r\n','incarcatoare originale HP | incarcatoare ieftine HP | incarcatoare laptop','incarcatoare originale HP | incarcatoare ieftine HP | incarcatoare laptop'),(60,2,'Acer','&lt;p&gt;\r\n	Baterii originale sau replacement &amp;nbsp;pentru laptop Acer&lt;/p&gt;\r\n','baterii ieftine acer | baterii originale acer | baterii ieftine','baterii ieftine acer | baterii originale acer | baterii ieftine'),(133,1,'MSI','','',''),(69,1,'HP','','',''),(61,2,'Asus','&lt;p&gt;\r\n	Baterii originale&amp;nbsp; sau replacement Asus&lt;/p&gt;\r\n','Baterii Laptop Asus | Baterii Asus ieftine|\r\nBaterii Asus originale','Baterii Asus ieftine'),(62,2,'Toshiba','&lt;p&gt;\r\n	Baterii originale sau replacement&amp;nbsp;pentru&amp;nbsp; laptop Toshiba&lt;/p&gt;\r\n','Baterii Toshiba originale | Baterii Toshiba ieftine| Baterii laptop Toshiba','Baterii laptop Toshiba'),(63,2,'Lenovo - IBM','&lt;p&gt;\r\n	&amp;nbsp;Baterii originale&amp;nbsp;sau replacement IBM -&amp;nbsp;Lenovo&lt;/p&gt;\r\n','Baterii Laptop Lenovo | Baterii Ieftine Lenovo | Baterii Originale Lenovo',' Baterii Ieftine Lenovo'),(64,2,'Dell','&lt;p&gt;\r\n	Bateriioriginale sau replacement pentru laptop Dell&lt;/p&gt;\r\n','baterii originale Dell | baterii ieftine Dell | baterii laptop Dell','baterii originale Dell | baterii ieftine Dell | baterii laptop Dell'),(64,1,'Dell','','',''),(60,1,'Acer','','',''),(63,1,'Lenovo','','',''),(59,1,'Baterii laptop','','',''),(59,2,'Baterii laptop','&lt;p&gt;Baterii laptop originale si replacement pentru orice marca de laptop&lt;/p&gt;\r\n','baterii ieftine laptop | baterii laptop originale | baterii laptop','baterii laptop ieftine |  baterii laptop originale | baterii laptop'),(72,1,'Cover','','',''),(73,2,'Back cover','&lt;p&gt;\r\n	Back cover original ieftin pentru orice marca de laptop&lt;/p&gt;\r\n','back cover original | back cover ieftin | back cover laptop','back cover original | back cover ieftin | back cover laptop'),(74,2,'Bezel','&lt;p&gt;\r\n	Bezel original pentru orice tip de laptop&lt;/p&gt;\r\n','Bezel original laptop | Bezel ieftin laptop |\r\nBezel laptop','Bezel original laptop '),(75,2,'Bottom cover','&lt;p&gt;\r\n	Bottom cover original ieftin pentru orice marca de laptop&lt;/p&gt;\r\n','bottom cover original | bottom cover ieftin | bottom cover laptop','bottom cover original | bottom cover ieftin | bottom cover laptop'),(76,2,'Palm rest','&lt;p&gt;\r\n	Palm rest original ieftin pentru orice marca de laptop&lt;/p&gt;\r\n','palm rest original | palm rest ieftin | palm rest laptop','palm rest original | palm rest ieftin | palm rest laptop'),(76,1,'Palm rest','','',''),(73,1,'Back cover','','',''),(75,1,'Bottom cover','','',''),(149,2,'Placi de Baza','','Placi de baza din dezmembrari | placa de baza sh | placa de baza','Placi de baza din dezmembrari | placa de baza sh | placa de baza'),(74,1,'Bezel','','',''),(67,1,'Asus','','',''),(147,2,'Mufe Alimentare','','Mufe_Alimentare_Laptop|Mufa-Alimentare-Laptop-cu-Cablu|Mufa-Originala-Lpatop','Mufe_Alimentare_Laptop|Mufa-Alimentare-Laptop-cu-Cablu|Mufa-Originala-Lpatop'),(62,1,'Toshiba','','',''),(79,2,'Componente laptop','&lt;p&gt;Componente originale ieftine pentru orice marca de laptop&lt;/p&gt;\r\n','componente originale | componente ieftine | componente laptop','componente originale | componente ieftine | componente laptop'),(155,1,'Componente Apple','','',''),(156,2,'Alimentatoare','','alimentatoare apple | alimentatoare mac','alimentatoare apple | alimentatoare mac'),(81,2,'Cooler','&lt;p&gt;Cooler original pentru orice model de&amp;nbsp; laptop&lt;/p&gt;\r\n','Cooler original laptop | Cooler ieftin laptop | Cooler pentru laptop','Cooler original laptop | Cooler ieftin laptop | Cooler pentru laptop'),(82,2,'Pipes','&lt;p&gt;Heat pipes originale ieftine pentru orice marca de laptop&lt;/p&gt;\r\n','racire pipes |heat pipes laptop | pipes originale ieftine','racire pipes | heat pipes laptop | pipes originale ieftine'),(83,2,'Toshiba','&lt;p&gt;\r\n	Incarcatoare originale ieftine Toshiba&lt;/p&gt;\r\n','Incarcatoare originale Toshiba |\r\nIncarcatoare ieftine Toshiba | Incarcatoare laptop Tosiba','Incarcatoare laptop Tosiba'),(83,1,'Toshiba','','',''),(84,2,'Universale','&lt;p&gt;\r\n	Incarcatoare universale pentru laptop&lt;/p&gt;\r\n','incarcatoare ieftine | incarcatoare universale','incarcatoare ieftine | incarcatoare universale'),(84,1,'Universal','','',''),(85,2,'Asus','&lt;p&gt;\r\n	Bezel original ieftin pentru laptop Asus&lt;/p&gt;\r\n','bezel original asus | bezel ieftin asus | bezel asus','bezel original asus | bezel ieftin asus | bezel asus'),(86,2,'Cooler and pipes','','',''),(86,1,'Cooler and pipes','&lt;p&gt;Cooler and&amp;nbsp;pipes pentru laptop&lt;/p&gt;\r\n','cooler and pipes | fan cooler | pipes','cooler and pipes | fan cooler | pipes'),(87,2,'Asus','&lt;p&gt;\r\n	Back cover pentru laptop Asus&lt;/p&gt;\r\n','back cover original | back cover asus','back cover original | back cover asus'),(87,1,'Asus','','',''),(88,2,'Asus','&lt;p&gt;\r\n	Cooler pipes pentru laptop Asus&lt;/p&gt;\r\n','cooler asus | pipe asus | fan cooler','cooler asus | pipe asus | fan cooler'),(88,1,'Asus','','',''),(89,2,'MSI','','Coolere laptop MSI | Coolere Originale MSI | Coolere ieftine MSI','Coolere laptop MSI'),(89,1,'MSI','','',''),(90,2,'HP','','Coolere laptop HP | Coolere originale HP | Coolere ieftine HP','Coolere laptop HP'),(90,1,'HP','','',''),(91,2,'Asus','','tastatura laptop asus | Tastatura originala Asus | Tastatura ieftina Asus','tastatura laptop asus'),(91,1,'Asus','','',''),(92,2,'MSI','&lt;p&gt;\r\n	Back cover pentru laptop MSI&lt;/p&gt;\r\n','back cover msi | back cover original msi | back cover ieftin msi','back cover msi | back cover original msi | back cover ieftin msi'),(92,1,'MSI','','',''),(93,2,'Dell','','tastatura laptop Dell | tastatura originala Dell | tastatura ieftina Dell','tastatura laptop Dell'),(93,1,'Dell','','',''),(94,2,'MSI','&lt;p&gt;\r\n	Bezel pentru laptop MSI&lt;/p&gt;\r\n','bezel msi | bezel original msi | bezel ieftin msi','bezel msi | bezel original msi | bezel ieftin msi'),(94,1,'MSI','','',''),(95,2,'Toshiba','&lt;p&gt;\r\n	Tastaturi ieftine si originale pentru laptop Toshiba&lt;/p&gt;\r\n','tastaturi toshiba | tastaturi originale toshiba | tastaturi ieftine toshiba','tastaturi toshiba | tastaturi originale toshiba | tastaturi ieftine toshiba'),(95,1,'Toshiba','','',''),(96,2,'Back cover+Bezel','&lt;p&gt;\r\n	Back cover bezel pentru orice marca de laptop&lt;/p&gt;\r\n','back cover bezel original | back cover+bezel | back cover+bezel ieftin','back cover bezel original | back cover+bezel | back cover+bezel ieftin'),(96,1,'Back cover+Bezel','','',''),(97,2,'MSI','','',''),(97,1,'MSI','&lt;p&gt;\r\n	Back cover bezel laptop MSI&lt;/p&gt;\r\n','back cover bezel original msi | back cover+bezel msi | back cover+bezel msi ieftin','back cover bezel original msi | back cover+bezel msi | back cover+bezel msi ieftin'),(98,2,'HP','&lt;p&gt;\r\n	Palm rest pentru laptop HP&lt;/p&gt;\r\n','palm rest hp original | palm rest hp ieftin | hp palm rest','palm rest hp original | palm rest hp ieftin | hp palm rest'),(98,1,'HP','','',''),(99,2,'Dell','','back cover Dell | back cover laptop Dell | back cover Dell original | back cover ieftin dell','back cover Dell | back cover laptop Dell | back cover Dell original | back cover ieftin dell'),(99,1,'Dell','','',''),(100,2,'Dell','','back cover bezel Dell | back cover bezel laptop dell | back cover bezel original Dell','back cover bezel Dell'),(100,1,'Dell','','',''),(101,2,'Dell','','Palm rest Dell | Palm rest laptop Dell | palm rest original Dell','Palm rest laptop Dell '),(101,1,'Dell','','',''),(102,2,'Dell','&lt;p&gt;\r\n	Botom cover pentru laptop Dell&lt;/p&gt;\r\n','bottom cover dell | bottom cover original dell | bottom cover dell ieftin','bottom cover dell | bottom cover original dell | bottom cover dell ieftin'),(102,1,'Dell','','',''),(103,2,'MSI','&lt;p&gt;\r\n	Bottom cover pentru laptop Dell&lt;/p&gt;\r\n','bottom cover msi original | bottom cover msi ieftin | bottom cover msi','bottom cover msi original | bottom cover msi ieftin | bottom cover msi'),(103,1,'MSI','','',''),(104,2,'Dell','&lt;p&gt;\r\n	Bezel pentru laptop Dell&lt;/p&gt;\r\n','bezel dell original | bezel dell ieftin | bezel dell','bezel dell original | bezel dell ieftin | bezel dell'),(104,1,'Dell','','',''),(85,1,'Asus','','',''),(105,2,'Asus','&lt;p&gt;\r\n	Palm rest pentru laptop Asus&lt;/p&gt;\r\n','palm rest asus original | palm rest asus ieftin | palm rest asus','palm rest asus original | palm rest asus ieftin | palm rest asus'),(105,1,'Asus','','',''),(106,2,'Asus','&lt;p&gt;\r\n	Back cover Bezel pentru laptop Asus&lt;/p&gt;\r\n','back cover bezel asus | back cover original asus | bezel original asus','back cover bezel asus | back cover original asus | bezel original asus'),(106,1,'Asus','','',''),(107,2,'Asus','','Bottom cover Asus | bottom cover laptop Asus | bottom cover Asus original','Bottom cover Asus | bottom cover laptop Asus | bottom cover Asus original'),(107,1,'Asus','','',''),(148,1,'Laptop Dismantled','','',''),(149,1,'Mainboard','','',''),(111,1,'Sisteme prindere','','',''),(146,2,'Balamale display','','',''),(146,1,'Balamale display','','',''),(147,1,'Laptop Power Plug','','',''),(148,2,'Dezmembrari-Laptop','','Piese de laptop din dezmembrari | Placa de baza second hand laptop | Carcasa laptop second hand','Placa de baza laptop sh | Carcasa laptop sh | Piese laptop din dezmemdrari'),(111,2,'Sisteme prindere','','',''),(112,2,'LVDS','','',''),(110,2,'Display laptop','','Display laptop | Display original laptop | Display ieftin laptop','Display laptop | Display original laptop | Display ieftin laptop'),(113,2,'Dell','&lt;p&gt;\r\n	LVDS pentru laptop Dell&lt;/p&gt;\r\n','lvds dell original | lvds dell ieftin | lvds dell','lvds dell original | lvds dell ieftin | lvds dell'),(113,1,'Dell','','',''),(114,2,'MSI','','LVDS MSI | LVDS laptop MSI | LVDS original MSI','LVDS MSI | LVDS laptop MSI | LVDS original MSI'),(114,1,'MSI','','',''),(115,2,'Asus','','LVDS laptop Asus | LVDS Asus | LVDS original Asus | LVDS ieftin Asus','LVDS laptop Asus | LVDS Asus | LVDS original Asus | LVDS ieftin Asus'),(115,1,'Asus','','',''),(116,2,'10.1 inch','','Display laptop 10.1 inch | display original laptop | Display ieftin laptop','Display laptop 10.1 inch | display original laptop | Display ieftin laptop'),(117,2,'11.6 inch','','Display laptop 11.6 inch | Display original laptop | Display ieftin laptop','Display laptop 11.6 inch | Display original laptop | Display ieftin laptop'),(118,2,'12.1 inch','','Display laptop 12.1 inch | Display original laptop | Display ieftin laptop','Display laptop 12.1 inch | Display original laptop | Display ieftin laptop'),(119,2,'12.5 inch','','Display laptop 12.5 inch | Display original laptop | Display ieftin laptop','Display laptop 12.5 inch | Display original laptop | Display ieftin laptop'),(120,2,'13.3 inch','','Display laptop 13.3 inch | Display original laptop | Display ieftin laptop','Display laptop 13.3 inch | Display original laptop | Display ieftin laptop'),(116,1,'10.1 inch','','',''),(117,1,'11.6 inch','','',''),(118,1,'12.1 inch','','',''),(119,1,'12.5 inch','','',''),(120,1,'13.3 inch','','',''),(121,2,'13.4 inch','','Display laptop 13.3 inch | Display original laptop | Display ieftin laptop','Display laptop 13.3 inch | Display original laptop | Display ieftin laptop'),(121,1,'13.4 inch','','',''),(122,2,'14.0 inch','','Display laptop 14.0  inch | Display original laptop | Display ieftin laptop','Display laptop 14.0  inch | Display original laptop | Display ieftin laptop'),(122,1,'14.0 inch','','',''),(123,2,'14.1 inch','','Display laptop 14.1  inch | Display original laptop | Display ieftin laptop','Display laptop 14.1  inch | Display original laptop | Display ieftin laptop'),(123,1,'14.1 inch','','',''),(124,2,'15.4 inch','','Display laptop 15.4 inch | Display original laptop | Display ieftin laptop','Display laptop 15.4 inch | Display original laptop | Display ieftin laptop'),(124,1,'15.4 inch','','',''),(125,2,'15.6 inch','','Display laptop 15.6 inch | Display original laptop | Display ieftin laptop','Display laptop 15.6 inch | Display original laptop | Display ieftin laptop'),(125,1,'15.6 inch','','',''),(126,2,'16.0 inch','','Display laptop 16.0  inch | Display original laptop | Display ieftin laptop','Display laptop 16.0  inch | Display original laptop | Display ieftin laptop'),(126,1,'16.0 inch','','',''),(127,2,'16.4 inch','','Display laptop 16.4  inch | Display original laptop | Display ieftin laptop','Display laptop 16.4  inch | Display original laptop | Display ieftin laptop'),(127,1,'16.4 inch','','',''),(128,2,'18.4 inch','','Display laptop 18.4  inch | Display original laptop | Display ieftin laptop','Display laptop 18.4  inch | Display original laptop | Display ieftin laptop'),(128,1,'18.4 inch','','',''),(129,2,'HP','&lt;p&gt;\r\n	Tastaturi pentru laptop HP&lt;/p&gt;\r\n','tastaturi hp originale | tastaturi hp ieftine | tastaturi hp','tastaturi hp originale | tastaturi hp ieftine | tastaturi hp'),(129,1,'HP','','',''),(130,2,'Lenovo','&lt;p&gt;\r\n	LVDS pentru laptop Lenovo&lt;/p&gt;\r\n','lvds lenovo original | lvds lenovo ieftin | lvds lenovo','lvds lenovo original | lvds lenovo ieftin | lvds lenovo'),(130,1,'Lenovo','','',''),(131,2,'17.0 inch','','Display laptop 17 inch | display original laptop 17 inch | display ieftin 17 inch','Display laptop 17 inch | display original laptop 17 inch | display ieftin 17 inch'),(131,1,'17 inch','','',''),(132,2,'17.3 inch','','Display 17.3 inch laptop | Display original 17.3 inch | Display ieftin 17.3 inch','Display 17.3 inch laptop | Display original 17.3 inch | Display ieftin 17.3 inch'),(132,1,'17.3 inch','','',''),(61,1,'Asus','','',''),(152,1,'Baterii','','',''),(135,2,'Fujitsu_Siemens','','Alimentator Fujitsu Siemens | Incarcator Fujitsu','Alimentator Fujitsu Siemens | Incarcator Fujitsu'),(112,1,'LVDS','','',''),(135,1,'Fujitsu_Siemens','','',''),(136,2,'Sony','','Alimentator Sony | Incarcator Sony','Alimentator Sony | Incarcator Sony'),(137,2,'MacBook','','Aliementator MacBook | MacBook Pro Alimentator','Aliementator MacBook | MacBook Pro Alimentator'),(138,2,'LG','','Alimentator LG | Alimentator Original LG','Alimentator LG | Alimentator Original LG'),(138,1,'LG','','',''),(139,2,'Placi Video','','Placa video laptop','Placa video laptop'),(139,1,'Video Cards','','',''),(140,2,'Placi de Baza','','placa de baza laptop','mb laptop'),(140,1,'Mainboard','','',''),(141,2,'Memorii','','memorii laptop','memorie laptop'),(142,2,'HardDisk','','hdd laptop | harddisk | harddrive laptop','laptop hdd'),(142,1,'hard drive','','',''),(141,1,'Memories','','',''),(143,2,'IBM_Lenovo','','Alimentator IBM Lenovo','Alimentator IBM Lenovo'),(143,1,'IBM_Lenovo','','Alimentator IBM Lenovo','Alimentator IBM Lenovo'),(136,1,'Sony','','',''),(137,1,'MacBook','','',''),(144,2,'Samsung','','alimentator samsung','alimentator samsung'),(144,1,'Samsung','','',''),(145,2,'10.2 inch','','Display_laptop_10.2_inch ','Display_laptop_10.2_inch '),(145,1,'10.2 inch','','',''),(81,1,'Cooler','','',''),(82,1,'Pipes','','',''),(79,1,'Componente laptop','','',''),(151,2,'Tastaturi ','','',''),(152,2,'Baterii ','','baterii apple | bateriii mac','baterii apple | bateriii mac'),(153,2,'Display','','display mac | dispaly apple','display mac | dispaly apple'),(154,2,'Elemente carcasa','','elemente carcasa mac | elemente carcasa apple','elemente carcasa mac | elemente carcasa apple'),(110,1,'Display laptop','','',''),(65,1,'Alimentatoare','','',''),(155,2,'Componente Apple','&lt;p&gt;Componente Apple&lt;/p&gt;\r\n','componente apple | componente mac','componente apple | componente mac'),(153,1,'Display','','',''),(154,1,'Elemente carcasa','','',''),(151,1,'Tastaturi','','',''),(156,1,'Alimentatoare','','alimentatoare apple | alimentatoare mac','alimentatoare apple | alimentatoare mac');

--
-- Table structure for table `category_to_layout`
--

CREATE TABLE `category_to_layout` (
  `category_id` int NOT NULL,
  `store_id` int NOT NULL,
  `layout_id` int NOT NULL,
  PRIMARY KEY (`category_id`,`store_id`)
) ENGINE=MyISAM DEFAULT CHARSET=utf8mb3 COLLATE=utf8mb3_bin;

--
-- Dumping data for table `category_to_layout`
--

INSERT INTO `category_to_layout` (`category_id`, `store_id`, `layout_id`) VALUES (155,0,3);

--
-- Table structure for table `category_to_store`
--

CREATE TABLE `category_to_store` (
  `category_id` int NOT NULL,
  `store_id` int NOT NULL,
  PRIMARY KEY (`category_id`,`store_id`)
) ENGINE=MyISAM DEFAULT CHARSET=utf8mb3 COLLATE=utf8mb3_bin;

--
-- Dumping data for table `category_to_store`
--

INSERT INTO `category_to_store` (`category_id`, `store_id`) VALUES (59,0),(60,0),(61,0),(62,0),(63,0),(64,0),(65,0),(66,0),(67,0),(68,0),(69,0),(70,0),(72,0),(73,0),(74,0),(75,0),(76,0),(79,0),(81,0),(82,0),(83,0),(84,0),(85,0),(86,0),(87,0),(88,0),(89,0),(90,0),(91,0),(92,0),(93,0),(94,0),(95,0),(96,0),(97,0),(98,0),(99,0),(100,0),(101,0),(102,0),(103,0),(104,0),(105,0),(106,0),(107,0),(110,0),(111,0),(112,0),(113,0),(114,0),(115,0),(116,0),(117,0),(118,0),(119,0),(120,0),(121,0),(122,0),(123,0),(124,0),(125,0),(126,0),(127,0),(128,0),(129,0),(130,0),(131,0),(132,0),(133,0),(135,0),(136,0),(137,0),(138,0),(139,0),(140,0),(141,0),(142,0),(143,0),(144,0),(145,0),(146,0),(147,0),(148,0),(149,0),(151,0),(152,0),(153,0),(154,0),(155,0),(156,0);

--
-- Table structure for table `country`
--

CREATE TABLE `country` (
  `country_id` int NOT NULL AUTO_INCREMENT,
  `name` varchar(128) COLLATE utf8mb3_bin NOT NULL,
  `iso_code_2` varchar(2) COLLATE utf8mb3_bin NOT NULL DEFAULT '',
  `iso_code_3` varchar(3) COLLATE utf8mb3_bin NOT NULL DEFAULT '',
  `address_format` text COLLATE utf8mb3_bin NOT NULL,
  `postcode_required` tinyint(1) NOT NULL,
  `status` tinyint(1) NOT NULL DEFAULT '1',
  PRIMARY KEY (`country_id`)
) ENGINE=MyISAM AUTO_INCREMENT=240 DEFAULT CHARSET=utf8mb3 COLLATE=utf8mb3_bin;

--
-- Dumping data for table `country`
--

INSERT INTO `country` (`country_id`, `name`, `iso_code_2`, `iso_code_3`, `address_format`, `postcode_required`, `status`) VALUES (1,'Afghanistan','AF','AFG','',0,1),(2,'Albania','AL','ALB','',0,1),(3,'Algeria','DZ','DZA','',0,1),(4,'American Samoa','AS','ASM','',0,1),(5,'Andorra','AD','AND','',0,1),(6,'Angola','AO','AGO','',0,1),(7,'Anguilla','AI','AIA','',0,1),(8,'Antarctica','AQ','ATA','',0,1),(9,'Antigua and Barbuda','AG','ATG','',0,1),(10,'Argentina','AR','ARG','',0,1),(11,'Armenia','AM','ARM','',0,1),(12,'Aruba','AW','ABW','',0,1),(13,'Australia','AU','AUS','',0,1),(14,'Austria','AT','AUT','',0,1),(15,'Azerbaijan','AZ','AZE','',0,1),(16,'Bahamas','BS','BHS','',0,1),(17,'Bahrain','BH','BHR','',0,1),(18,'Bangladesh','BD','BGD','',0,1),(19,'Barbados','BB','BRB','',0,1),(20,'Belarus','BY','BLR','',0,1),(21,'Belgium','BE','BEL','',0,1),(22,'Belize','BZ','BLZ','',0,1),(23,'Benin','BJ','BEN','',0,1),(24,'Bermuda','BM','BMU','',0,1),(25,'Bhutan','BT','BTN','',0,1),(26,'Bolivia','BO','BOL','',0,1),(27,'Bosnia and Herzegowina','BA','BIH','',0,1),(28,'Botswana','BW','BWA','',0,1),(29,'Bouvet Island','BV','BVT','',0,1),(30,'Brazil','BR','BRA','',0,1),(31,'British Indian Ocean Territory','IO','IOT','',0,1),(32,'Brunei Darussalam','BN','BRN','',0,1),(33,'Bulgaria','BG','BGR','',0,1),(34,'Burkina Faso','BF','BFA','',0,1),(35,'Burundi','BI','BDI','',0,1),(36,'Cambodia','KH','KHM','',0,1),(37,'Cameroon','CM','CMR','',0,1),(38,'Canada','CA','CAN','',0,1),(39,'Cape Verde','CV','CPV','',0,1),(40,'Cayman Islands','KY','CYM','',0,1),(41,'Central African Republic','CF','CAF','',0,1),(42,'Chad','TD','TCD','',0,1),(43,'Chile','CL','CHL','',0,1),(44,'China','CN','CHN','',0,1),(45,'Christmas Island','CX','CXR','',0,1),(46,'Cocos (Keeling) Islands','CC','CCK','',0,1),(47,'Colombia','CO','COL','',0,1),(48,'Comoros','KM','COM','',0,1),(49,'Congo','CG','COG','',0,1),(50,'Cook Islands','CK','COK','',0,1),(51,'Costa Rica','CR','CRI','',0,1),(52,'Cote D\'Ivoire','CI','CIV','',0,1),(53,'Croatia','HR','HRV','',0,1),(54,'Cuba','CU','CUB','',0,1),(55,'Cyprus','CY','CYP','',0,1),(56,'Czech Republic','CZ','CZE','',0,1),(57,'Denmark','DK','DNK','',0,1),(58,'Djibouti','DJ','DJI','',0,1),(59,'Dominica','DM','DMA','',0,1),(60,'Dominican Republic','DO','DOM','',0,1),(61,'East Timor','TP','TMP','',0,1),(62,'Ecuador','EC','ECU','',0,1),(63,'Egypt','EG','EGY','',0,1),(64,'El Salvador','SV','SLV','',0,1),(65,'Equatorial Guinea','GQ','GNQ','',0,1),(66,'Eritrea','ER','ERI','',0,1),(67,'Estonia','EE','EST','',0,1),(68,'Ethiopia','ET','ETH','',0,1),(69,'Falkland Islands (Malvinas)','FK','FLK','',0,1),(70,'Faroe Islands','FO','FRO','',0,1),(71,'Fiji','FJ','FJI','',0,1),(72,'Finland','FI','FIN','',0,1),(73,'France','FR','FRA','',0,1),(74,'France, Metropolitan','FX','FXX','',0,1),(75,'French Guiana','GF','GUF','',0,1),(76,'French Polynesia','PF','PYF','',0,1),(77,'French Southern Territories','TF','ATF','',0,1),(78,'Gabon','GA','GAB','',0,1),(79,'Gambia','GM','GMB','',0,1),(80,'Georgia','GE','GEO','',0,1),(81,'Germany','DE','DEU','{company}\r\n{firstname} {lastname}\r\n{address_1}\r\n{address_2}\r\n{postcode} {city}\r\n{country}',1,1),(82,'Ghana','GH','GHA','',0,1),(83,'Gibraltar','GI','GIB','',0,1),(84,'Greece','GR','GRC','',0,1),(85,'Greenland','GL','GRL','',0,1),(86,'Grenada','GD','GRD','',0,1),(87,'Guadeloupe','GP','GLP','',0,1),(88,'Guam','GU','GUM','',0,1),(89,'Guatemala','GT','GTM','',0,1),(90,'Guinea','GN','GIN','',0,1),(91,'Guinea-bissau','GW','GNB','',0,1),(92,'Guyana','GY','GUY','',0,1),(93,'Haiti','HT','HTI','',0,1),(94,'Heard and Mc Donald Islands','HM','HMD','',0,1),(95,'Honduras','HN','HND','',0,1),(96,'Hong Kong','HK','HKG','',0,1),(97,'Hungary','HU','HUN','',0,1),(98,'Iceland','IS','ISL','',0,1),(99,'India','IN','IND','',0,1),(100,'Indonesia','ID','IDN','',0,1),(101,'Iran (Islamic Republic of)','IR','IRN','',0,1),(102,'Iraq','IQ','IRQ','',0,1),(103,'Ireland','IE','IRL','',0,1),(104,'Israel','IL','ISR','',0,1),(105,'Italy','IT','ITA','',0,1),(106,'Jamaica','JM','JAM','',0,1),(107,'Japan','JP','JPN','',0,1),(108,'Jordan','JO','JOR','',0,1),(109,'Kazakhstan','KZ','KAZ','',0,1),(110,'Kenya','KE','KEN','',0,1),(111,'Kiribati','KI','KIR','',0,1),(112,'North Korea','KP','PRK','',0,1),(113,'Korea, Republic of','KR','KOR','',0,1),(114,'Kuwait','KW','KWT','',0,1),(115,'Kyrgyzstan','KG','KGZ','',0,1),(116,'Lao People\'s Democratic Republic','LA','LAO','',0,1),(117,'Latvia','LV','LVA','',0,1),(118,'Lebanon','LB','LBN','',0,1),(119,'Lesotho','LS','LSO','',0,1),(120,'Liberia','LR','LBR','',0,1),(121,'Libyan Arab Jamahiriya','LY','LBY','',0,1),(122,'Liechtenstein','LI','LIE','',0,1),(123,'Lithuania','LT','LTU','',0,1),(124,'Luxembourg','LU','LUX','',0,1),(125,'Macau','MO','MAC','',0,1),(126,'FYROM','MK','MKD','',0,1),(127,'Madagascar','MG','MDG','',0,1),(128,'Malawi','MW','MWI','',0,1),(129,'Malaysia','MY','MYS','',0,1),(130,'Maldives','MV','MDV','',0,1),(131,'Mali','ML','MLI','',0,1),(132,'Malta','MT','MLT','',0,1),(133,'Marshall Islands','MH','MHL','',0,1),(134,'Martinique','MQ','MTQ','',0,1),(135,'Mauritania','MR','MRT','',0,1),(136,'Mauritius','MU','MUS','',0,1),(137,'Mayotte','YT','MYT','',0,1),(138,'Mexico','MX','MEX','',0,1),(139,'Micronesia, Federated States of','FM','FSM','',0,1),(140,'Moldova, Republic of','MD','MDA','',0,1),(141,'Monaco','MC','MCO','',0,1),(142,'Mongolia','MN','MNG','',0,1),(143,'Montserrat','MS','MSR','',0,1),(144,'Morocco','MA','MAR','',0,1),(145,'Mozambique','MZ','MOZ','',0,1),(146,'Myanmar','MM','MMR','',0,1),(147,'Namibia','NA','NAM','',0,1),(148,'Nauru','NR','NRU','',0,1),(149,'Nepal','NP','NPL','',0,1),(150,'Netherlands','NL','NLD','',0,1),(151,'Netherlands Antilles','AN','ANT','',0,1),(152,'New Caledonia','NC','NCL','',0,1),(153,'New Zealand','NZ','NZL','',0,1),(154,'Nicaragua','NI','NIC','',0,1),(155,'Niger','NE','NER','',0,1),(156,'Nigeria','NG','NGA','',0,1),(157,'Niue','NU','NIU','',0,1),(158,'Norfolk Island','NF','NFK','',0,1),(159,'Northern Mariana Islands','MP','MNP','',0,1),(160,'Norway','NO','NOR','',0,1),(161,'Oman','OM','OMN','',0,1),(162,'Pakistan','PK','PAK','',0,1),(163,'Palau','PW','PLW','',0,1),(164,'Panama','PA','PAN','',0,1),(165,'Papua New Guinea','PG','PNG','',0,1),(166,'Paraguay','PY','PRY','',0,1),(167,'Peru','PE','PER','',0,1),(168,'Philippines','PH','PHL','',0,1),(169,'Pitcairn','PN','PCN','',0,1),(170,'Poland','PL','POL','',0,1),(171,'Portugal','PT','PRT','',0,1),(172,'Puerto Rico','PR','PRI','',0,1),(173,'Qatar','QA','QAT','',0,1),(174,'Reunion','RE','REU','',0,1),(175,'Romania','RO','ROM','',0,1),(176,'Russian Federation','RU','RUS','',0,1),(177,'Rwanda','RW','RWA','',0,1),(178,'Saint Kitts and Nevis','KN','KNA','',0,1),(179,'Saint Lucia','LC','LCA','',0,1),(180,'Saint Vincent and the Grenadines','VC','VCT','',0,1),(181,'Samoa','WS','WSM','',0,1),(182,'San Marino','SM','SMR','',0,1),(183,'Sao Tome and Principe','ST','STP','',0,1),(184,'Saudi Arabia','SA','SAU','',0,1),(185,'Senegal','SN','SEN','',0,1),(186,'Seychelles','SC','SYC','',0,1),(187,'Sierra Leone','SL','SLE','',0,1),(188,'Singapore','SG','SGP','',0,1),(189,'Slovak Republic','SK','SVK','{firstname} {lastname}\r\n{company}\r\n{address_1}\r\n{address_2}\r\n{city} {postcode}\r\n{zone}\r\n{country}',0,1),(190,'Slovenia','SI','SVN','',0,1),(191,'Solomon Islands','SB','SLB','',0,1),(192,'Somalia','SO','SOM','',0,1),(193,'South Africa','ZA','ZAF','',0,1),(194,'South Georgia &amp; South Sandwich Islands','GS','SGS','',0,1),(195,'Spain','ES','ESP','',0,1),(196,'Sri Lanka','LK','LKA','',0,1),(197,'St. Helena','SH','SHN','',0,1),(198,'St. Pierre and Miquelon','PM','SPM','',0,1),(199,'Sudan','SD','SDN','',0,1),(200,'Suriname','SR','SUR','',0,1),(201,'Svalbard and Jan Mayen Islands','SJ','SJM','',0,1),(202,'Swaziland','SZ','SWZ','',0,1),(203,'Sweden','SE','SWE','',0,1),(204,'Switzerland','CH','CHE','',0,1),(205,'Syrian Arab Republic','SY','SYR','',0,1),(206,'Taiwan','TW','TWN','',0,1),(207,'Tajikistan','TJ','TJK','',0,1),(208,'Tanzania, United Republic of','TZ','TZA','',0,1),(209,'Thailand','TH','THA','',0,1),(210,'Togo','TG','TGO','',0,1),(211,'Tokelau','TK','TKL','',0,1),(212,'Tonga','TO','TON','',0,1),(213,'Trinidad and Tobago','TT','TTO','',0,1),(214,'Tunisia','TN','TUN','',0,1),(215,'Turkey','TR','TUR','',0,1),(216,'Turkmenistan','TM','TKM','',0,1),(217,'Turks and Caicos Islands','TC','TCA','',0,1),(218,'Tuvalu','TV','TUV','',0,1),(219,'Uganda','UG','UGA','',0,1),(220,'Ukraine','UA','UKR','',0,1),(221,'United Arab Emirates','AE','ARE','',0,1),(222,'United Kingdom','GB','GBR','',1,1),(223,'United States','US','USA','{firstname} {lastname}\r\n{company}\r\n{address_1}\r\n{address_2}\r\n{city}, {zone} {postcode}\r\n{country}',0,1),(224,'United States Minor Outlying Islands','UM','UMI','',0,1),(225,'Uruguay','UY','URY','',0,1),(226,'Uzbekistan','UZ','UZB','',0,1),(227,'Vanuatu','VU','VUT','',0,1),(228,'Vatican City State (Holy See)','VA','VAT','',0,1),(229,'Venezuela','VE','VEN','',0,1),(230,'Viet Nam','VN','VNM','',0,1),(231,'Virgin Islands (British)','VG','VGB','',0,1),(232,'Virgin Islands (U.S.)','VI','VIR','',0,1),(233,'Wallis and Futuna Islands','WF','WLF','',0,1),(234,'Western Sahara','EH','ESH','',0,1),(235,'Yemen','YE','YEM','',0,1),(236,'Yugoslavia','YU','YUG','',0,1),(237,'Democratic Republic of Congo','CD','COD','',0,1),(238,'Zambia','ZM','ZMB','',0,1),(239,'Zimbabwe','ZW','ZWE','',0,1);

--
-- Table structure for table `coupon`
--

CREATE TABLE `coupon` (
  `coupon_id` int NOT NULL AUTO_INCREMENT,
  `name` varchar(128) COLLATE utf8mb3_bin NOT NULL,
  `code` varchar(10) COLLATE utf8mb3_bin NOT NULL,
  `type` char(1) COLLATE utf8mb3_bin NOT NULL,
  `discount` decimal(15,4) NOT NULL,
  `logged` tinyint(1) NOT NULL,
  `shipping` tinyint(1) NOT NULL,
  `total` decimal(15,4) NOT NULL,
  `date_start` date NOT NULL DEFAULT '0000-00-00',
  `date_end` date NOT NULL DEFAULT '0000-00-00',
  `uses_total` int NOT NULL,
  `uses_customer` varchar(11) COLLATE utf8mb3_bin NOT NULL,
  `status` tinyint(1) NOT NULL,
  `date_added` datetime NOT NULL DEFAULT '0000-00-00 00:00:00',
  PRIMARY KEY (`coupon_id`)
) ENGINE=MyISAM AUTO_INCREMENT=7 DEFAULT CHARSET=utf8mb3 COLLATE=utf8mb3_bin;

--
-- Dumping data for table `coupon`
--

INSERT INTO `coupon` (`coupon_id`, `name`, `code`, `type`, `discount`, `logged`, `shipping`, `total`, `date_start`, `date_end`, `uses_total`, `uses_customer`, `status`, `date_added`) VALUES (4,'-10% Discount','2222','P',10.0000,0,0,0.0000,'2011-01-01','2012-01-01',10,'10',1,'2009-01-27 13:55:03'),(5,'Free Shipping','3333','P',0.0000,0,1,100.0000,'2009-03-01','2009-08-31',10,'10',1,'2009-03-14 21:13:53'),(6,'-10.00 Discount','1111','F',10.0000,0,0,10.0000,'1970-11-01','2020-11-01',100000,'10000',1,'2009-03-14 21:15:18');

--
-- Table structure for table `coupon_history`
--

CREATE TABLE `coupon_history` (
  `coupon_history_id` int NOT NULL AUTO_INCREMENT,
  `coupon_id` int NOT NULL,
  `order_id` int NOT NULL,
  `customer_id` int NOT NULL,
  `amount` decimal(15,4) NOT NULL,
  `date_added` datetime NOT NULL,
  PRIMARY KEY (`coupon_history_id`)
) ENGINE=MyISAM DEFAULT CHARSET=utf8mb3 COLLATE=utf8mb3_bin;

--
-- Dumping data for table `coupon_history`
--


--
-- Table structure for table `coupon_product`
--

CREATE TABLE `coupon_product` (
  `coupon_product_id` int NOT NULL AUTO_INCREMENT,
  `coupon_id` int NOT NULL,
  `product_id` int NOT NULL,
  PRIMARY KEY (`coupon_product_id`)
) ENGINE=MyISAM DEFAULT CHARSET=utf8mb3 COLLATE=utf8mb3_bin;

--
-- Dumping data for table `coupon_product`
--


--
-- Table structure for table `currency`
--

CREATE TABLE `currency` (
  `currency_id` int NOT NULL AUTO_INCREMENT,
  `title` varchar(32) COLLATE utf8mb3_bin NOT NULL DEFAULT '',
  `code` varchar(3) COLLATE utf8mb3_bin NOT NULL DEFAULT '',
  `symbol_left` varchar(12) COLLATE utf8mb3_bin NOT NULL,
  `symbol_right` varchar(12) COLLATE utf8mb3_bin NOT NULL,
  `decimal_place` char(1) COLLATE utf8mb3_bin NOT NULL,
  `value` float(15,8) NOT NULL,
  `status` tinyint(1) NOT NULL,
  `date_modified` datetime NOT NULL DEFAULT '0000-00-00 00:00:00',
  PRIMARY KEY (`currency_id`)
) ENGINE=MyISAM AUTO_INCREMENT=4 DEFAULT CHARSET=utf8mb3 COLLATE=utf8mb3_bin;

--
-- Dumping data for table `currency`
--

INSERT INTO `currency` (`currency_id`, `title`, `code`, `symbol_left`, `symbol_right`, `decimal_place`, `value`, `status`, `date_modified`) VALUES (1,'Pound Sterling','GBP','£','','2',0.19650000,0,'2013-02-15 03:49:54'),(2,'Romania New Leu','RON','',' Lei','2',1.00000000,1,'2013-02-15 05:08:23'),(3,'Euro','EUR','','€','2',0.22820000,0,'2013-02-15 03:49:54');

--
-- Table structure for table `customer_group`
--

CREATE TABLE `customer_group` (
  `customer_group_id` int NOT NULL AUTO_INCREMENT,
  `approval` int NOT NULL,
  `company_id_display` int NOT NULL,
  `company_id_required` int NOT NULL,
  `tax_id_display` int NOT NULL,
  `tax_id_required` int NOT NULL,
  `sort_order` int NOT NULL,
  PRIMARY KEY (`customer_group_id`)
) ENGINE=MyISAM AUTO_INCREMENT=2 DEFAULT CHARSET=utf8mb3 COLLATE=utf8mb3_bin;

--
-- Dumping data for table `customer_group`
--

INSERT INTO `customer_group` (`customer_group_id`, `approval`, `company_id_display`, `company_id_required`, `tax_id_display`, `tax_id_required`, `sort_order`) VALUES (1,0,1,0,0,1,1);

--
-- Table structure for table `customer_group_description`
--

CREATE TABLE `customer_group_description` (
  `customer_group_id` int NOT NULL,
  `language_id` int NOT NULL,
  `name` varchar(32) COLLATE utf8mb3_bin NOT NULL,
  `description` text COLLATE utf8mb3_bin NOT NULL,
  PRIMARY KEY (`customer_group_id`,`language_id`)
) ENGINE=MyISAM DEFAULT CHARSET=utf8mb3 COLLATE=utf8mb3_bin;

--
-- Dumping data for table `customer_group_description`
--

INSERT INTO `customer_group_description` (`customer_group_id`, `language_id`, `name`, `description`) VALUES (1,1,'Default','test'),(1,2,'Default','test');

--
-- Table structure for table `customer_ip`
--

CREATE TABLE `customer_ip` (
  `customer_ip_id` int NOT NULL AUTO_INCREMENT,
  `customer_id` int NOT NULL,
  `ip` varchar(40) COLLATE utf8mb3_bin NOT NULL,
  `date_added` datetime NOT NULL,
  PRIMARY KEY (`customer_ip_id`),
  KEY `ip` (`ip`)
) ENGINE=MyISAM AUTO_INCREMENT=51 DEFAULT CHARSET=utf8mb3 COLLATE=utf8mb3_bin;

--
-- Dumping data for table `customer_ip`
--

INSERT INTO `customer_ip` (`customer_ip_id`, `customer_id`, `ip`, `date_added`) VALUES (1,1,'93.119.0.102','2013-02-10 14:44:40'),(2,2,'193.226.6.195','2013-02-25 11:12:11'),(3,3,'109.100.20.27','2013-03-01 23:28:52'),(4,4,'5.13.194.48','2013-04-10 21:55:04'),(5,5,'95.76.238.205','2013-04-23 10:42:52'),(6,6,'82.137.10.23','2013-05-14 11:17:30'),(7,7,'86.125.62.56','2013-05-30 17:58:51'),(8,8,'109.96.7.152','2013-06-11 14:35:45'),(9,9,'5.13.218.31','2013-06-14 14:23:34'),(10,10,'188.25.34.0','2013-06-22 08:29:43'),(11,11,'79.117.205.253','2013-07-02 18:29:28'),(12,11,'79.117.152.61','2013-07-03 10:26:29'),(13,11,'79.117.134.230','2013-07-03 21:59:40'),(14,11,'86.123.47.128','2013-07-04 09:49:58'),(15,12,'95.76.200.136','2013-07-05 09:50:32'),(16,13,'81.12.140.18','2013-07-19 16:46:37'),(17,14,'109.100.0.226','2013-08-12 17:04:27'),(18,15,'89.137.157.176','2013-08-13 19:43:34'),(19,15,'213.233.88.50','2013-08-14 11:09:54'),(20,16,'78.96.184.194','2013-08-16 19:35:53'),(21,17,'89.123.140.136','2013-09-02 14:48:30'),(22,18,'86.123.55.177','2013-09-10 09:30:22'),(23,19,'86.126.104.139','2013-10-11 11:49:03'),(24,17,'89.123.189.2','2013-12-01 18:46:47'),(25,20,'93.114.146.108','2013-12-10 23:12:58'),(26,21,'86.126.170.253','2014-02-11 20:27:09'),(27,22,'188.24.16.119','2014-03-20 17:44:03'),(28,23,'188.25.28.78','2014-05-03 12:15:19'),(29,24,'89.120.185.73','2014-08-08 08:39:49'),(30,25,'79.112.136.68','2015-01-15 10:30:14'),(31,26,'93.114.189.138','2015-01-27 18:46:55'),(32,27,'82.137.13.12','2015-06-27 09:56:36'),(33,27,'188.25.219.167','2015-06-29 17:07:04'),(34,28,'89.136.163.161','2015-11-21 17:30:39'),(35,28,'95.76.230.49','2015-11-23 22:40:26'),(36,29,'81.12.134.5','2015-12-21 15:30:46'),(37,30,'89.123.232.150','2016-03-17 10:12:48'),(38,31,'188.27.125.241','2016-06-07 17:06:58'),(39,32,'188.25.255.6','2016-11-22 23:53:10'),(40,33,'79.115.133.31','2016-11-23 23:04:19'),(41,34,'86.120.29.43','2016-12-28 02:11:50'),(42,35,'81.196.11.11','2017-02-01 15:55:45'),(43,36,'86.120.29.67','2017-02-06 16:11:10'),(44,37,'79.115.62.57','2017-02-20 21:19:47'),(45,37,'89.122.35.124','2017-02-21 12:56:59'),(46,38,'86.120.28.71','2017-04-07 04:08:43'),(47,39,'81.196.23.214','2017-04-20 02:12:34'),(48,40,'188.25.103.173','2017-06-07 15:38:08'),(49,41,'79.112.140.197','2017-11-16 20:01:43'),(50,41,'79.112.139.130','2017-11-17 10:13:40');

--
-- Table structure for table `customer_ip_blacklist`
--

CREATE TABLE `customer_ip_blacklist` (
  `customer_ip_blacklist_id` int NOT NULL AUTO_INCREMENT,
  `ip` varchar(40) COLLATE utf8mb3_bin NOT NULL,
  PRIMARY KEY (`customer_ip_blacklist_id`),
  KEY `ip` (`ip`)
) ENGINE=MyISAM DEFAULT CHARSET=utf8mb3 COLLATE=utf8mb3_bin;

--
-- Dumping data for table `customer_ip_blacklist`
--


--
-- Table structure for table `customer_online`
--

CREATE TABLE `customer_online` (
  `ip` varchar(40) COLLATE utf8mb3_bin NOT NULL,
  `customer_id` int NOT NULL,
  `url` text COLLATE utf8mb3_bin NOT NULL,
  `referer` text COLLATE utf8mb3_bin NOT NULL,
  `date_added` datetime NOT NULL,
  PRIMARY KEY (`ip`)
) ENGINE=InnoDB DEFAULT CHARSET=utf8mb3 COLLATE=utf8mb3_bin;

--
-- Dumping data for table `customer_online`
--


--
-- Table structure for table `customer_reward`
--

CREATE TABLE `customer_reward` (
  `customer_reward_id` int NOT NULL AUTO_INCREMENT,
  `customer_id` int NOT NULL DEFAULT '0',
  `order_id` int NOT NULL DEFAULT '0',
  `description` text COLLATE utf8mb3_bin NOT NULL,
  `points` int NOT NULL DEFAULT '0',
  `date_added` datetime NOT NULL DEFAULT '0000-00-00 00:00:00',
  PRIMARY KEY (`customer_reward_id`)
) ENGINE=MyISAM DEFAULT CHARSET=utf8mb3 COLLATE=utf8mb3_bin;

--
-- Dumping data for table `customer_reward`
--


--
-- Table structure for table `customer_transaction`
--

CREATE TABLE `customer_transaction` (
  `customer_transaction_id` int NOT NULL AUTO_INCREMENT,
  `customer_id` int NOT NULL,
  `order_id` int NOT NULL,
  `description` text COLLATE utf8mb3_bin NOT NULL,
  `amount` decimal(15,4) NOT NULL,
  `date_added` datetime NOT NULL,
  PRIMARY KEY (`customer_transaction_id`)
) ENGINE=MyISAM DEFAULT CHARSET=utf8mb3 COLLATE=utf8mb3_bin;

--
-- Dumping data for table `customer_transaction`
--


--
-- Table structure for table `download`
--

CREATE TABLE `download` (
  `download_id` int NOT NULL AUTO_INCREMENT,
  `filename` varchar(128) COLLATE utf8mb3_bin NOT NULL DEFAULT '',
  `mask` varchar(128) COLLATE utf8mb3_bin NOT NULL DEFAULT '',
  `remaining` int NOT NULL DEFAULT '0',
  `date_added` datetime NOT NULL DEFAULT '0000-00-00 00:00:00',
  PRIMARY KEY (`download_id`)
) ENGINE=MyISAM DEFAULT CHARSET=utf8mb3 COLLATE=utf8mb3_bin;

--
-- Dumping data for table `download`
--


--
-- Table structure for table `download_description`
--

CREATE TABLE `download_description` (
  `download_id` int NOT NULL,
  `language_id` int NOT NULL,
  `name` varchar(64) COLLATE utf8mb3_bin NOT NULL DEFAULT '',
  PRIMARY KEY (`download_id`,`language_id`)
) ENGINE=MyISAM DEFAULT CHARSET=utf8mb3 COLLATE=utf8mb3_bin;

--
-- Dumping data for table `download_description`
--


--
-- Table structure for table `extension`
--

CREATE TABLE `extension` (
  `extension_id` int NOT NULL AUTO_INCREMENT,
  `type` varchar(32) COLLATE utf8mb3_bin NOT NULL,
  `code` varchar(32) COLLATE utf8mb3_bin NOT NULL,
  PRIMARY KEY (`extension_id`)
) ENGINE=MyISAM AUTO_INCREMENT=433 DEFAULT CHARSET=utf8mb3 COLLATE=utf8mb3_bin;

--
-- Dumping data for table `extension`
--

INSERT INTO `extension` (`extension_id`, `type`, `code`) VALUES (23,'payment','cod'),(22,'total','shipping'),(57,'total','sub_total'),(58,'total','tax'),(59,'total','total'),(410,'module','banner'),(426,'module','carousel'),(390,'total','credit'),(387,'shipping','flat'),(349,'total','handling'),(350,'total','low_order_fee'),(389,'total','coupon'),(413,'module','category'),(432,'module','cr2htmlmodule'),(408,'module','account'),(393,'total','reward'),(398,'total','voucher'),(407,'payment','free_checkout'),(419,'module','slideshow'),(428,'module','information'),(429,'module','bestseller'),(430,'module','latest'),(431,'module','special');

--
-- Table structure for table `geo_zone`
--

CREATE TABLE `geo_zone` (
  `geo_zone_id` int NOT NULL AUTO_INCREMENT,
  `name` varchar(32) COLLATE utf8mb3_bin NOT NULL DEFAULT '',
  `description` varchar(255) COLLATE utf8mb3_bin NOT NULL DEFAULT '',
  `date_modified` datetime NOT NULL DEFAULT '0000-00-00 00:00:00',
  `date_added` datetime NOT NULL DEFAULT '0000-00-00 00:00:00',
  PRIMARY KEY (`geo_zone_id`)
) ENGINE=MyISAM AUTO_INCREMENT=6 DEFAULT CHARSET=utf8mb3 COLLATE=utf8mb3_bin;

--
-- Dumping data for table `geo_zone`
--

INSERT INTO `geo_zone` (`geo_zone_id`, `name`, `description`, `date_modified`, `date_added`) VALUES (3,'UK VAT Zone','UK VAT','2010-02-26 22:33:24','2009-01-06 23:26:25'),(4,'UK Shipping','UK Shipping Zones','2010-12-15 15:18:13','2009-06-23 01:14:53'),(5,'Romania','Pentru Romania','0000-00-00 00:00:00','2013-01-31 08:28:35');

--
-- Table structure for table `information`
--

CREATE TABLE `information` (
  `information_id` int NOT NULL AUTO_INCREMENT,
  `bottom` int NOT NULL DEFAULT '0',
  `sort_order` int NOT NULL DEFAULT '0',
  `status` tinyint(1) NOT NULL DEFAULT '1',
  PRIMARY KEY (`information_id`)
) ENGINE=MyISAM AUTO_INCREMENT=7 DEFAULT CHARSET=utf8mb3 COLLATE=utf8mb3_bin;

--
-- Dumping data for table `information`
--

INSERT INTO `information` (`information_id`, `bottom`, `sort_order`, `status`) VALUES (3,1,3,1),(4,1,1,1),(5,1,4,1),(6,1,2,1);

--
-- Table structure for table `information_description`
--

CREATE TABLE `information_description` (
  `information_id` int NOT NULL,
  `language_id` int NOT NULL,
  `title` varchar(64) COLLATE utf8mb3_bin NOT NULL DEFAULT '',
  `description` text COLLATE utf8mb3_bin NOT NULL,
  PRIMARY KEY (`information_id`,`language_id`)
) ENGINE=MyISAM DEFAULT CHARSET=utf8mb3 COLLATE=utf8mb3_bin;

--
-- Dumping data for table `information_description`
--

INSERT INTO `information_description` (`information_id`, `language_id`, `title`, `description`) VALUES (5,1,'Terms &amp; Conditions','&lt;p&gt;\r\n	Terms &amp;amp; Conditions&lt;/p&gt;\r\n'),(3,2,'Politica de Cofidentialitate','&lt;div id=&quot;colLeft&quot;&gt;\r\n&lt;p&gt;C &amp;amp; G IT MEDIASERV SRL nu &amp;icirc;ncurajeaza SPAM-ul, nu furnizeaza adresa dumneavoastra de e-mail unor terti (persoane fizice sau juridice), nu vinde, nu ofera, nu face schimb de adrese de e-mail obtinute prin intermediul acestui site, nu divulga adresa dumneavoastra de e-mail altor persoane care acceseaza paginile acestui site, fara acordul dumneavoastra explicit .&lt;/p&gt;\r\n\r\n&lt;p&gt;C &amp;amp; G IT MEDIASERV SRL respecta legile &amp;icirc;n vigoare privind confidentialitatea datelor.&lt;/p&gt;\r\n\r\n&lt;p&gt;C &amp;amp; G IT MEDIASERV SRL se angajaza sa nu transmit&amp;atilde; datele personale ale utilizatorilor site-ului catre terti si s&amp;atilde; le foloseasc&amp;atilde; numai &amp;icirc;n scopul stabilirii contactului cu clientii sai precum si &amp;icirc;n scopul informarii acestora asupra aspectelor legate de functionarea site-ului si a ofertelor acestuia.&lt;/p&gt;\r\n\r\n&lt;p&gt;Orice utilizator care a furnizat explicit pe site-ul &lt;a href=&quot;http://www.reparatii-laptopuri.ro&quot;&gt;Reparatii-Laptopuri&lt;/a&gt; adresa sa de email poate opta ca aceasta sa fie stearsa din baza de date a site-ului &lt;a href=&quot;http://www.reparatii-laptopuri.ro&quot;&gt;Reparatii-Laptopuri&lt;/a&gt;&lt;/p&gt;\r\n\r\n&lt;p&gt;Pentru mai multe informatii va rugam consultati urmatoarele acte normative:&lt;br /&gt;\r\nLegea comertului electronic &amp;ndash; 365/2002&lt;br /&gt;\r\nRegulament nr. 4/2002 al BNR privind tranzactiile efectuate prin intermediul instrumentelor de plata electronica si relatiile dintre participantii la aceste tranzactii &amp;ndash; Ordinul 16/2003 al MCTI privind procedura de avizare a instrumentelor de plata cu acces la distanta, de tipul aplicatiilor Internet-banking sau home-banking&lt;br /&gt;\r\nLegea semnaturii electronice &amp;ndash; 429 / 2001&lt;br /&gt;\r\nNorme tehnice si metodologice din 13 decembrie 2001 pentru aplicarea Legii nr. 455/2001 privind semnatura electronica&lt;br /&gt;\r\nLegea 51/2003 pentru aprobarea Ordonantei Guvernului nr. 130/2000 privind regimul juridic al contractelor la distanta&lt;br /&gt;\r\nOrdonanta nr. 130/2000 privind regimul juridic al contractelor la distanta &amp;ndash; Hotar&amp;acirc;rea Guvernului nr. 1308 din 11/20/2002 privind aprobarea Normelor metodologice pentru aplicarea Legii 365/2002 privind comertul electronic&lt;br /&gt;\r\nLegea privind clauzele abuzive &amp;icirc;ncheiate &amp;icirc;ntre comercianti si consumatori, nr. 193/2000;&lt;br /&gt;\r\nLegea pentru protectia persoanelor cu privire la prelucrarea datelor cu caracter personal si libera circulatie a acestor date &amp;ndash; 677 / 2001&lt;br /&gt;\r\nOrdin nr. 1453 din 1 martie 2001 privind ocupatia de Designer pagini web&lt;br /&gt;\r\nLegea nr 8/1996 privind dreptul de autor si drepturile conexe&lt;br /&gt;\r\nDispozitii privind Prevenirea si combaterea criminalitatii informatice (Titlul III din Legea 161 din 19/04/2003 privind unele masuri pentru asigurarea transparentei &amp;icirc;n exercitarea demnitatilor publice, a functiilor publice si &amp;icirc;n mediul de afaceri, prevenirea si sanctionarea coruptiei Publicat &amp;icirc;n Monitorul Oficial, Partea I nr. 279 din 21/04/2003 )&lt;br /&gt;\r\nLegea privind prevenirea si combaterea pornografiei &amp;ndash; 196/2003 publicata &amp;icirc;n Monitorul Oficial Nr. 342 / 20 mai 2003.&lt;/p&gt;\r\n&lt;/div&gt;\r\n'),(6,1,'Delivery Information','&lt;p&gt;\r\n	Delivery Information&lt;/p&gt;\r\n'),(5,2,'Termene si Conditii','&lt;p&gt;\r\n	Terms &amp;amp; Conditions&lt;/p&gt;\r\n'),(6,2,'Informatii Livrare','&lt;p&gt;\r\n	Delivery Information&lt;/p&gt;\r\n'),(4,2,'Despre Noi','&lt;p&gt;Cu o experienta de peste 20 de ani in domeniul reparatiilor sistemelor electronice, echipa noastra de tehnicieni electronisti va sta la dispozitie ajutata de cele mai noi tehnologii de diagnosticare, lipire la standarde RoHs si dispozitive pentru tehnologia Ball Grid Array (BGA).&lt;/p&gt;\r\n\r\n&lt;div class=&quot;half&quot;&gt;\r\n&lt;p style=&quot;text-align: left;&quot;&gt;&amp;nbsp;&amp;nbsp;&amp;nbsp; Entuziasmul si dedicarea pe care o avem pentru rezolvarea problemelor se datoreaza cunostintelor acumulate in perioada in care ne-am ocupat exclusiv de service laptopuri si provocarilor reprezentate de fiecare defect in parte. Incercand sa nu ne axam numai pe o anumita gama de probleme si defecte, am reusit sa putem rezolva marea majoritate a lor cu usurinta unei clipiri din ochi. In acest moment, indiferent ca este vorba de : Laptop Hp, Laptop Dell, Laptop Compaq, Laptop Fujitsu, Laptopt Acer, Apple MacBook, Laptop Asus,&amp;nbsp;Laptop IBM, Laptop Lenovo, putem diagnostica gratuit orice problema aparuta si va putem ajuta sa preveniti reaparitia lor cu sfaturi concrete pentru fiecare caz in parte.&lt;/p&gt;\r\n&lt;/div&gt;\r\n\r\n&lt;p&gt;&amp;nbsp;&amp;nbsp;&amp;nbsp; Dispunem de&amp;nbsp; transparenta si entuziasm debordant care pot deveni la un moment dat contagioase, dar care va vor ajuta cu siguranta sa treceti peste problema aparuta la laptop. Este posibil ca si o simpla curatare de praf a laptopului sa genereze probleme grave daca nu este executata corect. Sfatul nostru este sa evitati pe cat posibil genul de tutorial &amp;ldquo;depanare laptop&amp;rdquo; disponibil pe internet si sa incercati sa ne adresati o intrebare;&amp;nbsp; nu va costa nimic! Serviciul de recuperare date este, de asemenea, disponibil in cadrul societatii noastre, cu garantia pastrarii caracterului privat a acestora. Ne straduim sa va pastram locatia si formatul lor in asa fel incat sa nu va schimbati rutina. Nu veti fi obligati in acest caz sa va refamiliarizati cu propriile dispozitive.&lt;/p&gt;\r\n'),(4,1,'About Us','&lt;p&gt;About Us&lt;/p&gt;\r\n'),(3,1,'Privacy Policy','&lt;p&gt;Privacy Policy&lt;/p&gt;\r\n');

--
-- Table structure for table `information_to_layout`
--

CREATE TABLE `information_to_layout` (
  `information_id` int NOT NULL,
  `store_id` int NOT NULL,
  `layout_id` int NOT NULL,
  PRIMARY KEY (`information_id`,`store_id`)
) ENGINE=MyISAM DEFAULT CHARSET=utf8mb3 COLLATE=utf8mb3_bin;

--
-- Dumping data for table `information_to_layout`
--


--
-- Table structure for table `information_to_store`
--

CREATE TABLE `information_to_store` (
  `information_id` int NOT NULL,
  `store_id` int NOT NULL,
  PRIMARY KEY (`information_id`,`store_id`)
) ENGINE=MyISAM DEFAULT CHARSET=utf8mb3 COLLATE=utf8mb3_bin;

--
-- Dumping data for table `information_to_store`
--

INSERT INTO `information_to_store` (`information_id`, `store_id`) VALUES (3,0),(4,0),(5,0),(6,0);

--
-- Table structure for table `language`
--

CREATE TABLE `language` (
  `language_id` int NOT NULL AUTO_INCREMENT,
  `name` varchar(32) COLLATE utf8mb3_bin NOT NULL DEFAULT '',
  `code` varchar(5) COLLATE utf8mb3_bin NOT NULL,
  `locale` varchar(255) COLLATE utf8mb3_bin NOT NULL,
  `image` varchar(64) COLLATE utf8mb3_bin NOT NULL,
  `directory` varchar(32) COLLATE utf8mb3_bin NOT NULL DEFAULT '',
  `filename` varchar(64) COLLATE utf8mb3_bin NOT NULL DEFAULT '',
  `sort_order` int NOT NULL DEFAULT '0',
  `status` tinyint(1) NOT NULL,
  PRIMARY KEY (`language_id`),
  KEY `name` (`name`)
) ENGINE=MyISAM AUTO_INCREMENT=3 DEFAULT CHARSET=utf8mb3 COLLATE=utf8mb3_bin;

--
-- Dumping data for table `language`
--

INSERT INTO `language` (`language_id`, `name`, `code`, `locale`, `image`, `directory`, `filename`, `sort_order`, `status`) VALUES (1,'English','en','en_US.UTF-8,en_US,en-gb,english','gb.png','english','english',2,0),(2,'Romana','ro','ro_RO.UTF8','ro.png','romana','romana',1,1);

--
-- Table structure for table `layout`
--

CREATE TABLE `layout` (
  `layout_id` int NOT NULL AUTO_INCREMENT,
  `name` varchar(64) COLLATE utf8mb3_bin NOT NULL,
  PRIMARY KEY (`layout_id`)
) ENGINE=MyISAM AUTO_INCREMENT=12 DEFAULT CHARSET=utf8mb3 COLLATE=utf8mb3_bin;

--
-- Dumping data for table `layout`
--

INSERT INTO `layout` (`layout_id`, `name`) VALUES (1,'Home'),(2,'Product'),(3,'Category'),(4,'Default'),(5,'Manufacturer'),(6,'Account'),(7,'Checkout'),(8,'Contact'),(9,'Sitemap'),(11,'Information');

--
-- Table structure for table `layout_route`
--

CREATE TABLE `layout_route` (
  `layout_route_id` int NOT NULL AUTO_INCREMENT,
  `layout_id` int NOT NULL,
  `store_id` int NOT NULL,
  `route` varchar(255) COLLATE utf8mb3_bin NOT NULL,
  PRIMARY KEY (`layout_route_id`)
) ENGINE=MyISAM AUTO_INCREMENT=32 DEFAULT CHARSET=utf8mb3 COLLATE=utf8mb3_bin;

--
-- Dumping data for table `layout_route`
--

INSERT INTO `layout_route` (`layout_route_id`, `layout_id`, `store_id`, `route`) VALUES (30,6,0,'account'),(29,3,0,'product/category'),(26,1,0,'common/home'),(20,2,0,'product/product'),(24,11,0,'information/information'),(22,5,0,'product/manufacturer'),(23,7,0,'checkout/'),(31,8,0,'information/contact');

--
-- Table structure for table `length_class`
--

CREATE TABLE `length_class` (
  `length_class_id` int NOT NULL AUTO_INCREMENT,
  `value` decimal(15,8) NOT NULL,
  PRIMARY KEY (`length_class_id`)
) ENGINE=MyISAM AUTO_INCREMENT=4 DEFAULT CHARSET=utf8mb3 COLLATE=utf8mb3_bin;

--
-- Dumping data for table `length_class`
--

INSERT INTO `length_class` (`length_class_id`, `value`) VALUES (1,1.00000000),(2,10.00000000),(3,0.39370000);

--
-- Table structure for table `length_class_description`
--

CREATE TABLE `length_class_description` (
  `length_class_id` int NOT NULL AUTO_INCREMENT,
  `language_id` int NOT NULL,
  `title` varchar(32) COLLATE utf8mb3_bin NOT NULL,
  `unit` varchar(4) COLLATE utf8mb3_bin NOT NULL,
  PRIMARY KEY (`length_class_id`,`language_id`)
) ENGINE=MyISAM AUTO_INCREMENT=4 DEFAULT CHARSET=utf8mb3 COLLATE=utf8mb3_bin;

--
-- Dumping data for table `length_class_description`
--

INSERT INTO `length_class_description` (`length_class_id`, `language_id`, `title`, `unit`) VALUES (1,1,'Centimeter','cm'),(2,1,'Millimeter','mm'),(3,1,'Inch','in'),(1,2,'Centimeter','cm'),(2,2,'Millimeter','mm'),(3,2,'Inch','in');

--
-- Table structure for table `manufacturer`
--

CREATE TABLE `manufacturer` (
  `manufacturer_id` int NOT NULL AUTO_INCREMENT,
  `name` varchar(64) COLLATE utf8mb3_bin NOT NULL DEFAULT '',
  `image` varchar(255) COLLATE utf8mb3_bin DEFAULT NULL,
  `sort_order` int NOT NULL,
  PRIMARY KEY (`manufacturer_id`)
) ENGINE=MyISAM AUTO_INCREMENT=11 DEFAULT CHARSET=utf8mb3 COLLATE=utf8mb3_bin;

--
-- Dumping data for table `manufacturer`
--

INSERT INTO `manufacturer` (`manufacturer_id`, `name`, `image`, `sort_order`) VALUES (5,'HTC','data/demo/htc_logo.jpg',0),(6,'Palm','data/demo/palm_logo.jpg',0),(7,'Hewlett-Packard','data/demo/hp_logo.jpg',0),(8,'Apple','data/demo/apple_logo.jpg',0),(9,'Canon','data/demo/canon_logo.jpg',0),(10,'Sony','data/demo/sony_logo.jpg',0);

--
-- Table structure for table `manufacturer_to_store`
--

CREATE TABLE `manufacturer_to_store` (
  `manufacturer_id` int NOT NULL,
  `store_id` int NOT NULL,
  PRIMARY KEY (`manufacturer_id`,`store_id`)
) ENGINE=MyISAM DEFAULT CHARSET=utf8mb3 COLLATE=utf8mb3_bin;

--
-- Dumping data for table `manufacturer_to_store`
--

INSERT INTO `manufacturer_to_store` (`manufacturer_id`, `store_id`) VALUES (5,0),(6,0),(7,0),(8,0),(9,0),(10,0);

--
-- Table structure for table `option`
--

CREATE TABLE `option` (
  `option_id` int NOT NULL AUTO_INCREMENT,
  `type` varchar(32) COLLATE utf8mb3_bin NOT NULL,
  `sort_order` int NOT NULL,
  PRIMARY KEY (`option_id`)
) ENGINE=MyISAM AUTO_INCREMENT=13 DEFAULT CHARSET=utf8mb3 COLLATE=utf8mb3_bin;

--
-- Dumping data for table `option`
--

INSERT INTO `option` (`option_id`, `type`, `sort_order`) VALUES (1,'radio',2),(2,'checkbox',3),(4,'text',4),(5,'select',1),(6,'textarea',5),(7,'file',6),(8,'date',7),(9,'time',8),(10,'datetime',9),(11,'select',1),(12,'date',1);

--
-- Table structure for table `option_description`
--

CREATE TABLE `option_description` (
  `option_id` int NOT NULL,
  `language_id` int NOT NULL,
  `name` varchar(128) COLLATE utf8mb3_bin NOT NULL,
  PRIMARY KEY (`option_id`,`language_id`)
) ENGINE=MyISAM DEFAULT CHARSET=utf8mb3 COLLATE=utf8mb3_bin;

--
-- Dumping data for table `option_description`
--

INSERT INTO `option_description` (`option_id`, `language_id`, `name`) VALUES (1,1,'Radio'),(2,1,'Checkbox'),(4,1,'Text'),(6,1,'Textarea'),(8,1,'Date'),(7,1,'File'),(5,1,'Select'),(9,1,'Time'),(10,1,'Date &amp; Time'),(12,1,'Delivery Date'),(11,1,'Size'),(1,2,'Radio'),(2,2,'Checkbox'),(4,2,'Text'),(6,2,'Textarea'),(8,2,'Date'),(7,2,'File'),(5,2,'Select'),(9,2,'Time'),(10,2,'Date &amp; Time'),(12,2,'Delivery Date'),(11,2,'Size');

--
-- Table structure for table `option_value`
--

CREATE TABLE `option_value` (
  `option_value_id` int NOT NULL AUTO_INCREMENT,
  `option_id` int NOT NULL,
  `image` varchar(255) COLLATE utf8mb3_bin NOT NULL,
  `sort_order` int NOT NULL,
  PRIMARY KEY (`option_value_id`)
) ENGINE=MyISAM AUTO_INCREMENT=49 DEFAULT CHARSET=utf8mb3 COLLATE=utf8mb3_bin;

--
-- Dumping data for table `option_value`
--

INSERT INTO `option_value` (`option_value_id`, `option_id`, `image`, `sort_order`) VALUES (43,1,'',3),(32,1,'',1),(45,2,'',4),(44,2,'',3),(42,5,'',4),(41,5,'',3),(39,5,'',1),(40,5,'',2),(31,1,'',2),(23,2,'',1),(24,2,'',2),(46,11,'',1),(47,11,'',2),(48,11,'',3);

--
-- Table structure for table `option_value_description`
--

CREATE TABLE `option_value_description` (
  `option_value_id` int NOT NULL,
  `language_id` int NOT NULL,
  `option_id` int NOT NULL,
  `name` varchar(128) COLLATE utf8mb3_bin NOT NULL,
  PRIMARY KEY (`option_value_id`,`language_id`)
) ENGINE=MyISAM DEFAULT CHARSET=utf8mb3 COLLATE=utf8mb3_bin;

--
-- Dumping data for table `option_value_description`
--

INSERT INTO `option_value_description` (`option_value_id`, `language_id`, `option_id`, `name`) VALUES (43,1,1,'Large'),(32,1,1,'Small'),(45,1,2,'Checkbox 4'),(44,1,2,'Checkbox 3'),(31,1,1,'Medium'),(42,1,5,'Yellow'),(41,1,5,'Green'),(39,1,5,'Red'),(40,1,5,'Blue'),(23,1,2,'Checkbox 1'),(24,1,2,'Checkbox 2'),(48,1,11,'Large'),(47,1,11,'Medium'),(46,1,11,'Small'),(43,2,1,'Large'),(32,2,1,'Small'),(45,2,2,'Checkbox 4'),(44,2,2,'Checkbox 3'),(31,2,1,'Medium'),(42,2,5,'Yellow'),(41,2,5,'Green'),(39,2,5,'Red'),(40,2,5,'Blue'),(23,2,2,'Checkbox 1'),(24,2,2,'Checkbox 2'),(48,2,11,'Large'),(47,2,11,'Medium'),(46,2,11,'Small');

--
-- Table structure for table `order`
--

CREATE TABLE `order` (
  `order_id` int NOT NULL AUTO_INCREMENT,
  `invoice_no` int NOT NULL DEFAULT '0',
  `invoice_prefix` varchar(26) COLLATE utf8mb3_bin NOT NULL,
  `store_id` int NOT NULL DEFAULT '0',
  `store_name` varchar(64) COLLATE utf8mb3_bin NOT NULL,
  `store_url` varchar(255) COLLATE utf8mb3_bin NOT NULL,
  `customer_id` int NOT NULL DEFAULT '0',
  `customer_group_id` int NOT NULL DEFAULT '0',
  `firstname` varchar(32) COLLATE utf8mb3_bin NOT NULL DEFAULT '',
  `lastname` varchar(32) COLLATE utf8mb3_bin NOT NULL,
  `email` varchar(96) COLLATE utf8mb3_bin NOT NULL,
  `telephone` varchar(32) COLLATE utf8mb3_bin NOT NULL DEFAULT '',
  `fax` varchar(32) COLLATE utf8mb3_bin NOT NULL DEFAULT '',
  `payment_firstname` varchar(32) COLLATE utf8mb3_bin NOT NULL DEFAULT '',
  `payment_lastname` varchar(32) COLLATE utf8mb3_bin NOT NULL DEFAULT '',
  `payment_company` varchar(32) COLLATE utf8mb3_bin NOT NULL,
  `payment_company_id` varchar(32) COLLATE utf8mb3_bin NOT NULL,
  `payment_tax_id` varchar(32) COLLATE utf8mb3_bin NOT NULL,
  `payment_address_1` varchar(128) COLLATE utf8mb3_bin NOT NULL,
  `payment_address_2` varchar(128) COLLATE utf8mb3_bin NOT NULL,
  `payment_city` varchar(128) COLLATE utf8mb3_bin NOT NULL,
  `payment_postcode` varchar(10) COLLATE utf8mb3_bin NOT NULL DEFAULT '',
  `payment_country` varchar(128) COLLATE utf8mb3_bin NOT NULL,
  `payment_country_id` int NOT NULL,
  `payment_zone` varchar(128) COLLATE utf8mb3_bin NOT NULL,
  `payment_zone_id` int NOT NULL,
  `payment_address_format` text COLLATE utf8mb3_bin NOT NULL,
  `payment_method` varchar(128) COLLATE utf8mb3_bin NOT NULL DEFAULT '',
  `payment_code` varchar(128) COLLATE utf8mb3_bin NOT NULL,
  `shipping_firstname` varchar(32) COLLATE utf8mb3_bin NOT NULL,
  `shipping_lastname` varchar(32) COLLATE utf8mb3_bin NOT NULL DEFAULT '',
  `shipping_company` varchar(32) COLLATE utf8mb3_bin NOT NULL,
  `shipping_address_1` varchar(128) COLLATE utf8mb3_bin NOT NULL,
  `shipping_address_2` varchar(128) COLLATE utf8mb3_bin NOT NULL,
  `shipping_city` varchar(128) COLLATE utf8mb3_bin NOT NULL,
  `shipping_postcode` varchar(10) COLLATE utf8mb3_bin NOT NULL DEFAULT '',
  `shipping_country` varchar(128) COLLATE utf8mb3_bin NOT NULL,
  `shipping_country_id` int NOT NULL,
  `shipping_zone` varchar(128) COLLATE utf8mb3_bin NOT NULL,
  `shipping_zone_id` int NOT NULL,
  `shipping_address_format` text COLLATE utf8mb3_bin NOT NULL,
  `shipping_method` varchar(128) COLLATE utf8mb3_bin NOT NULL DEFAULT '',
  `shipping_code` varchar(128) COLLATE utf8mb3_bin NOT NULL,
  `comment` text COLLATE utf8mb3_bin NOT NULL,
  `total` decimal(15,4) NOT NULL DEFAULT '0.0000',
  `order_status_id` int NOT NULL DEFAULT '0',
  `affiliate_id` int NOT NULL,
  `commission` decimal(15,4) NOT NULL,
  `language_id` int NOT NULL,
  `currency_id` int NOT NULL,
  `currency_code` varchar(3) COLLATE utf8mb3_bin NOT NULL,
  `currency_value` decimal(15,8) NOT NULL DEFAULT '1.00000000',
  `ip` varchar(40) COLLATE utf8mb3_bin NOT NULL,
  `forwarded_ip` varchar(40) COLLATE utf8mb3_bin NOT NULL,
  `user_agent` varchar(255) COLLATE utf8mb3_bin NOT NULL,
  `accept_language` varchar(255) COLLATE utf8mb3_bin NOT NULL,
  `date_added` datetime NOT NULL,
  `date_modified` datetime NOT NULL,
  PRIMARY KEY (`order_id`)
) ENGINE=MyISAM AUTO_INCREMENT=62 DEFAULT CHARSET=utf8mb3 COLLATE=utf8mb3_bin;

--
-- Dumping data for table `order`
--

INSERT INTO `order` (`order_id`, `invoice_no`, `invoice_prefix`, `store_id`, `store_name`, `store_url`, `customer_id`, `customer_group_id`, `firstname`, `lastname`, `email`, `telephone`, `fax`, `payment_firstname`, `payment_lastname`, `payment_company`, `payment_company_id`, `payment_tax_id`, `payment_address_1`, `payment_address_2`, `payment_city`, `payment_postcode`, `payment_country`, `payment_country_id`, `payment_zone`, `payment_zone_id`, `payment_address_format`, `payment_method`, `payment_code`, `shipping_firstname`, `shipping_lastname`, `shipping_company`, `shipping_address_1`, `shipping_address_2`, `shipping_city`, `shipping_postcode`, `shipping_country`, `shipping_country_id`, `shipping_zone`, `shipping_zone_id`, `shipping_address_format`, `shipping_method`, `shipping_code`, `comment`, `total`, `order_status_id`, `affiliate_id`, `commission`, `language_id`, `currency_id`, `currency_code`, `currency_value`, `ip`, `forwarded_ip`, `user_agent`, `accept_language`, `date_added`, `date_modified`) VALUES (5,0,'INV-2013-00',0,'Service Laptop','http://www.service-laptop.com.ro/',0,1,'ANDREI','POPESCU','popescu_andrei_2@yahoo.com','0763171260','','ANDREI','POPESCU','','','','STR.ALEXANDRU SAHIA BL.3 AP.8','','PETRILA','335800','Romania',175,'Hunedoara',2701,'','Plata la livrare','cod','ANDREI','POPESCU','','STR.ALEXANDRU SAHIA BL.3 AP.8','','PETRILA','335800','Romania',175,'Hunedoara',2701,'','Valoare taxei forfetare de livrare','flat.flat','',370.0000,5,0,0.0000,2,2,'RON',1.00000000,'89.40.120.117','','Mozilla/5.0 (Windows NT 6.1) AppleWebKit/537.22 (KHTML, like Gecko) Chrome/25.0.1364.172 Safari/537.22','ro-RO,ro;q=0.8,en-US;q=0.6,en;q=0.4','2013-03-23 12:42:10','2013-04-03 11:15:00'),(4,0,'INV-2013-00',0,'Service Laptop','http://www.service-laptop.com.ro/',2,1,'Andrei','Hosu','hsandrei@yahoo.com','0766210984','','Andrei','Hosu','','','','str. Observatorului nr. 2','','Cluj-Napoca','400489','Romania',175,'Cluj',2692,'','Plata la livrare','cod','Andrei','Hosu','','str. Observatorului nr. 2','','Cluj-Napoca','400489','Romania',175,'Cluj',2692,'','Valoare taxei forfetare de livrare','flat.flat','',270.0000,5,0,0.0000,2,2,'RON',1.00000000,'193.226.6.195','','Mozilla/5.0 (X11; Linux i686) AppleWebKit/537.17 (KHTML, like Gecko) Chrome/24.0.1312.69 Safari/537.17','en-US,en;q=0.8','2013-02-25 11:12:38','2013-02-27 13:28:39'),(6,0,'INV-2013-00',0,'Service Laptop','http://www.service-laptop.com.ro/',0,1,'STEFAN','POPESCU','elvis197766@yahoo.com','0762658543','','STEFAN','POPESCU','','','','BUCURESTI','','BUCURESTI','','Romania',175,'Bucuresti',2688,'','Plata la livrare','cod','STEFAN','POPESCU','','BUCURESTI','','BUCURESTI','','Romania',175,'Bucuresti',2688,'','Valoare taxei forfetare de livrare','flat.flat','DORESC SA FIU CONTACTAT PENTRU DETALII',420.0000,5,0,0.0000,2,2,'RON',1.00000000,'82.76.19.148','','Mozilla/4.0 (compatible; MSIE 8.0; Windows NT 5.1; Trident/4.0; .NET CLR 1.1.4322; .NET CLR 2.0.50727; .NET CLR 3.0.4506.2152; .NET CLR 3.5.30729; MS-RTC LM 8; InfoPath.2)','ro','2013-03-25 10:25:49','2013-04-03 11:15:23'),(7,0,'INV-2013-00',0,'Service Laptop','http://www.service-laptop.com.ro/',0,1,'Adrian','Botez','adi@computertrade.ro','0744979977','','Adrian','Botez','SC Computer Trade SRL','RO9913650','','Timisoarei, Nr 47','','MIERCUREA CIUC','','Romania',175,'Harghita',2700,'','Plata la livrare','cod','Adrian','Botez','SC Computer Trade SRL','Timisoarei, Nr 47','','MIERCUREA CIUC','','Romania',175,'Harghita',2700,'','Valoare taxei forfetare de livrare','flat.flat','Fancurier sau alt curierat rapid, Factura pe firma. J19/457/1997',270.0000,5,0,0.0000,2,2,'RON',1.00000000,'188.173.129.211','','Mozilla/5.0 (Windows NT 5.1; rv:19.0) Gecko/20100101 Firefox/19.0','en-US,en;q=0.5','2013-03-29 15:35:06','2013-04-03 11:15:35'),(8,0,'INV-2013-00',0,'Service Laptop','http://www.service-laptop.com.ro/',0,1,'Jiří','Semera','JiriSemera@seznam.cz','721626041','','Jiří','Semera','','','','U Plynárny 310','','Nová Role','36225','Czech Republic',56,'Karlovarský',892,'','Plata la livrare','cod','Jiří','Semera','','U Plynárny 310','','Nová Role','36225','Czech Republic',56,'Karlovarský',892,'','Valoare taxei forfetare de livrare','flat.flat','',200.0000,0,0,0.0000,2,2,'RON',1.00000000,'94.138.118.161','','Mozilla/5.0 (Windows NT 6.2) AppleWebKit/537.31 (KHTML, like Gecko) Chrome/26.0.1410.64 Safari/537.31','cs-CZ,cs;q=0.8','2013-04-19 03:58:31','2013-04-19 03:58:31'),(9,0,'INV-2013-00',0,'Service Laptop','http://www.service-laptop.com.ro/',5,1,'Claudiu','Farcas','farcas.claudiu@gmail.com','0751293959','','Claudiu','Farcas','','','','str Vasile Lupu nr 83','bl D1 sc E ap 20','IASI','700319','Romania',175,'Iasi',2703,'','Plata la livrare','cod','Claudiu','Farcas','','str Vasile Lupu nr 83','bl D1 sc E ap 20','IASI','700319','Romania',175,'Iasi',2703,'','Valoare taxei forfetare de livrare','flat.flat','',270.0000,5,0,0.0000,2,2,'RON',1.00000000,'95.76.238.205','','Mozilla/5.0 (compatible; MSIE 10.0; Windows NT 6.2; WOW64; Trident/6.0)','en-GB,en;q=0.7,ro;q=0.3','2013-04-23 10:44:08','2013-05-20 09:34:01'),(10,0,'INV-2013-00',0,'Service Laptop','http://www.service-laptop.com.ro/',6,1,'PETRU','BUZDUGAN','petrubuzdugan@gmail.com','0722895917','','PETRU','BUZDUGAN','','','','Gloriei Bl 19 Ap 26','','Roman','611113','Romania',175,'Neamt',2708,'','Plata la livrare','cod','PETRU','BUZDUGAN','','Gloriei Bl 19 Ap 26','','Roman','611113','Romania',175,'Neamt',2708,'','Valoare taxei forfetare de livrare','flat.flat','',420.0000,5,0,0.0000,2,2,'RON',1.00000000,'82.137.10.23','','Mozilla/5.0 (Windows NT 5.1) AppleWebKit/537.31 (KHTML, like Gecko) Chrome/26.0.1410.64 Safari/537.31','en-US,en;q=0.8','2013-05-14 11:17:46','2013-05-20 09:34:23'),(11,0,'INV-2013-00',0,'Service Laptop','http://www.service-laptop.com.ro/',0,1,'JUDE ','MIREL ','Martel@martel.ro','0747065976','0265512357','JUDE ','MIREL ','SC MARTEL COM SRL ','RO12007070','','STR: PANDURILOR, NR: 4','','REGHIN ','545300','Romania',175,'Mures',2707,'','Plata la livrare','cod','JUDE ','MIREL ','SC MARTEL COM SRL ','STR: PANDURILOR, NR: 4','','REGHIN ','545300','Romania',175,'Mures',2707,'','Valoare taxei forfetare de livrare','flat.flat','',100.0000,5,0,0.0000,2,2,'RON',1.00000000,'89.122.167.86','89.122.167.86','Mozilla/4.0 (compatible; MSIE 8.0; Windows NT 5.1; Trident/4.0; GTB7.4; .NET CLR 2.0.50727; .NET CLR 3.0.4506.2152; .NET CLR 3.5.30729)','ro','2013-05-27 10:26:10','2013-06-20 09:47:34'),(12,0,'INV-2013-00',0,'Service Laptop','http://www.service-laptop.com.ro/',0,1,'Albert','Tiberiu','alberttibi@gmail.com','0745526299','','Albert','Tiberiu','Asociatia Parintilor Bathory','14559402','','Str. Universitatii nr.10','','Cluj-Napoca','400091','Romania',175,'Cluj',2692,'','Plata la livrare','cod','Albert','Tiberiu','','Str. Donat nr. 160','','Cluj-Napoca','400293','Romania',175,'Cluj',2692,'','Valoare taxei forfetare de livrare','flat.flat','',105.0000,5,0,0.0000,2,2,'RON',1.00000000,'188.24.34.185','188.24.34.185','Mozilla/5.0 (Windows NT 6.1; WOW64; rv:21.0) Gecko/20100101 Firefox/21.0','hu-hu,hu;q=0.8,en-US;q=0.5,en;q=0.3','2013-05-30 22:30:31','2013-07-03 13:40:56'),(13,0,'INV-2013-00',0,'Service Laptop','http://www.service-laptop.com.ro/',0,1,'NICOLAE ','FLORENTIN','florentin.nicolae@dumagas.ro','0729330614','','NICOLAE ','FLORENTIN','SC DUMAGAS TRANSPORT SA','16020497','',' strada Calafatului, nr. 117','','sat Braniste, comuna Podari,','207467','Romania',175,'Dolj',2696,'','Plata la livrare','cod','NICOLAE ','FLORENTIN','SC DUMAGAS TRANSPORT SA',' strada Calafatului, nr. 117','','sat Braniste, comuna Podari,','207467','Romania',175,'Dolj',2696,'','Valoare taxei forfetare de livrare','flat.flat','Buna ziua, \nVa rog sa-mi trimiteti rama daca se adapteaza la modelul MSI de 17 inch ,  EX-720X-014EU-SS5804632SX\n\n9S7-172351-014\n\nMultumesc anticipat ! \n',100.0000,5,0,0.0000,2,2,'RON',1.00000000,'81.12.232.61','81.12.232.61','Mozilla/5.0 (Windows NT 5.1) AppleWebKit/537.36 (KHTML, like Gecko) Chrome/27.0.1453.94 Safari/537.36','ro-RO,ro;q=0.8,en-US;q=0.6,en;q=0.4','2013-05-31 15:34:25','2013-07-03 13:40:07'),(14,0,'INV-2013-00',0,'Service Laptop','http://www.service-laptop.com.ro/',0,1,'ion','florentin','i_florentin@yahoo.com','0724450523','','ion','florentin','','','','aleea pantelimon nr 1 bl 11 sc a ap 3 sector 2','','bucuresti','','Romania',175,'Bucuresti',2688,'','Plata la livrare','cod','ion','florentin','','aleea pantelimon nr 1 bl 11 sc a ap 3 sector 2','','bucuresti','','Romania',175,'Bucuresti',2688,'','Valoare taxei forfetare de livrare','flat.flat','',420.0000,5,0,0.0000,2,2,'RON',1.00000000,'188.25.34.0','188.25.34.0','Mozilla/5.0 (Windows NT 6.1; rv:21.0) Gecko/20100101 Firefox/21.0','ro-ro,ro;q=0.8,en-us;q=0.6,en-gb;q=0.4,en;q=0.2','2013-06-22 08:17:44','2013-07-03 13:40:38'),(15,0,'INV-2013-00',0,'Service Laptop','http://www.service-laptop.com.ro/',11,1,'Voicu','Silviu Constantin','scvroin@yahoo.com','0729347475','','Voicu','Silviu Constantin','','','','str. Constantin Brancoveanu nr. 79 bl. 60B1 sc.1 ap.8','','Craiova','','Romania',175,'Dolj',2696,'','Plata la livrare','cod','Voicu','Silviu Constantin','','str. Constantin Brancoveanu nr. 79 bl. 60B1 sc.1 ap.8','','Craiova','','Romania',175,'Dolj',2696,'','Valoare taxei forfetare de livrare','flat.flat','E32-0900620-TA9 pentrulaptop msi ex620x-043eu model ms-1674',200.0000,0,0,0.0000,2,2,'RON',1.00000000,'79.117.152.61','79.117.152.61','Mozilla/5.0 (Windows NT 6.1) AppleWebKit/537.36 (KHTML, like Gecko) Chrome/28.0.1500.63 Safari/537.36','ro-RO,ro;q=0.8,en-US;q=0.6,en;q=0.4','2013-07-03 10:30:43','2013-07-03 10:30:43'),(16,0,'INV-2013-00',0,'Service Laptop','http://www.service-laptop.com.ro/',11,1,'Voicu','Silviu Constantin','scvroin@yahoo.com','0729347475','','Voicu','Silviu Constantin','','','','str. Constantin Brancoveanu nr. 79 bl. 60B1 sc.1 ap.8','','Craiova','','Romania',175,'Dolj',2696,'','Plata la livrare','cod','Voicu','Silviu Constantin','','str. Constantin Brancoveanu nr. 79 bl. 60B1 sc.1 ap.8','','Craiova','','Romania',175,'Dolj',2696,'','Valoare taxei forfetare de livrare','flat.flat','E32-0900620-TA9 cooler and pipes pentru laptop msi ex620x-043eu model ms-1674',200.0000,5,0,0.0000,2,2,'RON',1.00000000,'79.117.152.61','79.117.152.61','Mozilla/5.0 (Windows NT 6.1) AppleWebKit/537.36 (KHTML, like Gecko) Chrome/28.0.1500.63 Safari/537.36','ro-RO,ro;q=0.8,en-US;q=0.6,en;q=0.4','2013-07-03 10:34:11','2013-07-22 18:15:05'),(17,0,'INV-2013-00',0,'Service Laptop','http://www.service-laptop.com.ro/',12,1,'Bogdan','Morteci','mortecibogdan@yahoo.com','0728295866','','Bogdan','Morteci','','','','str. Cameliei, nr. 3A, bl. 48, et.1, ap.5 ','','Ploiesti','','Romania',175,'Prahova',2710,'','Plata la livrare','cod','Bogdan','Morteci','','str. Cameliei, nr. 3A, bl. 48, et.1, ap.5 ','','Ploiesti','','Romania',175,'Prahova',2710,'','Valoare taxei forfetare de livrare','flat.flat','Doresc sa primesc comanda in cursul saptamanii, intre orele 09:30 - 18:00. Exclus: Sambata-Duminica',370.0000,5,0,0.0000,2,2,'RON',1.00000000,'95.76.200.136','95.76.200.136','Mozilla/5.0 (Windows NT 6.1; WOW64; rv:22.0) Gecko/20100101 Firefox/22.0','en-US,en;q=0.5','2013-07-05 09:51:56','2013-07-11 13:59:52'),(18,0,'INV-2013-00',0,'Service Laptop','http://www.service-laptop.com.ro/',0,1,'Mircea','Bejan','mircea_bej_net@yahoo.com','0721733092','','Mircea','Bejan','','','','Baba Novac, nr.183, bl.BN15, ap.17, et.3','','Constanta','900366','Romania',175,'Constanta',2693,'','Plata la livrare','cod','Mircea','Bejan','','Baba Novac, nr.183, bl.BN15, ap.17, et.3','','Constanta','900366','Romania',175,'Constanta',2693,'','Valoare taxei forfetare de livrare','flat.flat','',200.0000,5,0,0.0000,2,2,'RON',1.00000000,'188.240.86.9','188.240.86.9','Mozilla/5.0 (Windows NT 6.1; WOW64) AppleWebKit/537.36 (KHTML, like Gecko) Chrome/27.0.1453.116 Safari/537.36','ro-RO,ro;q=0.8,en-US;q=0.6,en;q=0.4','2013-07-06 16:56:19','2013-07-11 14:00:10'),(19,0,'INV-2013-00',0,'Service Laptop','http://www.service-laptop.com.ro/',0,1,'Vladut','Andreescu','vladut_andreescu@yahoo.com','072447991','','Vladut','Andreescu','','','','Str. Stelea, nr. 2','Parter Biblioteca Judeteana','Targoviste','130018','Romania',175,'Dimbovita',2695,'','Plata la livrare','cod','Vladut','Andreescu','','Str. Stelea, nr. 2','Parter Biblioteca Judeteana','Targoviste','130018','Romania',175,'Dimbovita',2695,'','Valoare taxei forfetare de livrare','flat.flat','',620.0000,5,0,0.0000,2,2,'RON',1.00000000,'89.33.78.73','89.33.78.73','Mozilla/5.0 (Windows NT 6.0) AppleWebKit/537.36 (KHTML, like Gecko) Chrome/28.0.1500.71 Safari/537.36','ro-RO,ro;q=0.8,en-US;q=0.6,en;q=0.4','2013-07-11 13:20:33','2013-07-15 10:03:37'),(20,0,'INV-2013-00',0,'Service Laptop','http://www.service-laptop.com.ro/',0,1,'Vladut','Andreescu','vladut_andreescu@yahoo.com','0724477991','','Vladut','Andreescu','','','','str. Stelea, nr. 2, parter','','Targoviste','130018','Romania',175,'Dimbovita',2695,'','Plata la livrare','cod','Vladut','Andreescu','','str. Stelea, nr. 2, parter','','Targoviste','130018','Romania',175,'Dimbovita',2695,'','Valoare taxei forfetare de livrare','flat.flat','',620.0000,1,0,0.0000,2,2,'RON',1.00000000,'89.33.78.73','89.33.78.73','Mozilla/5.0 (Windows NT 5.1) AppleWebKit/537.36 (KHTML, like Gecko) Chrome/28.0.1500.71 Safari/537.36','en-US,en;q=0.8,ro;q=0.6','2013-07-13 11:36:20','2013-07-13 11:36:58'),(21,0,'INV-2013-00',0,'Service Laptop','http://www.service-laptop.com.ro/',13,1,'Marius','Petre','marius.petre@scania.ro','40731034674','','Marius','Petre','Scania Romania SRL','RO12480794','','Sos. Bucuresti nr. 5','','Ciorogarla','077055','Romania',175,'Ilfov',2704,'','Plata la livrare','cod','Marius','Petre','Scania Romania SRL','Sos. Bucuresti nr. 5','','Ciorogarla','077055','Romania',175,'Ilfov',2704,'','Valoare taxei forfetare de livrare','flat.flat','',300.0000,0,0,0.0000,2,2,'RON',1.00000000,'81.12.140.18','81.12.140.18','Mozilla/5.0 (Windows NT 6.2; WOW64) AppleWebKit/537.36 (KHTML, like Gecko) Chrome/28.0.1500.72 Safari/537.36','en-US,en;q=0.8','2013-07-19 16:51:41','2013-07-19 16:51:41'),(22,0,'INV-2013-00',0,'Service Laptop','http://www.service-laptop.com.ro/',0,1,'Marius','Petre','laurentiu.marin@scania.ro','0725167393','','Marius','Petre','Scania Romania Srl','RO12480794','','Sos Bucuresti nr 5','Ciorogarla','Ilfov','077055','Romania',175,'Ilfov',2704,'','Plata la livrare','cod','Marius','Petre','Scania Romania Srl','Sos Bucuresti nr 5','Ciorogarla','Ilfov','077055','Romania',175,'Ilfov',2704,'','Valoare taxei forfetare de livrare','flat.flat','',300.0000,1,0,0.0000,2,2,'RON',1.00000000,'81.12.140.18','81.12.140.18','Mozilla/5.0 (Windows NT 6.2; WOW64) AppleWebKit/537.36 (KHTML, like Gecko) Chrome/28.0.1500.72 Safari/537.36','en-US,en;q=0.8,ro;q=0.6','2013-07-22 12:04:42','2013-07-22 12:04:50'),(23,0,'INV-2013-00',0,'Service Laptop','http://www.service-laptop.com.ro/',0,1,'baic','cristina','magazin@exetech.ro','0254.233.816','','baic','cristina','SC EXETECH COMPUTERS SRL','ro9142459','','STR MIHAIL KOGALNICEANU, BL 14, PARTER','','DEVA','','Romania',175,'Hunedoara',2701,'','Plata la livrare','cod','baic','cristina','SC EXETECH COMPUTERS SRL','STR MIHAIL KOGALNICEANU, BL 14, PARTER','','DEVA','','Romania',175,'Hunedoara',2701,'','Valoare taxei forfetare de livrare','flat.flat','',220.0000,0,0,0.0000,2,2,'RON',1.00000000,'86.126.80.185','86.126.80.185','Mozilla/5.0 (Windows NT 5.1; rv:22.0) Gecko/20100101 Firefox/22.0','en-US,en;q=0.5','2013-07-30 11:00:51','2013-07-30 11:00:51'),(24,0,'INV-2013-00',0,'Service Laptop','http://www.service-laptop.com.ro/',0,1,'baic','cristina','magazin@exetech.ro','0254.233.816','','baic','cristina','SC EXETECH COMPUTERS SRL','ro9142459','','STR MIHAIL KOGALNICEANU, BL 14, PARTER','','DEVA','','Romania',175,'Hunedoara',2701,'','Plata la livrare','cod','baic','cristina','SC EXETECH COMPUTERS SRL','STR MIHAIL KOGALNICEANU, BL 14, PARTER','','DEVA','','Romania',175,'Hunedoara',2701,'','Valoare taxei forfetare de livrare','flat.flat','',220.0000,5,0,0.0000,2,2,'RON',1.00000000,'86.126.80.185','86.126.80.185','Mozilla/5.0 (Windows NT 5.1; rv:22.0) Gecko/20100101 Firefox/22.0','en-US,en;q=0.5','2013-07-30 11:01:21','2013-08-22 18:46:53'),(25,0,'INV-2013-00',0,'Service Laptop','http://www.service-laptop.com.ro/',14,1,'Andrei','Serban','office@servicecalculatoareploiesti.ro','0727801322','','Andrei','Serban','SC VI CONSULT SRL','RO16865416','','Str. 13 Decembrie, Nr.19, Bl.H1, Ap.3','','Ploiesti','100537','Romania',175,'Prahova',2710,'','Plata la livrare','cod','Andrei','Serban','SC VI CONSULT SRL','Str. 13 Decembrie, Nr.19, Bl.H1, Ap.3','','Ploiesti','100537','Romania',175,'Prahova',2710,'','Valoare taxei forfetare de livrare','flat.flat','Model MSI CR 630',200.0000,5,0,0.0000,2,2,'RON',1.00000000,'109.100.0.226','109.100.0.226','Mozilla/5.0 (Windows NT 5.1; rv:23.0) Gecko/20100101 Firefox/23.0','en-US,en;q=0.5','2013-08-12 17:06:50','2013-08-22 18:47:10'),(26,0,'INV-2013-00',0,'Service Laptop','http://www.service-laptop.com.ro/',15,1,'Buteanu ','Mircea','buteanu1968@yahoo.com','0724399609','','Buteanu ','Mircea','','','','Aleea Nucilor  nr.3','bl.K2  ap.6','Zalau','450007','Romania',175,'Salaj',2712,'','Plata la livrare','cod','Buteanu ','Mircea','','Aleea Nucilor  nr.3','bl.K2  ap.6','Zalau','450007','Romania',175,'Salaj',2712,'','Valoare taxei forfetare de livrare','flat.flat','Laptop-ul este MSI CX620-008XEU (MS-1688). Va rog sa verificati compatibilitatea componentelor pentru a nu exista probleme. Acestea sunt codurile pentru piese\r\n\r\nCapac       E2P-682A512-Y31\r\nRama capac  E2P-684B211-U22\r\nBracket st  E2M-6820411-A89 \r\nBracket dr  E2M-6820311-A89\r\nBalama st	  E2M-6810512-G60\r\nBalama dr	  E2M-6810412-G60\r\n\r\nVa multumesc.',600.0000,5,0,0.0000,2,2,'RON',1.00000000,'89.137.157.176','89.137.157.176','Mozilla/5.0 (compatible; MSIE 10.0; Windows NT 6.1; Trident/6.0)','ro-RO','2013-08-13 20:13:03','2013-08-22 18:47:28'),(27,0,'INV-2013-00',0,'Service Laptop','http://www.service-laptop.com.ro/',17,1,'Samuel','Ilie','sammyshefu@yahoo.com','0761498344','','Samuel','Ilie','','','','calea romanilor. nr 135','','Geoagiu','335400','Romania',175,'Hunedoara',2701,'','Plata la livrare','cod','Samuel','Ilie','','calea romanilor nr 135 ','','Geoagiu','335400','Romania',175,'Hunedoara',2701,'','Valoare taxei forfetare de livrare','flat.flat','',200.0000,1,0,0.0000,2,2,'RON',1.00000000,'89.123.140.136','89.123.140.136','Mozilla/5.0 (Windows NT 6.1; rv:23.0) Gecko/20100101 Firefox/23.0','en-US,en;q=0.5','2013-09-02 14:57:27','2013-09-02 14:57:40'),(28,0,'INV-2013-00',0,'Service Laptop','http://www.service-laptop.com.ro/',0,1,'jan','gogu','gogujan@yahoo.com','074012345678','','jan','gogu','','','','str.11 ','','suceava','','Romania',175,'Calarasi',2691,'','Plata la livrare','cod','jan','gogu','','str.11 ','','suceava','','Romania',175,'Calarasi',2691,'','Valoare taxei forfetare de livrare','flat.flat','',20.0000,0,0,0.0000,2,2,'RON',1.00000000,'86.123.31.101','86.123.31.101','Mozilla/5.0 (Windows NT 5.1) AppleWebKit/537.36 (KHTML, like Gecko) Chrome/29.0.1547.66 Safari/537.36','ro-RO,ro;q=0.8,en-US;q=0.6,en;q=0.4','2013-09-13 09:19:43','2013-09-13 09:19:43'),(29,0,'INV-2013-00',0,'Service Laptop','http://www.service-laptop.com.ro/',19,1,'Draghici','Marcel-Alexandru','lexudmh@yahoo.com','0746553781','','Draghici','Marcel-Alexandru','','','','Str. Nicolae iorga, nr.1, bloc A 17/1, Sc.B, Ap.10','','Ramnicu Valcea','240059','Romania',175,'Valcea',2719,'','Plata la livrare','cod','Draghici','Marcel-Alexandru','','Str. Nicolae iorga, nr.1, bloc A 17/1, Sc.B, Ap.10','','Ramnicu Valcea','240059','Romania',175,'Valcea',2719,'','Valoare taxei forfetare de livrare','flat.flat','',200.0000,1,0,0.0000,2,2,'RON',1.00000000,'86.126.104.139','86.126.104.139','Mozilla/5.0 (Windows NT 6.1; WOW64) AppleWebKit/537.36 (KHTML, like Gecko) Chrome/30.0.1599.69 Safari/537.36','ro-RO,ro;q=0.8,en-US;q=0.6,en;q=0.4','2013-10-11 11:49:58','2013-10-11 11:50:27'),(30,0,'INV-2013-00',0,'Service Laptop','http://www.service-laptop.com.ro/',0,1,'Zoltan','Csoma','sl.ilozka@spamgourmet.com','0745-201540','','Zoltan','Csoma','','','','Rozei nr 68','','Odorheiu Secuiesc','535600','Romania',175,'Harghita',2700,'','Plata la livrare','cod','Zoltan','Csoma','','Rozei nr 68','','Odorheiu Secuiesc','535600','Romania',175,'Harghita',2700,'','Valoare taxei forfetare de livrare','flat.flat','Va rog frumos sa va asigurati ca acest alimentator:\n- are conector octogonal\n- este un produs original Dell (deci permite incarcarea acumulatorului prin trimiterea acelui semnal special prin acul din mijloc)\n\nDaca produsul nu indeplineste conditiile de mai sus, va rog sa ignorati comanda.',170.0000,1,0,0.0000,2,2,'RON',1.00000000,'213.164.242.135','213.164.242.135','Mozilla/5.0 (Windows NT 5.1) AppleWebKit/537.36 (KHTML, like Gecko) Chrome/29.0.1547.66 Safari/537.36','en-US,en;q=0.8','2013-10-17 19:47:18','2013-10-17 19:47:21'),(31,0,'INV-2013-00',0,'Service Laptop','http://www.service-laptop.com.ro/',0,1,'Petrescu ','Sorin','petrescusori@gmail.com','0744550079','','Petrescu ','Sorin','','','','Emil Palace nr 132','','Oradea','','Romania',175,'Bihor',2683,'','Plata la livrare','cod','Petrescu ','Sorin','','Emil Palace nr 132','','Oradea','','Romania',175,'Bihor',2683,'','Valoare taxei forfetare de livrare','flat.flat','',570.0000,1,0,0.0000,2,2,'RON',1.00000000,'79.113.26.158','79.113.26.158','Mozilla/5.0 (Linux; Android 4.1.2; GT-I9300 Build/JZO54K) AppleWebKit/537.36 (KHTML, like Gecko) Chrome/30.0.1599.82 Mobile Safari/537.36','en-US,en;q=0.8','2013-10-18 20:40:47','2013-10-18 20:40:53'),(32,0,'INV-2013-00',0,'Service Laptop','http://www.service-laptop.com.ro/',17,1,'Samuel','Ilie','sammyshefu@yahoo.com','0761498344','','Samuel','Ilie','','','','calea romanilor nr 135 ','','Geoagiu','335400','Romania',175,'Hunedoara',2701,'','Plata la livrare','cod','Samuel','Ilie','','calea romanilor nr 135 ','','Geoagiu','335400','Romania',175,'Hunedoara',2701,'','Valoare taxei forfetare de livrare','flat.flat','Ținându-se cont ca am mai cumpărat de la Dvs...va rog daca se poate sa fie transportul gratuit... Va multumesc pentru înțelegere!!!',420.0000,1,0,0.0000,2,2,'RON',1.00000000,'89.123.189.2','89.123.189.2','Mozilla/5.0 (iPhone; CPU iPhone OS 7_0_4 like Mac OS X) AppleWebKit/536.26 (KHTML, like Gecko) GSA/3.1.0.23513 Mobile/11B554a Safari/8536.25','ro-RO,ro,en-US,en','2013-12-01 18:49:49','2013-12-01 18:49:55'),(33,0,'INV-2013-00',0,'Service Laptop','http://www.service-laptop.com.ro/',20,1,'susan','medrea','medrea80@yahoo.com','0747900569','','susan','medrea','','','','principala  nr 185','','hoghilag','557100','Romania',175,'Sibiu',2713,'','Plata la livrare','cod','susan','medrea','','principala  nr 185','','hoghilag','557100','Romania',175,'Sibiu',2713,'','Valoare taxei forfetare de livrare','flat.flat','',20.0000,1,0,0.0000,2,2,'RON',1.00000000,'93.114.146.108','93.114.146.108','Mozilla/5.0 (Windows NT 5.1; rv:25.0) Gecko/20100101 Firefox/25.0','en-US,en;q=0.5','2013-12-10 23:14:57','2013-12-10 23:15:10'),(34,0,'INV-2013-00',0,'Service Laptop','http://www.service-laptop.com.ro/',0,1,'cristi','cristy','cochiorc@gmail.com','0755421800','','cristi','cristy','','','','bacau','','bc','','Romania',175,'Bacau',2682,'','Plata la livrare','cod','cristi','cristy','','bacau','','bc','','Romania',175,'Bacau',2682,'','Valoare taxei forfetare de livrare','flat.flat','',20.0000,1,0,0.0000,2,2,'RON',1.00000000,'213.233.104.4','213.233.104.4','Mozilla/5.0 (Linux; U; Android 4.2.2; ro-ro; Vodafone Smart Tab III 7 Build/A3000_A422_000_027_130814_VF) AppleWebKit/534.30 (KHTML, like Gecko) Version/4.0 Mobile Safari/534.30','ro-RO, en-US','2013-12-16 18:10:42','2013-12-16 18:10:47'),(35,0,'INV-2013-00',0,'Service Laptop','http://www.service-laptop.com.ro/',22,1,'pap','levy','jpaprebnyik@yahoo.com','0757096377','','pap','levy','','','','aleea retezat','','cluj napoca','','Romania',175,'Cluj',2692,'','Plata la livrare','cod','pap','levy','','aleea retezat','','cluj napoca','','Romania',175,'Cluj',2692,'','Valoare taxei forfetare de livrare','flat.flat','',420.0000,1,0,0.0000,2,2,'RON',1.00000000,'188.24.16.119','188.24.16.119','Mozilla/5.0 (Windows NT 5.1; rv:27.0) Gecko/20100101 Firefox/27.0','en-US,en;q=0.5','2014-03-20 17:47:29','2014-03-20 17:47:37'),(36,0,'INV-2013-00',0,'Service Laptop','http://www.service-laptop.com.ro/',23,1,'catalin','tutu','catalintutu@yahoo.com','0744552630','','catalin','tutu','','','','teiului 29','','bucuresti','','Romania',175,'Bucuresti',2688,'','Plata la livrare','cod','catalin','tutu','','teiului 29','','bucuresti','','Romania',175,'Bucuresti',2688,'','Valoare taxei forfetare de livrare','flat.flat','',140.0000,1,0,0.0000,2,2,'RON',1.00000000,'188.25.28.78','188.25.28.78','Mozilla/5.0 (Windows NT 6.1; WOW64; Trident/7.0; rv:11.0) like Gecko','ro-RO','2014-05-03 12:15:56','2014-05-03 12:16:30'),(37,0,'INV-2013-00',0,'Service Laptop','http://www.service-laptop.com.ro/',0,1,'VIORICA','IORGULESCU','viorica.iorgulescu@medienholding.ro','0723294414','','VIORICA','IORGULESCU','','','','Nerva Traian nr.3, bloc M101 , etaj 5, ','','BUCURESTI','','Romania',175,'Bucuresti',2688,'','Plata la livrare','cod','VIORICA','IORGULESCU','','Nerva Traian nr.3, bloc M101 , etaj 5, ','','BUCURESTI','','Romania',175,'Bucuresti',2688,'','Valoare taxei forfetare de livrare','flat.flat','',168.0000,1,0,0.0000,2,2,'RON',1.00000000,'85.122.83.100','85.122.83.100','Mozilla/5.0 (Windows NT 6.1; WOW64; rv:29.0) Gecko/20100101 Firefox/29.0','en-US,en;q=0.5','2014-06-10 14:00:00','2014-06-10 14:02:34'),(38,0,'INV-2013-00',0,'Service Laptop','http://www.service-laptop.com.ro/',24,1,'Ilie','Andrici','ylye_80@yahoo.com','0742142285','','Ilie','Andrici','','','','str.principala nr.6','','Deda','547206','Romania',175,'Mures',2707,'','Plata la livrare','cod','Ilie','Andrici','','str.principala nr.6','','Deda','547206','Romania',175,'Mures',2707,'','Valoare taxei forfetare de livrare','flat.flat','daca aveti si balamale pt acelasi model',370.0000,1,0,0.0000,2,2,'RON',1.00000000,'89.120.185.73','89.120.185.73','Mozilla/5.0 (Windows NT 6.3; WOW64) AppleWebKit/537.36 (KHTML, like Gecko) Chrome/35.0.1916.153 Safari/537.36','ro-RO,ro;q=0.8,en-US;q=0.6,en;q=0.4','2014-08-08 08:41:07','2014-08-08 08:41:19'),(39,0,'INV-2013-00',0,'Service Laptop','http://www.service-laptop.com.ro/',0,1,'Iulian','Curca','it@elcomex.ro','0726123279','','Iulian','Curca','SC Elcomex IEA SA','RO7092273','','Strada Medgidiei, Nr. 2B','','Cernavoda','902500','Romania',175,'Constanta',2693,'','Plata la livrare','cod','Iulian','Curca','SC Elcomex IEA SA','Strada Medgidiei, Nr. 2B','','Cernavoda','902500','Romania',175,'Constanta',2693,'','Valoare taxei forfetare de livrare','flat.flat','',390.0000,1,0,0.0000,2,2,'RON',1.00000000,'95.76.216.67','95.76.216.67','Mozilla/5.0 (Windows NT 6.1; WOW64; rv:32.0) Gecko/20100101 Firefox/32.0','en-US,en;q=0.5','2014-10-13 12:08:11','2014-10-13 12:08:32'),(40,0,'INV-2013-00',0,'Service Laptop','http://www.service-laptop.com.ro/',0,1,'Iulian','David','doarpersonal@gmail.com','0753842156','','Iulian','David','','','','str. 1848, bl. 13, sc. a, ap. 1, Tulcea','','Tulcea','','Romania',175,'Tulcea',2717,'','Plata la livrare','cod','Iulian','David','','str. 1848, bl. 13, sc. a, ap. 1, Tulcea','','Tulcea','','Romania',175,'Tulcea',2717,'','Valoare taxei forfetare de livrare','flat.flat','am nevoie urgent de el  va rog puneti cu un curierat rapid preferabil fancurtier cu taxele la mine...multumesc f mult',200.0000,1,0,0.0000,2,2,'RON',1.00000000,'188.173.115.14','188.173.115.14','Mozilla/5.0 (Macintosh; Intel Mac OS X 10_10_1) AppleWebKit/600.1.25 (KHTML, like Gecko) Version/8.0 Safari/600.1.25','ro-ro','2014-11-29 16:10:21','2014-11-29 16:10:29'),(41,0,'INV-2013-00',0,'Service Laptop','http://www.service-laptop.com.ro/',0,1,'iustin','Rusu','iustinflorin@yahoo.com','0751668285','','iustin','Rusu','','','','jud suceava, sat Zvoristea','','Suceava','727640','Romania',175,'Suceava',2714,'','Plata la livrare','cod','iustin','Rusu','','jud suceava, sat Zvoristea','','Suceava','727640','Romania',175,'Suceava',2714,'','Valoare taxei forfetare de livrare','flat.flat','',105.0000,1,0,0.0000,2,2,'RON',1.00000000,'109.97.1.242','109.97.1.242','Mozilla/5.0 (Windows NT 6.1) AppleWebKit/537.36 (KHTML, like Gecko) Chrome/39.0.2171.65 Safari/537.36','en-US,en;q=0.8,ro;q=0.6','2014-12-01 10:29:38','2014-12-01 10:29:44'),(42,0,'INV-2013-00',0,'Service Laptop','http://www.service-laptop.com.ro/',0,1,'mircea','tegla','tegla_mircea@yahoo.com','0749403343','','mircea','tegla','SC COMPUTERS EXCEL SRL','RO21133670','','STR. 1 MAI, NR.3,BL. S 8, AP.6','','JIBOU','455200','Romania',175,'Salaj',2712,'','Plata la livrare','cod','mircea','tegla','SC COMPUTERS EXCEL SRL','STR. 1 MAI, NR.3,BL. S 8, AP.6','','JIBOU','455200','Romania',175,'Salaj',2712,'','Valoare taxei forfetare de livrare','flat.flat','',320.0000,1,0,0.0000,2,2,'RON',1.00000000,'82.78.212.9','82.78.212.9','Mozilla/5.0 (Windows NT 6.1) AppleWebKit/537.36 (KHTML, like Gecko) Chrome/39.0.2171.71 Safari/537.36','ro-RO,ro;q=0.8,en-US;q=0.6,en;q=0.4','2014-12-02 17:58:20','2014-12-02 17:58:26'),(43,0,'INV-2013-00',0,'Service Laptop','http://www.service-laptop.com.ro/',0,1,'Daniel','Pacurari','dpacurari@yahoo.co.uk','0723875067','','Daniel','Pacurari','','','','str.Teilor nr.1 bl. IRIS, sc. B ap. 4','','Suceava','','Romania',175,'Suceava',2714,'','Plata la livrare','cod','Daniel','Pacurari','','str.Teilor nr.1 bl. IRIS, sc. B ap. 4','','Suceava','','Romania',175,'Suceava',2714,'','Valoare taxei forfetare de livrare','flat.flat','',420.0000,1,0,0.0000,2,2,'RON',1.00000000,'79.112.136.68','79.112.136.68','Mozilla/4.0 (compatible; MSIE 8.0; Windows NT 5.1; Trident/4.0; .NET CLR 2.0.50727; .NET CLR 3.0.4506.2152; .NET CLR 3.5.30729; .NET CLR 1.1.4322; .NET4.0E; .NET4.0C; BOIE8;ENUSMSCOM)','ro','2015-01-15 10:10:45','2015-01-15 10:10:49'),(44,0,'INV-2013-00',0,'Service Laptop','http://www.service-laptop.com.ro/',0,1,'Nicola','Valentin','nickkamarera@gmail.com','0724433713','','Nicola','Valentin','','','','Sos. Iancului nr 8, bl. 114A, Sc. B, Et.4','','Bucuresti','021724','Romania',175,'Bucuresti',2688,'','Plata la livrare','cod','Nicola','Valentin','','Sos. Iancului nr 8, bl. 114A, Sc. B, Et.4','','Bucuresti','021724','Romania',175,'Bucuresti',2688,'','Valoare taxei forfetare de livrare','flat.flat','',228.0000,0,0,0.0000,2,2,'RON',1.00000000,'89.39.206.70','89.39.206.70','Mozilla/5.0 (Windows NT 6.1; WOW64) AppleWebKit/537.36 (KHTML, like Gecko) Chrome/40.0.2214.94 Safari/537.36','en,ro;q=0.8','2015-02-04 18:20:19','2015-02-04 18:20:19'),(45,0,'INV-2013-00',0,'Service Laptop','http://www.service-laptop.com.ro/',0,1,'Nicola','Valentin','nickkamarera@gmail.com','0724433713','','Nicola','Valentin','','','','Sos. Iancului nr 8, bl. 114A, Sc. B, Et.4','','Bucuresti','021724','Romania',175,'Bucuresti',2688,'','Plata la livrare','cod','Nicola','Valentin','','Sos. Iancului nr 8, bl. 114A, Sc. B, Et.4','','Bucuresti','021724','Romania',175,'Bucuresti',2688,'','Valoare taxei forfetare de livrare','flat.flat','Capacul balamale Macbook Air 13&quot; sa fie ALB. Multumesc!\nBalamale Display Apple Macbook Air 13&quot; A1237\n',228.0000,1,0,0.0000,2,2,'RON',1.00000000,'89.39.206.70','89.39.206.70','Mozilla/5.0 (Windows NT 6.1; WOW64) AppleWebKit/537.36 (KHTML, like Gecko) Chrome/40.0.2214.94 Safari/537.36','en,ro;q=0.8','2015-02-04 18:22:35','2015-02-04 18:22:37'),(46,0,'INV-2013-00',0,'Service Laptop','http://www.service-laptop.com.ro/',0,1,'Marian ','Chirita','energofagul@yahoo.com','0742208637','','Marian ','Chirita','','','','Orly 45 bl G4 sc2 ap 19','','Dr Tr Severin','220036','Romania',175,'Mehedinti',2706,'','Plata la livrare','cod','Marian ','Chirita','','Orly 45 bl G4 sc2 ap 19','','Dr Tr Severin','220036','Romania',175,'Mehedinti',2706,'','Valoare taxei forfetare de livrare','flat.flat','',240.0000,5,0,0.0000,2,2,'RON',1.00000000,'79.113.127.58','79.113.127.58','Mozilla/5.0 (Windows NT 6.3; WOW64; Trident/7.0; rv:11.0) like Gecko','ro-RO','2015-04-04 21:06:54','2015-04-14 18:41:50'),(47,0,'INV-2013-00',0,'Service Laptop','http://www.service-laptop.com.ro/',0,1,'FRANCOIS','RAMPIGNON','hoax-informatique@orange.fr','0330637404775','','FRANCOIS','RAMPIGNON','HOAX INFORMATIQUE','','','2 RUE ANTONIN PACHON','','GERZAT','63360','France',73,'Auvergne',1093,'','Plata la livrare','cod','FRANCOIS','RAMPIGNON','HOAX INFORMATIQUE','2 RUE ANTONIN PACHON','','GERZAT','63360','France',73,'Auvergne',1093,'','Valoare taxei forfetare de livrare','flat.flat','',420.0000,1,0,0.0000,2,2,'RON',1.00000000,'90.4.51.159','90.4.51.159','Mozilla/5.0 (Windows NT 6.1; WOW64; rv:37.0) Gecko/20100101 Firefox/37.0','fr,fr-FR;q=0.8,en-US;q=0.5,en;q=0.3','2015-04-14 16:23:23','2015-04-14 16:23:26'),(48,0,'INV-2013-00',0,'Service Laptop','http://www.service-laptop.com.ro/',0,1,'Catalin Alexandru','Drambu','Dxj_cox@yahoo.com','0749380054','','Catalin Alexandru','Drambu','','','','Str siderugistilor nr 5 bloc ps1a ap 30','','Galati','800364','Romania',175,'Galati',2697,'','Plata la livrare','cod','Catalin Alexandru','Drambu','','Str siderugistilor nr 5 bloc ps1a ap 30','','Galati','800364','Romania',175,'Galati',2697,'','Valoare taxei forfetare de livrare','flat.flat','',200.0000,7,0,0.0000,2,2,'RON',1.00000000,'86.127.214.109','86.127.214.109','Mozilla/5.0 (iPhone; CPU iPhone OS 8_3 like Mac OS X) AppleWebKit/600.1.4 (KHTML, like Gecko) Version/8.0 Mobile/12F70 Safari/600.1.4','ro-ro','2015-07-02 09:41:03','2015-07-28 14:58:13'),(49,0,'INV-2013-00',0,'Service Laptop','http://www.service-laptop.com.ro/',0,1,'Petru Emil','Luncan','luncan.petru@yahoo.com','0745462132','','Petru Emil','Luncan','PFA Luncan Petru Emil','25435787','','Strada Bobâlna, nr. 2A, et. 5, ap. 23','','Tîrgu-Mureș','540012','Romania',175,'Mures',2707,'','Plata la livrare','cod','Petru Emil','Luncan','PFA Luncan Petru Emil','Strada Bobâlna, nr. 2A, et. 5, ap. 23','','Tîrgu-Mureș','540012','Romania',175,'Mures',2707,'','Valoare taxei forfetare de livrare','flat.flat','Vă rog să anunțați curierul să mă sune înainte de a veni. Mulțumesc.\n\nNr. de Înreg. Reg. Com.: F26/550/2009',140.0000,1,0,0.0000,2,2,'RON',1.00000000,'5.15.9.10','5.15.9.10','Mozilla/5.0 (Windows NT 6.1; WOW64; rv:39.0) Gecko/20100101 Firefox/39.0','en-US,en;q=0.5','2015-07-28 14:47:57','2015-07-28 14:48:03'),(50,0,'INV-2013-00',0,'Service Laptop','http://www.service-laptop.com.ro/',28,1,'Dan','Gavrilescu','dan@itservice.ro','0722444191','','Dan','Gavrilescu','IT SERVICE &amp; CONSULTING SRL','RO14045789','','BD. THEODOR PALLADY NR.3 BL.X1 SC.B APT.65 ET.5 INTERFON.65C SECTOR 3','','BUCURESTI','032251','Romania',175,'Bucuresti',2688,'','Plata la livrare','cod','Dan','Gavrilescu','IT SERVICE &amp; CONSULTING SRL','BD. THEODOR PALLADY NR.3 BL.X1 SC.B APT.65 ET.5 INTERFON.65C SECTOR 3','','BUCURESTI','032251','Romania',175,'Bucuresti',2688,'','Valoare taxei forfetare de livrare','flat.flat','',80.0000,1,0,0.0000,2,2,'RON',1.00000000,'89.136.163.161','89.136.163.161','Mozilla/5.0 (Windows NT 10.0; Win64; x64) AppleWebKit/537.36 (KHTML, like Gecko) Chrome/46.0.2486.0 Safari/537.36 Edge/13.10586','en-US,en;q=0.8,ro-RO;q=0.5,ro;q=0.3','2015-11-21 17:32:05','2015-11-21 17:32:39'),(51,0,'INV-2013-00',0,'Service Laptop','http://www.service-laptop.com.ro/',0,1,'Cristian','Cabulea','cristiancbl@yahoo.com','0748499491','','Cristian','Cabulea','','','',' str.Nicolae Balcescu nr.22 bl.D4B parter','SC LICOMP SRL','ALBA IULIA','','Romania',175,'Alba',2679,'','Plata la livrare','cod','Cristian','Cabulea','',' str.Nicolae Balcescu nr.22 bl.D4B parter','SC LICOMP SRL','ALBA IULIA','','Romania',175,'Alba',2679,'','Valoare taxei forfetare de livrare','flat.flat','NU SE FACTUREAZA PE FIRMA. SE FACTUREAZA PE PERSOANA FIZICA',200.0000,1,0,0.0000,2,2,'RON',1.00000000,'84.117.47.179','84.117.47.179','Mozilla/5.0 (Windows NT 10.0; WOW64) AppleWebKit/537.36 (KHTML, like Gecko) Chrome/46.0.2490.86 Safari/537.36','ro-RO,ro;q=0.8,en-US;q=0.6,en;q=0.4','2015-12-07 18:55:10','2015-12-07 18:55:25'),(52,0,'INV-2013-00',0,'Service Laptop','http://www.service-laptop.com.ro/',0,1,'Radu','Chelu','amdx64@yahoo.com','0736690043','','Radu','Chelu','','','','Şoseaua Pipera-Tunari nr. 2/II, sediul Vodafone','','Voluntari','077190','Romania',175,'Ilfov',2704,'','Plata la livrare','cod','Radu','Chelu','','Şoseaua Pipera-Tunari nr. 2/II, sediul Vodafone','','Voluntari','077190','Romania',175,'Ilfov',2704,'','Valoare taxei forfetare de livrare','flat.flat','',80.0000,1,0,0.0000,2,2,'RON',1.00000000,'193.230.162.10','193.230.162.10','Mozilla/5.0 (Windows NT 6.3; WOW64) AppleWebKit/537.36 (KHTML, like Gecko) Chrome/47.0.2526.106 Safari/537.36','en-US,en;q=0.8,ro;q=0.6','2015-12-21 15:33:03','2015-12-21 15:34:02'),(53,0,'INV-2013-00',0,'Service Laptop','http://www.service-laptop.com.ro/',0,1,'Iulian','Dragomir','iulian.dragomir@gmail.com','0745395450','','Iulian','Dragomir','','','','Sfintii Voievozi 65','','Bucuresti','10967','Romania',175,'Bucuresti',2688,'','Plata la livrare','cod','Iulian','Dragomir','','Sfintii Voievozi 65','','Bucuresti','10967','Romania',175,'Bucuresti',2688,'','Valoare taxei forfetare de livrare','flat.flat','',100.0000,1,0,0.0000,2,2,'RON',1.00000000,'83.166.206.80','83.166.206.80','Mozilla/5.0 (Windows NT 10.0; WOW64) AppleWebKit/537.36 (KHTML, like Gecko) Chrome/47.0.2526.106 Safari/537.36','en-US,en;q=0.8,ro;q=0.6','2016-01-06 09:43:45','2016-01-06 09:43:48'),(54,0,'INV-2013-00',0,'Service Laptop','http://reparatii-laptopuri.ro/magazin/',0,1,'Popitan ','Abiel','dumitru.abby@yahoo.com','0753528492','','Popitan ','Abiel','','','','str. Mircea Eliade nr 46G ap 19','','Cluj-Napoca',' 400364','Romania',175,'Cluj',2692,'','Plata la livrare','cod','Popitan ','Abiel','','str. Mircea Eliade nr 46G ap 19','','Cluj-Napoca',' 400364','Romania',175,'Cluj',2692,'','Valoare taxei forfetare de livrare','flat.flat','',200.0000,1,0,0.0000,2,2,'RON',1.00000000,'95.77.252.58','','Mozilla/5.0 (Windows NT 6.1; WOW64) AppleWebKit/537.36 (KHTML, like Gecko) Chrome/48.0.2564.116 Safari/537.36 OPR/35.0.2066.92','en-US,en;q=0.8','2016-03-11 15:18:37','2016-03-11 15:18:44'),(55,0,'INV-2013-00',0,'Service Laptop','http://reparatii-laptopuri.ro/magazin/',30,1,'Abiel ','Popitan','dumitru.abby@yahoo.com','0753528492','','Abiel ','Popitan','','','','str Mircea Eliade  nr 46G Ap. 19','','Cluj-Napoca','400364','Romania',175,'Cluj',2692,'','Plata la livrare','cod','Abiel ','Popitan','','str Mircea Eliade  nr 46G Ap. 19','','Cluj-Napoca','400364','Romania',175,'Cluj',2692,'','Valoare taxei forfetare de livrare','flat.flat','',200.0000,1,0,0.0000,2,2,'RON',1.00000000,'89.123.232.150','','Mozilla/5.0 (Windows NT 6.1; WOW64) AppleWebKit/537.36 (KHTML, like Gecko) Chrome/49.0.2623.75 Safari/537.36 OPR/36.0.2130.32','en-US,en;q=0.8','2016-03-17 10:13:05','2016-03-17 10:13:11'),(56,0,'INV-2013-00',0,'Service Laptop','http://reparatii-laptopuri.ro/magazin/',31,1,'Bogdan','Stancu','bogdan_stancu_ing@yahoo.com','0736930419','','Bogdan','Stancu','','','','Str. Aeromodelului Nr.64 Sectorul 1','','Bucuresti','','Romania',175,'Bucuresti',2688,'','Plata la livrare','cod','Bogdan','Stancu','','Str. Aeromodelului Nr.64 Sectorul 1','','Bucuresti','','Romania',175,'Bucuresti',2688,'','Valoare taxei forfetare de livrare','flat.flat','Va rog sa ma anuntati cand pot veni sa ridic produsul.',240.0000,0,0,0.0000,2,2,'RON',1.00000000,'188.27.125.241','','Mozilla/5.0 (Windows NT 6.1; WOW64) AppleWebKit/537.36 (KHTML, like Gecko) Chrome/50.0.2661.102 Safari/537.36','en-US,en;q=0.8','2016-06-07 17:07:46','2016-06-07 17:07:46'),(57,0,'INV-2013-00',0,'Service Laptop','http://reparatii-laptopuri.ro/magazin/',31,1,'Bogdan','Stancu','bogdan_stancu_ing@yahoo.com','0736930419','','Bogdan','Stancu','','','','Str. Aeromodelului Nr.64 Sectorul 1','','Bucuresti','','Romania',175,'Bucuresti',2688,'','Plata la livrare','cod','Bogdan','Stancu','','Str. Aeromodelului Nr.64 Sectorul 1','','Bucuresti','','Romania',175,'Bucuresti',2688,'','Valoare taxei forfetare de livrare','flat.flat','Doresc sa-l ridic personal.',240.0000,1,0,0.0000,2,2,'RON',1.00000000,'188.27.125.241','','Mozilla/5.0 (Windows NT 6.1; WOW64) AppleWebKit/537.36 (KHTML, like Gecko) Chrome/50.0.2661.102 Safari/537.36','en-US,en;q=0.8','2016-06-07 17:08:56','2016-06-07 17:09:01'),(58,0,'INV-2013-00',0,'Service Laptop','http://reparatii-laptopuri.ro/magazin/',0,1,'Valentin','Teodorescu','valentin.teodorescu@yahoo.com','0746030165','','Valentin','Teodorescu','Pancronex S.A.','RO4719476','','Calea Calarasilor nr. 15','','Braila','','Romania',175,'Braila',2687,'','Plata la livrare','cod','Valentin','Teodorescu','Pancronex S.A.','Calea Calarasilor nr. 15','','Braila','','Romania',175,'Braila',2687,'','Valoare taxei forfetare de livrare','flat.flat','',670.0000,1,0,0.0000,2,2,'RON',1.00000000,'194.102.74.39','','Mozilla/5.0 (Windows NT 10.0; Win64; x64) AppleWebKit/537.36 (KHTML, like Gecko) Chrome/51.0.2704.79 Safari/537.36 Edge/14.14393','en-US,en;q=0.8,ro-RO;q=0.5,ro;q=0.3','2017-04-11 16:33:55','2017-04-11 16:34:17'),(59,0,'INV-2013-00',0,'Service Laptop','http://reparatii-laptopuri.ro/magazin/',0,1,'Ciprian','Broscaru','ciprian.broscaru@gmail.com','0732988816','','Ciprian','Broscaru','','','','str. Independentei nr.4 bis','','Alexandria','','Romania',175,'Teleorman',2715,'','Plata la livrare','cod','Ciprian','Broscaru','','str. Independentei nr.4 bis','','Alexandria','','Romania',175,'Teleorman',2715,'','Valoare taxei forfetare de livrare','flat.flat','',240.0000,1,0,0.0000,2,2,'RON',1.00000000,'141.101.88.93','89.45.179.78','Mozilla/5.0 (Windows NT 10.0; Win64; x64) AppleWebKit/537.36 (KHTML, like Gecko) Chrome/65.0.3325.181 Safari/537.36','en-US,en;q=0.9','2018-04-12 09:52:13','2018-04-12 09:52:42'),(60,0,'INV-2013-00',0,'Service Laptop','http://reparatii-laptopuri.ro/magazin/',0,1,'Gheorghe-Flavius','Sirca','ghitasgf@yahoo.com','0752568699','','Gheorghe-Flavius','Sirca','','','','Str. Oborului, Nr.53, Nusfalau','','Nusfalu','457260','Romania',175,'Salaj',2712,'','Plata la livrare','cod','Gheorghe-Flavius','Sirca','','Str. Oborului, Nr.53, Nusfalau','','Nusfalu','457260','Romania',175,'Salaj',2712,'','Valoare taxei forfetare de livrare','flat.flat','',470.0000,1,0,0.0000,2,2,'RON',1.00000000,'141.101.98.165','82.79.69.159','Mozilla/5.0 (Windows NT 6.1; Win64; x64) AppleWebKit/537.36 (KHTML, like Gecko) Chrome/66.0.3359.170 Safari/537.36','en-US,en;q=0.9,ro;q=0.8','2018-05-12 10:46:47','2018-05-12 10:46:50'),(61,0,'INV-2013-00',0,'Service Laptop','http://reparatii-laptopuri.ro/magazin/',0,1,'Cccc','vvvvvv','Claudiu.ccg@gmail.com','0772167055','','Cccc','vvvvvv','','','',' Cccvvv','','Bucuresti','','Romania',175,'Bucuresti',2688,'','Plata la livrare','cod','Cccc','vvvvvv','',' Cccvvv','','Bucuresti','','Romania',175,'Bucuresti',2688,'','Valoare taxei forfetare de livrare','flat.flat','',20.0000,1,0,0.0000,2,2,'RON',1.00000000,'162.158.89.162','5.2.252.120','Mozilla/5.0 (iPhone; CPU iPhone OS 11_3 like Mac OS X) AppleWebKit/605.1.15 (KHTML, like Gecko) Version/11.0 Mobile/15E148 Safari/604.1','en-us','2018-05-16 12:13:45','2018-05-16 12:13:50');

--
-- Table structure for table `order_download`
--

CREATE TABLE `order_download` (
  `order_download_id` int NOT NULL AUTO_INCREMENT,
  `order_id` int NOT NULL,
  `order_product_id` int NOT NULL,
  `name` varchar(64) COLLATE utf8mb3_bin NOT NULL DEFAULT '',
  `filename` varchar(128) COLLATE utf8mb3_bin NOT NULL DEFAULT '',
  `mask` varchar(128) COLLATE utf8mb3_bin NOT NULL DEFAULT '',
  `remaining` int NOT NULL DEFAULT '0',
  PRIMARY KEY (`order_download_id`)
) ENGINE=MyISAM DEFAULT CHARSET=utf8mb3 COLLATE=utf8mb3_bin;

--
-- Dumping data for table `order_download`
--


--
-- Table structure for table `order_history`
--

CREATE TABLE `order_history` (
  `order_history_id` int NOT NULL AUTO_INCREMENT,
  `order_id` int NOT NULL,
  `order_status_id` int NOT NULL,
  `notify` tinyint(1) NOT NULL DEFAULT '0',
  `comment` text COLLATE utf8mb3_bin NOT NULL,
  `date_added` datetime NOT NULL DEFAULT '0000-00-00 00:00:00',
  PRIMARY KEY (`order_history_id`)
) ENGINE=MyISAM AUTO_INCREMENT=73 DEFAULT CHARSET=utf8mb3 COLLATE=utf8mb3_bin;

--
-- Dumping data for table `order_history`
--

INSERT INTO `order_history` (`order_history_id`, `order_id`, `order_status_id`, `notify`, `comment`, `date_added`) VALUES (8,4,3,1,'','2013-02-25 17:27:05'),(7,4,1,1,'','2013-02-25 11:12:50'),(9,4,5,1,'','2013-02-27 13:28:39'),(10,5,1,1,'','2013-03-23 12:42:26'),(11,6,1,1,'','2013-03-25 10:25:52'),(12,7,1,1,'','2013-03-29 15:35:10'),(13,5,5,0,'','2013-04-03 11:15:00'),(14,6,5,0,'','2013-04-03 11:15:23'),(15,7,5,0,'','2013-04-03 11:15:35'),(16,9,1,1,'','2013-04-23 10:44:11'),(17,10,1,1,'','2013-05-14 11:17:53'),(18,9,5,0,'','2013-05-20 09:34:01'),(19,10,5,0,'','2013-05-20 09:34:23'),(20,11,1,1,'','2013-05-27 10:26:13'),(21,12,1,1,'','2013-05-30 22:30:38'),(22,13,1,1,'','2013-05-31 15:34:28'),(23,11,5,0,'','2013-06-20 09:47:34'),(24,14,1,1,'','2013-06-22 08:17:51'),(25,16,1,1,'','2013-07-03 10:34:15'),(26,13,5,0,'','2013-07-03 13:40:07'),(27,14,5,0,'','2013-07-03 13:40:38'),(28,12,5,0,'','2013-07-03 13:40:56'),(29,17,1,1,'','2013-07-05 09:52:11'),(30,18,1,1,'','2013-07-06 16:56:26'),(31,16,5,0,'','2013-07-08 17:32:21'),(32,19,1,1,'','2013-07-11 13:20:38'),(33,20,1,1,'','2013-07-13 11:36:58'),(34,22,1,1,'','2013-07-22 12:04:50'),(35,16,5,0,'','2013-07-22 18:13:58'),(36,24,1,1,'','2013-07-30 11:01:32'),(37,25,1,1,'','2013-08-12 17:06:53'),(38,26,1,1,'','2013-08-13 20:13:18'),(39,27,1,1,'','2013-09-02 14:57:40'),(40,29,1,1,'','2013-10-11 11:50:27'),(41,30,1,1,'','2013-10-17 19:47:21'),(42,31,1,1,'','2013-10-18 20:40:53'),(43,32,1,1,'','2013-12-01 18:49:55'),(44,33,1,1,'','2013-12-10 23:15:10'),(45,34,1,1,'','2013-12-16 18:10:47'),(46,35,1,1,'','2014-03-20 17:47:37'),(47,36,1,1,'','2014-05-03 12:16:30'),(48,37,1,1,'','2014-06-10 14:02:34'),(49,38,1,1,'','2014-08-08 08:41:19'),(50,39,1,1,'','2014-10-13 12:08:32'),(51,40,1,1,'','2014-11-29 16:10:29'),(52,41,1,1,'','2014-12-01 10:29:44'),(53,42,1,1,'','2014-12-02 17:58:26'),(54,43,1,1,'','2015-01-15 10:10:49'),(55,45,1,1,'','2015-02-04 18:22:37'),(56,46,1,1,'','2015-04-04 21:07:06'),(57,47,1,1,'','2015-04-14 16:23:26'),(58,46,5,0,'','2015-04-14 18:41:50'),(59,48,1,1,'','2015-07-02 09:41:09'),(60,49,1,1,'','2015-07-28 14:48:03'),(61,48,7,0,'','2015-07-28 14:57:27'),(62,50,1,1,'','2015-11-21 17:32:39'),(63,51,1,1,'','2015-12-07 18:55:25'),(64,52,1,1,'','2015-12-21 15:34:02'),(65,53,1,1,'','2016-01-06 09:43:48'),(66,54,1,1,'','2016-03-11 15:18:44'),(67,55,1,1,'','2016-03-17 10:13:11'),(68,57,1,1,'','2016-06-07 17:09:01'),(69,58,1,1,'','2017-04-11 16:34:17'),(70,59,1,1,'','2018-04-12 09:52:42'),(71,60,1,1,'','2018-05-12 10:46:50'),(72,61,1,1,'','2018-05-16 12:13:50');

--
-- Table structure for table `order_option`
--

CREATE TABLE `order_option` (
  `order_option_id` int NOT NULL AUTO_INCREMENT,
  `order_id` int NOT NULL,
  `order_product_id` int NOT NULL,
  `product_option_id` int NOT NULL,
  `product_option_value_id` int NOT NULL DEFAULT '0',
  `name` varchar(255) COLLATE utf8mb3_bin NOT NULL,
  `value` text COLLATE utf8mb3_bin NOT NULL,
  `type` varchar(32) COLLATE utf8mb3_bin NOT NULL,
  PRIMARY KEY (`order_option_id`)
) ENGINE=MyISAM DEFAULT CHARSET=utf8mb3 COLLATE=utf8mb3_bin;

--
-- Dumping data for table `order_option`
--


--
-- Table structure for table `order_product`
--

CREATE TABLE `order_product` (
  `order_product_id` int NOT NULL AUTO_INCREMENT,
  `order_id` int NOT NULL,
  `product_id` int NOT NULL,
  `name` varchar(255) COLLATE utf8mb3_bin NOT NULL,
  `model` varchar(64) COLLATE utf8mb3_bin NOT NULL,
  `quantity` int NOT NULL,
  `price` decimal(15,4) NOT NULL DEFAULT '0.0000',
  `total` decimal(15,4) NOT NULL DEFAULT '0.0000',
  `tax` decimal(15,4) NOT NULL DEFAULT '0.0000',
  `reward` int NOT NULL,
  PRIMARY KEY (`order_product_id`)
) ENGINE=MyISAM AUTO_INCREMENT=67 DEFAULT CHARSET=utf8mb3 COLLATE=utf8mb3_bin;

--
-- Dumping data for table `order_product`
--

INSERT INTO `order_product` (`order_product_id`, `order_id`, `product_id`, `name`, `model`, `quantity`, `price`, `total`, `tax`, `reward`) VALUES (4,4,302,'Alimentator DELTA 19V 9.5A 180W original','ADP-180EB_D',1,250.0000,250.0000,0.0000,0),(5,5,194,'Display Laptop 11.6&quot; B116XW03 V.0','B116XW03 V.0',1,350.0000,350.0000,0.0000,0),(6,6,114,'Cover si Bezel MSI 17.3 inch CR700/CX700/CX720','307-731A524-Y31',1,400.0000,400.0000,0.0000,0),(7,7,124,'Back cover bezel MSI VR601 negru SH','E2P-632A214-E0',1,250.0000,250.0000,0.0000,0),(8,8,271,'Cooler MSI VR630','6010H05F PF1',1,180.0000,180.0000,0.0000,0),(9,9,140,'Cover Balamale Dell Inspiron 1520 rosu','34FM5LCWI30',1,250.0000,250.0000,0.0000,0),(10,10,216,'Display Laptop 15.6&quot; LP156WH2-TLC1 HP','LP156WH2-TLC1',1,400.0000,400.0000,0.0000,0),(11,11,74,'Cooler MSI compatibil PF1','DFS531105MC0T',1,80.0000,80.0000,0.0000,0),(12,12,803,'Mufa Alimentare Sony vaio VGN FW M760','Sony-vaio-VGN-FW-M760',1,85.0000,85.0000,0.0000,0),(13,13,341,'Bezel MSI 17&quot;','BEZEL17&quot;MSI',1,80.0000,80.0000,0.0000,0),(14,14,387,'Display Laptop 15.6&quot; B156XW02 V.2 DELL','B156XW02 V.2',1,400.0000,400.0000,0.0000,0),(15,15,272,'Cooler MSI EX620 EX623','6010H05F PF1',1,180.0000,180.0000,0.0000,0),(16,16,272,'Cooler MSI EX620 EX623','6010H05F PF1',1,180.0000,180.0000,0.0000,0),(17,17,194,'Display Laptop 11.6&quot; B116XW03 V.0','B116XW03 V.0',1,350.0000,350.0000,0.0000,0),(18,18,404,'Balamale MSI pentru display 15.6 inch','BAL-BRA MSI 15.6 ',1,180.0000,180.0000,0.0000,0),(19,19,326,'Display Laptop 18.4&quot; LTN184KT01','LTN184KT01',1,600.0000,600.0000,0.0000,0),(20,20,326,'Display Laptop 18.4&quot; LTN184KT01','LTN184KT01',1,600.0000,600.0000,0.0000,0),(21,21,149,'Bezel Dell XPS 1330','PN :   4C306',1,80.0000,80.0000,0.0000,0),(22,21,132,'Cover Dell XPS M1330 alb','U8042',1,200.0000,200.0000,0.0000,0),(23,22,132,'Cover Dell XPS M1330 alb','U8042',1,200.0000,200.0000,0.0000,0),(24,22,149,'Bezel Dell XPS 1330','PN :   4C306',1,80.0000,80.0000,0.0000,0),(25,23,347,'Alimentator APPLE 16.5V  replacement','apple replacement',1,200.0000,200.0000,0.0000,0),(26,24,347,'Alimentator APPLE 16.5V  replacement','apple replacement',1,200.0000,200.0000,0.0000,0),(27,25,404,'Balamale MSI pentru display 15.6 inch','BAL-BRA MSI 15.6 ',1,180.0000,180.0000,0.0000,0),(29,26,404,'Balamale MSI pentru display 15.6 inch','BAL-BRA MSI 15.6 ',1,180.0000,180.0000,0.0000,0),(28,26,118,'Cover si Bezel MSI 15.6 inch negru lucios','E2P-682A212-Y31',1,400.0000,400.0000,0.0000,0),(30,27,407,'Balamale MSI pentru display 17.3 inch','BAL-BRA MSI 17.3 ',1,180.0000,180.0000,0.0000,0),(31,28,909,'Placa de baza  Acer Aspire 5520','Acer-Aspire-5520',1,0.0000,0.0000,0.0000,0),(32,29,405,'Balamale MSI pentru display 15.6 inch GX','BAL-BRA MSI 15.6 GX',1,180.0000,180.0000,0.0000,0),(33,30,283,'Alimentator DELL 19,5V 3.34A 65W original','PA-21',1,150.0000,150.0000,0.0000,0),(34,31,418,'MOTHERBOARD MSI MS 1058 S271','MS 1058 S271',1,550.0000,550.0000,0.0000,0),(35,32,114,'Cover si Bezel MSI 17.3 inch CR700/CX700/CX720','307-731A524-Y31',1,400.0000,400.0000,0.0000,0),(36,33,851,'Placa de baza Hp Pavilion DV9000 915 Intel','Hp-Pavilion-DV9000-915-Intel',1,0.0000,0.0000,0.0000,0),(37,34,923,'Placa de baza  Hp Compaq 8510P-8510W','Hp-Compaq-8510P-8510W',1,0.0000,0.0000,0.0000,0),(38,35,114,'Cover si Bezel MSI 17.3 inch CR700/CX700/CX720','307-731A524-Y31',1,400.0000,400.0000,0.0000,0),(39,36,351,'Alimentator HP 19V 4.74A 90W original bullet type','PA-1900-08R1',1,120.0000,120.0000,0.0000,0),(40,37,959,'Alimentator DELL 19,5V 3.34A 65W original','PA-12',1,148.0000,148.0000,0.0000,0),(41,38,94,'Cover si Bezel MSI MS-163K 15.4 inch negru','E2P-634B211-Y31',1,350.0000,350.0000,0.0000,0),(42,39,150,'Cover si Bezel MSI 17 inch GREY','307-731A924-Y31',1,370.0000,370.0000,0.0000,0),(43,40,1015,'Cablu Hard disk Apple MacBook Pro 15&quot; A1286 2009-2011','Cablu Hard disk Apple MacBook Pro 15&quot; A1286 2009-2011',1,180.0000,180.0000,0.0000,0),(44,41,803,'Mufa Alimentare Sony vaio VGN FW M760','Sony-vaio-VGN-FW-M760',1,85.0000,85.0000,0.0000,0),(45,42,1050,'Cover cu Balamale si Bezel Asus U31SD/U31SG','13GN4L2AP032-1',1,300.0000,300.0000,0.0000,0),(46,43,1045,'Display Laptop 14.0&quot; LP140WH2 (TP)(T1) DELL','LP140WH2 (TP)(T1) ',1,400.0000,400.0000,0.0000,0),(47,44,1011,'Balamale display Apple Macbook Air A1237 ','Balamale display Apple Macbook Air A1237 ',1,149.0000,149.0000,0.0000,0),(48,44,1058,'Capac balamale Apple MacBook A1237 A1304','Capac balamale Apple  MacBook A1237 A1304',1,59.0000,59.0000,0.0000,0),(49,45,1011,'Balamale display Apple Macbook Air A1237 ','Balamale display Apple Macbook Air A1237 ',1,149.0000,149.0000,0.0000,0),(50,45,1058,'Capac balamale Apple MacBook A1237 A1304','Capac balamale Apple  MacBook A1237 A1304',1,59.0000,59.0000,0.0000,0),(51,46,288,'Alimentator TOSHIBA  19V 9,5A 180W original 4 HOLE','PA-1181-02 ',1,220.0000,220.0000,0.0000,0),(52,47,114,'Cover si Bezel MSI 17.3 inch CR700/CX700/CX720','307-731A524-Y31',1,400.0000,400.0000,0.0000,0),(53,48,1056,'Cablu video LVDS Apple MacBook Air A1237 A1304','Cablu video LVDS Apple MacBook Air A1237 A1304',1,180.0000,180.0000,0.0000,0),(54,49,228,'Sistem Racire Dell Inspiron 1564','4MUM3HSWI20',1,120.0000,120.0000,0.0000,0),(55,50,1035,'Mufa Alimentare Dell Latitude E5420/E5520','Mufa_Alimentare_Dell_Latitude_E5420_E5520 cn0xw85c',1,60.0000,60.0000,0.0000,0),(56,51,266,'Cooler MSI EX630 ','6010H05F',1,180.0000,180.0000,0.0000,0),(57,52,1032,'Mufa Alimentare Dell Inspiron 15 3521 /5521','Mufa_Alimentare_Dell_Inspiron_15_3521_5521 cn0yf81x',1,60.0000,60.0000,0.0000,0),(58,53,121,'Bezel MSI EX600 ','E2P-684B211-U22',1,80.0000,80.0000,0.0000,0),(59,54,266,'Cooler MSI EX630 ','6010H05F',1,180.0000,180.0000,0.0000,0),(60,55,266,'Cooler MSI EX630 ','6010H05F',1,180.0000,180.0000,0.0000,0),(61,56,288,'Alimentator TOSHIBA  19V 9,5A 180W original 4 HOLE','PA-1181-02 ',1,220.0000,220.0000,0.0000,0),(62,57,288,'Alimentator TOSHIBA  19V 9,5A 180W original 4 HOLE','PA-1181-02 ',1,220.0000,220.0000,0.0000,0),(63,58,1054,'Placa baza Dell Inspiron 5520/N5520/7520','06D5DG',1,650.0000,650.0000,0.0000,0),(64,59,962,'Alimentator TOSHIBA  19V 9,5A 180W original 4 PINI','PA3546E-1ACER3',1,220.0000,220.0000,0.0000,0),(65,60,1041,'Placa baza Acer Aspire 7250G/7315/7320/7330/7339','Acer_Aspire_7250G_7315_7320_7330_7339 AAB70 main board rev 2.0',1,450.0000,450.0000,0.0000,0),(66,61,1089,'Bottom Asus S550','Bottom Asus S550',1,0.0000,0.0000,0.0000,0);

--
-- Table structure for table `order_status`
--

CREATE TABLE `order_status` (
  `order_status_id` int NOT NULL AUTO_INCREMENT,
  `language_id` int NOT NULL,
  `name` varchar(32) COLLATE utf8mb3_bin NOT NULL,
  PRIMARY KEY (`order_status_id`,`language_id`)
) ENGINE=MyISAM AUTO_INCREMENT=17 DEFAULT CHARSET=utf8mb3 COLLATE=utf8mb3_bin;

--
-- Dumping data for table `order_status`
--

INSERT INTO `order_status` (`order_status_id`, `language_id`, `name`) VALUES (2,1,'Processing'),(3,1,'Shipped'),(7,1,'Canceled'),(5,1,'Complete'),(8,1,'Denied'),(9,1,'Canceled Reversal'),(10,1,'Failed'),(11,1,'Refunded'),(12,1,'Reversed'),(13,1,'Chargeback'),(1,1,'Pending'),(16,1,'Voided'),(15,1,'Processed'),(14,1,'Expired'),(2,2,'Processing'),(3,2,'Shipped'),(7,2,'Canceled'),(5,2,'Complete'),(8,2,'Denied'),(9,2,'Canceled Reversal'),(10,2,'Failed'),(11,2,'Refunded'),(12,2,'Reversed'),(13,2,'Chargeback'),(1,2,'Pending'),(16,2,'Voided'),(15,2,'Processed'),(14,2,'Expired');

--
-- Table structure for table `order_total`
--

CREATE TABLE `order_total` (
  `order_total_id` int NOT NULL AUTO_INCREMENT,
  `order_id` int NOT NULL,
  `code` varchar(32) COLLATE utf8mb3_bin NOT NULL,
  `title` varchar(255) COLLATE utf8mb3_bin NOT NULL DEFAULT '',
  `text` varchar(255) COLLATE utf8mb3_bin NOT NULL DEFAULT '',
  `value` decimal(15,4) NOT NULL DEFAULT '0.0000',
  `sort_order` int NOT NULL,
  PRIMARY KEY (`order_total_id`),
  KEY `idx_orders_total_orders_id` (`order_id`)
) ENGINE=MyISAM AUTO_INCREMENT=184 DEFAULT CHARSET=utf8mb3 COLLATE=utf8mb3_bin;

--
-- Dumping data for table `order_total`
--

INSERT INTO `order_total` (`order_total_id`, `order_id`, `code`, `title`, `text`, `value`, `sort_order`) VALUES (12,4,'total','Total:','270,00 Lei',270.0000,9),(10,4,'sub_total','Sub-Total:','250,00 Lei',250.0000,1),(11,4,'shipping','Valoare taxei forfetare de livrare','20,00 Lei',20.0000,3),(13,5,'sub_total','Sub-Total:','350,00 Lei',350.0000,1),(14,5,'shipping','Valoare taxei forfetare de livrare','20,00 Lei',20.0000,3),(15,5,'total','Total:','370,00 Lei',370.0000,9),(16,6,'sub_total','Sub-Total:','400,00 Lei',400.0000,1),(17,6,'shipping','Valoare taxei forfetare de livrare','20,00 Lei',20.0000,3),(18,6,'total','Total:','420,00 Lei',420.0000,9),(19,7,'sub_total','Sub-Total:','250,00 Lei',250.0000,1),(20,7,'shipping','Valoare taxei forfetare de livrare','20,00 Lei',20.0000,3),(21,7,'total','Total:','270,00 Lei',270.0000,9),(22,8,'sub_total','Sub-Total:','180,00 Lei',180.0000,1),(23,8,'shipping','Valoare taxei forfetare de livrare','20,00 Lei',20.0000,3),(24,8,'total','Total:','200,00 Lei',200.0000,9),(25,9,'sub_total','Sub-Total:','250,00 Lei',250.0000,1),(26,9,'shipping','Valoare taxei forfetare de livrare','20,00 Lei',20.0000,3),(27,9,'total','Total:','270,00 Lei',270.0000,9),(28,10,'sub_total','Sub-Total:','400,00 Lei',400.0000,1),(29,10,'shipping','Valoare taxei forfetare de livrare','20,00 Lei',20.0000,3),(30,10,'total','Total:','420,00 Lei',420.0000,9),(31,11,'sub_total','Sub-Total:','80,00 Lei',80.0000,1),(32,11,'shipping','Valoare taxei forfetare de livrare','20,00 Lei',20.0000,3),(33,11,'total','Total:','100,00 Lei',100.0000,9),(34,12,'sub_total','Sub-Total:','85,00 Lei',85.0000,1),(35,12,'shipping','Valoare taxei forfetare de livrare','20,00 Lei',20.0000,3),(36,12,'total','Total:','105,00 Lei',105.0000,9),(37,13,'sub_total','Sub-Total:','80,00 Lei',80.0000,1),(38,13,'shipping','Valoare taxei forfetare de livrare','20,00 Lei',20.0000,3),(39,13,'total','Total:','100,00 Lei',100.0000,9),(40,14,'sub_total','Sub-Total:','400,00 Lei',400.0000,1),(41,14,'shipping','Valoare taxei forfetare de livrare','20,00 Lei',20.0000,3),(42,14,'total','Total:','420,00 Lei',420.0000,9),(43,15,'sub_total','Sub-Total:','180,00 Lei',180.0000,1),(44,15,'shipping','Valoare taxei forfetare de livrare','20,00 Lei',20.0000,3),(45,15,'total','Total:','200,00 Lei',200.0000,9),(47,16,'shipping','Valoare taxei forfetare de livrare','20,00 Lei',20.0000,3),(46,16,'sub_total','Sub-Total:','180,00 Lei',180.0000,1),(50,17,'shipping','Valoare taxei forfetare de livrare','20,00 Lei',20.0000,3),(49,17,'sub_total','Sub-Total:','350,00 Lei',350.0000,1),(53,18,'shipping','Valoare taxei forfetare de livrare','20,00 Lei',20.0000,3),(52,18,'sub_total','Sub-Total:','180,00 Lei',180.0000,1),(56,19,'shipping','Valoare taxei forfetare de livrare','20,00 Lei',20.0000,3),(55,19,'sub_total','Sub-Total:','600,00 Lei',600.0000,1),(51,17,'total','Total:','370,00 Lei',370.0000,9),(54,18,'total','Total:','200,00 Lei',200.0000,9),(58,20,'sub_total','Sub-Total:','600,00 Lei',600.0000,1),(59,20,'shipping','Valoare taxei forfetare de livrare','20,00 Lei',20.0000,3),(60,20,'total','Total:','620,00 Lei',620.0000,9),(57,19,'total','Total:','620,00 Lei',620.0000,9),(61,21,'sub_total','Sub-Total:','280,00 Lei',280.0000,1),(62,21,'shipping','Valoare taxei forfetare de livrare','20,00 Lei',20.0000,3),(63,21,'total','Total:','300,00 Lei',300.0000,9),(64,22,'sub_total','Sub-Total:','280,00 Lei',280.0000,1),(65,22,'shipping','Valoare taxei forfetare de livrare','20,00 Lei',20.0000,3),(66,22,'total','Total:','300,00 Lei',300.0000,9),(48,16,'total','Total:','200,00 Lei',200.0000,9),(67,23,'sub_total','Sub-Total:','200,00 Lei',200.0000,1),(68,23,'shipping','Valoare taxei forfetare de livrare','20,00 Lei',20.0000,3),(69,23,'total','Total:','220,00 Lei',220.0000,9),(71,24,'shipping','Valoare taxei forfetare de livrare','20,00 Lei',20.0000,3),(70,24,'sub_total','Sub-Total:','200,00 Lei',200.0000,1),(74,25,'shipping','Valoare taxei forfetare de livrare','20,00 Lei',20.0000,3),(73,25,'sub_total','Sub-Total:','180,00 Lei',180.0000,1),(77,26,'shipping','Valoare taxei forfetare de livrare','20,00 Lei',20.0000,3),(76,26,'sub_total','Sub-Total:','580,00 Lei',580.0000,1),(72,24,'total','Total:','220,00 Lei',220.0000,9),(75,25,'total','Total:','200,00 Lei',200.0000,9),(78,26,'total','Total:','600,00 Lei',600.0000,9),(79,27,'sub_total','Sub-Total:','180,00 Lei',180.0000,1),(80,27,'shipping','Valoare taxei forfetare de livrare','20,00 Lei',20.0000,3),(81,27,'total','Total:','200,00 Lei',200.0000,9),(82,28,'sub_total','Sub-Total:','0,00 Lei',0.0000,1),(83,28,'shipping','Valoare taxei forfetare de livrare','20,00 Lei',20.0000,3),(84,28,'total','Total:','20,00 Lei',20.0000,9),(85,29,'sub_total','Sub-Total:','180,00 Lei',180.0000,1),(86,29,'shipping','Valoare taxei forfetare de livrare','20,00 Lei',20.0000,3),(87,29,'total','Total:','200,00 Lei',200.0000,9),(88,30,'sub_total','Sub-Total:','150,00 Lei',150.0000,1),(89,30,'shipping','Valoare taxei forfetare de livrare','20,00 Lei',20.0000,3),(90,30,'total','Total:','170,00 Lei',170.0000,9),(91,31,'sub_total','Sub-Total:','550,00 Lei',550.0000,1),(92,31,'shipping','Valoare taxei forfetare de livrare','20,00 Lei',20.0000,3),(93,31,'total','Total:','570,00 Lei',570.0000,9),(94,32,'sub_total','Sub-Total:','400,00 Lei',400.0000,1),(95,32,'shipping','Valoare taxei forfetare de livrare','20,00 Lei',20.0000,3),(96,32,'total','Total:','420,00 Lei',420.0000,9),(97,33,'sub_total','Sub-Total:','0,00 Lei',0.0000,1),(98,33,'shipping','Valoare taxei forfetare de livrare','20,00 Lei',20.0000,3),(99,33,'total','Total:','20,00 Lei',20.0000,9),(100,34,'sub_total','Sub-Total:','0,00 Lei',0.0000,1),(101,34,'shipping','Valoare taxei forfetare de livrare','20,00 Lei',20.0000,3),(102,34,'total','Total:','20,00 Lei',20.0000,9),(103,35,'sub_total','Sub-Total:','400,00 Lei',400.0000,1),(104,35,'shipping','Valoare taxei forfetare de livrare','20,00 Lei',20.0000,3),(105,35,'total','Total:','420,00 Lei',420.0000,9),(106,36,'sub_total','Sub-Total:','120,00 Lei',120.0000,1),(107,36,'shipping','Valoare taxei forfetare de livrare','20,00 Lei',20.0000,3),(108,36,'total','Total:','140,00 Lei',140.0000,9),(109,37,'sub_total','Sub-Total:','148,00 Lei',148.0000,1),(110,37,'shipping','Valoare taxei forfetare de livrare','20,00 Lei',20.0000,3),(111,37,'total','Total:','168,00 Lei',168.0000,9),(112,38,'sub_total','Sub-Total:','350,00 Lei',350.0000,1),(113,38,'shipping','Valoare taxei forfetare de livrare','20,00 Lei',20.0000,3),(114,38,'total','Total:','370,00 Lei',370.0000,9),(115,39,'sub_total','Sub-Total:','370,00 Lei',370.0000,1),(116,39,'shipping','Valoare taxei forfetare de livrare','20,00 Lei',20.0000,3),(117,39,'total','Total:','390,00 Lei',390.0000,9),(118,40,'sub_total','Sub-Total:','180,00 Lei',180.0000,1),(119,40,'shipping','Valoare taxei forfetare de livrare','20,00 Lei',20.0000,3),(120,40,'total','Total:','200,00 Lei',200.0000,9),(121,41,'sub_total','Sub-Total:','85,00 Lei',85.0000,1),(122,41,'shipping','Valoare taxei forfetare de livrare','20,00 Lei',20.0000,3),(123,41,'total','Total:','105,00 Lei',105.0000,9),(124,42,'sub_total','Sub-Total:','300,00 Lei',300.0000,1),(125,42,'shipping','Valoare taxei forfetare de livrare','20,00 Lei',20.0000,3),(126,42,'total','Total:','320,00 Lei',320.0000,9),(127,43,'sub_total','Sub-Total:','400,00 Lei',400.0000,1),(128,43,'shipping','Valoare taxei forfetare de livrare','20,00 Lei',20.0000,3),(129,43,'total','Total:','420,00 Lei',420.0000,9),(130,44,'sub_total','Sub-Total:','208,00 Lei',208.0000,1),(131,44,'shipping','Valoare taxei forfetare de livrare','20,00 Lei',20.0000,3),(132,44,'total','Total:','228,00 Lei',228.0000,9),(133,45,'sub_total','Sub-Total:','208,00 Lei',208.0000,1),(134,45,'shipping','Valoare taxei forfetare de livrare','20,00 Lei',20.0000,3),(135,45,'total','Total:','228,00 Lei',228.0000,9),(136,46,'sub_total','Sub-Total:','220,00 Lei',220.0000,1),(137,46,'shipping','Valoare taxei forfetare de livrare','20,00 Lei',20.0000,3),(138,46,'total','Total:','240,00 Lei',240.0000,9),(139,47,'sub_total','Sub-Total:','400,00 Lei',400.0000,1),(140,47,'shipping','Valoare taxei forfetare de livrare','20,00 Lei',20.0000,3),(141,47,'total','Total:','420,00 Lei',420.0000,9),(143,48,'shipping','Valoare taxei forfetare de livrare','20,00 Lei',20.0000,3),(142,48,'sub_total','Sub-Total:','180,00 Lei',180.0000,1),(145,49,'sub_total','Sub-Total:','120,00 Lei',120.0000,1),(146,49,'shipping','Valoare taxei forfetare de livrare','20,00 Lei',20.0000,3),(147,49,'total','Total:','140,00 Lei',140.0000,9),(144,48,'total','Total:','200,00 Lei',200.0000,9),(148,50,'sub_total','Sub-Total:','60,00 Lei',60.0000,1),(149,50,'shipping','Valoare taxei forfetare de livrare','20,00 Lei',20.0000,3),(150,50,'total','Total:','80,00 Lei',80.0000,9),(151,51,'sub_total','Sub-Total:','180,00 Lei',180.0000,1),(152,51,'shipping','Valoare taxei forfetare de livrare','20,00 Lei',20.0000,3),(153,51,'total','Total:','200,00 Lei',200.0000,9),(154,52,'sub_total','Sub-Total:','60,00 Lei',60.0000,1),(155,52,'shipping','Valoare taxei forfetare de livrare','20,00 Lei',20.0000,3),(156,52,'total','Total:','80,00 Lei',80.0000,9),(157,53,'sub_total','Sub-Total:','80,00 Lei',80.0000,1),(158,53,'shipping','Valoare taxei forfetare de livrare','20,00 Lei',20.0000,3),(159,53,'total','Total:','100,00 Lei',100.0000,9),(160,54,'sub_total','Sub-Total:','180,00 Lei',180.0000,1),(161,54,'shipping','Valoare taxei forfetare de livrare','20,00 Lei',20.0000,3),(162,54,'total','Total:','200,00 Lei',200.0000,9),(163,55,'sub_total','Sub-Total:','180,00 Lei',180.0000,1),(164,55,'shipping','Valoare taxei forfetare de livrare','20,00 Lei',20.0000,3),(165,55,'total','Total:','200,00 Lei',200.0000,9),(166,56,'sub_total','Sub-Total:','220,00 Lei',220.0000,1),(167,56,'shipping','Valoare taxei forfetare de livrare','20,00 Lei',20.0000,3),(168,56,'total','Total:','240,00 Lei',240.0000,9),(169,57,'sub_total','Sub-Total:','220,00 Lei',220.0000,1),(170,57,'shipping','Valoare taxei forfetare de livrare','20,00 Lei',20.0000,3),(171,57,'total','Total:','240,00 Lei',240.0000,9),(172,58,'sub_total','Sub-Total:','650,00 Lei',650.0000,1),(173,58,'shipping','Valoare taxei forfetare de livrare','20,00 Lei',20.0000,3),(174,58,'total','Total:','670,00 Lei',670.0000,9),(175,59,'sub_total','Sub-Total:','220,00 Lei',220.0000,1),(176,59,'shipping','Valoare taxei forfetare de livrare','20,00 Lei',20.0000,3),(177,59,'total','Total:','240,00 Lei',240.0000,9),(178,60,'sub_total','Sub-Total:','450,00 Lei',450.0000,1),(179,60,'shipping','Valoare taxei forfetare de livrare','20,00 Lei',20.0000,3),(180,60,'total','Total:','470,00 Lei',470.0000,9),(181,61,'sub_total','Sub-Total:','0,00 Lei',0.0000,1),(182,61,'shipping','Valoare taxei forfetare de livrare','20,00 Lei',20.0000,3),(183,61,'total','Total:','20,00 Lei',20.0000,9);

--
-- Table structure for table `order_voucher`
--

CREATE TABLE `order_voucher` (
  `order_voucher_id` int NOT NULL AUTO_INCREMENT,
  `order_id` int NOT NULL,
  `voucher_id` int NOT NULL,
  `description` varchar(255) COLLATE utf8mb3_bin NOT NULL,
  `code` varchar(10) COLLATE utf8mb3_bin NOT NULL,
  `from_name` varchar(64) COLLATE utf8mb3_bin NOT NULL,
  `from_email` varchar(96) COLLATE utf8mb3_bin NOT NULL,
  `to_name` varchar(64) COLLATE utf8mb3_bin NOT NULL,
  `to_email` varchar(96) COLLATE utf8mb3_bin NOT NULL,
  `voucher_theme_id` int NOT NULL,
  `message` text COLLATE utf8mb3_bin NOT NULL,
  `amount` decimal(15,4) NOT NULL,
  PRIMARY KEY (`order_voucher_id`)
) ENGINE=MyISAM DEFAULT CHARSET=utf8mb3 COLLATE=utf8mb3_bin;

--
-- Dumping data for table `order_voucher`
--


--
-- Table structure for table `product`
--

CREATE TABLE `product` (
  `product_id` int NOT NULL AUTO_INCREMENT,
  `model` varchar(64) COLLATE utf8mb3_bin NOT NULL,
  `sku` varchar(64) COLLATE utf8mb3_bin NOT NULL,
  `upc` varchar(12) COLLATE utf8mb3_bin NOT NULL,
  `ean` varchar(14) COLLATE utf8mb3_bin NOT NULL,
  `jan` varchar(13) COLLATE utf8mb3_bin NOT NULL,
  `isbn` varchar(13) COLLATE utf8mb3_bin NOT NULL,
  `mpn` varchar(64) COLLATE utf8mb3_bin NOT NULL,
  `location` varchar(128) COLLATE utf8mb3_bin NOT NULL,
  `quantity` int NOT NULL DEFAULT '0',
  `stock_status_id` int NOT NULL,
  `image` varchar(255) COLLATE utf8mb3_bin DEFAULT NULL,
  `manufacturer_id` int NOT NULL,
  `shipping` tinyint(1) NOT NULL DEFAULT '1',
  `price` decimal(15,4) NOT NULL DEFAULT '0.0000',
  `points` int NOT NULL DEFAULT '0',
  `tax_class_id` int NOT NULL,
  `date_available` date NOT NULL,
  `weight` decimal(15,8) NOT NULL DEFAULT '0.00000000',
  `weight_class_id` int NOT NULL DEFAULT '0',
  `length` decimal(15,8) NOT NULL DEFAULT '0.00000000',
  `width` decimal(15,8) NOT NULL DEFAULT '0.00000000',
  `height` decimal(15,8) NOT NULL DEFAULT '0.00000000',
  `length_class_id` int NOT NULL DEFAULT '0',
  `subtract` tinyint(1) NOT NULL DEFAULT '1',
  `minimum` int NOT NULL DEFAULT '1',
  `sort_order` int NOT NULL DEFAULT '0',
  `status` tinyint(1) NOT NULL DEFAULT '0',
  `date_added` datetime NOT NULL DEFAULT '0000-00-00 00:00:00',
  `date_modified` datetime NOT NULL DEFAULT '0000-00-00 00:00:00',
  `viewed` int NOT NULL DEFAULT '0',
  PRIMARY KEY (`product_id`)
) ENGINE=MyISAM AUTO_INCREMENT=1096 DEFAULT CHARSET=utf8mb3 COLLATE=utf8mb3_bin;

--
-- Dumping data for table `product`
--

INSERT INTO `product` (`product_id`, `model`, `sku`, `upc`, `ean`, `jan`, `isbn`, `mpn`, `location`, `quantity`, `stock_status_id`, `image`, `manufacturer_id`, `shipping`, `price`, `points`, `tax_class_id`, `date_available`, `weight`, `weight_class_id`, `length`, `width`, `height`, `length_class_id`, `subtract`, `minimum`, `sort_order`, `status`, `date_added`, `date_modified`, `viewed`) VALUES (67,'AD-90195D ','00018','','','','','','Bucuresti',3,5,'data/alimentatoare/comp AD-90195D dell.jpg',0,1,100.0000,0,9,'2012-11-27',0.00000000,1,0.00000000,0.00000000,0.00000000,1,1,1,1,1,'2012-11-28 12:07:58','2015-03-10 17:03:37',1242),(68,'PA-1900-04','00019','','','','','','Bucuresti ',0,5,'data/alimentatoare/AC_19V_4.74A/ACER_19V_474A_90W.jpg',0,1,130.0000,0,10,'2012-11-27',0.00000000,1,0.00000000,0.00000000,0.00000000,1,1,1,1,1,'2012-11-28 12:23:37','2015-09-12 10:02:05',1595),(51,'BTP-ARJ1','00002','','','','','','Bucuresti',1,5,'data/baterii/Baterie Acer Aspire 2420.jpg',0,1,220.0000,0,9,'2012-11-26',0.00000000,1,204.05000000,48.95000000,21.05000000,2,1,1,1,1,'2012-11-27 21:22:07','2013-02-15 12:48:01',1280),(52,'AC 3810T','00003','','','','','','Bucuresti',1,5,'data/baterii/Baterie Acer Aspire 4745G.jpg',0,1,220.0000,0,9,'2012-11-26',0.41000000,1,269.90000000,269.90000000,269.90000000,2,1,1,1,1,'2012-11-27 22:38:11','2013-02-15 12:49:03',5603),(53,'A32-F5','00004','','','','','','Bucuresti',1,5,'data/baterii/Baterie Asus A32-F5 compatibila.jpg',0,1,220.0000,0,0,'2012-11-26',0.00000000,1,148.18000000,70.08000000,20.08000000,2,1,1,1,1,'2012-11-27 22:40:08','2013-02-15 12:49:49',1135),(54,'DE D620','00005','','','','','','Bucuresti',2,5,'data/baterii/dell D620,D630 compatibila.jpg',0,1,220.0000,0,9,'2012-11-26',0.00000000,1,185.10000000,66.45000000,19.10000000,2,1,1,1,1,'2012-11-27 22:57:53','2013-02-15 12:50:26',10615),(55,'4741','00006','','','','','','Bucuresti',1,5,'data/baterii/Baterie Acer 4741.jpg',0,1,220.0000,0,9,'2012-11-26',350.00000000,2,271.00000000,53.00000000,20.00000000,2,1,1,1,1,'2012-11-27 23:04:55','2013-02-15 12:50:46',6404),(56,'JKVC5','00007','','','','','','Bucuresti',0,5,'data/baterii/Baterie Dell 1564.jpg',0,1,220.0000,0,9,'2012-11-26',0.00000000,1,274.60000000,53.00000000,22.30000000,2,1,1,1,1,'2012-11-27 23:15:59','2013-04-01 17:21:17',10444),(57,'90 NQK1B1000Y','00008','','','','','','Bucuresti',1,5,'data/baterii/Baterie Asus F12,X51 compatibila.jpg',0,1,220.0000,0,9,'2012-11-26',360.00000000,2,136.48000000,75.08000000,19.88000000,2,1,1,1,1,'2012-11-27 23:24:18','2013-02-15 12:51:38',2767),(58,'A32-M50','00009','','','','','','Bucuresti',1,5,'data/baterii/Baterie Asus A32,A33,M50.jpg',0,1,220.0000,0,0,'2012-11-26',0.00000000,1,0.00000000,0.00000000,0.00000000,1,1,1,1,1,'2012-11-27 23:25:29','2013-02-15 12:52:38',6516),(59,'J1KDN','00010','','','','','','Bucuresti',1,5,'data/baterii/Baterie Dell N5010.png',0,1,250.0000,0,9,'2012-11-27',380.00000000,2,240.00000000,58.00000000,22.00000000,2,1,1,1,1,'2012-11-28 10:44:04','2013-02-15 12:52:58',7203),(60,'BATBL50L6','00011','','','','','','Bucuresti',1,5,'data/baterii/Baterie Acer 3100,5100 compatibila.jpg',0,1,220.0000,0,9,'2012-11-27',0.00000000,1,135.70000000,89.00000000,19.30000000,2,1,1,1,1,'2012-11-28 10:46:16','2013-02-15 12:53:18',7643),(61,'AS07A31','00012','','','','','','Bucuresti',0,5,'data/baterii/Baterie Acer 4710.jpg',0,1,220.0000,0,9,'2012-11-27',0.00000000,1,208.20000000,44.94000000,19.90000000,2,1,1,1,1,'2012-11-28 11:01:57','2014-02-10 09:03:01',7054),(62,'90-NFY6B1000Z','00013','','','','','','Bucuresti',1,5,'data/baterii/compatibila baterie1.jpg.jpg',0,1,220.0000,0,9,'2012-11-27',0.00000000,1,205.00000000,49.00000000,20.00000000,2,1,1,1,1,'2012-11-28 11:14:24','2015-09-23 12:29:02',6058),(63,'L08L6Y02','00014','','','','','','Bucuresti',1,5,'data/baterii/lenovo_G430.jpg',0,1,220.0000,0,9,'2012-11-27',0.00000000,1,206.65000000,64.40000000,20.30000000,2,1,1,1,1,'2012-11-28 11:17:10','2013-02-15 12:54:18',1068),(64,'PA-1650-02HP','00015','','','','','','Bucuresti',0,5,'data/alimentatoare/H_18.5V_3.5A/HP_18.5V_3.5A_65W.jpg',0,1,120.0000,0,9,'2012-11-27',0.45000000,1,0.00000000,0.00000000,0.00000000,1,1,1,1,1,'2012-11-28 11:30:29','2015-08-21 11:03:54',1172),(65,'EXA0901XH_AD6630','00016','','','','','','Bucuresti',9,5,'data/alimentatoare/AS_19V_2.1A/ASUS_19V_2.1A_45W.jpg',0,1,100.0000,0,9,'2012-11-27',0.00000000,1,0.00000000,0.00000000,0.00000000,1,1,1,1,1,'2012-11-28 11:50:22','2015-03-10 15:20:55',5868),(50,'AS10B73','00001','','','','','','Bucuresti',1,5,'data/baterii/Baterie Acer Aspire 4745G.jpg',0,1,220.0000,0,0,'2012-11-26',0.00000000,1,269.20000000,47.40000000,42.80000000,2,1,1,1,1,'2012-11-27 21:17:34','2013-02-15 12:47:28',10417),(69,'ADP-65JHP DB','00020','','','','','','Bucuresti',5,5,'data/alimentatoare/AC_19V_3.42A/ACER_19V_342A_65W.jpg',0,1,120.0000,0,9,'2012-11-27',0.00000000,1,0.00000000,0.00000000,0.00000000,1,1,1,1,1,'2012-11-28 12:26:18','2016-02-04 10:18:47',364),(70,'V111922AK1 ','00037','','','','','','Bucuresti',0,5,'data/v111922ak1.jpg',0,1,150.0000,0,9,'2012-11-27',0.00000000,1,0.00000000,0.00000000,0.00000000,1,1,1,1,1,'2012-11-28 12:41:42','2013-01-24 22:35:14',11),(71,'MP-08C23U4-359','00021','','','','','','Bucuresti',6,5,'data/tastaturi/MSI_keyboard.png',0,1,150.0000,0,0,'2012-11-27',0.00000000,1,0.00000000,0.00000000,0.00000000,1,1,1,1,1,'2012-11-28 12:49:27','2014-11-17 09:49:54',3421),(72,'V111922AK3','00023','','','','','','Bucuresti',9,5,'data/tastaturi/V111922AK3.jpg',0,1,150.0000,0,9,'2012-11-27',0.00000000,1,0.00000000,0.00000000,0.00000000,1,1,1,1,1,'2012-11-28 13:09:45','2014-05-15 14:03:40',3313),(86,'13GNZS1AM010','00038','','','','','','Bucuresti',3,5,'data/pipe2.jpg',0,1,120.0000,0,0,'2012-11-27',0.00000000,1,0.00000000,0.00000000,0.00000000,1,1,1,1,1,'2012-11-28 18:32:00','2014-08-11 16:04:09',4546),(74,'DFS531105MC0T','00025','','','','','','Bucuresti',0,5,'data/sisteme_racire/cooler_MSI_PF1.png',0,1,80.0000,0,10,'2012-11-27',0.00000000,1,0.00000000,0.00000000,0.00000000,1,1,1,1,1,'2012-11-28 13:36:35','2013-06-11 09:22:06',8017),(75,'KSB06105HB','00033','','','','','','Bucuresti',3,5,'data/sisteme_racire/COOLER_K52.jpg',0,1,120.0000,0,9,'2012-11-27',0.00000000,1,0.00000000,0.00000000,0.00000000,1,1,1,1,1,'2012-11-28 13:39:53','2014-08-11 16:03:49',4820),(76,' 13N0-H8A0401','00026','','','','','','Bucuresti',2,5,'data/sisteme_racire/ASUS_K50I.jpg',0,1,150.0000,0,9,'2012-11-27',0.00000000,1,0.00000000,0.00000000,0.00000000,1,1,1,1,1,'2012-11-28 13:55:27','2013-02-15 14:22:58',12007),(77,' E33-0800050-F05','00027','','','','','','Bucuresti',1,5,'data/sisteme_racire/GX740.gif',0,1,150.0000,0,9,'2012-11-27',0.00000000,1,0.00000000,0.00000000,0.00000000,1,1,1,1,1,'2012-11-28 14:03:03','2014-05-05 09:44:17',1936),(480,'ADP-65JHP DB','00020','','','','','','Bucuresti',9,5,'data/alimentatoare/AC_19V_3.42A/ACER_19V_342A_65W.jpg',0,1,120.0000,0,0,'2013-04-22',0.00000000,1,0.00000000,0.00000000,0.00000000,1,1,1,1,1,'2013-04-23 15:45:49','0000-00-00 00:00:00',0),(80,'13GNVK1AP010-F','00029','','','','','','Bucuresti',3,5,'data/carcase/cover ASUS 1.jpg',0,1,300.0000,0,9,'2012-11-27',0.00000000,1,0.00000000,0.00000000,0.00000000,1,1,1,1,1,'2012-11-28 17:11:28','2013-02-13 02:02:39',4050),(81,'13GNXM3AP010-1','00031','','','','','','Bucuresti',4,5,'data/carcase/cover ASUS 3.png',0,1,350.0000,0,9,'2012-11-27',0.00000000,1,0.00000000,0.00000000,0.00000000,1,1,1,1,1,'2012-11-28 17:25:53','2014-12-02 12:15:04',8684),(82,'Universal notebook adapter','00032','','','','','','Bucuresti',2,5,'data/Auto-Switch-Universal-Laptop-Adapter-90w.jpg',0,1,180.0000,0,9,'2012-11-27',0.00000000,1,0.00000000,0.00000000,0.00000000,1,1,1,1,1,'2012-11-28 17:27:08','2015-03-10 18:53:08',6360),(83,'13GN3G1AM010-1-126C','00034','','','','','','Bucuresti',1,5,'data/cooler+pipe.jpg',0,1,180.0000,0,9,'2012-11-27',0.00000000,1,0.00000000,0.00000000,0.00000000,1,1,1,1,1,'2012-11-28 18:13:21','2013-02-15 14:28:07',11),(84,'13GNXM1AM030','00035','','','','','','Bucuresti',1,5,'data/sisteme_racire/racire_K52JR.jpg',0,1,120.0000,0,0,'2012-11-27',0.00000000,1,0.00000000,0.00000000,0.00000000,1,1,1,1,1,'2012-11-28 18:22:09','2013-02-02 21:23:27',742),(340,'307-632A918-H74','00024','','','','','','',1,5,'data/carcase/cover_gx600.jpg',0,1,250.0000,0,0,'2013-02-02',0.00000000,1,0.00000000,0.00000000,0.00000000,1,1,1,1,1,'2013-02-03 00:25:20','2013-04-29 13:10:38',945),(263,'6010H05F PF3','00219','','','','','','Bucuresti',0,5,'data/sisteme_racire/ex600.jpg',0,1,180.0000,0,9,'2013-01-09',0.00000000,1,0.00000000,0.00000000,0.00000000,1,1,1,1,1,'2013-01-10 13:07:35','2014-01-18 10:21:04',4349),(268,'6010H05F PF3','00223','','','','','','Bucuresti',2,5,'data/sisteme_racire/PR601.jpg',0,1,180.0000,0,9,'2013-01-09',0.00000000,1,0.00000000,0.00000000,0.00000000,1,1,1,1,1,'2013-01-10 14:14:31','2013-02-15 13:05:56',4438),(89,'TK330','00040','','','','','','Bucuresti',1,5,'data/TK330.jpg',0,1,320.0000,0,0,'2012-11-28',0.36000000,1,0.00000000,0.00000000,0.00000000,1,1,1,1,1,'2012-11-29 18:49:27','2013-02-15 12:56:03',10819),(90,'Y4367','00041','','','','','','Bucuresti',3,5,'data/y4367.png',0,1,320.0000,0,0,'2012-11-28',350.00000000,2,180.00000000,74.20000000,20.00000000,2,1,1,1,1,'2012-11-29 19:00:16','2013-02-15 12:56:22',9080),(91,'Y0956','00042','','','','','','Bucuresti',3,5,'data/Y0956.jpg',0,1,320.0000,0,0,'2012-11-28',470.00000000,2,226.90000000,66.90000000,22.75000000,2,1,1,1,1,'2012-11-29 19:10:21','2013-02-15 12:56:41',3239),(92,'DRLA416','00043','','','','','','Bucuresti',3,5,'data/k50.png',0,1,150.0000,0,0,'2012-11-28',0.00000000,1,0.00000000,0.00000000,0.00000000,1,1,1,1,1,'2012-11-29 19:42:51','2013-10-10 17:40:32',6070),(93,'307-632A918-H74','00070','','','','','','Bucuresti',1,5,'data/carcase/MSI_15.4_GREY.jpg',0,1,370.0000,0,9,'2012-12-02',0.00000000,1,0.00000000,0.00000000,0.00000000,1,1,1,1,1,'2012-12-03 11:01:53','2013-02-03 20:34:53',6884),(94,'E2P-634B211-Y31','00045','','','','','','Bucuresti',0,5,'data/carcase/back cover msi gx610.jpg',0,1,350.0000,0,9,'2012-12-02',0.00000000,1,0.00000000,0.00000000,0.00000000,1,1,1,1,1,'2012-12-03 11:24:05','2013-02-13 02:11:35',2166),(95,'NSK-D9A1D','00046','','','','','','Bucuresti',7,5,'data/NSK-D9a1d.jpg',0,1,150.0000,0,0,'2012-12-02',0.00000000,1,0.00000000,0.00000000,0.00000000,1,1,1,1,1,'2012-12-03 11:26:01','2013-10-28 09:43:25',2175),(96,'NSK-DRSQ 1D','00047','','','','','','Bucuresti',3,5,'data/TASTATURA NSK-DR0SQ.jpg',0,1,150.0000,0,9,'2012-12-02',0.00000000,1,0.00000000,0.00000000,0.00000000,1,1,1,1,1,'2012-12-03 11:46:24','2013-02-13 10:46:07',8799),(98,'V080925AS','00049','','','','','','Bucuresti',0,5,'data/v080925BS.png',0,1,150.0000,0,0,'2012-12-02',0.00000000,1,0.00000000,0.00000000,0.00000000,1,1,1,1,1,'2012-12-03 12:09:24','2014-03-03 11:10:08',1565),(99,'V081325ES1','00050','','','','','','Bucuresti',1,5,'data/tudor/tastaturi/tastatura_dell_e650050.jpg',0,1,150.0000,0,9,'2012-12-02',0.00000000,1,0.00000000,0.00000000,0.00000000,1,1,1,1,1,'2012-12-03 12:12:04','2013-02-13 10:55:17',9652),(100,'K071425BS','00051','','','','','','Bucuresti',0,5,'data/K071425BS.jpg',0,1,150.0000,0,9,'2012-12-02',0.00000000,1,0.00000000,0.00000000,0.00000000,1,1,1,1,1,'2012-12-03 12:26:26','2013-03-22 16:58:55',8658),(101,'V081325AK','00052','','','','','','Bucuresti',3,5,'data/v081325ak.png',0,1,120.0000,0,0,'2012-12-02',0.00000000,1,0.00000000,0.00000000,0.00000000,1,1,1,1,1,'2012-12-03 12:30:55','2013-02-13 11:07:56',1366),(102,'MP-09K6-6982','00053','','','','','','Bucuresti',1,5,'data/mp-09k6-6982.jpg',0,1,150.0000,0,9,'2012-12-02',0.00000000,1,0.00000000,0.00000000,0.00000000,1,1,1,1,1,'2012-12-03 12:41:43','2013-10-28 09:43:01',9498),(103,'V081025AS','00054','','','','','','Bucuresti',1,5,'data/tudor/tastaturi/tastatura_pns1100us020sa0.jpg',0,1,150.0000,0,0,'2012-12-02',0.00000000,1,0.00000000,0.00000000,0.00000000,1,1,1,1,1,'2012-12-03 17:21:25','2013-02-13 11:05:35',1111),(104,'NSK-DRASW 1D','00055','','','','','','Bucuresti',0,5,'data/tudor/tastaturi/655446937050201212832395683998700_7001.jpg',0,1,150.0000,0,9,'2012-12-02',0.00000000,1,0.00000000,0.00000000,0.00000000,1,1,1,1,1,'2012-12-03 17:30:27','2014-03-03 11:09:45',9089),(105,'KFRSPT','00056','','','','','','Bucuresti',1,5,'data/kfrspt.jpg',0,1,180.0000,0,0,'2012-12-02',0.00000000,1,0.00000000,0.00000000,0.00000000,1,1,1,1,1,'2012-12-03 17:41:52','2013-01-16 14:09:45',1158),(106,'KFRTM9','00057','','','','','','Bucuresti',0,5,'data/kfrtm9.jpg',0,1,150.0000,0,9,'2012-12-02',0.00000000,1,0.00000000,0.00000000,0.00000000,1,1,1,1,1,'2012-12-03 17:56:21','2013-04-15 10:52:47',8668),(107,'KFRSBA113A','00058','','','','','','Bucuresti',0,5,'data/KFRSBA113A.jpg',0,1,150.0000,0,9,'2012-12-02',0.00000000,1,0.00000000,0.00000000,0.00000000,1,1,1,1,1,'2012-12-03 18:20:33','2013-02-27 15:30:20',4554),(108,'K051125M2','00059','','','','','','Bucuresti',1,5,'data/k0511.jpg',0,1,180.0000,0,0,'2012-12-02',0.00000000,1,0.00000000,0.00000000,0.00000000,1,1,1,1,1,'2012-12-03 18:25:00','2013-01-16 14:14:01',1920),(109,'NSK-DA201 ','00060','','','','','','Bucuresti',1,5,'data/tudor/tastaturi/tastatura_mp30386u4.jpg',0,1,150.0000,0,9,'2012-12-02',0.00000000,1,0.00000000,0.00000000,0.00000000,1,1,1,1,1,'2012-12-03 18:37:43','2013-02-13 10:57:14',9220),(110,'V082025AS','00061','','','','','','Bucuresti',0,5,'data/V082025as.jpg',0,1,150.0000,0,0,'2012-12-02',0.00000000,1,0.00000000,0.00000000,0.00000000,1,1,1,1,1,'2012-12-03 18:43:17','2013-02-27 18:23:04',8033),(111,'NSK-DCL1D','00062','','','','','','Bucuresti',0,5,'data/tudor/tastaturi/TastaturaDellStudioseria1500.jpg',0,1,150.0000,0,9,'2012-12-02',0.00000000,1,0.00000000,0.00000000,0.00000000,1,1,1,1,1,'2012-12-03 18:56:45','2016-01-05 15:55:51',13907),(483,'ADP-65JHP DB','00020','','','','','','Bucuresti',9,5,'data/alimentatoare/AC_19V_3.42A/ACER_19V_342A_65W.jpg',0,1,120.0000,0,0,'2013-04-22',0.00000000,1,0.00000000,0.00000000,0.00000000,1,1,1,1,1,'2013-04-23 15:57:25','2013-04-23 17:12:43',0),(114,'307-731A524-Y31','00065','','','','','','Bucuresti',0,5,'data/carcase/731a924y31.jpg',0,1,400.0000,0,9,'2012-12-03',0.00000000,1,0.00000000,0.00000000,0.00000000,1,1,1,1,1,'2012-12-04 18:36:18','2013-02-13 01:43:37',8741),(479,'ADP-65JHP DB','00020','','','','','','Bucuresti',9,5,'data/alimentatoare/AC_19V_3.42A/ACER_19V_342A_65W.jpg',0,1,120.0000,0,0,'2013-04-22',0.00000000,1,0.00000000,0.00000000,0.00000000,1,1,1,1,1,'2013-04-23 15:40:28','2013-04-23 17:13:00',7935),(116,'E2P-682A2XX-Y31','00067','','','','','','Bucuresti',1,5,'data/carcase/E2P-682A512.png',0,1,400.0000,0,9,'2012-12-03',0.00000000,1,0.00000000,0.00000000,0.00000000,1,1,1,1,1,'2012-12-04 19:04:41','2016-01-04 14:17:56',8593),(118,'E2P-682A212-Y31','00069','','','','','','Bucuresti',0,5,'data/carcase/E2P-682A512.png',0,1,400.0000,0,0,'2012-12-03',0.00000000,1,0.00000000,0.00000000,0.00000000,1,1,1,1,1,'2012-12-04 19:25:50','2016-01-04 14:16:44',1030),(273,'J1KDN','00228','','','','','','Bucuresti',0,5,'data/baterii/Baterie Dell N5010.png',0,1,320.0000,0,9,'2013-01-14',0.00000000,1,0.00000000,0.00000000,0.00000000,1,1,1,1,1,'2013-01-15 13:03:11','2014-11-07 09:08:12',6501),(485,'ADP-65JHP DB','00020','','','','','','Bucuresti',9,5,'data/alimentatoare/AC_19V_3.42A/ACER_19V_342A_65W.jpg',0,1,120.0000,0,0,'2013-04-22',0.00000000,1,0.00000000,0.00000000,0.00000000,1,1,1,1,1,'2013-04-23 16:03:14','2013-04-23 17:13:20',0),(121,'E2P-684B211-U22','00072','','','','','','Bucuresti',0,5,'data/carcase/bezel_ex600_15,4.jpg',0,1,80.0000,0,9,'2012-12-03',0.00000000,1,0.00000000,0.00000000,0.00000000,1,1,1,1,1,'2012-12-04 19:55:07','2013-04-29 13:08:59',5658),(122,'E2P-651A513-Y31','00073','','','','','','Bucuresti',0,5,'data/carcase/MSI 630 GX.jpg',0,1,380.0000,0,0,'2012-12-03',0.00000000,1,0.00000000,0.00000000,0.00000000,1,1,1,1,1,'2012-12-04 19:58:01','2015-03-30 10:16:48',6423),(124,'E2P-632A214-E0','00075','','','','','','Bucuresti',0,5,'data/carcase/back cover msi gx610.jpg',0,1,250.0000,0,9,'2012-12-03',0.00000000,1,0.00000000,0.00000000,0.00000000,1,1,1,1,1,'2012-12-04 20:20:00','2013-02-13 10:00:25',7857),(127,'ZYE DF UT5A','00078','','','','','','Bucuresti',2,5,'data/zye df ut5a.jpg',0,1,120.0000,0,9,'2012-12-03',0.00000000,1,0.00000000,0.00000000,0.00000000,1,1,1,1,1,'2012-12-04 21:07:58','2013-01-24 22:57:57',1884),(128,'E2P-014B211-U22','00079','','','','','','Bucuresti',1,5,'data/carcase/e2p-012ab14.jpg',0,1,250.0000,0,9,'2012-12-03',0.00000000,1,0.00000000,0.00000000,0.00000000,1,1,1,1,1,'2012-12-04 21:35:53','2013-02-13 01:39:09',8216),(129,'E2P-711A415','00080','','','','','','Bucuresti',0,5,'data/carcase/E2P-711A415.jpg',0,1,300.0000,0,9,'2012-12-03',0.00000000,1,0.00000000,0.00000000,0.00000000,1,1,1,1,1,'2012-12-04 21:47:10','2013-11-09 13:37:36',895),(130,'E2P-221A711-W28','00081','','','','','','Bucuresti',1,5,'data/carcase/e2p-221a711-w28.jpg',0,1,200.0000,0,9,'2012-12-03',0.00000000,1,0.00000000,0.00000000,0.00000000,1,1,1,1,1,'2012-12-04 21:52:11','2013-02-13 01:41:32',3430),(131,'DZ 41.4AQ06','00082','','','','','','Bucuresti',1,5,'data/j454.jpg',0,1,250.0000,0,9,'2012-12-04',0.00000000,1,0.00000000,0.00000000,0.00000000,1,1,1,1,1,'2012-12-05 10:59:18','2013-01-23 23:11:15',2675),(132,'U8042','00083','','','','','','',2,5,'data/M1330.png',0,1,200.0000,0,0,'2012-12-04',0.00000000,1,0.00000000,0.00000000,0.00000000,1,1,1,1,1,'2012-12-05 11:13:19','2015-01-29 16:51:47',2987),(133,'DHDP5','00084','','','','','','',1,5,'data/studio_1555.png',0,1,300.0000,0,0,'2012-12-04',0.00000000,1,0.00000000,0.00000000,0.00000000,1,1,1,1,1,'2012-12-05 11:35:25','2013-02-12 18:22:39',9364),(134,'N3G5P','00085','','','','','','Bucuresti',1,5,'data/j454.jpg',0,1,250.0000,0,9,'2012-12-04',0.00000000,1,0.00000000,0.00000000,0.00000000,1,1,1,1,1,'2012-12-05 11:56:44','2013-02-12 18:52:33',10666),(135,'M109C','00086','','','','','','Bucuresti',0,5,'data/studio 1535.png',0,1,350.0000,0,0,'2012-12-04',0.00000000,1,0.00000000,0.00000000,0.00000000,1,1,1,1,1,'2012-12-05 12:31:15','2013-07-10 13:08:55',9249),(136,'DY710','00087','','','','','','Bucuresti',1,5,'data/DC33000JF0L.jpg',0,1,300.0000,0,9,'2012-12-04',0.00000000,1,0.00000000,0.00000000,0.00000000,1,1,1,1,1,'2012-12-05 12:54:41','2013-02-12 18:51:38',9021),(137,'0CP219','00088','','','','','','Bucuresti',1,5,'data/latitude E6500.png',0,1,250.0000,0,9,'2012-12-04',0.00000000,1,0.00000000,0.00000000,0.00000000,1,1,1,1,1,'2012-12-05 13:05:21','2013-02-12 18:50:38',9007),(138,'0K802R','00089','','','','','','Bucuresti',2,5,'data/latitude E6400.png',0,1,250.0000,0,9,'2012-12-04',0.00000000,1,0.00000000,0.00000000,0.00000000,1,1,1,1,1,'2012-12-05 13:21:10','2013-02-12 18:54:59',9222),(139,'H0R52','00090','','','','','','Bucuresti',1,5,'data/inspiron 1564.jpg',0,1,250.0000,0,0,'2012-12-04',0.00000000,1,0.00000000,0.00000000,0.00000000,1,1,1,1,1,'2012-12-05 13:35:19','2014-03-03 11:08:45',9111),(140,'34FM5LCWI30','00091','','','','','','Bucuresti',0,5,'data/34FM5LCWI30.jpg',0,1,250.0000,0,0,'2012-12-04',0.00000000,1,0.00000000,0.00000000,0.00000000,1,1,1,1,1,'2012-12-05 13:47:51','2013-02-15 17:21:32',9889),(141,'H61GF','00092','','','','','','',1,5,'data/AM0B0000300.jpg',0,1,300.0000,0,0,'2012-12-04',0.00000000,1,0.00000000,0.00000000,0.00000000,1,1,1,1,1,'2012-12-05 13:59:25','2013-02-15 17:21:03',9855),(142,'60.4HH04.034','00093','','','','','','Bucuresti',0,5,'data/M5010 palm rest.png',0,1,200.0000,0,9,'2012-12-04',0.00000000,1,0.00000000,0.00000000,0.00000000,1,1,1,1,1,'2012-12-05 14:14:15','2013-06-21 11:11:57',1604),(143,'6M.4C3CS.003','00094','','','','','','Bucuresti',1,5,'data/XPS M1330.jpg',0,1,180.0000,0,9,'2012-12-04',0.00000000,1,0.00000000,0.00000000,0.00000000,1,1,1,1,1,'2012-12-05 14:22:28','2013-02-15 17:19:28',2350),(144,'6M.4AQCS.003','00095','','','','','','',1,5,'data/Inspiron 1545.png',0,1,200.0000,0,0,'2012-12-04',0.00000000,1,0.00000000,0.00000000,0.00000000,1,1,1,1,1,'2012-12-05 14:27:22','2013-02-15 17:18:43',3713),(145,'42.4F902.XXX ','00096','','','','','','Bucuresti',1,5,'data/00096.jpg',0,1,200.0000,0,9,'2012-12-04',0.00000000,1,0.00000000,0.00000000,0.00000000,1,1,1,1,1,'2012-12-05 17:37:44','2013-02-15 17:18:18',9216),(146,'39.4C302.004','00097','','','','','','Bucuresti',1,5,'data/xps m133333.png',0,1,180.0000,0,9,'2012-12-04',0.00000000,1,0.00000000,0.00000000,0.00000000,1,1,1,1,1,'2012-12-05 17:53:52','2013-02-15 17:17:48',4),(147,'PN: 2C5T3','00098','','','','','','Bucuresti',2,5,'data/carcase/latitude e 6400.jpg',0,1,200.0000,0,9,'2012-12-04',0.00000000,1,0.00000000,0.00000000,0.00000000,1,1,1,1,1,'2012-12-05 18:05:27','2013-02-15 17:16:41',2556),(148,'E2P-011D41X-Y31','00099','','','','','','Bucuresti',1,5,'data/carcase/ptks a4.jpg',0,1,150.0000,0,0,'2012-12-04',0.00000000,1,0.00000000,0.00000000,0.00000000,1,1,1,1,1,'2012-12-05 18:11:31','2013-02-15 17:17:06',3159),(149,'PN :   4C306','00100','','','','','','Bucuresti',0,5,'data/carcase/xps m1330.png',0,1,80.0000,0,0,'2012-12-04',0.00000000,1,0.00000000,0.00000000,0.00000000,1,1,1,1,1,'2012-12-05 18:19:28','2013-02-15 16:58:36',8761),(150,'307-731A924-Y31','00101','','','','','','Bucuresti',0,5,'data/carcase/cover_17_msi.jpg',0,1,370.0000,0,9,'2012-12-04',0.00000000,1,0.00000000,0.00000000,0.00000000,1,1,1,1,1,'2012-12-05 18:24:41','2013-02-03 20:44:00',3923),(481,'ADP-65JHP DB','00020','','','','','','Bucuresti',9,5,'data/alimentatoare/AC_19V_3.42A/ACER_19V_342A_65W.jpg',0,1,120.0000,0,0,'2013-04-22',0.00000000,1,0.00000000,0.00000000,0.00000000,1,1,1,1,1,'2013-04-23 15:48:52','2013-04-23 17:13:31',2387),(153,'GK479','00104','','','','','','Bucuresti',0,5,'data/gk479.jpg',0,1,250.0000,0,9,'2012-12-04',0.00000000,1,209.80000000,67.50000000,20.50000000,2,1,1,1,1,'2012-12-05 18:48:20','2013-06-28 09:12:56',14787),(154,'13GN57BAP010-1','00105','','','','','','Bucuresti',1,5,'data/carcase/Asus k53.png',0,1,180.0000,0,9,'2012-12-04',0.00000000,1,0.00000000,0.00000000,0.00000000,1,1,1,1,1,'2012-12-05 18:57:47','2013-02-15 16:55:30',1714),(155,'13GNVK1AP013-1','00107','','','','','','Bucuresti',2,5,'data/carcase/cover ASUS 2.png',0,1,350.0000,0,9,'2012-12-04',0.00000000,1,0.00000000,0.00000000,0.00000000,1,1,1,1,1,'2012-12-05 19:15:51','2013-03-22 16:58:04',6593),(476,'ADP-65JHP DB','00020','','','','','','Bucuresti',9,5,'data/alimentatoare/AC_19V_3.42A/ACER_19V_342A_65W.jpg',0,1,120.0000,0,0,'2013-04-22',0.00000000,1,0.00000000,0.00000000,0.00000000,1,1,1,1,1,'2013-04-23 15:18:41','2013-04-23 22:39:48',0),(158,'13GNVK10P031-1','00109','','','','','','Bucuresti',1,5,'data/carcase/13GNVK10PO31.png',0,1,180.0000,0,0,'2012-12-04',0.00000000,1,0.00000000,0.00000000,0.00000000,1,1,1,1,1,'2012-12-05 19:47:06','2013-02-15 16:53:07',1712),(160,'13GNVK10P044','00110','','','','','','Bucuresti',1,5,'data/carcase/13GNVK10P044.png',0,1,180.0000,0,9,'2012-12-04',0.00000000,1,0.00000000,0.00000000,0.00000000,1,1,1,1,1,'2012-12-05 20:05:45','2013-02-15 16:52:14',2632),(161,'13GNXM10P041-1','00111','','','','','','Bucuresti',1,5,'data/carcase/bottom cover k52.jpg',0,1,180.0000,0,9,'2012-12-04',0.00000000,1,0.00000000,0.00000000,0.00000000,1,1,1,1,1,'2012-12-05 20:21:58','2013-02-15 16:52:39',8323),(162,'13GNXM10P032-1-2','00112','','','','','','Bucuresti',1,5,'data/carcase/13GNXM10P032-1-2a.jpg',0,1,300.0000,0,9,'2012-12-04',0.00000000,1,0.00000000,0.00000000,0.00000000,1,1,1,1,1,'2012-12-05 20:33:21','2013-02-15 16:54:33',5264),(163,'NSK-UGP1D','00113','','','','','','Bucuresti',3,5,'data/asus g53.jpg',0,1,150.0000,0,9,'2012-12-04',0.00000000,1,0.00000000,0.00000000,0.00000000,1,1,1,1,1,'2012-12-05 20:51:05','2013-03-22 16:56:30',1551),(164,'13GNVX1AM010-1','00114','','','','','','Bucuresti',2,5,'data/sisteme_racire/ASUS_K50I.jpg',0,1,180.0000,0,9,'2012-12-04',0.00000000,1,0.00000000,0.00000000,0.00000000,1,1,1,1,1,'2012-12-05 21:14:23','2013-02-15 13:16:11',7900),(165,'42CW8','00116','','','','','','Bucuresti',0,5,'data/42cw8.jpg',0,1,150.0000,0,9,'2012-12-10',0.00000000,1,0.00000000,0.00000000,0.00000000,1,1,1,1,1,'2012-12-11 18:24:53','2014-08-13 18:32:13',11808),(166,'T704J','00115','','','','','','Bucuresti',2,5,'data/t704j.png',0,1,150.0000,0,9,'2012-12-10',0.00000000,1,0.00000000,0.00000000,0.00000000,1,1,1,1,1,'2012-12-11 18:34:34','2013-02-14 14:35:31',1157),(167,'4K7TX','00117','','','','','','Bucuresti',8,5,'data/4K7TXa.jpg',0,1,150.0000,0,9,'2012-12-10',0.00000000,1,0.00000000,0.00000000,0.00000000,1,1,1,1,1,'2012-12-11 18:37:18','2013-02-14 14:31:54',11384),(168,'TPXMC','00118','','','','','','Bucuresti',2,5,'data/tpxcm.png',0,1,150.0000,0,9,'2012-12-10',0.00000000,1,0.00000000,0.00000000,0.00000000,1,1,1,1,1,'2012-12-11 18:38:00','2013-02-14 14:34:53',3043),(169,'5WXP2','00120','','','','','','Bucuresti',3,5,'data/5wxp2.png',0,1,150.0000,0,9,'2012-12-10',0.00000000,1,0.00000000,0.00000000,0.00000000,1,1,1,1,1,'2012-12-11 18:46:38','2013-02-14 14:32:38',3711),(170,'VPMW8','00119','','','','','','Bucuresti',3,5,'data/VPMW8.jpg',0,1,150.0000,0,9,'2012-12-10',0.00000000,1,0.00000000,0.00000000,0.00000000,1,1,1,1,1,'2012-12-11 18:49:38','2013-02-14 14:36:52',11562),(171,'G600T','00121','','','','','','Bucuresti',0,5,'data/G600T.png',0,1,150.0000,0,9,'2012-12-10',0.00000000,1,0.00000000,0.00000000,0.00000000,1,1,1,1,1,'2012-12-11 18:53:06','2015-10-09 11:09:50',3118),(172,'HFMW7','00122','','','','','','Bucuresti',3,5,'data/hfmw7.jpg',0,1,150.0000,0,9,'2012-12-10',0.00000000,1,0.00000000,0.00000000,0.00000000,1,1,1,1,1,'2012-12-11 18:57:03','2013-02-14 14:36:00',12343),(173,'GYM9F','00123','','','','','','',1,5,'data/GYM9F.jpg',0,1,120.0000,0,0,'2012-12-10',0.00000000,1,0.00000000,0.00000000,0.00000000,1,1,1,1,1,'2012-12-11 18:59:30','2013-02-14 14:38:19',3018),(174,'R267J','00124','','','','','','Bucuresti',1,5,'data/r267j.png',0,1,120.0000,0,9,'2012-12-10',0.00000000,1,0.00000000,0.00000000,0.00000000,1,1,1,1,1,'2012-12-11 19:04:17','2013-02-14 14:31:17',3864),(175,'3G62X','00125','','','','','','',4,5,'data/3G62X.jpg',0,1,120.0000,0,0,'2012-12-10',0.00000000,1,0.00000000,0.00000000,0.00000000,1,1,1,1,1,'2012-12-11 19:06:14','2016-01-20 17:38:01',11654),(176,'NT108','00126','','','','','','Bucuresti',3,5,'data/NT108.png',0,1,120.0000,0,9,'2012-12-10',0.00000000,1,0.00000000,0.00000000,0.00000000,1,1,1,1,1,'2012-12-11 19:06:45','2013-02-14 14:34:00',3076),(177,'J986H','00127','','','','','','Bucuresti',2,5,'data/j986h.jpg',0,1,120.0000,0,9,'2012-12-10',0.00000000,1,0.00000000,0.00000000,0.00000000,1,1,1,1,1,'2012-12-11 19:13:18','2013-02-14 14:32:15',11675),(178,'8JHV9','00128','','','','','','Bucuresti',1,5,'data/tudor/ldvsdelllatitude.jpg',0,1,120.0000,0,9,'2012-12-10',0.00000000,1,0.00000000,0.00000000,0.00000000,1,1,1,1,1,'2012-12-11 19:14:27','2013-02-20 09:32:37',3046),(179,'P906C','00129','','','','','','Bucuresti',2,5,'data/p906c.jpg',0,1,120.0000,0,9,'2012-12-10',0.00000000,1,0.00000000,0.00000000,0.00000000,1,1,1,1,1,'2012-12-11 19:18:23','2013-02-14 14:36:33',10854),(180,'CH4CH','00130','','','','','','Bucuresti',1,5,'data/CH4CH.jpg',0,1,120.0000,0,9,'2012-12-10',0.00000000,1,0.00000000,0.00000000,0.00000000,1,1,1,1,1,'2012-12-11 19:45:35','2013-02-14 14:34:17',11323),(181,'VM9M','00131','','','','','','Bucuresti',2,5,'data/tudor/131.jpg',0,1,120.0000,0,0,'2012-12-10',0.00000000,1,0.00000000,0.00000000,0.00000000,1,1,1,1,1,'2012-12-11 19:54:24','2013-02-14 14:49:02',3448),(182,'V73D3','00132','','','','','','Bucuresti',1,5,'data/v73d3.jpg',0,1,120.0000,0,9,'2012-12-10',0.00000000,1,0.00000000,0.00000000,0.00000000,1,1,1,1,1,'2012-12-11 19:58:39','2013-02-14 14:50:35',11149),(183,'IAQ00','00133','','','','','','Bucuresti',2,5,'data/IAq00.png',0,1,120.0000,0,9,'2012-12-10',0.00000000,1,0.00000000,0.00000000,0.00000000,1,1,1,1,1,'2012-12-11 19:59:23','2013-02-14 14:30:15',4),(184,'P191D','00134','','','','','','Bucuresti',1,5,'data/p191d.JPG',0,1,120.0000,0,9,'2012-12-10',0.00000000,1,0.00000000,0.00000000,0.00000000,1,1,1,1,1,'2012-12-11 20:11:24','2013-02-14 14:51:19',10987),(185,'FM6','00135','','','','','','Bucuresti',1,5,'data/fm6.jpg',0,1,120.0000,0,0,'2012-12-10',0.00000000,1,0.00000000,0.00000000,0.00000000,1,1,1,1,1,'2012-12-11 20:11:53','2013-02-14 14:52:06',4011),(186,'1422-00ML000','00137','','','','','','Bucuresti',1,5,'data/1422-00ml000.jpg',0,1,120.0000,0,9,'2012-12-10',0.00000000,1,0.00000000,0.00000000,0.00000000,1,1,1,1,1,'2012-12-11 20:29:14','2013-02-14 14:51:40',9045),(187,'MS167XSZ','00136','','','','','','Bucuresti',2,5,'data/MS167XSZ.jpg',0,1,120.0000,0,9,'2012-12-10',0.00000000,1,0.00000000,0.00000000,0.00000000,1,1,1,1,1,'2012-12-11 20:35:42','2013-02-14 14:30:36',3590),(188,'1422-00G1000','00138','','','','','','Bucuresti',1,5,'data/1422-00G1000.JPG',0,1,120.0000,0,9,'2012-12-10',0.00000000,1,0.00000000,0.00000000,0.00000000,1,1,1,1,1,'2012-12-11 20:39:37','2013-02-14 14:50:56',7640),(475,'ADP-65JHP DB','00020','','','','','','Bucuresti',9,5,'data/alimentatoare/AC_19V_3.42A/ACER_19V_342A_65W.jpg',0,1,120.0000,0,0,'2013-04-22',0.00000000,1,0.00000000,0.00000000,0.00000000,1,1,1,1,1,'2013-04-23 14:37:18','2013-04-23 22:39:06',5348),(484,'ADP-65JHP DB','00020','','','','','','Bucuresti',9,5,'data/alimentatoare/AC_19V_3.42A/ACER_19V_342A_65W.jpg',0,1,120.0000,0,0,'2013-04-22',0.00000000,1,0.00000000,0.00000000,0.00000000,1,1,1,1,1,'2013-04-23 16:00:06','2013-04-23 17:14:15',0),(191,'B101EW02 V.0','00318','','','','','','Bucuresti',0,5,'data/display-uri/10.1_INCH/B101EW02.jpg',0,1,295.0000,0,9,'2012-12-11',0.00000000,1,8.74000000,4.92000000,0.00000000,3,1,1,1,1,'2012-12-12 14:01:18','2014-09-19 17:27:21',7701),(193,'LP101WH1-TLA3','00320','','','','','','Bucuresti',0,5,'data/display-uri/10.1_INCH/lp101wh1.jpg',0,1,350.0000,0,9,'2012-12-11',0.00000000,1,8.74000000,4.92000000,0.00000000,3,1,1,1,1,'2012-12-12 14:16:05','2013-08-19 15:57:42',7815),(460,'B116XW05 V.0','00312','','','','','','Bucuresti',0,5,'data/display-uri/11.6_INCH/B116XW05V.0.jpg',0,1,800.0000,0,0,'2013-02-09',0.00000000,1,0.00000000,0.00000000,0.00000000,1,1,1,1,1,'2013-02-10 20:50:38','2014-11-24 08:56:57',1149),(194,'B116XW03 V.0','00321','','','','','','Bucuresti',0,5,'data/display-uri/11.6_INCH/B116XW03.jpg',0,1,350.0000,0,9,'2012-12-11',0.00000000,1,10.08000000,5.67000000,0.00000000,3,1,1,1,1,'2012-12-12 14:25:57','2014-01-18 10:13:07',4139),(462,' LP125WH2 (TL)(E1)','00175','','','','','','',3,5,'data/display-uri/12.5_INCH/LP125WH2TLE1.jpg',0,1,450.0000,0,0,'2013-02-09',0.00000000,1,0.00000000,0.00000000,0.00000000,1,1,1,1,1,'2013-02-10 22:52:17','2013-02-12 14:53:12',7236),(461,'LTD121EXVV','00322','','','','','','',4,5,'data/display-uri/12.1_INCH/LTD121EXAN.jpg',0,1,400.0000,0,0,'2013-02-09',0.00000000,1,0.00000000,0.00000000,0.00000000,1,1,1,1,1,'2013-02-10 21:17:44','2013-02-12 14:55:16',1072),(490,'ADP-65JHP DB','00020','','','','','','Bucuresti',9,5,'data/alimentatoare/AC_19V_3.42A/ACER_19V_342A_65W.jpg',0,1,120.0000,0,0,'2013-04-22',0.00000000,1,0.00000000,0.00000000,0.00000000,1,1,1,1,1,'2013-04-23 16:19:13','2013-04-23 17:14:25',0),(200,'B133EW05 V.0','00327','','','','','','Bucuresti',0,5,'data/display-uri/13.3_INCH/b133ew05.jpg',0,1,400.0000,0,9,'2012-12-11',0.00000000,1,11.30000000,7.10000000,0.00000000,3,1,1,1,1,'2012-12-12 15:43:41','2014-10-10 17:10:46',7301),(201,'LP133WX2 TL G2 ','00349','','','','','','Bucuresti',0,5,'data/tudor/display/lp133wx2tlg5.jpg',0,1,450.0000,0,0,'2012-12-11',0.00000000,1,11.30000000,7.10000000,0.00000000,3,1,1,1,1,'2012-12-12 15:50:33','2014-11-15 16:18:36',7165),(203,'N134B6-L02','00328','','','','','','Bucuresti',1,5,'data/tudor/display_anterioare/n134b6_l02.jpg',0,1,450.0000,0,9,'2012-12-11',0.00000000,1,11.65000000,6.54000000,0.00000000,3,1,1,1,1,'2012-12-12 16:08:11','2013-02-12 14:47:13',6936),(468,'V110525AS','00063','','','','','','',0,5,'data/tudor/4133aAOvWDL1.jpg',0,1,180.0000,0,0,'2013-02-12',0.00000000,1,0.00000000,0.00000000,0.00000000,1,1,1,1,1,'2013-02-13 10:35:42','2015-03-09 11:16:12',1278),(491,'ADP-65JHP DB','00020','','','','','','Bucuresti',9,5,'data/alimentatoare/AC_19V_3.42A/ACER_19V_342A_65W.jpg',0,1,120.0000,0,0,'2013-04-22',0.00000000,1,0.00000000,0.00000000,0.00000000,1,1,1,1,1,'2013-04-23 16:21:21','2013-04-23 17:14:53',0),(493,'ADP-65JHP DB','00020','','','','','','Bucuresti',9,5,'data/alimentatoare/AC_19V_3.42A/ACER_19V_342A_65W.jpg',0,1,120.0000,0,0,'2013-04-22',0.00000000,1,0.00000000,0.00000000,0.00000000,1,1,1,1,1,'2013-04-23 16:27:27','2013-04-23 17:15:02',0),(471,'S1100US020SA0','00364','','','','','','',0,5,'data/tudor/tastaturi/msi s271.jpg',0,1,0.0000,0,0,'2013-02-12',0.00000000,1,0.00000000,0.00000000,0.00000000,1,1,1,1,1,'2013-02-13 12:14:35','2013-02-20 09:45:20',1197),(207,'LP140WD1-TLA2','00332','','','','','','Bucuresti',1,7,'data/tudor/display/lp140wd1tlm1.jpg',0,1,450.0000,0,9,'2012-12-11',0.00000000,1,12.00000000,7.40000000,0.00000000,3,1,1,1,1,'2012-12-12 20:54:12','2013-02-12 14:34:06',9058),(209,'B141PW03 V.0','00351','','','','','','Bucuresti',2,5,'data/display-uri/14.1_INCH/B141PW03_V0.jpg',0,1,450.0000,0,9,'2012-12-11',0.00000000,1,12.00000000,7.40000000,0.00000000,3,1,1,1,1,'2012-12-12 21:32:34','2013-02-12 14:35:51',7467),(473,'E4300-M664D','00355','','','','','','',1,5,'data/tudor/servicetag.ro__62459.jpg',0,1,120.0000,0,0,'2013-02-13',0.00000000,1,0.00000000,0.00000000,0.00000000,1,1,1,1,1,'2013-02-14 15:04:34','0000-00-00 00:00:00',3098),(219,'LP156WD1 TLD3','00342','','','','','','Bucuresti',3,5,'data/display-uri/15.6_INCH/lp156wd1tld3.jpg',0,1,450.0000,0,9,'2012-12-12',0.00000000,1,13.60000000,7.60000000,0.00000000,3,1,1,1,1,'2012-12-13 17:12:34','2013-02-12 14:45:52',8034),(214,'LTN154P1 L02','00352','','','','','','Bucuresti',1,5,'data/tudor/display_anterioare/ltn154p1l02.jpg',0,1,450.0000,0,9,'2012-12-12',0.00000000,1,13.10000000,8.20000000,0.00000000,3,1,1,1,1,'2012-12-13 15:58:58','2013-02-12 14:43:21',13679),(215,'LP154WE3-TLB1','00338','','','','','','Bucuresti',2,5,'data/display-uri/15.4_INCH/lp154wp2tla1.jpg',0,1,600.0000,0,9,'2012-12-12',0.00000000,1,13.10000000,8.20000000,0.00000000,3,1,1,1,1,'2012-12-13 16:16:37','2013-02-12 14:40:52',4939),(216,'LP156WH2-TLC1','00339','','','','','','Bucuresti',1,5,'data/display-uri/15.6_INCH/lp156wh2tlc1.jpg',0,1,400.0000,0,9,'2012-12-12',0.00000000,1,13.60000000,7.60000000,0.00000000,3,1,1,1,1,'2012-12-13 16:31:58','2016-01-25 17:56:28',7274),(218,'LP156WH2 TPB1','00341','','','','','','Bucuresti',6,5,'data/display-uri/15.6_INCH/lp156wh2tlc1.jpg',0,1,400.0000,0,9,'2012-12-12',0.00000000,1,13.60000000,7.60000000,0.00000000,3,1,1,1,1,'2012-12-13 16:57:17','2014-11-21 17:38:44',12783),(221,'LTN160AT06','00344','','','','','','Bucuresti',2,5,'data/tudor/DIN TOATE/LTN160AT06.jpg',0,1,700.0000,0,10,'2012-12-12',0.00000000,1,14.00000000,7.90000000,0.00000000,3,1,1,1,1,'2012-12-13 17:51:32','2015-01-22 10:07:58',7302),(472,'0NC4TX ','00447','','','','','','',0,5,'data/tudor/DIN TOATE/racitor.jpg',0,1,180.0000,0,0,'2013-02-12',0.00000000,1,0.00000000,0.00000000,0.00000000,1,1,1,1,1,'2013-02-13 12:37:51','2014-09-19 11:50:33',1905),(227,'N156 BGE-L21','00348','','','','','','Bucuresti',1,5,'data/display-uri/15.6_INCH/hb156wx1100.jpg',0,1,350.0000,0,9,'2012-12-12',0.00000000,1,13.60000000,7.60000000,0.00000000,3,1,1,1,1,'2012-12-13 18:43:27','2014-06-26 12:15:42',7734),(228,'4MUM3HSWI20','00185','','','','','','Bucuresti',0,5,'data/tudor/DIN TOATE/RACITOR_DELL_INSP_1564.jpg',0,1,120.0000,0,11,'2012-12-16',0.00000000,1,0.00000000,0.00000000,0.00000000,1,1,1,1,1,'2012-12-17 16:00:44','2013-02-15 13:02:45',9766),(229,'YVTPC','00186','','','','','','Bucuresti',1,5,'data/37UM9LCWI00.jpg',0,1,220.0000,0,9,'2012-12-16',0.00000000,1,0.00000000,0.00000000,0.00000000,1,1,1,1,1,'2012-12-17 16:03:09','2013-02-12 22:05:03',11452),(230,'0GN228','00187','','','','','','Bucuresti',1,5,'data/am03i000c00.jpg',0,1,250.0000,0,9,'2012-12-16',0.00000000,1,0.00000000,0.00000000,0.00000000,1,1,1,1,1,'2012-12-17 16:11:14','2013-02-12 21:34:32',17891),(231,'NSK-TN0SC 1D','00189','','','','','','Bucuresti',0,5,'data/nsk-tn0sc 1d.jpg',0,1,180.0000,0,9,'2012-12-16',0.00000000,1,0.00000000,0.00000000,0.00000000,1,1,1,1,1,'2012-12-17 16:27:46','2014-05-02 18:00:48',4406),(482,'ADP-65JHP DB','00020','','','','','','Bucuresti',9,5,'data/alimentatoare/AC_19V_3.42A/ACER_19V_342A_65W.jpg',0,1,120.0000,0,0,'2013-04-22',0.00000000,1,0.00000000,0.00000000,0.00000000,1,1,1,1,1,'2013-04-23 15:51:37','2013-04-23 17:15:14',0),(233,'NSK-TP0PC 01','00191','','','','','','Bucuresti',1,5,'data/nsk-yp0pc 01.jpg',0,1,150.0000,0,9,'2012-12-16',0.00000000,1,0.00000000,0.00000000,0.00000000,1,1,1,1,1,'2012-12-17 16:47:01','2013-02-13 11:29:10',4585),(234,'V080925BS1','00192','','','','','','Bucuresti',0,5,'data/v080925bs1.jpg',0,1,150.0000,0,9,'2012-12-16',0.00000000,1,0.00000000,0.00000000,0.00000000,1,1,1,1,1,'2012-12-17 16:54:47','2014-05-05 09:45:01',8769),(235,'KFR TM9 F138','00193','','','','','','Bucuresti',0,5,'data/kfr tm9.jpg',0,1,150.0000,0,9,'2012-12-16',0.00000000,1,0.00000000,0.00000000,0.00000000,1,1,1,1,1,'2012-12-17 17:17:07','2014-03-10 14:19:18',8191),(236,'GVDM9','00188','','','','','','Bucuresti',1,5,'data/60.4em01.002.PNG',0,1,220.0000,0,9,'2012-12-16',0.00000000,1,0.00000000,0.00000000,0.00000000,1,1,1,1,1,'2012-12-17 17:17:27','2013-02-12 22:00:45',0),(980,'HD269','00194','','','','','','',0,5,'data/amzq000400.jpg',0,1,220.0000,0,0,'2014-01-09',0.00000000,1,0.00000000,0.00000000,0.00000000,1,1,1,1,1,'2014-01-10 10:50:20','2014-10-28 19:05:09',1112),(238,'MP-07G73US-5283','00195','','','','','','Bucuresti',1,5,'data/mp-07g73us-5283.jpg',0,1,0.0000,0,9,'2012-12-16',0.00000000,1,0.00000000,0.00000000,0.00000000,1,1,1,1,1,'2012-12-17 17:28:49','2013-02-06 18:05:27',6445),(239,'MP-07A53U4-6982','00196','','','','','','Bucuresti',1,5,'data/mp-07a53u4-6982.jpg',0,1,150.0000,0,9,'2012-12-16',0.00000000,1,0.00000000,0.00000000,0.00000000,1,1,1,1,1,'2012-12-17 17:39:04','2013-02-13 11:33:27',8840),(240,'KY324','00197','','','','','','Bucuresti',1,5,'data/60.4W021.014.png',0,1,80.0000,0,9,'2012-12-16',0.00000000,1,0.00000000,0.00000000,0.00000000,1,1,1,1,1,'2012-12-17 17:39:39','2015-10-15 16:54:41',5995),(979,'TN178','00198','','','','','','',1,5,'data/amzq000400.jpg',0,1,180.0000,0,0,'2014-01-09',0.00000000,1,0.00000000,0.00000000,0.00000000,1,1,1,1,1,'2014-01-10 10:35:32','0000-00-00 00:00:00',1002),(242,'NSK--DF014','00200','','','','','','Bucuresti',1,5,'data/nsk-df014.jpg',0,1,0.0000,0,9,'2012-12-16',0.00000000,1,0.00000000,0.00000000,0.00000000,1,1,1,1,1,'2012-12-17 18:12:48','2013-02-13 11:26:08',8454),(243,'Y348G','00199','','','','','','Bucuresti',1,5,'data/EAFM6001020.png',0,1,180.0000,0,9,'2012-12-16',0.00000000,1,0.00000000,0.00000000,0.00000000,1,1,1,1,1,'2012-12-17 18:13:04','2013-02-12 21:23:19',3135),(244,'D756C','00201','','','','','','Bucuresti',2,5,'data/PK37B000G00.jpg',0,1,180.0000,0,9,'2012-12-16',0.00000000,1,0.00000000,0.00000000,0.00000000,1,1,1,1,1,'2012-12-17 18:20:07','2015-10-15 16:56:45',5801),(245,'6P8X2','00202','','','','','','Bucuresti',1,5,'data/60.4EM09.011.jpg',0,1,180.0000,0,9,'2012-12-16',0.00000000,1,0.00000000,0.00000000,0.00000000,1,1,1,1,1,'2012-12-17 18:25:03','2013-02-12 18:46:59',5395),(246,'PTF49','00203','','','','','','Bucuresti',1,5,'data/6m.4aqcs.003.jpg',0,1,180.0000,0,9,'2012-12-16',0.00000000,1,0.00000000,0.00000000,0.00000000,1,1,1,1,1,'2012-12-17 18:49:18','2013-02-12 21:30:39',4802),(247,'PK84','00204','','','','','','Bucuresti',1,5,'data/pk84.jpg',0,1,150.0000,0,9,'2012-12-16',0.00000000,1,0.00000000,0.00000000,0.00000000,1,1,1,1,1,'2012-12-17 18:50:26','2013-02-13 11:24:26',8455),(248,'V103622AS1','00206','','','','','','Bucuresti',1,5,'data/tudor/tastaturi/tastatura_pns1100us020sa0.jpg',0,1,120.0000,0,9,'2012-12-16',0.00000000,1,0.00000000,0.00000000,0.00000000,1,1,1,1,1,'2012-12-17 19:01:34','2013-02-13 11:17:09',3731),(249,'DRHPC','00205','','','','','','Bucuresti',2,5,'data/60.4IE19.013.jpg',0,1,180.0000,0,9,'2012-12-16',0.00000000,1,0.00000000,0.00000000,0.00000000,1,1,1,1,1,'2012-12-17 19:05:45','2013-02-12 22:27:13',4648),(250,'MP-06703US 6930','00207','','','','','','Bucuresti',1,5,'data/mp-06703us6930.jpg',0,1,150.0000,0,9,'2012-12-16',0.00000000,1,0.00000000,0.00000000,0.00000000,1,1,1,1,1,'2012-12-17 19:11:34','2013-02-13 11:32:10',3850),(812,'Acer-Aspire-9920G','00468','','','','','','Bucuresti',0,5,'data/gigel/placi de baza/DSC_0046.JPG',0,1,0.0000,0,0,'2013-05-12',0.00000000,1,0.00000000,0.00000000,0.00000000,1,1,1,1,1,'2013-05-13 16:46:19','2013-12-20 09:05:27',462),(252,'9J.N1Q82.11 D','00209','','','','','','Bucuresti',1,5,'data/tudor/tastaturi/TastaturaAsusEEEPC.jpg',0,1,120.0000,0,9,'2012-12-16',0.00000000,1,0.00000000,0.00000000,0.00000000,1,1,1,1,1,'2012-12-17 19:35:54','2013-02-13 11:22:44',5059),(253,'J998H','00210','','','','','','Bucuresti',1,5,'data/j998h.JPG',0,1,180.0000,0,9,'2012-12-16',0.00000000,1,0.00000000,0.00000000,0.00000000,1,1,1,1,1,'2012-12-17 19:46:31','2013-02-13 01:32:59',9432),(254,'KY320','00212','','','','','','Bucuresti',0,5,'data/ky320.jpg',0,1,250.0000,0,9,'2012-12-16',0.00000000,1,0.00000000,0.00000000,0.00000000,1,1,1,1,1,'2012-12-17 19:54:22','2013-09-16 14:03:50',11588),(256,'4IPCS','00211','','','','','','Bucuresti',1,5,'data/6m.4Ipcs.002.jpg',0,1,180.0000,0,9,'2012-12-16',0.00000000,1,0.00000000,0.00000000,0.00000000,1,1,1,1,1,'2012-12-17 20:05:52','2013-02-13 01:35:11',5437),(257,'NTY6V','00214','','','','','','Bucuresti',1,5,'data/nty6v.jpg',0,1,250.0000,0,9,'2012-12-16',0.00000000,1,0.00000000,0.00000000,0.00000000,1,1,1,1,1,'2012-12-17 20:08:38','2013-02-13 01:27:59',18281),(258,'F3S','00215','','','','','','Bucuresti',0,5,'data/hinge +balamale.jpg',0,1,150.0000,0,9,'2012-12-16',0.00000000,1,0.00000000,0.00000000,0.00000000,1,1,1,1,1,'2012-12-17 20:13:23','2013-11-07 15:57:11',11766),(259,'44C9991','00216','','','','','','Bucuresti',1,5,'data/LVDS Lenovo X200 PN:44C9991.jpg',0,1,200.0000,0,9,'2012-12-16',0.00000000,1,0.00000000,0.00000000,0.00000000,1,1,1,1,1,'2012-12-17 20:17:36','2013-02-14 14:53:01',6899),(260,'WT207','00217','','','','','','Bucuresti',0,5,'data/tudor/46022.jpg',0,1,70.0000,0,9,'2012-12-16',0.00000000,1,0.00000000,0.00000000,0.00000000,1,1,1,1,1,'2012-12-17 20:18:57','2013-08-12 13:19:44',5899),(261,'F706H','00218','','','','','','Bucuresti',1,5,'data/f706h.jpg',0,1,80.0000,0,9,'2012-12-16',0.00000000,1,0.00000000,0.00000000,0.00000000,1,1,1,1,1,'2012-12-17 20:23:04','2013-02-12 19:01:35',10801),(342,'0H021P','00311','','','','','','Bucuresti',1,5,'data/latitude E6500.png',0,1,250.0000,0,0,'2013-02-03',0.00000000,1,0.00000000,0.00000000,0.00000000,1,1,1,1,1,'2013-02-04 09:47:36','2013-02-12 21:32:17',2444),(502,'ADP-65JHP DB','00020','','','','','','Bucuresti',9,5,'data/alimentatoare/AC_19V_3.42A/ACER_19V_342A_65W.jpg',0,1,120.0000,0,0,'2013-04-22',0.00000000,1,0.00000000,0.00000000,0.00000000,1,1,1,1,1,'2013-04-23 17:33:55','0000-00-00 00:00:00',13620),(478,'ADP-65JHP DB','00020','','','','','','Bucuresti',9,5,'data/alimentatoare/AC_19V_3.42A/ACER_19V_342A_65W.jpg',0,1,120.0000,0,0,'2013-04-22',0.00000000,1,0.00000000,0.00000000,0.00000000,1,1,1,1,1,'2013-04-23 15:34:57','2013-04-23 22:40:10',0),(264,'6010M05F PF1','00220','','','','','','Bucuresti',2,5,'data/sisteme_racire/ex610.jpg',0,1,180.0000,0,9,'2013-01-09',0.00000000,1,0.00000000,0.00000000,0.00000000,1,1,1,1,1,'2013-01-10 13:17:42','2013-02-15 13:10:13',4424),(265,'DFS531105C0T','00221','','','','','','Bucuresti',1,5,'data/sisteme_racire/gx620.jpg',0,1,200.0000,0,9,'2013-01-09',0.00000000,1,0.00000000,0.00000000,0.00000000,1,1,1,1,1,'2013-01-10 13:27:50','2013-02-15 13:08:17',4201),(266,'6010H05F','00222','','','','','','Bucuresti',0,5,'data/sisteme_racire/EX630.jpg',0,1,180.0000,0,9,'2013-01-09',0.00000000,1,0.00000000,0.00000000,0.00000000,1,1,1,1,1,'2013-01-10 13:32:35','2015-12-08 16:06:30',4580),(267,'DFS450805M10T','00039','','','','','','Bucuresti',1,5,'data/sisteme_racire/racire GX600.jpg',0,1,200.0000,0,9,'2013-01-09',0.00000000,1,0.00000000,0.00000000,0.00000000,1,1,1,1,1,'2013-01-10 13:49:13','2013-02-15 13:18:40',4264),(269,'6010H05F PF3','00224','','','','','','Bucuresti',1,5,'data/sisteme_racire/ex 400.jpg',0,1,180.0000,0,9,'2013-01-09',0.00000000,1,0.00000000,0.00000000,0.00000000,1,1,1,1,1,'2013-01-10 14:22:13','2013-02-15 13:09:32',4260),(270,'6010H05F PF1','00225','','','','','','Bucuresti',1,5,'data/sisteme_racire/cx600_cx500.jpg',0,1,180.0000,0,9,'2013-01-09',0.00000000,1,0.00000000,0.00000000,0.00000000,1,1,1,1,1,'2013-01-10 14:29:54','2014-11-17 09:49:23',4588),(271,'6010H05F PF1','00226','','','','','','Bucuresti',5,5,'data/sisteme_racire/vr630.jpg',0,1,180.0000,0,9,'2013-01-09',0.00000000,1,0.00000000,0.00000000,0.00000000,1,1,1,1,1,'2013-01-10 14:36:06','2015-09-16 09:52:33',4582),(272,'6010H05F PF1','00227','','','','','','Bucuresti',4,5,'data/sisteme_racire/ex620_623.jpg',0,1,180.0000,0,9,'2013-01-09',0.00000000,1,0.00000000,0.00000000,0.00000000,1,1,1,1,1,'2013-01-10 15:46:49','2013-10-28 09:42:18',4867),(275,'PC764','00229','','','','','','Bucuresti',2,5,'data/baterii/200841220433991913.jpg',0,1,320.0000,0,9,'2013-01-14',0.00000000,1,0.00000000,0.00000000,0.00000000,1,1,1,1,1,'2013-01-15 14:16:25','2013-02-15 12:59:14',0),(276,'Baterie Dell E6410','00230','','','','','','Bucuresti',3,5,'data/baterii/dell-latitude-e6410-10-battery.jpg',0,1,270.0000,0,9,'2013-01-14',0.00000000,1,0.00000000,0.00000000,0.00000000,1,1,1,1,1,'2013-01-15 14:29:57','2013-02-15 12:58:52',7361),(277,'UDQFZZR03CCM','00231','','','','','','Bucuresti',2,5,'data/sisteme_racire/cooler D630.jpg',0,1,100.0000,0,9,'2013-01-14',0.00000000,1,0.00000000,0.00000000,0.00000000,1,1,1,1,1,'2013-01-15 15:00:07','2013-02-15 13:12:17',6264),(278,'LTN173KT01','00232','','','','','','Bucuresti',0,5,'data/tudor/display/ltn160ht01.jpg',0,1,500.0000,0,9,'2013-01-14',0.00000000,1,0.00000000,0.00000000,0.00000000,1,1,1,1,1,'2013-01-15 15:56:19','2013-02-27 14:09:48',0),(279,'B173RW01 V.0','00233','','','','','','Bucuresti',0,5,'data/tudor/display_anterioare/B18065S.jpg',0,1,500.0000,0,9,'2013-01-14',0.00000000,1,0.00000000,0.00000000,0.00000000,1,1,1,1,1,'2013-01-15 16:08:00','2013-02-27 14:10:41',6074),(280,'B170PW06 V.3','00234','','','','','','Bucuresti',0,5,'data/tudor/display/n184h4lo1.jpg',0,1,550.0000,0,9,'2013-01-14',0.00000000,1,0.00000000,0.00000000,0.00000000,1,1,1,1,1,'2013-01-15 16:30:53','2013-08-03 10:03:42',6398),(281,'LTN170CT07','00235','','','','','','Bucuresti',1,5,'data/tudor/display_anterioare/ltn154p1l02.jpg',0,1,700.0000,0,9,'2013-01-14',0.00000000,1,0.00000000,0.00000000,0.00000000,1,1,1,1,1,'2013-01-15 16:42:20','2015-04-24 15:22:36',6679),(486,'ADP-65JHP DB','00020','','','','','','Bucuresti',9,5,'data/alimentatoare/AC_19V_3.42A/ACER_19V_342A_65W.jpg',0,1,120.0000,0,0,'2013-04-22',0.00000000,1,0.00000000,0.00000000,0.00000000,1,1,1,1,1,'2013-04-23 16:07:09','2013-04-23 17:15:43',0),(873,'Dell-Inspiron-1526','00529','','','','','','Bucuresti',0,5,'data/gigel/placi de baza 2/DSC_0251.jpg',0,1,0.0000,0,0,'2013-05-29',0.00000000,1,0.00000000,0.00000000,0.00000000,1,1,1,1,1,'2013-05-30 16:05:18','2013-12-20 08:43:44',630),(343,'LP133WP1 (TJ)(A3) ','00353','','','','','','Bucuresti',0,5,'data/display-uri/13.3_INCH/LP133WP1TJA3.jpg',0,1,1500.0000,0,0,'2013-02-03',0.00000000,1,0.00000000,0.00000000,0.00000000,1,1,1,1,1,'2013-02-04 10:24:38','2013-04-30 12:17:58',1206),(469,'N53JN','00190','','','','','','Bucuresti',1,5,'data/tudor/tastaturi/tastatura_mp30386u4.jpg',0,1,180.0000,0,0,'2013-02-12',0.00000000,1,0.00000000,0.00000000,0.00000000,1,1,1,1,1,'2013-02-13 11:44:15','0000-00-00 00:00:00',1271),(503,'ADP-65JHP DB','00020','','','','','','Bucuresti',9,5,'data/alimentatoare/AC_19V_3.42A/ACER_19V_342A_65W.jpg',0,1,120.0000,0,0,'2013-04-22',0.00000000,1,0.00000000,0.00000000,0.00000000,1,1,1,1,1,'2013-04-23 17:37:04','0000-00-00 00:00:00',0),(283,'PA-21','00237','','','','','','Bucuresti',13,5,'data/alimentatoare/D_19.5_3.34A/DELL_19.5V_3.34A_65W.jpg',0,1,140.0000,0,0,'2013-01-30',0.00000000,1,0.00000000,0.00000000,0.00000000,1,1,1,1,1,'2013-01-31 14:21:24','2015-03-10 15:39:43',972),(284,'ADP-45THP_A','00238','','','','','','bucuresti',5,5,'data/alimentatoare/AS_19V_2.37/ASUS_19V_2.37A.jpg',0,1,120.0000,0,0,'2013-01-30',0.00000000,1,0.00000000,0.00000000,0.00000000,1,1,1,1,1,'2013-01-31 14:42:40','2015-03-10 16:30:42',1022),(285,'ADP-65JHP_DB','00239','','','','','','BUCURESTI',12,5,'data/alimentatoare/AS_19V_3.42A/ASUS_19V_3.42A_65W.jpg',0,1,130.0000,0,0,'2013-01-30',0.00000000,1,0.00000000,0.00000000,0.00000000,1,1,1,1,1,'2013-01-31 14:54:29','2016-01-06 11:51:26',979),(286,'PA-1900-36','00240','','','','','','BUCURESTI',30,5,'data/alimentatoare/AS_19V_4.74A/ASUS_19V_4.74A_90W.jpg',0,1,120.0000,0,0,'2013-01-30',0.00000000,1,0.00000000,0.00000000,0.00000000,1,1,1,1,1,'2013-01-31 15:02:37','2016-02-12 13:21:38',1565),(287,'PA-1151-02TC','00241','','','','','','BUCURESTI',3,5,'data/alimentatoare/AS_19V_7.9A/ASUS_19V_7.9A.jpg',0,1,210.0000,0,0,'2013-01-30',0.00000000,1,0.00000000,0.00000000,0.00000000,1,1,1,1,1,'2013-01-31 15:08:38','2015-07-13 09:14:23',1170),(288,'PA-1181-02 ','00242','','','','','','',0,5,'data/alimentatoare/TO_19V_9.5A/TO_19V_9.5A_180W.jpg',0,1,220.0000,0,0,'2013-01-30',0.00000000,1,0.00000000,0.00000000,0.00000000,1,1,1,1,1,'2013-01-31 15:17:30','2015-04-07 15:40:40',1655),(289,'PA-3E','00243','','','','','','BUCURESTI',0,5,'data/alimentatoare/D_19.5V_4.62A/DELL_19.5V_4.62A_90W.jpg',0,1,180.0000,0,0,'2013-01-30',0.00000000,1,0.00000000,0.00000000,0.00000000,1,1,1,1,1,'2013-01-31 15:29:11','2015-03-10 16:58:58',1058),(290,'PA-15','00244','','','','','','bucuresti',4,5,'data/alimentatoare/D_19.5V_7.7A/DELL_19.5V_7.7A_150W.JPG',0,1,250.0000,0,0,'2013-01-30',0.00000000,1,0.00000000,0.00000000,0.00000000,1,1,1,1,1,'2013-01-31 15:36:12','2015-03-18 12:41:08',883),(291,'PA-1300-04','00245','','','','','','bucuresti',0,5,'data/alimentatoare/D_19V_1.58A/DELL_19V_1.58A_30W.jpg',0,1,120.0000,0,0,'2013-01-30',0.00000000,1,0.00000000,0.00000000,0.00000000,1,1,1,1,1,'2013-01-31 15:43:41','2014-04-05 16:13:15',1317),(292,'rep HP pin central','00308','','','','','','bucuresti',0,5,'data/alimentatoare/REPLACEMENT/replacement/REP_19V_474A_PIN_CENTRAL.jpg',0,1,80.0000,0,0,'2013-01-30',0.00000000,1,0.00000000,0.00000000,0.00000000,1,1,1,1,1,'2013-01-31 15:51:38','2013-05-26 18:40:19',953),(293,'PPP016HP','00247','','','','','','bucuresti',11,5,'data/alimentatoare/H_18.5V_6.5A/HP_18.5V_6.5A_120W.JPG',0,1,200.0000,0,0,'2013-01-30',0.00000000,1,0.00000000,0.00000000,0.00000000,1,1,1,1,1,'2013-01-31 15:58:41','2015-03-10 17:06:36',1108),(294,'ADP-40VHP_B','00248','','','','','','Bucuresti',6,5,'data/alimentatoare/H_19V 2.5A/HP_19V2.05A_40W.JPG',0,1,120.0000,0,0,'2013-01-30',0.00000000,1,0.00000000,0.00000000,0.00000000,1,1,1,1,1,'2013-01-31 16:05:50','2015-09-12 09:58:56',780),(295,'PA-1650-54','00249','','','','','','bucuresti',4,5,'data/alimentatoare/LE_20V_3.25A_7.9/LE_20V_3.25A_65W.jpg',0,1,150.0000,0,0,'2013-01-30',0.00000000,1,0.00000000,0.00000000,0.00000000,1,1,1,1,1,'2013-01-31 16:10:48','2015-07-15 08:57:24',1124),(296,'PA-1650-56LC','00250','','','','','','Bucuresti',2,5,'data/alimentatoare/LE_20V_3.25_LONG/LENOVO_20V_325A_65W_LONG.jpg',0,1,150.0000,0,0,'2013-01-30',0.00000000,1,0.00000000,0.00000000,0.00000000,1,1,1,1,1,'2013-01-31 16:15:22','2015-09-03 09:12:56',1348),(297,'AC10V2','00251','','','','','','Bucuresti',4,5,'data/alimentatoare/SO_10.5V_1.9A/SONY_10.5V_1.9A_20W.jpg',0,1,120.0000,0,0,'2013-01-30',0.00000000,1,0.00000000,0.00000000,0.00000000,1,1,1,1,1,'2013-01-31 16:21:37','2015-03-10 17:43:54',1078),(298,'PA-1300-04 ACER','00252','','','','','','',7,5,'data/alimentatoare/AC_19V_1.58A/ACER_19V_1,58A.jpg',0,1,90.0000,0,0,'2013-01-30',0.00000000,1,0.00000000,0.00000000,0.00000000,1,1,1,1,1,'2013-01-31 18:15:21','2015-09-03 09:13:57',1417),(299,'A1343-NEW','00253','','','','','','Bucuresti',0,5,'data/alimentatoare/APPLE/APPLE.jpg',0,1,250.0000,0,0,'2013-01-30',0.00000000,1,0.00000000,0.00000000,0.00000000,1,1,1,1,1,'2013-01-31 18:23:16','2015-12-04 11:34:31',1454),(300,'ADP-36EHP_C','00254','','','','','','Bucuresti',6,5,'data/alimentatoare/AS_12V_3A/ASUS_12V_3A.jpg',0,1,100.0000,0,0,'2013-01-30',0.00000000,1,0.00000000,0.00000000,0.00000000,1,1,1,1,1,'2013-01-31 18:32:23','2015-03-10 16:34:34',1086),(301,'ADP-36EHP_A','00255','','','','','','Bucuresti',4,5,'data/alimentatoare/DE_12V_3A/DELTA_12V_3A.jpg',0,1,120.0000,0,0,'2013-01-30',0.00000000,1,0.00000000,0.00000000,0.00000000,1,1,1,1,1,'2013-01-31 18:40:08','2015-03-10 17:57:04',570),(302,'ADP-180EB_D','00256','','','','','','Bucuresti',0,5,'data/alimentatoare/DE_19V_9.5A/DELTA_19V_9.5A.JPG',0,1,250.0000,0,0,'2013-01-30',0.00000000,1,0.00000000,0.00000000,0.00000000,1,1,1,1,1,'2013-01-31 18:45:42','2014-09-29 12:38:05',1953),(303,'SADP-90FHP_B','00257','','','','','','Bucuresti',2,5,'data/alimentatoare/SA_19V_4.74A/SAMSUNG_19V_4.74A_90W.jpg',0,1,150.0000,0,0,'2013-01-30',0.00000000,1,0.00000000,0.00000000,0.00000000,1,1,1,1,1,'2013-01-31 18:49:44','2016-01-06 11:58:15',928),(304,'AC19V10','00258','','','','','','',2,5,'data/alimentatoare/SO_19.5V_4.7A/SONY_19.5V_4.74A_90W.JPG',0,1,180.0000,0,0,'2013-01-30',0.00000000,1,0.00000000,0.00000000,0.00000000,1,1,1,1,1,'2013-01-31 18:56:13','2015-10-29 14:28:14',1121),(305,'AC19V7','00259','','','','','','Bucuresti',2,5,'data/alimentatoare/S_19.5_6.15A/SONY_19.5V_6.15A_120W.JPG',0,1,220.0000,0,0,'2013-01-30',0.00000000,1,0.00000000,0.00000000,0.00000000,1,1,1,1,1,'2013-01-31 19:01:24','2015-03-10 17:45:17',1100),(306,'ADP-120ZB B','00621','','','','','','Bucuresti',5,5,'data/alimentatoare/TO_19V_9.5A/Alim  Toshiba.jpg',0,1,190.0000,0,0,'2013-01-30',0.00000000,1,0.00000000,0.00000000,0.00000000,1,1,1,1,1,'2013-01-31 19:13:59','2015-03-10 16:55:21',877),(307,'PA3516U_1ACA','00293','','','','','','',15,5,'data/alimentatoare/TO_19V_4_74A/TOSHIBA_19V_4.74A_90W.jpg',0,1,150.0000,0,0,'2013-01-30',0.00000000,1,0.00000000,0.00000000,0.00000000,1,1,1,1,1,'2013-01-31 19:18:36','2016-01-04 09:39:05',880),(308,'APPLE-60W','00294','','','','','','',3,5,'data/alimentatoare/REPLACEMENT/REPLACEMENTAPPLE.jpg',0,1,180.0000,0,0,'2013-01-30',0.00000000,1,0.00000000,0.00000000,0.00000000,1,1,1,1,1,'2013-01-31 19:24:24','2013-02-14 14:07:17',877),(310,'B101EW05 V.1','00319','','','','','','Bucuresti',5,5,'data/display-uri/10.1_INCH/B101EW05.jpg',0,1,350.0000,0,0,'2013-01-31',0.00000000,1,0.00000000,0.00000000,0.00000000,1,1,1,1,1,'2013-02-01 00:16:57','2013-02-12 14:20:44',1052),(312,'B133EW03 V.1','00266','','','','','','Bucuresti',0,5,'data/display-uri/13.3_INCH/b133ew03.jpg',0,1,550.0000,0,0,'2013-01-31',0.00000000,1,0.00000000,0.00000000,0.00000000,1,1,1,1,1,'2013-02-01 00:36:27','2014-03-03 10:49:54',3875),(313,'B140RW01 V.1','00331','','','','','','',1,5,'data/display-uri/14.0_INCH/b140rw01.jpg',0,1,450.0000,0,0,'2013-01-31',0.00000000,1,0.00000000,0.00000000,0.00000000,1,1,1,1,1,'2013-02-01 00:53:06','2013-02-12 14:32:31',3848),(314,'HSD121PHW1-A','00268','','','','','','Bucuresti',0,5,'data/display-uri/12.1_INCH/HSD121PHW1.jpg',0,1,400.0000,0,0,'2013-01-31',0.00000000,1,0.00000000,0.00000000,0.00000000,1,1,1,1,1,'2013-02-01 01:11:12','2014-04-24 14:13:26',968),(464,'LP156WH4 TLA1','00415','','','','','','',0,5,'data/tudor/display_anterioare/ltn154p1l02.jpg',0,1,400.0000,0,0,'2013-02-10',0.00000000,1,0.00000000,0.00000000,0.00000000,1,1,1,1,1,'2013-02-11 22:55:14','2013-12-28 12:12:25',5510),(316,'N134B6-L04','00329','','','','','','Bucuresti',2,5,'data/display-uri/13.4_INCH/n134b6_l04.jpg',0,1,450.0000,0,0,'2013-01-31',0.00000000,1,0.00000000,0.00000000,0.00000000,1,1,1,1,1,'2013-02-01 01:28:01','2013-02-12 14:47:40',3785),(317,'LP141WX3 TLN4','00333','','','','','','Bucuresti',0,5,'data/display-uri/14.1_INCH/lp141wx3_tln4.jpg',0,1,450.0000,0,0,'2013-01-31',0.00000000,1,0.00000000,0.00000000,0.00000000,1,1,1,1,1,'2013-02-01 01:36:10','2013-03-05 12:07:44',6397),(319,'HSD100IFW1','00314','','','','','','Bucuresti',0,5,'data/display-uri/10.0_INCH/HSD100IFW1.jpg',0,1,350.0000,0,0,'2013-01-31',0.00000000,1,0.00000000,0.00000000,0.00000000,1,1,1,1,1,'2013-02-01 02:04:18','2014-03-18 11:09:56',6124),(320,'LQ164M1LD4C','00313','','','','','','Bucuresti',2,5,'data/display-uri/16.4_INCH/LQ164M1LD4C.jpg',0,1,950.0000,0,0,'2013-01-31',0.00000000,1,0.00000000,0.00000000,0.00000000,1,1,1,1,1,'2013-02-01 02:12:58','2014-03-03 09:17:29',1228),(321,'LP141WX5-TLN1','00334','','','','','','Bucuresti',2,5,'data/display-uri/14.1_INCH/lp141wx5tln1.jpg',0,1,450.0000,0,0,'2013-02-01',0.00000000,1,0.00000000,0.00000000,0.00000000,1,1,1,1,1,'2013-02-02 00:52:58','2013-02-12 14:36:40',2900),(322,'LP154WP2-TLC1','00337','','','','','','Bucuresti',5,5,'data/display-uri/15.4_INCH/lp154wp2tlc1.jpg',0,1,450.0000,0,0,'2013-02-01',0.00000000,1,0.00000000,0.00000000,0.00000000,1,1,1,1,1,'2013-02-02 01:05:05','2013-02-12 14:42:08',984),(323,'LP154WP2-TLA1','00343','','','','','','Bucuresti',2,5,'data/display-uri/15.4_INCH/lp154wp2tla1.jpg',0,1,600.0000,0,0,'2013-02-01',0.00000000,1,0.00000000,0.00000000,0.00000000,1,1,1,1,1,'2013-02-02 01:14:37','2013-02-12 14:41:31',3613),(465,'N156B6-L0B REV. C1','00416','','','','','','Bucuresti',1,5,'data/tudor/display/lp133wh1tla1.jpg',0,1,400.0000,0,0,'2013-02-10',0.00000000,1,0.00000000,0.00000000,0.00000000,1,1,1,1,1,'2013-02-11 23:02:09','2013-02-12 14:44:13',4233),(326,'LTN184KT01','00347','','','','','','',0,5,'data/display-uri/18.4_INCH/ltn184kt01.jpg',0,1,600.0000,0,0,'2013-02-01',0.00000000,1,0.00000000,0.00000000,0.00000000,1,1,1,1,1,'2013-02-02 01:38:04','2013-06-28 09:11:29',5934),(327,'LTN156AT03','00340','','','','','','Bucuresti',1,5,'data/display-uri/15.6_INCH/b156xtn03.2.JPG',0,1,400.0000,0,0,'2013-02-01',0.00000000,1,0.00000000,0.00000000,0.00000000,1,1,1,1,1,'2013-02-02 01:47:03','2015-01-12 12:09:49',5122),(467,'N133BGE LB1','00350','','','','','','',1,5,'data/tudor/display_anterioare/n133bge_lb1.jpg',0,1,400.0000,0,0,'2013-02-11',0.00000000,1,0.00000000,0.00000000,0.00000000,1,1,1,1,1,'2013-02-12 00:11:23','2015-05-14 16:24:55',1112),(488,'ADP-65JHP DB','00020','','','','','','Bucuresti',9,5,'data/alimentatoare/AC_19V_3.42A/ACER_19V_342A_65W.jpg',0,1,120.0000,0,0,'2013-04-22',0.00000000,1,0.00000000,0.00000000,0.00000000,1,1,1,1,1,'2013-04-23 16:13:35','2013-04-23 17:16:07',0),(331,'LQ164D1LD4A','00346','','','','','','Bucuresti',3,5,'data/display-uri/16.4_INCH/LQ164M1LD4C.jpg',0,1,550.0000,0,0,'2013-02-01',0.00000000,1,0.00000000,0.00000000,0.00000000,1,1,1,1,1,'2013-02-02 02:13:11','2013-02-12 14:53:55',3742),(333,' LP140WH2 (TL)(P1)','00330','','','','','','Bucuresti',1,5,'data/display-uri/14.0_INCH/b140xw03.jpg',0,1,400.0000,0,0,'2013-02-01',0.00000000,1,0.00000000,0.00000000,0.00000000,1,1,1,1,1,'2013-02-02 02:28:53','2015-05-06 09:43:39',7706),(487,'ADP-65JHP DB','00020','','','','','','Bucuresti',9,5,'data/alimentatoare/AC_19V_3.42A/ACER_19V_342A_65W.jpg',0,1,120.0000,0,0,'2013-04-22',0.00000000,1,0.00000000,0.00000000,0.00000000,1,1,1,1,1,'2013-04-23 16:09:54','0000-00-00 00:00:00',0),(335,'B125XW02 V.0 ','00325','','','','','','Bucuresti',3,5,'data/display-uri/12.5_INCH/LP125WH2TLE1.jpg',0,1,450.0000,0,0,'2013-02-01',0.00000000,1,0.00000000,0.00000000,0.00000000,1,1,1,1,1,'2013-02-02 02:51:01','2013-02-12 14:27:50',7373),(474,'XPS 1330','00453','','','','','','',0,5,'data/tudor/placi-de-baza/XPS_1330.jpg',0,1,0.0000,0,0,'2013-02-26',0.00000000,1,0.00000000,0.00000000,0.00000000,1,1,1,1,1,'2013-02-27 15:12:04','2013-12-20 09:06:16',261),(338,'CN-0XR216-72744','00310','','','','','','',3,5,'data/sisteme_racire/dell_xps_M1530.png',0,1,180.0000,0,0,'2013-02-01',0.00000000,1,0.00000000,0.00000000,0.00000000,1,1,1,1,1,'2013-02-02 20:22:48','2013-02-15 13:13:40',906),(341,'BEZEL17&quot;MSI','00077','','','','','','',0,5,'data/carcase/BEZEL_17INCH.jpg',0,1,80.0000,0,0,'2013-02-02',0.00000000,1,0.00000000,0.00000000,0.00000000,1,1,1,1,1,'2013-02-03 20:21:25','2013-12-09 14:28:07',3819),(344,'PA-1900-08H2','00246','','','','','','Bucuresti',6,5,'data/alimentatoare/H_19V_4_74A/HP_19V_4.74A_90W.jpg',0,1,150.0000,0,0,'2013-02-03',0.00000000,1,0.00000000,0.00000000,0.00000000,1,1,1,1,1,'2013-02-04 13:22:29','2015-12-22 13:41:33',1047),(345,'PA-1181-02','00295','','','','','','',5,5,'data/alimentatoare/TO_19V_9.5A/ALIMENTATOR_TOSHIBA_19V_19.5A_180W.JPG',0,1,219.0000,0,0,'2013-02-03',0.00000000,1,0.00000000,0.00000000,0.00000000,1,1,1,1,1,'2013-02-04 14:44:58','2015-03-10 16:54:11',1479),(346,'PA3469E-1AC3','00292','','','','','','',3,5,'data/alimentatoare/TO_15V_5A/TOSHIBA_15V_5A_75W.JPG',0,1,150.0000,0,0,'2013-02-03',0.00000000,1,0.00000000,0.00000000,0.00000000,1,1,1,1,1,'2013-02-04 17:16:35','2015-03-10 16:52:07',725),(347,'apple replacement','00294','','','','','','',0,5,'data/alimentatoare/REPLACEMENT/REPLACEMENTAPPLE.jpg',0,1,180.0000,0,0,'2013-02-03',0.00000000,1,0.00000000,0.00000000,0.00000000,1,1,1,1,1,'2013-02-04 17:33:24','2014-05-07 13:35:14',1805),(348,'VGP-AC16V8','00296','','','','','','',3,5,'data/alimentatoare/SO_19.5V_4.7A/SONY_19.5V_4.74A_90W.JPG',0,1,150.0000,0,0,'2013-02-03',0.00000000,1,0.00000000,0.00000000,0.00000000,1,1,1,1,1,'2013-02-04 17:38:50','2015-03-10 17:45:49',1132),(349,'ADP-80NB','00297','','','','','','bucuresti',0,5,'data/tudor/alimentatoare/fj_19V_4.22A_90W.JPG',0,1,120.0000,0,0,'2013-02-03',0.00000000,1,0.00000000,0.00000000,0.00000000,1,1,1,1,1,'2013-02-04 17:50:22','2015-03-10 17:59:45',999),(1071,'Tastatura Apple MacBook A 1502 UK','00716','','','','','','',2,5,'data/APPLE/A1502uk.JPG',0,1,450.0000,0,0,'2015-03-16',0.00000000,1,0.00000000,0.00000000,0.00000000,1,1,1,1,1,'2015-03-17 22:00:48','2015-03-17 22:08:14',788),(351,'PA-1900-08R1','00299','','','','','','',0,5,'data/tudor/alimentatoare/hp_19V_4.74A_90W.JPG',0,1,120.0000,0,0,'2013-02-03',0.00000000,1,0.00000000,0.00000000,0.00000000,1,1,1,1,1,'2013-02-04 18:43:40','2015-10-02 16:56:17',949),(352,'PPP009H','00300','','','','','','bucuresti',0,5,'data/tudor/alimentatoare/hp_185V_35A_65W_2.jpg',0,1,120.0000,0,0,'2013-02-03',0.00000000,1,0.00000000,0.00000000,0.00000000,1,1,1,1,1,'2013-02-04 18:56:48','2015-10-02 16:55:57',1058),(353,'PA1900-08','00301','','','','','','bucuresti',5,5,'data/tudor/alimentatoare/lg_19V_4.74A_90W.JPG',0,1,120.0000,0,0,'2013-02-03',0.00000000,1,0.00000000,0.00000000,0.00000000,1,1,1,1,1,'2013-02-04 19:10:09','2015-10-15 15:52:37',532),(354,'PA3290E-3AC3','00302','','','','','','bucuresti',0,5,'data/tudor/alimentatoare/to_19V_632A_120W_1.jpg',0,1,220.0000,0,0,'2013-02-03',0.00000000,1,0.00000000,0.00000000,0.00000000,1,1,1,1,1,'2013-02-04 19:26:45','2015-05-19 18:13:33',1168),(355,'02K6813','00303','','','','','','',10,5,'data/tudor/alimentatoare/66394690118050444209558-6223940-1000_1000.jpg',0,1,100.0000,0,0,'2013-02-03',0.00000000,1,0.00000000,0.00000000,0.00000000,1,1,1,1,1,'2013-02-04 19:40:20','2015-03-10 18:54:02',826),(356,'replacement ASUS EEEPC','00304','','','','','','Bucuresti',7,5,'data/alimentatoare/REPLACEMENT/replacement/rep_19V_21A.jpg',0,1,70.0000,0,0,'2013-02-03',0.00000000,1,0.00000000,0.00000000,0.00000000,1,1,1,1,1,'2013-02-04 21:12:43','2015-03-09 17:44:51',5636),(357,'replacement HP 19V_3,5A','00305','','','','','','Bucuresti',0,5,'data/alimentatoare/REPLACEMENT/replacement/REP_185V_35A.jpg',0,1,80.0000,0,0,'2013-02-03',0.00000000,1,0.00000000,0.00000000,0.00000000,1,1,1,1,1,'2013-02-04 21:19:21','2013-07-29 13:16:10',0),(358,'replacement 19V_3,5A','00306','','','','','','',1,5,'data/alimentatoare/AC_19V_3.42A/ACER_19V_342A_65W.jpg',0,1,80.0000,0,0,'2013-02-03',0.00000000,1,0.00000000,0.00000000,0.00000000,1,1,1,1,1,'2013-02-04 21:26:22','2015-03-10 18:49:11',1356),(359,'replacement ACER 19V_4.74A','00307','','','','','','Bucuresti',5,5,'data/alimentatoare/AC_19V_4.74A/ACER_19V_474A_90W.jpg',0,1,80.0000,0,0,'2013-02-03',0.00000000,1,0.00000000,0.00000000,0.00000000,1,1,1,1,1,'2013-02-04 21:34:54','2015-03-10 18:50:29',0),(360,'rep HP 19V_4,74bulett','00308','','','','','','Bucuresti',0,5,'data/alimentatoare/REPLACEMENT/replacement/REP_19V_474A.jpg',0,1,80.0000,0,0,'2013-02-03',0.00000000,1,0.00000000,0.00000000,0.00000000,1,1,1,1,1,'2013-02-04 21:41:09','2016-02-04 10:28:58',830),(361,'REPLACEMENT ACER 19V_1.58A','00309','','','','','','Bucuresti',1,5,'data/alimentatoare/REPLACEMENT/replacement/rep_19V_158A.jpg',0,1,65.0000,0,0,'2013-02-03',0.00000000,1,0.00000000,0.00000000,0.00000000,1,1,1,1,1,'2013-02-04 21:49:22','2013-02-14 14:19:59',1189),(362,'APD-45AWA','00028','','','','','','',7,5,'data/alimentatoare/AS_19V_2.37/asus_Zenbook_X31E.jpg',0,1,160.0000,0,0,'2013-02-03',0.00000000,1,0.00000000,0.00000000,0.00000000,1,1,1,1,1,'2013-02-04 21:59:29','2015-03-10 15:38:16',1887),(363,'LP101WS1-TLB3 ','00316','','','','','','bucuresti',1,5,'data/display-uri/10.1_INCH/lp101ws1.jpg',0,1,295.0000,0,0,'2013-02-03',0.00000000,1,0.00000000,0.00000000,0.00000000,1,1,1,1,1,'2013-02-04 22:55:14','2013-04-29 13:03:24',628),(364,'B101AW06 V.1','00317','','','','','','bucuresti',0,5,'data/tudor/display_anterioare/B101AW06.jpg',0,1,350.0000,0,0,'2013-02-03',0.00000000,1,0.00000000,0.00000000,0.00000000,1,1,1,1,1,'2013-02-04 23:11:28','2013-11-26 15:06:22',1287),(489,'ADP-65JHP DB','00020','','','','','','Bucuresti',9,5,'data/alimentatoare/AC_19V_3.42A/ACER_19V_342A_65W.jpg',0,1,120.0000,0,0,'2013-04-22',0.00000000,1,0.00000000,0.00000000,0.00000000,1,1,1,1,1,'2013-04-23 16:16:33','2013-04-23 17:16:18',0),(366,'B121EW03 V.2 ','00393','','','','','','Bucuresti',1,5,'data/tudor/display/b121ew03_v2.jpg',0,1,400.0000,0,0,'2013-02-05',0.00000000,1,0.00000000,0.00000000,0.00000000,1,1,1,1,1,'2013-02-06 01:41:12','2013-02-12 14:25:48',914),(367,'N121I3-L01 REV. C2','00392','','','','','','',1,5,'data/tudor/display/n121l3lo1.jpg',0,1,400.0000,0,0,'2013-02-05',0.00000000,1,0.00000000,0.00000000,0.00000000,1,1,1,1,1,'2013-02-06 01:58:22','2013-02-12 14:27:08',9516),(368,'LP133WX2 TLG5 ','00394','','','','','','',1,5,'data/tudor/display/lp133wx2tlg5.jpg',0,1,550.0000,0,0,'2013-02-05',0.00000000,1,0.00000000,0.00000000,0.00000000,1,1,1,1,1,'2013-02-06 02:06:31','2013-02-12 14:30:11',7150),(369,'LP133WX1 TLB1','00395','','','','','','',4,5,'data/tudor/display/lp133wx1tlb1.jpg',0,1,420.0000,0,0,'2013-02-05',0.00000000,1,0.00000000,0.00000000,0.00000000,1,1,1,1,1,'2013-02-06 02:14:12','2013-02-12 14:29:40',3799),(370,'LP133WH1 TLA1','00396','','','','','','',0,5,'data/tudor/display/lp133wh1tla1.jpg',0,1,420.0000,0,0,'2013-02-05',0.00000000,1,0.00000000,0.00000000,0.00000000,1,1,1,1,1,'2013-02-06 02:22:28','2014-07-16 15:31:48',3784),(371,'LTN133AT01 – 001','00397','','','','','','',1,5,'data/tudor/display/ltn133at01.jpg',0,1,420.0000,0,0,'2013-02-05',0.00000000,1,0.00000000,0.00000000,0.00000000,1,1,1,1,1,'2013-02-06 02:32:10','2013-02-12 15:07:50',7543),(372,'LTN141AT12 – D','00398','','','','','','Bucuresti',1,5,'data/tudor/display/ltn141at12.jpg',0,1,400.0000,0,0,'2013-02-05',0.00000000,1,0.00000000,0.00000000,0.00000000,1,1,1,1,1,'2013-02-06 02:39:28','2013-08-22 13:08:14',3519),(373,'CLAA141WB11','00399','','','','','','Bucuresti',0,5,'data/tudor/display/claa141eb11.jpg',0,1,400.0000,0,0,'2013-02-05',0.00000000,1,0.00000000,0.00000000,0.00000000,1,1,1,1,1,'2013-02-06 02:47:37','2015-07-08 14:50:17',8227),(374,'LTN141AT09','00400','','','','','','',1,5,'data/tudor/display/ltn141at09.jpg',0,1,400.0000,0,0,'2013-02-05',0.00000000,1,0.00000000,0.00000000,0.00000000,1,1,1,1,1,'2013-02-06 02:52:53','2013-02-12 14:37:04',7164),(375,'B140XW01 V.8','00401','','','','','','Bucuresti',0,5,'data/tudor/display/b140xw01v8.jpg',0,1,400.0000,0,0,'2013-02-05',0.00000000,1,0.00000000,0.00000000,0.00000000,1,1,1,1,1,'2013-02-06 02:57:10','2014-09-24 15:28:28',7865),(376,'LP140WD1 TLM1','00402','','','','','','',1,5,'data/tudor/display/lp140wd1tlm1.jpg',0,1,400.0000,0,0,'2013-02-05',0.00000000,1,0.00000000,0.00000000,0.00000000,1,1,1,1,1,'2013-02-06 03:02:10','2013-02-12 14:33:46',9592),(377,'B140RW03 V.1','00403','','','','','','',1,5,'data/tudor/display/b140rw03v1.jpg',0,1,400.0000,0,0,'2013-02-05',0.00000000,1,0.00000000,0.00000000,0.00000000,1,1,1,1,1,'2013-02-06 03:07:23','2014-12-15 12:30:32',12410),(378,'B154PW04 V.3','00404','','','','','','Bucuresti',1,5,'data/tudor/display/b154pw04v3.jpg',0,1,400.0000,0,0,'2013-02-05',0.00000000,1,0.00000000,0.00000000,0.00000000,1,1,1,1,1,'2013-02-06 03:14:30','2013-02-12 14:38:37',8386),(379,'LP154WP2 TLC2','00405','','','','','','',0,5,'data/tudor/display/lp154wp2tlc2.jpg',0,1,500.0000,0,0,'2013-02-05',0.00000000,1,0.00000000,0.00000000,0.00000000,1,1,1,1,1,'2013-02-06 03:22:47','2013-03-15 18:36:03',13546),(380,'B154PW04 V.2','00406','','','','','','Bucuresti',1,5,'data/tudor/display/b154pw04v2.jpg',0,1,400.0000,0,0,'2013-02-05',0.00000000,1,0.00000000,0.00000000,0.00000000,1,1,1,1,1,'2013-02-06 03:27:04','2014-11-07 08:59:07',13581),(381,'LTN154AT12','00407','','','','','','',0,5,'data/tudor/display/ltn154at12.jpg',0,1,450.0000,0,0,'2013-02-05',0.00000000,1,0.00000000,0.00000000,0.00000000,1,1,1,1,1,'2013-02-06 03:30:54','2015-11-16 11:39:32',13467),(382,'LP154WU2 TLA2-311','00408','','','','','','',0,5,'data/tudor/display/lp154wu2tla2311.jpg',0,1,550.0000,0,0,'2013-02-05',0.00000000,1,0.00000000,0.00000000,0.00000000,1,1,1,1,1,'2013-02-06 03:34:49','2013-05-30 15:48:48',5495),(383,'LP154WX5(TL)(C1)','00336','','','','','','',4,5,'data/display-uri/15.4_INCH/lp154wx5tlc1.jpg',0,1,400.0000,0,0,'2013-02-05',0.00000000,1,0.00000000,0.00000000,0.00000000,1,1,1,1,1,'2013-02-06 03:42:08','2015-05-13 12:46:16',6451),(384,'LP154WP1 TLA3','00410','','','','','','',0,5,'data/tudor/display/lp154wp1lta3.jpg',0,1,450.0000,0,0,'2013-02-05',0.00000000,1,0.00000000,0.00000000,0.00000000,1,1,1,1,1,'2013-02-06 03:48:26','2013-03-20 12:19:40',8835),(385,'LTN154BT05','00411','','','','','','',1,5,'data/tudor/display/ltn154bt05.jpg',0,1,450.0000,0,0,'2013-02-05',0.00000000,1,0.00000000,0.00000000,0.00000000,1,1,1,1,1,'2013-02-06 03:54:22','2013-02-12 14:43:02',8675),(386,'B156RW01 V.1','00412','','','','','','Bucuresti',1,5,'data/tudor/display/b156HW01V1.jpg',0,1,450.0000,0,0,'2013-02-05',0.00000000,1,0.00000000,0.00000000,0.00000000,1,1,1,1,1,'2013-02-06 04:01:04','2013-02-12 14:44:45',7793),(387,'B156XW02 V.2','00413','','','','','','',0,5,'data/tudor/display/b156xw02v2.jpg',0,1,400.0000,0,0,'2013-02-05',0.00000000,1,0.00000000,0.00000000,0.00000000,1,1,1,1,1,'2013-02-06 04:05:53','2013-02-12 14:45:17',6339),(388,'LP101WSA TLA1','00418','','','','','','Bucuresti',0,5,'data/tudor/display/lp101wsatla1.jpg',0,1,300.0000,0,0,'2013-02-05',0.00000000,1,0.00000000,0.00000000,0.00000000,1,1,1,1,1,'2013-02-06 04:15:30','2014-06-11 11:55:11',938),(389,'B101AW02 V.3','00419','','','','','','',1,5,'data/tudor/display/b101aw02v3.jpg',0,1,320.0000,0,0,'2013-02-05',0.00000000,1,0.00000000,0.00000000,0.00000000,1,1,1,1,1,'2013-02-06 04:21:15','2013-02-12 14:23:48',7365),(390,'N184H4-L01-C1','00421','','','','','','',0,5,'data/tudor/display/n184h4lo1.jpg',0,1,750.0000,0,0,'2013-02-05',0.00000000,1,0.00000000,0.00000000,0.00000000,1,1,1,1,1,'2013-02-06 04:28:42','2013-02-28 13:09:54',1286),(391,'N101L6-LOB','00422','','','','','','',0,5,'data/tudor/display/n101l6l0b.jpg',0,1,350.0000,0,0,'2013-02-05',0.00000000,1,0.00000000,0.00000000,0.00000000,1,1,1,1,1,'2013-02-06 04:35:17','2013-03-12 14:55:29',3880),(392,'HNHIX 1GB ddr3','00390','','','','','','',1,5,'data/tudor/cutia6/ram_ddr3_1gb.jpg',0,1,30.0000,0,0,'2013-02-05',0.00000000,1,0.00000000,0.00000000,0.00000000,1,1,1,1,1,'2013-02-06 13:29:44','2013-02-13 12:41:10',1151),(393,'HNHIX 4GB ddr3','00389','','','','','','',2,5,'data/tudor/cutia6/ram_ddr3_4gb.jpg',0,1,125.0000,0,0,'2013-02-05',0.00000000,1,0.00000000,0.00000000,0.00000000,1,1,1,1,1,'2013-02-06 13:33:19','2013-02-27 15:28:47',1178),(394,'MK5061GSYN','00388','','','','','','',0,5,'data/tudor/cutia6/hdd_toshiba_500_GB_7200_RPM.jpg',0,1,320.0000,0,0,'2013-02-05',0.00000000,1,0.00000000,0.00000000,0.00000000,1,1,1,1,1,'2013-02-06 13:43:02','2013-04-29 12:57:39',1275),(395,'MK3276GSX','00387','','','','','','',0,5,'data/tudor/cutia6/hdd_toshiba_320_GB_5400_RPM.jpg',0,1,280.0000,0,0,'2013-02-05',0.00000000,1,0.00000000,0.00000000,0.00000000,1,1,1,1,1,'2013-02-06 13:52:22','2013-02-25 16:59:03',1219),(396,'ST9750420AS','00386','','','','','','Bucuresti',0,5,'data/tudor/cutia6/SEAGATE_750_GB_7200_RPM.jpg',0,1,380.0000,0,0,'2013-02-05',0.00000000,1,0.00000000,0.00000000,0.00000000,1,1,1,1,1,'2013-02-06 13:57:35','2013-02-27 16:20:36',1076),(397,'WD6400BPVT','00385','','','','','','',0,5,'data/tudor/cutia6/hddwdBLUE640GB5400RPM.jpg',0,1,350.0000,0,0,'2013-02-05',0.00000000,1,0.00000000,0.00000000,0.00000000,1,1,1,1,1,'2013-02-06 14:01:28','2013-05-15 12:18:55',1081),(398,'MK6461GSYN','00384','','','','','','',0,5,'data/tudor/cutia6/hdd_toshiba_BLUE_640GB_5400RPM.jpg',0,1,380.0000,0,0,'2013-02-05',0.00000000,1,0.00000000,0.00000000,0.00000000,1,1,1,1,1,'2013-02-06 14:06:54','2013-06-11 17:39:07',1431),(399,'RIGHT SL400','00380','','','','','','',3,5,'data/tudor/cutia-cu-balamale/balama_lenov_sl400.jpg',0,1,80.0000,0,0,'2013-02-05',0.00000000,1,0.00000000,0.00000000,0.00000000,1,1,1,1,1,'2013-02-06 14:16:17','2013-02-12 13:22:02',1260),(400,'DV 6-2000','00379','','','','','','',0,5,'data/carcase/balamale DV6.jpg',0,1,150.0000,0,0,'2013-02-05',0.00000000,1,0.00000000,0.00000000,0.00000000,1,1,1,1,1,'2013-02-06 14:21:03','2013-03-11 17:48:46',6545),(401,'LVDS MSI U100/90','00378','','','','','','',2,5,'data/tudor/cutia-cu-balamale/lvds_u_10090.jpg',0,1,120.0000,0,0,'2013-02-05',0.00000000,1,0.00000000,0.00000000,0.00000000,1,1,1,1,1,'2013-02-06 14:26:22','2013-02-08 22:48:37',0),(402,'LVDS MSI U135/130','00377','','','','','','',0,5,'data/tudor/cutia-cu-balamale/lvds_U_135130.jpg',0,1,120.0000,0,0,'2013-02-05',0.00000000,1,0.00000000,0.00000000,0.00000000,1,1,1,1,1,'2013-02-06 14:30:10','2013-11-25 11:35:23',0),(403,'BRA MSI 17.3 ','00376','','','','','','',0,5,'data/tudor/cutia-cu-balamale/BRACKET_17.3_INCH.jpg',0,1,120.0000,0,0,'2013-02-05',0.00000000,1,0.00000000,0.00000000,0.00000000,1,1,1,1,1,'2013-02-06 14:38:41','2013-11-07 15:54:56',738),(404,'BAL-BRA MSI 15.6 ','00374','','','','','','',0,5,'data/tudor/cutia-cu-balamale/balamabracket156_inch.jpg',0,1,180.0000,0,0,'2013-02-05',0.00000000,1,0.00000000,0.00000000,0.00000000,1,1,1,1,1,'2013-02-06 14:48:41','2013-08-23 11:48:54',1539),(405,'BAL-BRA MSI 15.6 GX','00375','','','','','','',0,5,'data/tudor/cutia-cu-balamale/BALAMALEbracket_156_INCH.jpg',0,1,180.0000,0,0,'2013-02-05',0.00000000,1,0.00000000,0.00000000,0.00000000,1,1,1,1,1,'2013-02-06 14:48:46','2013-11-07 15:55:31',811),(406,'BAL-BRA MSI 16 ','00373','','','','','','',0,5,'data/tudor/cutia-cu-balamale/BALAMAbracket_16_INCH.jpg',0,1,180.0000,0,0,'2013-02-05',0.00000000,1,0.00000000,0.00000000,0.00000000,1,1,1,1,1,'2013-02-06 14:51:25','2013-04-15 11:01:15',1016),(407,'BAL-BRA MSI 17.3 ','00372','','','','','','',0,5,'data/tudor/cutia-cu-balamale/BALAMAbracket_173_INCH.jpg',0,1,180.0000,0,0,'2013-02-05',0.00000000,1,0.00000000,0.00000000,0.00000000,1,1,1,1,1,'2013-02-06 14:56:30','2013-09-02 17:54:08',1199),(408,'BAL MSI 15.4 GX','00371','','','','','','',0,5,'data/tudor/cutia-cu-balamale/BALAMALE_15.6_GH.JPG',0,1,150.0000,0,0,'2013-02-05',0.00000000,1,0.00000000,0.00000000,0.00000000,1,1,1,1,1,'2013-02-06 15:05:10','2013-11-07 15:55:59',12519),(409,'BAL MSI 15.4 ','00370','','','','','','',0,5,'data/tudor/cutia-cu-balamale/BALAMALE_15.6_NORMALE.JPG',0,1,120.0000,0,0,'2013-02-05',0.00000000,1,0.00000000,0.00000000,0.00000000,1,1,1,1,1,'2013-02-06 15:05:18','2013-11-07 15:56:26',12815),(410,'PROBOOK 4515S','00423','','','','','','',0,5,'data/tudor/placi-de-baza/hp_PROBOOK_4515S.jpg',0,1,600.0000,0,0,'2013-02-05',0.00000000,1,0.00000000,0.00000000,0.00000000,1,1,1,1,1,'2013-02-06 15:17:19','2013-12-06 11:53:56',655),(411,'COMPAQ MINI 110C 537619-001','00426','','','','','','',0,5,'data/tudor/placi-de-baza/hp_COMPAQ_MINI_110C_537619001.jpg',0,1,350.0000,0,0,'2013-02-05',0.00000000,1,0.00000000,0.00000000,0.00000000,1,1,1,1,1,'2013-02-06 15:20:04','2015-07-17 09:58:16',665),(412,'ASIPRE 5750 P5WEO L58 ','00427','','','','','','Bucuresti',1,5,'data/tudor/placi-de-baza/acer_ASIPRE_5750_P5WEO_L58.jpg',0,1,600.0000,0,0,'2013-02-05',0.00000000,1,0.00000000,0.00000000,0.00000000,1,1,1,1,1,'2013-02-06 15:23:23','2013-02-11 09:35:40',829),(413,'AS 5310/AS5710 LA-3711P ','00428','','','','','','',1,5,'data/tudor/placi-de-baza/acer_AS_5310AS5710_LA3711P.jpg',0,1,550.0000,0,0,'2013-02-05',0.00000000,1,0.00000000,0.00000000,0.00000000,1,1,1,1,1,'2013-02-06 15:25:27','2013-02-11 09:34:46',803),(414,'TOSHIBA TECRA A7 ','00429','','','','','','',1,5,'data/tudor/placi-de-baza/Toshiba_TECRA_A7.jpg',0,1,400.0000,0,0,'2013-02-05',0.00000000,1,0.00000000,0.00000000,0.00000000,1,1,1,1,1,'2013-02-06 15:27:23','2013-02-11 09:40:10',581),(415,'DV7 – 2000 SPS 507169 ','00430','','','','','','',2,5,'data/tudor/placi-de-baza/HP_DV72000_SPS_507169.jpg',0,1,550.0000,0,0,'2013-02-05',0.00000000,1,0.00000000,0.00000000,0.00000000,1,1,1,1,1,'2013-02-06 15:28:40','2013-02-11 09:37:36',635),(416,'MS 1632 M670','00431','','','','','','',1,5,'data/tudor/placi-de-baza/msi_MS_1632_M670.jpg',0,1,0.0000,0,0,'2013-02-05',0.00000000,1,0.00000000,0.00000000,0.00000000,1,1,1,1,1,'2013-02-06 15:31:37','2013-02-11 09:37:49',1230),(417,'MS 1635 M673','00432','','','','','','',1,5,'data/tudor/placi-de-baza/MS_1635_M673.jpg',0,1,500.0000,0,0,'2013-02-05',0.00000000,1,0.00000000,0.00000000,0.00000000,1,1,1,1,1,'2013-02-06 15:32:34','2013-02-11 09:38:48',738),(418,'MS 1058 S271','00433','','','','','','',0,5,'data/tudor/placi-de-baza/msi_MS_1058_S271.jpg',0,1,550.0000,0,0,'2013-02-05',0.00000000,1,0.00000000,0.00000000,0.00000000,1,1,1,1,1,'2013-02-06 15:34:09','2013-02-11 09:38:22',709),(419,'UK435 INPIRON 1720 INTEL','00434','','','','','','',1,5,'data/tudor/placi-de-baza/dell_PN_UK435_INPIRON_1720_INTEL.jpg',0,1,550.0000,0,0,'2013-02-05',0.00000000,1,0.00000000,0.00000000,0.00000000,1,1,1,1,1,'2013-02-06 15:36:45','2013-02-11 09:36:45',621),(420,'MS 1681 CX 623 ','00435','','','','','','',0,5,'data/tudor/placi-de-baza/msi_MS_1681_CX_623.jpg',0,1,650.0000,0,0,'2013-02-05',0.00000000,1,0.00000000,0.00000000,0.00000000,1,1,1,1,1,'2013-02-06 15:38:09','2013-05-26 18:31:50',1221),(421,'MSI VR 610 MS-163B','00436','','','','','','',1,5,'data/tudor/placi-de-baza/msi_VR_610_MS163B.jpg',0,1,550.0000,0,0,'2013-02-05',0.00000000,1,0.00000000,0.00000000,0.00000000,1,1,1,1,1,'2013-02-06 15:39:42','2013-02-11 09:39:45',769),(422,'HP DV7 INTEL SPS578131','00437','','','','','','',1,5,'data/tudor/placi-de-baza/HP_DV7_INTEL_SPS578131.jpg',0,1,550.0000,0,0,'2013-02-05',0.00000000,1,0.00000000,0.00000000,0.00000000,1,1,1,1,1,'2013-02-06 15:42:10','2013-02-11 09:37:00',608),(423,'AS 7320/AS 7720 ICK70L12/ LA-3551P','00438','','','','','','',1,5,'data/tudor/placi-de-baza/acer_AS_7320AS_7720_ICK70L12_LA3551P_SPATE.jpg',0,1,550.0000,0,0,'2013-02-05',0.00000000,1,0.00000000,0.00000000,0.00000000,1,1,1,1,1,'2013-02-06 15:44:21','2013-02-11 09:35:01',863),(424,'AS 8530 48.4AJ01.011','00439','','','','','','',1,5,'data/tudor/placi-de-baza/acer_AS_8530_484AJ01011.jpg',0,1,550.0000,0,0,'2013-02-05',0.00000000,1,0.00000000,0.00000000,0.00000000,1,1,1,1,1,'2013-02-06 15:45:44','2013-02-11 09:35:19',187),(425,'MSI VR 601 MS-1637','00441','','','','','','',1,5,'data/tudor/placi-de-baza/msi_VR_601_MS1637.jpg',0,1,550.0000,0,0,'2013-02-05',0.00000000,1,0.00000000,0.00000000,0.00000000,1,1,1,1,1,'2013-02-06 15:47:23','2013-02-11 09:39:34',660),(426,'ACER 5732/5734 EM E525/EM E725 LA-4854P','00442','','','','','','',1,5,'data/tudor/placi-de-baza/57325734_EM_E525EM_E725_LA4854P_FATA.jpg',0,1,550.0000,0,0,'2013-02-05',0.00000000,1,0.00000000,0.00000000,0.00000000,1,1,1,1,1,'2013-02-06 15:50:32','2013-02-11 09:34:30',936),(427,'MSI L720 ','00443','','','','','','',1,5,'data/tudor/placi-de-baza/msi_l720.jpg',0,1,400.0000,0,0,'2013-02-05',0.00000000,1,0.00000000,0.00000000,0.00000000,1,1,1,1,1,'2013-02-06 15:51:56','2013-02-11 09:38:13',643),(428,'MSI S420 MS-1412','00444','','','','','','',1,5,'data/tudor/placi-de-baza/msi_S420_MS1412.jpg',0,1,450.0000,0,0,'2013-02-05',0.00000000,1,0.00000000,0.00000000,0.00000000,1,1,1,1,1,'2013-02-06 15:56:00','2013-02-11 09:39:12',625),(429,'DELL D620 CU VIDEO','00445','','','','','','',0,5,'data/tudor/placi-de-baza/dell_D620_CU_VIDEO.jpg',0,1,0.0000,0,0,'2013-02-05',0.00000000,1,0.00000000,0.00000000,0.00000000,1,1,1,1,1,'2013-02-06 15:57:50','2013-04-09 12:58:13',996),(430,'MSI U100/U90 MS-NO111','00446','','','','','','',1,5,'data/tudor/placi-de-baza/msi_U100U90MSNO111_SPATE.jpg',0,1,400.0000,0,0,'2013-02-05',0.00000000,1,0.00000000,0.00000000,0.00000000,1,1,1,1,1,'2013-02-06 15:59:55','2013-02-11 09:39:25',597),(431,'SAMSUNG NC10','00448','','','','','','',1,5,'data/tudor/placi-de-baza/samsung_nc10.jpg',0,1,350.0000,0,0,'2013-02-05',0.00000000,1,0.00000000,0.00000000,0.00000000,1,1,1,1,1,'2013-02-06 16:01:00','2013-02-11 09:40:30',543),(432,'PACKARD BELL PACKAED BELL ALP-HORUS G 12.1','00449','','','','','','',1,5,'data/tudor/placi-de-baza/PACKAED_BELL_ALPHORUS_G_121.jpg',0,1,400.0000,0,0,'2013-02-05',0.00000000,1,0.00000000,0.00000000,0.00000000,1,1,1,1,1,'2013-02-06 16:03:10','2013-02-11 09:39:56',713),(433,'PRECISION E6500','00383','','','','','','',2,5,'data/tudor/cutia6/INVERTOR_DELL_PRECISION_E6500.jpg',0,1,120.0000,0,0,'2013-02-05',0.00000000,1,0.00000000,0.00000000,0.00000000,1,1,1,1,1,'2013-02-06 16:15:55','2013-02-06 21:28:32',559),(434,'DELL LAT E5400','00382','','','','','','',2,5,'data/tudor/cutia6/INVERTOR_DELL_LAT_E5400.jpg',0,1,120.0000,0,0,'2013-02-05',0.00000000,1,0.00000000,0.00000000,0.00000000,1,1,1,1,1,'2013-02-06 16:31:45','2013-02-06 21:28:56',588),(435,'DELL VOSTRO 1720','00381','','','','','','',2,5,'data/tudor/cutia6/invertorVOSTRO1720.jpg',0,1,120.0000,0,0,'2013-02-05',0.00000000,1,0.00000000,0.00000000,0.00000000,1,1,1,1,1,'2013-02-06 16:33:44','2013-02-06 21:29:17',2250),(436,' 0P1937','00367','','','','','','',2,5,'data/tudor/cutia 5/PLACAVIDEO6400DEL.jpg',0,1,250.0000,0,0,'2013-02-05',0.00000000,1,0.00000000,0.00000000,0.00000000,1,1,1,1,1,'2013-02-06 16:49:11','2013-02-08 23:53:23',0),(437,'0WF148','00365','','','','','','',0,5,'data/tudor/cutia 5/PLACA_VIDEO_NVIDIA_1520_SPATE.jpg',0,1,350.0000,0,0,'2013-02-05',0.00000000,1,0.00000000,0.00000000,0.00000000,1,1,1,1,1,'2013-02-06 16:57:29','2013-08-19 15:56:58',1380),(439,'DELL 1525','00356','','','','','','',1,5,'data/tudor/cutia 5/SISTELDERACIREDELL1525.jpg',0,1,150.0000,0,0,'2013-02-05',0.00000000,1,0.00000000,0.00000000,0.00000000,1,1,1,1,1,'2013-02-06 17:34:53','2013-02-12 13:37:29',761),(440,'PART 0CJFHX','00368','','','','','','',1,5,'data/tudor/cutia 5/PLACADEBAZADELLINSPIRON1545.jpg',0,1,550.0000,0,0,'2013-02-05',0.00000000,1,0.00000000,0.00000000,0.00000000,1,1,1,1,1,'2013-02-06 17:43:09','2013-02-11 09:36:33',3493),(441,'PART 0CJM2F','00369','','','','','','',2,5,'data/tudor/cutia 5/PLACADELLINSPIRON1526_.jpg',0,1,550.0000,0,0,'2013-02-05',0.00000000,1,0.00000000,0.00000000,0.00000000,1,1,1,1,1,'2013-02-06 17:45:17','2013-02-11 09:36:19',619),(442,'NVIDIA 0YY634','00366','','','','','','',0,5,'data/tudor/cutia 5/PLACAVIDEO.jpg',0,1,400.0000,0,0,'2013-02-05',0.00000000,1,0.00000000,0.00000000,0.00000000,1,1,1,1,1,'2013-02-06 18:45:37','2014-05-29 11:12:23',1425),(463,'B156HW01 V.7','00414','','','','','','',0,5,'data/tudor/display/b156HW01.jpg',0,1,550.0000,0,0,'2013-02-10',0.00000000,1,0.00000000,0.00000000,0.00000000,1,1,1,1,1,'2013-02-11 22:45:09','2015-04-23 14:08:28',5301),(494,'ADP-65JHP DB','00020','','','','','','Bucuresti',9,5,'data/alimentatoare/AC_19V_3.42A/ACER_19V_342A_65W.jpg',0,1,120.0000,0,0,'2013-04-22',0.00000000,1,0.00000000,0.00000000,0.00000000,1,1,1,1,1,'2013-04-23 16:36:02','2013-04-23 17:16:29',0),(443,'DELL PR03X','00450','','','','','','Bucuresti',1,5,'data/tudor/cutia 5/DOCKING.jpg',0,1,220.0000,0,0,'2013-02-06',0.00000000,1,0.00000000,0.00000000,0.00000000,1,1,1,1,1,'2013-02-07 00:45:39','0000-00-00 00:00:00',871),(444,' P/N: P0690-A01','00451','','','','','','',1,5,'data/tudor/cutia 5/CD_EXTERN.jpg',0,1,150.0000,0,0,'2013-02-06',0.00000000,1,0.00000000,0.00000000,0.00000000,1,1,1,1,1,'2013-02-07 00:57:00','2013-02-09 02:02:22',758),(445,'ldvs led 16 Inch','00354','','','','','','',1,5,'data/tudor/DIN TOATE/ldvs_led_16_inch.jpg',0,1,180.0000,0,0,'2013-02-07',0.00000000,1,0.00000000,0.00000000,0.00000000,1,1,1,1,1,'2013-02-08 13:20:38','2013-02-09 01:37:10',4852),(492,'ADP-65JHP DB','00020','','','','','','Bucuresti',9,5,'data/alimentatoare/AC_19V_3.42A/ACER_19V_342A_65W.jpg',0,1,120.0000,0,0,'2013-04-22',0.00000000,1,0.00000000,0.00000000,0.00000000,1,1,1,1,1,'2013-04-23 16:24:49','2013-04-23 17:16:42',0),(466,'LTN160HT01','00417','','','','','','',0,5,'data/tudor/DIN TOATE/LTN160HT01.jpg',0,1,500.0000,0,0,'2013-02-10',0.00000000,1,0.00000000,0.00000000,0.00000000,1,1,1,1,1,'2013-02-11 23:32:40','2013-10-28 09:33:26',6758),(846,'Acer-Aspire-E520','00502','','','','','','Bucuresti',0,5,'data/gigel/placi de baza 2/DSC_0073.jpg',0,1,0.0000,0,0,'2013-05-26',0.00000000,1,0.00000000,0.00000000,0.00000000,1,1,1,1,1,'2013-05-27 09:36:28','2013-12-20 08:55:15',418),(446,' B101EW05 V.4','00319','','','','','','bucuresti',5,5,'data/display-uri/10.1_INCH/B101EW05.jpg',0,1,350.0000,0,0,'2013-02-08',0.00000000,1,0.00000000,0.00000000,0.00000000,1,1,1,1,1,'2013-02-09 12:58:14','2013-02-12 14:17:29',5006),(447,'CONNECTOR ADAPTOR LED - LAMPA 15.6 INCH ','00358','','','','','','',0,5,'data/tudor/DIN TOATE/LEDLAMPA15.6INCH2.jpg',0,1,50.0000,0,0,'2013-02-08',0.00000000,1,0.00000000,0.00000000,0.00000000,1,1,1,1,1,'2013-02-09 20:27:06','2013-07-10 13:30:50',732),(448,'CONNECTOR ADAPTOR LED - LAMPA 16 INCH ','00359','','','','','','',5,5,'data/tudor/DIN TOATE/LEDLAMPA16INCH22.jpg',0,1,50.0000,0,0,'2013-02-08',0.00000000,1,0.00000000,0.00000000,0.00000000,1,1,1,1,1,'2013-02-09 20:30:35','2013-07-10 13:30:26',781),(449,'CONNECTOR ADAPTOR LEFT - RIGHT 15.6 INCH ','00360','','','','','','',11,5,'data/tudor/DIN TOATE/LEFTRIGHT15.6INCH.JPG',0,1,50.0000,0,0,'2013-02-08',0.00000000,1,0.00000000,0.00000000,0.00000000,1,1,1,1,1,'2013-02-09 20:33:11','2013-08-19 16:00:02',600),(450,'CONNECTOR ADAPTOR LEFT - RIGHT 17.3 INCH ','00361','','','','','','',4,5,'data/tudor/DIN TOATE/LEFTRIGHT17.3INCH2.jpg',0,1,50.0000,0,0,'2013-02-08',0.00000000,1,0.00000000,0.00000000,0.00000000,1,1,1,1,1,'2013-02-09 20:36:01','2013-07-10 13:28:19',596),(451,'ASIPRE 7745G ','00424','','','','','','',0,5,'data/tudor/DIN TOATE/placa_baza_acer_7745g.jpg',0,1,600.0000,0,0,'2013-02-08',0.00000000,1,0.00000000,0.00000000,0.00000000,1,1,1,1,1,'2013-02-09 20:44:32','2014-11-17 09:47:57',778),(452,'MSI MS 1271 VR201 ','00425','','','','','','',1,5,'data/tudor/DIN TOATE/MORHERBOARD_MSIMS1271_VR201.jpg',0,1,550.0000,0,0,'2013-02-08',0.00000000,1,0.00000000,0.00000000,0.00000000,1,1,1,1,1,'2013-02-09 20:46:25','2013-02-11 09:38:34',598),(453,'MSI GX 720 MS-1722 ','00440','','','','','','',1,5,'data/tudor/DIN TOATE/xps1730.jpg',0,1,600.0000,0,0,'2013-02-08',0.00000000,1,0.00000000,0.00000000,0.00000000,1,1,1,1,1,'2013-02-09 20:50:37','2013-02-11 09:38:00',210),(455,'B121EW09 V.2 ','00391','','','','','','',4,5,'data/tudor/DIN TOATE/B121EW09.jpg',0,1,400.0000,0,0,'2013-02-08',0.00000000,1,0.00000000,0.00000000,0.00000000,1,1,1,1,1,'2013-02-09 21:08:15','2013-06-11 09:17:55',992),(456,'BGMK5076GSX','00452','','','','','','',0,5,'data/tudor/DIN TOATE/hdd_toshiba_500bgmk5076gsx.jpg',0,1,350.0000,0,0,'2013-02-08',0.00000000,1,0.00000000,0.00000000,0.00000000,1,1,1,1,1,'2013-02-09 21:14:39','2013-05-13 12:26:17',1214),(457,'MT16JTF51','00456','','','','','','',0,5,'data/tudor/DIN TOATE/RAM_4GB_MT16JTF51.jpg',0,1,125.0000,0,0,'2013-02-08',0.00000000,1,0.00000000,0.00000000,0.00000000,1,1,1,1,1,'2013-02-09 21:28:17','2013-05-16 14:01:08',1265),(458,'KVR667','00454','','','','','','',0,5,'data/tudor/DIN TOATE/ram_1gb_kvr667.jpg',0,1,80.0000,0,0,'2013-02-08',0.00000000,1,0.00000000,0.00000000,0.00000000,1,1,1,1,1,'2013-02-09 21:31:30','2013-11-28 10:10:36',1199),(459,'TLDI15R','00455','','','','','','',0,5,'data/tudor/DIN TOATE/TAST_INSP_N5110.jpg',0,1,180.0000,0,0,'2013-02-08',0.00000000,1,0.00000000,0.00000000,0.00000000,1,1,1,1,1,'2013-02-09 21:42:11','2013-11-05 09:49:30',9853),(470,'018UK','00362','','','','','','',0,5,'data/tudor/tastaturi/tastatura_pn0kn0xv1ui18.jpg',0,1,0.0000,0,0,'2013-02-12',0.00000000,1,0.00000000,0.00000000,0.00000000,1,1,1,1,1,'2013-02-13 11:57:00','2013-02-13 12:06:03',6794),(495,'ADP-65JHP DB','00020','','','','','','Bucuresti',9,5,'data/alimentatoare/AC_19V_3.42A/ACER_19V_342A_65W.jpg',0,1,120.0000,0,0,'2013-04-22',0.00000000,1,0.00000000,0.00000000,0.00000000,1,1,1,1,1,'2013-04-23 16:42:54','2013-04-23 17:16:52',0),(496,'ADP-65JHP DB','00020','','','','','','Bucuresti',9,5,'data/alimentatoare/AC_19V_3.42A/ACER_19V_342A_65W.jpg',0,1,120.0000,0,0,'2013-04-22',0.00000000,1,0.00000000,0.00000000,0.00000000,1,1,1,1,1,'2013-04-23 16:46:23','2013-04-23 17:17:05',0),(497,'ADP-65JHP DB','00020','','','','','','Bucuresti',9,5,'data/alimentatoare/AC_19V_3.42A/ACER_19V_342A_65W.jpg',0,1,120.0000,0,0,'2013-04-22',0.00000000,1,0.00000000,0.00000000,0.00000000,1,1,1,1,1,'2013-04-23 16:53:35','2013-04-23 17:17:23',0),(498,'ADP-65JHP DB','00020','','','','','','Bucuresti',9,5,'data/alimentatoare/AC_19V_3.42A/ACER_19V_342A_65W.jpg',0,1,120.0000,0,0,'2013-04-22',0.00000000,1,0.00000000,0.00000000,0.00000000,1,1,1,1,1,'2013-04-23 17:00:47','2013-04-23 17:17:32',0),(499,'ADP-65JHP DB','00020','','','','','','Bucuresti',9,5,'data/alimentatoare/AC_19V_3.42A/ACER_19V_342A_65W.jpg',0,1,120.0000,0,0,'2013-04-22',0.00000000,1,0.00000000,0.00000000,0.00000000,1,1,1,1,1,'2013-04-23 17:02:59','2013-04-23 17:17:40',0),(500,'ADP-65JHP DB','00020','','','','','','Bucuresti',9,5,'data/alimentatoare/AC_19V_3.42A/ACER_19V_342A_65W.jpg',0,1,120.0000,0,0,'2013-04-22',0.00000000,1,0.00000000,0.00000000,0.00000000,1,1,1,1,1,'2013-04-23 17:05:17','2013-04-23 17:17:50',0),(501,'ADP-65JHP DB','00020','','','','','','Bucuresti',9,5,'data/alimentatoare/AC_19V_3.42A/ACER_19V_342A_65W.jpg',0,1,120.0000,0,0,'2013-04-22',0.00000000,1,0.00000000,0.00000000,0.00000000,1,1,1,1,1,'2013-04-23 17:25:46','2013-04-23 22:41:39',0),(504,'ADP-65JHP DB','00020','','','','','','Bucuresti',9,5,'data/alimentatoare/AC_19V_3.42A/ACER_19V_342A_65W.jpg',0,1,120.0000,0,0,'2013-04-22',0.00000000,1,0.00000000,0.00000000,0.00000000,1,1,1,1,1,'2013-04-23 17:39:53','0000-00-00 00:00:00',0),(505,'ADP-65JHP DB','00020','','','','','','Bucuresti',9,5,'data/alimentatoare/AC_19V_3.42A/ACER_19V_342A_65W.jpg',0,1,120.0000,0,0,'2013-04-22',0.00000000,1,0.00000000,0.00000000,0.00000000,1,1,1,1,1,'2013-04-23 17:41:46','0000-00-00 00:00:00',0),(506,'ADP-65JHP DB','00020','','','','','','Bucuresti',9,5,'data/alimentatoare/AC_19V_3.42A/ACER_19V_342A_65W.jpg',0,1,120.0000,0,0,'2013-04-22',0.00000000,1,0.00000000,0.00000000,0.00000000,1,1,1,1,1,'2013-04-23 17:43:38','0000-00-00 00:00:00',0),(507,'ADP-65JHP DB','00020','','','','','','Bucuresti',9,5,'data/alimentatoare/AC_19V_3.42A/ACER_19V_342A_65W.jpg',0,1,120.0000,0,0,'2013-04-22',0.00000000,1,0.00000000,0.00000000,0.00000000,1,1,1,1,1,'2013-04-23 17:45:53','0000-00-00 00:00:00',0),(508,'ADP-65JHP DB','00020','','','','','','Bucuresti',9,5,'data/alimentatoare/AC_19V_3.42A/ACER_19V_342A_65W.jpg',0,1,120.0000,0,0,'2013-04-22',0.00000000,1,0.00000000,0.00000000,0.00000000,1,1,1,1,1,'2013-04-23 17:47:46','0000-00-00 00:00:00',0),(509,'ADP-65JHP DB','00020','','','','','','Bucuresti',9,5,'data/alimentatoare/AC_19V_3.42A/ACER_19V_342A_65W.jpg',0,1,120.0000,0,0,'2013-04-22',0.00000000,1,0.00000000,0.00000000,0.00000000,1,1,1,1,1,'2013-04-23 17:52:08','0000-00-00 00:00:00',0),(510,'ADP-65JHP DB','00020','','','','','','Bucuresti',9,5,'data/alimentatoare/AC_19V_3.42A/ACER_19V_342A_65W.jpg',0,1,120.0000,0,0,'2013-04-22',0.00000000,1,0.00000000,0.00000000,0.00000000,1,1,1,1,1,'2013-04-23 18:01:32','0000-00-00 00:00:00',0),(511,'ADP-65JHP DB','00020','','','','','','Bucuresti',9,5,'data/alimentatoare/AC_19V_3.42A/ACER_19V_342A_65W.jpg',0,1,120.0000,0,0,'2013-04-22',0.00000000,1,0.00000000,0.00000000,0.00000000,1,1,1,1,1,'2013-04-23 18:06:21','0000-00-00 00:00:00',0),(512,'ADP-65JHP DB','00020','','','','','','Bucuresti',9,5,'data/alimentatoare/AC_19V_3.42A/ACER_19V_342A_65W.jpg',0,1,120.0000,0,0,'2013-04-22',0.00000000,1,0.00000000,0.00000000,0.00000000,1,1,1,1,1,'2013-04-23 18:08:56','0000-00-00 00:00:00',0),(513,'ADP-65JHP DB','00020','','','','','','Bucuresti',9,5,'data/alimentatoare/AC_19V_3.42A/ACER_19V_342A_65W.jpg',0,1,120.0000,0,0,'2013-04-22',0.00000000,1,0.00000000,0.00000000,0.00000000,1,1,1,1,1,'2013-04-23 22:24:22','0000-00-00 00:00:00',0),(514,'ADP-65JHP DB','00020','','','','','','Bucuresti',9,5,'data/alimentatoare/AC_19V_3.42A/ACER_19V_342A_65W.jpg',0,1,120.0000,0,0,'2013-04-22',0.00000000,1,0.00000000,0.00000000,0.00000000,1,1,1,1,1,'2013-04-23 22:26:37','0000-00-00 00:00:00',0),(515,'ADP-65JHP DB','00020','','','','','','Bucuresti',9,5,'data/alimentatoare/AC_19V_3.42A/ACER_19V_342A_65W.jpg',0,1,120.0000,0,0,'2013-04-22',0.00000000,1,0.00000000,0.00000000,0.00000000,1,1,1,1,1,'2013-04-23 22:28:53','0000-00-00 00:00:00',0),(516,'ADP-65JHP DB','00020','','','','','','Bucuresti',9,5,'data/alimentatoare/AC_19V_3.42A/ACER_19V_342A_65W.jpg',0,1,120.0000,0,0,'2013-04-22',0.00000000,1,0.00000000,0.00000000,0.00000000,1,1,1,1,1,'2013-04-23 22:31:12','0000-00-00 00:00:00',0),(517,'ADP-65JHP DB','00020','','','','','','Bucuresti',9,5,'data/alimentatoare/AC_19V_3.42A/ACER_19V_342A_65W.jpg',0,1,120.0000,0,0,'2013-04-22',0.00000000,1,0.00000000,0.00000000,0.00000000,1,1,1,1,1,'2013-04-23 22:33:23','0000-00-00 00:00:00',0),(518,'ADP-65JHP DB','00020','','','','','','Bucuresti',9,5,'data/alimentatoare/AC_19V_3.42A/ACER_19V_342A_65W.jpg',0,1,120.0000,0,0,'2013-04-22',0.00000000,1,0.00000000,0.00000000,0.00000000,1,1,1,1,1,'2013-04-23 22:38:16','0000-00-00 00:00:00',0),(519,'ADP-65JHP DB','00020','','','','','','Bucuresti',9,5,'data/alimentatoare/AC_19V_3.42A/ACER_19V_342A_65W.jpg',0,1,120.0000,0,0,'2013-04-22',0.00000000,1,0.00000000,0.00000000,0.00000000,1,1,1,1,1,'2013-04-23 22:46:07','0000-00-00 00:00:00',0),(520,'ADP-65JHP DB','00020','','','','','','Bucuresti',9,5,'data/alimentatoare/AC_19V_3.42A/ACER_19V_342A_65W.jpg',0,1,120.0000,0,0,'2013-04-23',0.00000000,1,0.00000000,0.00000000,0.00000000,1,1,1,1,1,'2013-04-24 11:11:29','0000-00-00 00:00:00',0),(521,'ADP-65JHP DB','00020','','','','','','Bucuresti',9,5,'data/alimentatoare/AC_19V_3.42A/ACER_19V_342A_65W.jpg',0,1,120.0000,0,0,'2013-04-23',0.00000000,1,0.00000000,0.00000000,0.00000000,1,1,1,1,1,'2013-04-24 11:13:26','0000-00-00 00:00:00',0),(522,'ADP-65JHP DB','00020','','','','','','Bucuresti',9,5,'data/alimentatoare/AC_19V_3.42A/ACER_19V_342A_65W.jpg',0,1,120.0000,0,0,'2013-04-23',0.00000000,1,0.00000000,0.00000000,0.00000000,1,1,1,1,1,'2013-04-24 11:15:26','0000-00-00 00:00:00',0),(523,'ADP-65JHP DB','00020','','','','','','Bucuresti',9,5,'data/alimentatoare/AC_19V_3.42A/ACER_19V_342A_65W.jpg',0,1,120.0000,0,0,'2013-04-23',0.00000000,1,0.00000000,0.00000000,0.00000000,1,1,1,1,1,'2013-04-24 11:17:50','0000-00-00 00:00:00',0),(524,'ADP-65JHP DB','00020','','','','','','Bucuresti',9,5,'data/alimentatoare/AC_19V_3.42A/ACER_19V_342A_65W.jpg',0,1,120.0000,0,0,'2013-04-23',0.00000000,1,0.00000000,0.00000000,0.00000000,1,1,1,1,1,'2013-04-24 11:23:32','0000-00-00 00:00:00',0),(525,'ADP-65JHP DB','00020','','','','','','Bucuresti',9,5,'data/alimentatoare/AC_19V_3.42A/ACER_19V_342A_65W.jpg',0,1,120.0000,0,0,'2013-04-23',0.00000000,1,0.00000000,0.00000000,0.00000000,1,1,1,1,1,'2013-04-24 11:26:21','2013-04-29 09:52:32',0),(526,'ADP-65JHP DB','00020','','','','','','Bucuresti',9,5,'data/alimentatoare/AC_19V_3.42A/ACER_19V_342A_65W.jpg',0,1,120.0000,0,0,'2013-04-23',0.00000000,1,0.00000000,0.00000000,0.00000000,1,1,1,1,1,'2013-04-24 11:31:10','0000-00-00 00:00:00',0),(527,'ADP-65JHP DB','00020','','','','','','Bucuresti',9,5,'data/alimentatoare/AC_19V_3.42A/ACER_19V_342A_65W.jpg',0,1,120.0000,0,0,'2013-04-23',0.00000000,1,0.00000000,0.00000000,0.00000000,1,1,1,1,1,'2013-04-24 11:33:04','0000-00-00 00:00:00',0),(528,'ADP-65JHP DB','00020','','','','','','Bucuresti',9,5,'data/alimentatoare/AC_19V_3.42A/ACER_19V_342A_65W.jpg',0,1,120.0000,0,0,'2013-04-23',0.00000000,1,0.00000000,0.00000000,0.00000000,1,1,1,1,1,'2013-04-24 11:35:54','0000-00-00 00:00:00',0),(529,'ADP-65JHP DB','00020','','','','','','Bucuresti',9,5,'data/alimentatoare/AC_19V_3.42A/ACER_19V_342A_65W.jpg',0,1,120.0000,0,0,'2013-04-23',0.00000000,1,0.00000000,0.00000000,0.00000000,1,1,1,1,1,'2013-04-24 11:40:05','0000-00-00 00:00:00',0),(530,'ADP-65JHP DB','00020','','','','','','Bucuresti',9,5,'data/alimentatoare/AC_19V_3.42A/ACER_19V_342A_65W.jpg',0,1,120.0000,0,0,'2013-04-23',0.00000000,1,0.00000000,0.00000000,0.00000000,1,1,1,1,1,'2013-04-24 11:44:44','0000-00-00 00:00:00',0),(531,'ADP-65JHP DB','00020','','','','','','Bucuresti',9,5,'data/alimentatoare/AC_19V_3.42A/ACER_19V_342A_65W.jpg',0,1,120.0000,0,0,'2013-04-23',0.00000000,1,0.00000000,0.00000000,0.00000000,1,1,1,1,1,'2013-04-24 11:48:06','0000-00-00 00:00:00',0),(532,'ADP-65JHP DB','00020','','','','','','Bucuresti',9,5,'data/alimentatoare/AC_19V_3.42A/ACER_19V_342A_65W.jpg',0,1,120.0000,0,0,'2013-04-23',0.00000000,1,0.00000000,0.00000000,0.00000000,1,1,1,1,1,'2013-04-24 11:49:56','0000-00-00 00:00:00',0),(533,'ADP-65JHP DB','00020','','','','','','Bucuresti',9,5,'data/alimentatoare/AC_19V_3.42A/ACER_19V_342A_65W.jpg',0,1,120.0000,0,0,'2013-04-23',0.00000000,1,0.00000000,0.00000000,0.00000000,1,1,1,1,1,'2013-04-24 11:53:01','0000-00-00 00:00:00',0),(534,'ADP-65JHP DB','00020','','','','','','Bucuresti',9,5,'data/alimentatoare/AC_19V_3.42A/ACER_19V_342A_65W.jpg',0,1,120.0000,0,0,'2013-04-23',0.00000000,1,0.00000000,0.00000000,0.00000000,1,1,1,1,1,'2013-04-24 11:54:52','0000-00-00 00:00:00',0),(535,'ADP-65JHP DB','00020','','','','','','Bucuresti',9,5,'data/alimentatoare/AC_19V_3.42A/ACER_19V_342A_65W.jpg',0,1,120.0000,0,0,'2013-04-23',0.00000000,1,0.00000000,0.00000000,0.00000000,1,1,1,1,1,'2013-04-24 11:57:37','0000-00-00 00:00:00',0),(536,'ADP-65JHP DB','00020','','','','','','Bucuresti',9,5,'data/alimentatoare/AC_19V_3.42A/ACER_19V_342A_65W.jpg',0,1,120.0000,0,0,'2013-04-23',0.00000000,1,0.00000000,0.00000000,0.00000000,1,1,1,1,1,'2013-04-24 11:59:22','0000-00-00 00:00:00',0),(537,'ADP-65JHP DB','00020','','','','','','Bucuresti',9,5,'data/alimentatoare/AC_19V_3.42A/ACER_19V_342A_65W.jpg',0,1,120.0000,0,0,'2013-04-23',0.00000000,1,0.00000000,0.00000000,0.00000000,1,1,1,1,1,'2013-04-24 12:02:01','0000-00-00 00:00:00',0),(538,'ADP-65JHP DB','00020','','','','','','Bucuresti',9,5,'data/alimentatoare/AC_19V_3.42A/ACER_19V_342A_65W.jpg',0,1,120.0000,0,0,'2013-04-23',0.00000000,1,0.00000000,0.00000000,0.00000000,1,1,1,1,1,'2013-04-24 12:03:58','0000-00-00 00:00:00',0),(539,'ADP-65JHP DB','00020','','','','','','Bucuresti',9,5,'data/alimentatoare/AC_19V_3.42A/ACER_19V_342A_65W.jpg',0,1,120.0000,0,0,'2013-04-23',0.00000000,1,0.00000000,0.00000000,0.00000000,1,1,1,1,1,'2013-04-24 12:05:48','0000-00-00 00:00:00',0),(540,'ADP-65JHP DB','00020','','','','','','Bucuresti',9,5,'data/alimentatoare/AC_19V_3.42A/ACER_19V_342A_65W.jpg',0,1,120.0000,0,0,'2013-04-23',0.00000000,1,0.00000000,0.00000000,0.00000000,1,1,1,1,1,'2013-04-24 12:07:48','0000-00-00 00:00:00',0),(541,'ADP-65JHP DB','00020','','','','','','Bucuresti',9,5,'data/alimentatoare/AC_19V_3.42A/ACER_19V_342A_65W.jpg',0,1,120.0000,0,0,'2013-04-23',0.00000000,1,0.00000000,0.00000000,0.00000000,1,1,1,1,1,'2013-04-24 12:09:37','0000-00-00 00:00:00',0),(542,'ADP-65JHP DB','00020','','','','','','Bucuresti',9,5,'data/alimentatoare/AC_19V_3.42A/ACER_19V_342A_65W.jpg',0,1,120.0000,0,0,'2013-04-23',0.00000000,1,0.00000000,0.00000000,0.00000000,1,1,1,1,1,'2013-04-24 12:11:35','0000-00-00 00:00:00',0),(543,'ADP-65JHP DB','00020','','','','','','Bucuresti',9,5,'data/alimentatoare/AC_19V_3.42A/ACER_19V_342A_65W.jpg',0,1,120.0000,0,0,'2013-04-23',0.00000000,1,0.00000000,0.00000000,0.00000000,1,1,1,1,1,'2013-04-24 12:13:22','0000-00-00 00:00:00',0),(544,'ADP-65JHP DB','00020','','','','','','Bucuresti',9,5,'data/alimentatoare/AC_19V_3.42A/ACER_19V_342A_65W.jpg',0,1,120.0000,0,0,'2013-04-23',0.00000000,1,0.00000000,0.00000000,0.00000000,1,1,1,1,1,'2013-04-24 12:15:26','0000-00-00 00:00:00',0),(545,'ADP-65JHP DB','00020','','','','','','Bucuresti',9,5,'data/alimentatoare/AC_19V_3.42A/ACER_19V_342A_65W.jpg',0,1,120.0000,0,0,'2013-04-23',0.00000000,1,0.00000000,0.00000000,0.00000000,1,1,1,1,1,'2013-04-24 12:17:33','0000-00-00 00:00:00',0),(546,'ADP-65JHP DB','00020','','','','','','Bucuresti',9,5,'data/alimentatoare/AC_19V_3.42A/ACER_19V_342A_65W.jpg',0,1,120.0000,0,0,'2013-04-23',0.00000000,1,0.00000000,0.00000000,0.00000000,1,1,1,1,1,'2013-04-24 12:19:22','0000-00-00 00:00:00',0),(547,'ADP-65JHP DB','00020','','','','','','Bucuresti',9,5,'data/alimentatoare/AC_19V_3.42A/ACER_19V_342A_65W.jpg',0,1,120.0000,0,0,'2013-04-23',0.00000000,1,0.00000000,0.00000000,0.00000000,1,1,1,1,1,'2013-04-24 12:21:44','2013-04-27 23:29:18',0),(548,'ADP-65JHP DB','00020','','','','','','Bucuresti',9,5,'data/alimentatoare/AC_19V_3.42A/ACER_19V_342A_65W.jpg',0,1,120.0000,0,0,'2013-04-23',0.00000000,1,0.00000000,0.00000000,0.00000000,1,1,1,1,1,'2013-04-24 12:24:54','0000-00-00 00:00:00',0),(549,'ADP-65JHP DB','00020','','','','','','Bucuresti',9,5,'data/alimentatoare/AC_19V_3.42A/ACER_19V_342A_65W.jpg',0,1,120.0000,0,0,'2013-04-23',0.00000000,1,0.00000000,0.00000000,0.00000000,1,1,1,1,1,'2013-04-24 12:29:43','0000-00-00 00:00:00',0),(550,'ADP-65JHP DB','00020','','','','','','Bucuresti',9,5,'data/alimentatoare/AC_19V_3.42A/ACER_19V_342A_65W.jpg',0,1,120.0000,0,0,'2013-04-23',0.00000000,1,0.00000000,0.00000000,0.00000000,1,1,1,1,1,'2013-04-24 12:36:56','0000-00-00 00:00:00',0),(551,'ADP-65JHP DB','00020','','','','','','Bucuresti',9,5,'data/alimentatoare/AC_19V_3.42A/ACER_19V_342A_65W.jpg',0,1,120.0000,0,0,'2013-04-23',0.00000000,1,0.00000000,0.00000000,0.00000000,1,1,1,1,1,'2013-04-24 12:38:49','0000-00-00 00:00:00',0),(552,'ADP-65JHP DB','00020','','','','','','Bucuresti',9,5,'data/alimentatoare/AC_19V_3.42A/ACER_19V_342A_65W.jpg',0,1,120.0000,0,0,'2013-04-23',0.00000000,1,0.00000000,0.00000000,0.00000000,1,1,1,1,1,'2013-04-24 12:39:13','0000-00-00 00:00:00',0),(553,'ADP-65JHP DB','00020','','','','','','Bucuresti',9,5,'data/alimentatoare/AC_19V_3.42A/ACER_19V_342A_65W.jpg',0,1,120.0000,0,0,'2013-04-23',0.00000000,1,0.00000000,0.00000000,0.00000000,1,1,1,1,1,'2013-04-24 12:41:03','0000-00-00 00:00:00',0),(554,'ADP-65JHP DB','00020','','','','','','Bucuresti',9,5,'data/alimentatoare/AC_19V_3.42A/ACER_19V_342A_65W.jpg',0,1,120.0000,0,0,'2013-04-23',0.00000000,1,0.00000000,0.00000000,0.00000000,1,1,1,1,1,'2013-04-24 12:44:07','0000-00-00 00:00:00',0),(555,'ADP-65JHP DB','00020','','','','','','Bucuresti',9,5,'data/alimentatoare/AC_19V_3.42A/ACER_19V_342A_65W.jpg',0,1,120.0000,0,0,'2013-04-23',0.00000000,1,0.00000000,0.00000000,0.00000000,1,1,1,1,1,'2013-04-24 12:46:18','0000-00-00 00:00:00',0),(556,'ADP-65JHP DB','00020','','','','','','Bucuresti',9,5,'data/alimentatoare/AC_19V_3.42A/ACER_19V_342A_65W.jpg',0,1,120.0000,0,0,'2013-04-23',0.00000000,1,0.00000000,0.00000000,0.00000000,1,1,1,1,1,'2013-04-24 12:48:21','0000-00-00 00:00:00',0),(557,'ADP-65JHP DB','00020','','','','','','Bucuresti',9,5,'data/alimentatoare/AC_19V_3.42A/ACER_19V_342A_65W.jpg',0,1,120.0000,0,0,'2013-04-23',0.00000000,1,0.00000000,0.00000000,0.00000000,1,1,1,1,1,'2013-04-24 12:50:22','0000-00-00 00:00:00',0),(558,'ADP-65JHP DB','00020','','','','','','Bucuresti',9,5,'data/alimentatoare/AC_19V_3.42A/ACER_19V_342A_65W.jpg',0,1,120.0000,0,0,'2013-04-23',0.00000000,1,0.00000000,0.00000000,0.00000000,1,1,1,1,1,'2013-04-24 12:52:13','0000-00-00 00:00:00',0),(559,'ADP-65JHP DB','00020','','','','','','Bucuresti',9,5,'data/alimentatoare/AC_19V_3.42A/ACER_19V_342A_65W.jpg',0,1,120.0000,0,0,'2013-04-23',0.00000000,1,0.00000000,0.00000000,0.00000000,1,1,1,1,1,'2013-04-24 12:54:15','0000-00-00 00:00:00',0),(560,'ADP-65JHP DB','00020','','','','','','Bucuresti',9,5,'data/alimentatoare/AC_19V_3.42A/ACER_19V_342A_65W.jpg',0,1,120.0000,0,0,'2013-04-23',0.00000000,1,0.00000000,0.00000000,0.00000000,1,1,1,1,1,'2013-04-24 12:56:36','0000-00-00 00:00:00',0),(561,'ADP-65JHP DB','00020','','','','','','Bucuresti',9,5,'data/alimentatoare/AC_19V_3.42A/ACER_19V_342A_65W.jpg',0,1,120.0000,0,0,'2013-04-23',0.00000000,1,0.00000000,0.00000000,0.00000000,1,1,1,1,1,'2013-04-24 12:58:14','0000-00-00 00:00:00',0),(562,'ADP-65JHP DB','00020','','','','','','Bucuresti',9,5,'data/alimentatoare/AC_19V_3.42A/ACER_19V_342A_65W.jpg',0,1,120.0000,0,0,'2013-04-23',0.00000000,1,0.00000000,0.00000000,0.00000000,1,1,1,1,1,'2013-04-24 12:59:53','0000-00-00 00:00:00',0),(563,'ADP-65JHP DB','00020','','','','','','Bucuresti',9,5,'data/alimentatoare/AC_19V_3.42A/ACER_19V_342A_65W.jpg',0,1,120.0000,0,0,'2013-04-23',0.00000000,1,0.00000000,0.00000000,0.00000000,1,1,1,1,1,'2013-04-24 13:01:34','0000-00-00 00:00:00',0),(564,'ADP-65JHP DB','00020','','','','','','Bucuresti',9,5,'data/alimentatoare/AC_19V_3.42A/ACER_19V_342A_65W.jpg',0,1,120.0000,0,0,'2013-04-23',0.00000000,1,0.00000000,0.00000000,0.00000000,1,1,1,1,1,'2013-04-24 13:03:44','0000-00-00 00:00:00',0),(565,'ADP-65JHP DB','00020','','','','','','Bucuresti',9,5,'data/alimentatoare/AC_19V_3.42A/ACER_19V_342A_65W.jpg',0,1,120.0000,0,0,'2013-04-23',0.00000000,1,0.00000000,0.00000000,0.00000000,1,1,1,1,1,'2013-04-24 13:05:32','0000-00-00 00:00:00',0),(566,'ADP-65JHP DB','00020','','','','','','Bucuresti',9,5,'data/alimentatoare/AC_19V_3.42A/ACER_19V_342A_65W.jpg',0,1,120.0000,0,0,'2013-04-23',0.00000000,1,0.00000000,0.00000000,0.00000000,1,1,1,1,1,'2013-04-24 13:07:21','0000-00-00 00:00:00',0),(567,'ADP-65JHP DB','00020','','','','','','Bucuresti',9,5,'data/alimentatoare/AC_19V_3.42A/ACER_19V_342A_65W.jpg',0,1,120.0000,0,0,'2013-04-23',0.00000000,1,0.00000000,0.00000000,0.00000000,1,1,1,1,1,'2013-04-24 13:27:38','0000-00-00 00:00:00',1863),(568,'ADP-65JHP DB','00020','','','','','','Bucuresti',9,5,'data/alimentatoare/AC_19V_3.42A/ACER_19V_342A_65W.jpg',0,1,120.0000,0,0,'2013-04-23',0.00000000,1,0.00000000,0.00000000,0.00000000,1,1,1,1,1,'2013-04-24 13:29:51','0000-00-00 00:00:00',0),(569,'ADP-65JHP DB','00020','','','','','','Bucuresti',9,5,'data/alimentatoare/AC_19V_3.42A/ACER_19V_342A_65W.jpg',0,1,120.0000,0,0,'2013-04-23',0.00000000,1,0.00000000,0.00000000,0.00000000,1,1,1,1,1,'2013-04-24 13:32:42','0000-00-00 00:00:00',0),(570,'ADP-65JHP DB','00020','','','','','','Bucuresti',9,5,'data/alimentatoare/AC_19V_3.42A/ACER_19V_342A_65W.jpg',0,1,120.0000,0,0,'2013-04-23',0.00000000,1,0.00000000,0.00000000,0.00000000,1,1,1,1,1,'2013-04-24 13:34:43','0000-00-00 00:00:00',0),(571,'ADP-65JHP DB','00020','','','','','','Bucuresti',9,5,'data/alimentatoare/AC_19V_3.42A/ACER_19V_342A_65W.jpg',0,1,120.0000,0,0,'2013-04-23',0.00000000,1,0.00000000,0.00000000,0.00000000,1,1,1,1,1,'2013-04-24 14:33:34','2013-04-26 17:59:00',19785),(572,'ADP-65JHP DB','00020','','','','','','Bucuresti',9,5,'data/alimentatoare/AC_19V_3.42A/ACER_19V_342A_65W.jpg',0,1,120.0000,0,0,'2013-04-23',0.00000000,1,0.00000000,0.00000000,0.00000000,1,1,1,1,1,'2013-04-24 14:38:52','2013-04-26 17:59:06',0),(573,'ADP-65JHP DB','00020','','','','','','Bucuresti',9,5,'data/alimentatoare/AC_19V_3.42A/ACER_19V_342A_65W.jpg',0,1,120.0000,0,0,'2013-04-23',0.00000000,1,0.00000000,0.00000000,0.00000000,1,1,1,1,1,'2013-04-24 14:44:23','2013-04-26 17:59:12',0),(574,'ADP-65JHP DB','00020','','','','','','Bucuresti',9,5,'data/alimentatoare/AC_19V_3.42A/ACER_19V_342A_65W.jpg',0,1,120.0000,0,0,'2013-04-23',0.00000000,1,0.00000000,0.00000000,0.00000000,1,1,1,1,1,'2013-04-24 14:54:48','2013-04-26 17:59:19',0),(575,'ADP-65JHP DB','00020','','','','','','Bucuresti',9,5,'data/alimentatoare/AC_19V_3.42A/ACER_19V_342A_65W.jpg',0,1,120.0000,0,0,'2013-04-23',0.00000000,1,0.00000000,0.00000000,0.00000000,1,1,1,1,1,'2013-04-24 15:01:20','2013-04-26 17:59:28',0),(576,'ADP-65JHP DB','00020','','','','','','Bucuresti',9,5,'data/alimentatoare/AC_19V_3.42A/ACER_19V_342A_65W.jpg',0,1,120.0000,0,0,'2013-04-23',0.00000000,1,0.00000000,0.00000000,0.00000000,1,1,1,1,1,'2013-04-24 15:03:57','2013-04-26 17:59:45',3624),(577,'ADP-65JHP DB','00020','','','','','','Bucuresti',9,5,'data/alimentatoare/AC_19V_3.42A/ACER_19V_342A_65W.jpg',0,1,120.0000,0,0,'2013-04-23',0.00000000,1,0.00000000,0.00000000,0.00000000,1,1,1,1,1,'2013-04-24 15:06:26','2013-04-26 17:59:51',0),(578,'ADP-65JHP DB','00020','','','','','','Bucuresti',9,5,'data/alimentatoare/AC_19V_3.42A/ACER_19V_342A_65W.jpg',0,1,120.0000,0,0,'2013-04-23',0.00000000,1,0.00000000,0.00000000,0.00000000,1,1,1,1,1,'2013-04-24 15:06:37','2013-04-26 18:00:02',0),(579,'ADP-65JHP DB','00020','','','','','','Bucuresti',9,5,'data/alimentatoare/AC_19V_3.42A/ACER_19V_342A_65W.jpg',0,1,120.0000,0,0,'2013-04-23',0.00000000,1,0.00000000,0.00000000,0.00000000,1,1,1,1,1,'2013-04-24 15:09:17','2013-04-26 18:00:09',0),(580,'ADP-65JHP DB','00020','','','','','','Bucuresti',9,5,'data/alimentatoare/AC_19V_3.42A/ACER_19V_342A_65W.jpg',0,1,120.0000,0,0,'2013-04-23',0.00000000,1,0.00000000,0.00000000,0.00000000,1,1,1,1,1,'2013-04-24 15:12:44','2013-04-26 18:00:45',0),(581,'ADP-65JHP DB','00020','','','','','','Bucuresti',9,5,'data/alimentatoare/AC_19V_3.42A/ACER_19V_342A_65W.jpg',0,1,120.0000,0,0,'2013-04-23',0.00000000,1,0.00000000,0.00000000,0.00000000,1,1,1,1,1,'2013-04-24 15:14:55','2013-04-26 18:00:53',0),(582,'ADP-65JHP DB','00020','','','','','','Bucuresti',9,5,'data/alimentatoare/AC_19V_3.42A/ACER_19V_342A_65W.jpg',0,1,120.0000,0,0,'2013-04-23',0.00000000,1,0.00000000,0.00000000,0.00000000,1,1,1,1,1,'2013-04-24 15:16:51','2013-04-26 18:01:22',0),(583,'ADP-65JHP DB','00020','','','','','','Bucuresti',9,5,'data/alimentatoare/AC_19V_3.42A/ACER_19V_342A_65W.jpg',0,1,120.0000,0,0,'2013-04-23',0.00000000,1,0.00000000,0.00000000,0.00000000,1,1,1,1,1,'2013-04-24 15:18:54','2013-04-26 18:01:28',0),(584,'ADP-65JHP DB','00020','','','','','','Bucuresti',9,5,'data/alimentatoare/AC_19V_3.42A/ACER_19V_342A_65W.jpg',0,1,120.0000,0,0,'2013-04-23',0.00000000,1,0.00000000,0.00000000,0.00000000,1,1,1,1,1,'2013-04-24 15:21:40','2013-04-26 18:01:37',0),(585,'ADP-65JHP DB','00020','','','','','','Bucuresti',9,5,'data/alimentatoare/AC_19V_3.42A/ACER_19V_342A_65W.jpg',0,1,120.0000,0,0,'2013-04-23',0.00000000,1,0.00000000,0.00000000,0.00000000,1,1,1,1,1,'2013-04-24 15:35:26','2013-04-26 17:54:53',0),(586,'ADP-65JHP DB','00020','','','','','','Bucuresti',9,5,'data/alimentatoare/AC_19V_3.42A/ACER_19V_342A_65W.jpg',0,1,120.0000,0,0,'2013-04-23',0.00000000,1,0.00000000,0.00000000,0.00000000,1,1,1,1,1,'2013-04-24 15:37:45','2013-04-26 17:55:16',0),(587,'ADP-65JHP DB','00020','','','','','','Bucuresti',9,5,'data/alimentatoare/AC_19V_3.42A/ACER_19V_342A_65W.jpg',0,1,120.0000,0,0,'2013-04-23',0.00000000,1,0.00000000,0.00000000,0.00000000,1,1,1,1,1,'2013-04-24 15:41:09','2013-04-26 17:55:23',0),(588,'ADP-65JHP DB','00020','','','','','','Bucuresti',9,5,'data/alimentatoare/AC_19V_3.42A/ACER_19V_342A_65W.jpg',0,1,120.0000,0,0,'2013-04-23',0.00000000,1,0.00000000,0.00000000,0.00000000,1,1,1,1,1,'2013-04-24 15:43:41','2013-04-26 17:55:30',0),(589,'ADP-65JHP DB','00020','','','','','','Bucuresti',9,5,'data/alimentatoare/AC_19V_3.42A/ACER_19V_342A_65W.jpg',0,1,120.0000,0,0,'2013-04-23',0.00000000,1,0.00000000,0.00000000,0.00000000,1,1,1,1,1,'2013-04-24 15:45:48','2013-04-26 17:55:39',0),(590,'ADP-65JHP DB','00020','','','','','','Bucuresti',9,5,'data/alimentatoare/AC_19V_3.42A/ACER_19V_342A_65W.jpg',0,1,120.0000,0,0,'2013-04-23',0.00000000,1,0.00000000,0.00000000,0.00000000,1,1,1,1,1,'2013-04-24 15:59:10','2013-04-26 17:55:48',0),(591,'ADP-65JHP DB','00020','','','','','','Bucuresti',9,5,'data/alimentatoare/AC_19V_3.42A/ACER_19V_342A_65W.jpg',0,1,120.0000,0,0,'2013-04-23',0.00000000,1,0.00000000,0.00000000,0.00000000,1,1,1,1,1,'2013-04-24 16:08:53','2013-04-26 17:55:56',0),(592,'ADP-65JHP DB','00020','','','','','','Bucuresti',9,5,'data/alimentatoare/AC_19V_3.42A/ACER_19V_342A_65W.jpg',0,1,120.0000,0,0,'2013-04-23',0.00000000,1,0.00000000,0.00000000,0.00000000,1,1,1,1,1,'2013-04-24 16:12:21','2013-04-26 17:56:46',0),(593,'ADP-65JHP DB','00020','','','','','','Bucuresti',9,5,'data/alimentatoare/AC_19V_3.42A/ACER_19V_342A_65W.jpg',0,1,120.0000,0,0,'2013-04-23',0.00000000,1,0.00000000,0.00000000,0.00000000,1,1,1,1,1,'2013-04-24 16:16:25','2013-04-26 17:56:55',0),(594,'ADP-65JHP DB','00020','','','','','','Bucuresti',9,5,'data/alimentatoare/AC_19V_3.42A/ACER_19V_342A_65W.jpg',0,1,120.0000,0,0,'2013-04-23',0.00000000,1,0.00000000,0.00000000,0.00000000,1,1,1,1,1,'2013-04-24 16:24:49','2013-04-26 17:57:12',0),(595,'ADP-65JHP DB','00020','','','','','','Bucuresti',9,5,'data/alimentatoare/AC_19V_3.42A/ACER_19V_342A_65W.jpg',0,1,120.0000,0,0,'2013-04-23',0.00000000,1,0.00000000,0.00000000,0.00000000,1,1,1,1,1,'2013-04-24 16:27:14','2013-04-26 17:57:17',0),(596,'ADP-65JHP DB','00020','','','','','','Bucuresti',9,5,'data/alimentatoare/AC_19V_3.42A/ACER_19V_342A_65W.jpg',0,1,120.0000,0,0,'2013-04-23',0.00000000,1,0.00000000,0.00000000,0.00000000,1,1,1,1,1,'2013-04-24 16:31:23','2013-04-26 17:57:26',0),(597,'ADP-65JHP DB','00020','','','','','','Bucuresti',9,5,'data/alimentatoare/AC_19V_3.42A/ACER_19V_342A_65W.jpg',0,1,120.0000,0,0,'2013-04-23',0.00000000,1,0.00000000,0.00000000,0.00000000,1,1,1,1,1,'2013-04-24 16:34:02','2013-04-26 17:57:34',0),(598,'ADP-65JHP DB','00020','','','','','','Bucuresti',9,5,'data/alimentatoare/AC_19V_3.42A/ACER_19V_342A_65W.jpg',0,1,120.0000,0,0,'2013-04-23',0.00000000,1,0.00000000,0.00000000,0.00000000,1,1,1,1,1,'2013-04-24 16:43:46','2013-04-26 17:57:39',0),(599,'ADP-65JHP DB','00020','','','','','','Bucuresti',9,5,'data/alimentatoare/AC_19V_3.42A/ACER_19V_342A_65W.jpg',0,1,120.0000,0,0,'2013-04-23',0.00000000,1,0.00000000,0.00000000,0.00000000,1,1,1,1,1,'2013-04-24 16:45:51','2013-04-26 17:57:48',0),(600,'ADP-65JHP DB','00020','','','','','','Bucuresti',1,5,'data/alimentatoare/AC_19V_3.42A/ACER_19V_342A_65W.jpg',0,1,120.0000,0,0,'2013-04-23',0.00000000,1,0.00000000,0.00000000,0.00000000,1,1,1,1,1,'2013-04-24 16:48:52','2013-04-26 17:57:55',0),(601,'ADP-65JHP DB','00020','','','','','','Bucuresti',9,5,'data/alimentatoare/AC_19V_3.42A/ACER_19V_342A_65W.jpg',0,1,120.0000,0,0,'2013-04-23',0.00000000,1,0.00000000,0.00000000,0.00000000,1,1,1,1,1,'2013-04-24 16:50:33','2013-04-26 17:58:05',0),(602,'ADP-65JHP DB','00020','','','','','','Bucuresti',9,5,'data/alimentatoare/AC_19V_3.42A/ACER_19V_342A_65W.jpg',0,1,120.0000,0,0,'2013-04-23',0.00000000,1,0.00000000,0.00000000,0.00000000,1,1,1,1,1,'2013-04-24 16:52:47','2013-04-26 17:58:11',0),(603,'ADP-65JHP DB','00020','','','','','','Bucuresti',9,5,'data/alimentatoare/AC_19V_3.42A/ACER_19V_342A_65W.jpg',0,1,120.0000,0,0,'2013-04-23',0.00000000,1,0.00000000,0.00000000,0.00000000,1,1,1,1,1,'2013-04-24 16:55:13','2013-04-26 18:01:45',0),(604,'ADP-65JHP DB','00020','','','','','','Bucuresti',9,5,'data/alimentatoare/AC_19V_3.42A/ACER_19V_342A_65W.jpg',0,1,120.0000,0,0,'2013-04-23',0.00000000,1,0.00000000,0.00000000,0.00000000,1,1,1,1,1,'2013-04-24 17:00:11','2013-04-26 18:01:54',0),(605,'ADP-65JHP DB','00020','','','','','','Bucuresti',9,5,'data/alimentatoare/AC_19V_3.42A/ACER_19V_342A_65W.jpg',0,1,120.0000,0,0,'2013-04-23',0.00000000,1,0.00000000,0.00000000,0.00000000,1,1,1,1,1,'2013-04-24 17:05:42','2013-04-26 18:04:38',0),(606,'ADP-65JHP DB','00020','','','','','','Bucuresti',9,5,'data/alimentatoare/AC_19V_3.42A/ACER_19V_342A_65W.jpg',0,1,120.0000,0,0,'2013-04-23',0.00000000,1,0.00000000,0.00000000,0.00000000,1,1,1,1,1,'2013-04-24 17:10:01','2013-04-26 18:04:47',0),(607,'ADP-65JHP DB','00020','','','','','','Bucuresti',9,5,'data/alimentatoare/AC_19V_3.42A/ACER_19V_342A_65W.jpg',0,1,120.0000,0,0,'2013-04-23',0.00000000,1,0.00000000,0.00000000,0.00000000,1,1,1,1,1,'2013-04-24 17:14:19','2013-04-26 18:04:56',0),(608,'ADP-65JHP DB','00020','','','','','','Bucuresti',9,5,'data/alimentatoare/AC_19V_3.42A/ACER_19V_342A_65W.jpg',0,1,120.0000,0,0,'2013-04-23',0.00000000,1,0.00000000,0.00000000,0.00000000,1,1,1,1,1,'2013-04-24 17:16:30','2013-04-26 18:05:06',0),(609,'ADP-65JHP DB','00020','','','','','','Bucuresti',9,5,'data/alimentatoare/AC_19V_3.42A/ACER_19V_342A_65W.jpg',0,1,120.0000,0,0,'2013-04-23',0.00000000,1,0.00000000,0.00000000,0.00000000,1,1,1,1,1,'2013-04-24 17:18:17','2013-04-26 18:05:12',0),(610,'ADP-65JHP DB','00020','','','','','','Bucuresti',9,5,'data/alimentatoare/AC_19V_3.42A/ACER_19V_342A_65W.jpg',0,1,120.0000,0,0,'2013-04-23',0.00000000,1,0.00000000,0.00000000,0.00000000,1,1,1,1,1,'2013-04-24 17:20:34','2013-04-26 18:05:18',0),(611,'ADP-65JHP DB','00020','','','','','','Bucuresti',9,5,'data/alimentatoare/AC_19V_3.42A/ACER_19V_342A_65W.jpg',0,1,120.0000,0,0,'2013-04-23',0.00000000,1,0.00000000,0.00000000,0.00000000,1,1,1,1,1,'2013-04-24 17:23:14','2013-04-26 18:05:24',0),(612,'ADP-65JHP DB','00020','','','','','','Bucuresti',9,5,'data/alimentatoare/AC_19V_3.42A/ACER_19V_342A_65W.jpg',0,1,120.0000,0,0,'2013-04-23',0.00000000,1,0.00000000,0.00000000,0.00000000,1,1,1,1,1,'2013-04-24 17:35:21','2013-04-26 18:05:32',0),(613,'ADP-65JHP DB','00020','','','','','','Bucuresti',9,5,'data/alimentatoare/AC_19V_3.42A/ACER_19V_342A_65W.jpg',0,1,120.0000,0,0,'2013-04-23',0.00000000,1,0.00000000,0.00000000,0.00000000,1,1,1,1,1,'2013-04-24 17:40:19','2013-04-26 18:05:39',0),(614,'ADP-65JHP DB','00020','','','','','','Bucuresti',9,5,'data/alimentatoare/AC_19V_3.42A/ACER_19V_342A_65W.jpg',0,1,120.0000,0,0,'2013-04-23',0.00000000,1,0.00000000,0.00000000,0.00000000,1,1,1,1,1,'2013-04-24 17:43:29','2013-04-26 18:05:46',0),(615,'ADP-65JHP DB','00020','','','','','','Bucuresti',9,5,'data/alimentatoare/AC_19V_3.42A/ACER_19V_342A_65W.jpg',0,1,120.0000,0,0,'2013-04-23',0.00000000,1,0.00000000,0.00000000,0.00000000,1,1,1,1,1,'2013-04-24 17:47:23','2013-04-26 18:06:27',0),(616,'ADP-65JHP DB','00020','','','','','','Bucuresti',9,5,'data/alimentatoare/AC_19V_3.42A/ACER_19V_342A_65W.jpg',0,1,120.0000,0,0,'2013-04-23',0.00000000,1,0.00000000,0.00000000,0.00000000,1,1,1,1,1,'2013-04-24 17:49:34','2013-04-26 18:06:33',0),(617,'ADP-65JHP DB','00020','','','','','','Bucuresti',9,5,'data/alimentatoare/AC_19V_3.42A/ACER_19V_342A_65W.jpg',0,1,120.0000,0,0,'2013-04-23',0.00000000,1,0.00000000,0.00000000,0.00000000,1,1,1,1,1,'2013-04-24 17:52:29','2013-04-26 18:06:47',0),(618,'ADP-65JHP DB','00020','','','','','','Bucuresti',9,5,'data/alimentatoare/AC_19V_3.42A/ACER_19V_342A_65W.jpg',0,1,120.0000,0,0,'2013-04-23',0.00000000,1,0.00000000,0.00000000,0.00000000,1,1,1,1,1,'2013-04-24 17:55:18','2013-04-26 18:07:04',0),(619,'ADP-65JHP DB','00020','','','','','','Bucuresti',9,5,'data/alimentatoare/AC_19V_3.42A/ACER_19V_342A_65W.jpg',0,1,120.0000,0,0,'2013-04-23',0.00000000,1,0.00000000,0.00000000,0.00000000,1,1,1,1,1,'2013-04-24 17:58:20','2013-04-26 18:07:24',0),(620,'ADP-65JHP DB','00020','','','','','','Bucuresti',9,5,'data/alimentatoare/AC_19V_3.42A/ACER_19V_342A_65W.jpg',0,1,120.0000,0,0,'2013-04-23',0.00000000,1,0.00000000,0.00000000,0.00000000,1,1,1,1,1,'2013-04-24 22:14:13','2013-04-26 18:07:37',0),(621,'ADP-65JHP DB','00020','','','','','','Bucuresti',9,5,'data/alimentatoare/AC_19V_3.42A/ACER_19V_342A_65W.jpg',0,1,120.0000,0,0,'2013-04-23',0.00000000,1,0.00000000,0.00000000,0.00000000,1,1,1,1,1,'2013-04-24 22:16:55','2013-04-26 18:07:50',0),(622,'ADP-65JHP DB','00020','','','','','','Bucuresti',9,5,'data/alimentatoare/AC_19V_3.42A/ACER_19V_342A_65W.jpg',0,1,120.0000,0,0,'2013-04-23',0.00000000,1,0.00000000,0.00000000,0.00000000,1,1,1,1,1,'2013-04-24 22:19:03','2013-04-26 18:08:03',0),(623,'ADP-65JHP DB','00020','','','','','','Bucuresti',9,5,'data/alimentatoare/AC_19V_3.42A/ACER_19V_342A_65W.jpg',0,1,120.0000,0,0,'2013-04-23',0.00000000,1,0.00000000,0.00000000,0.00000000,1,1,1,1,1,'2013-04-24 22:22:16','2013-04-26 18:08:25',0),(624,'ADP-65JHP DB','00020','','','','','','Bucuresti',9,5,'data/alimentatoare/AC_19V_3.42A/ACER_19V_342A_65W.jpg',0,1,120.0000,0,0,'2013-04-23',0.00000000,1,0.00000000,0.00000000,0.00000000,1,1,1,1,1,'2013-04-24 22:25:30','2013-04-26 18:08:40',0),(625,'ADP-65JHP DB','00020','','','','','','Bucuresti',9,5,'data/alimentatoare/AC_19V_3.42A/ACER_19V_342A_65W.jpg',0,1,120.0000,0,0,'2013-04-23',0.00000000,1,0.00000000,0.00000000,0.00000000,1,1,1,1,1,'2013-04-24 23:31:15','2013-04-26 18:09:45',0),(626,'ADP-65JHP DB','00020','','','','','','Bucuresti',9,5,'data/alimentatoare/AC_19V_3.42A/ACER_19V_342A_65W.jpg',0,1,120.0000,0,0,'2013-04-23',0.00000000,1,0.00000000,0.00000000,0.00000000,1,1,1,1,1,'2013-04-24 23:33:16','2013-04-26 18:09:59',0),(627,'ADP-65JHP DB','00020','','','','','','Bucuresti',9,5,'data/alimentatoare/AC_19V_3.42A/ACER_19V_342A_65W.jpg',0,1,120.0000,0,0,'2013-04-23',0.00000000,1,0.00000000,0.00000000,0.00000000,1,1,1,1,1,'2013-04-24 23:37:01','2013-04-26 18:10:13',0),(628,'ADP-65JHP DB','00020','','','','','','Bucuresti',9,5,'data/alimentatoare/AC_19V_3.42A/ACER_19V_342A_65W.jpg',0,1,120.0000,0,0,'2013-04-24',0.00000000,1,0.00000000,0.00000000,0.00000000,1,1,1,1,1,'2013-04-25 09:54:43','2013-04-26 18:10:26',0),(629,'ADP-65JHP DB','00020','','','','','','Bucuresti',9,5,'data/alimentatoare/AC_19V_3.42A/ACER_19V_342A_65W.jpg',0,1,120.0000,0,0,'2013-04-24',0.00000000,1,0.00000000,0.00000000,0.00000000,1,1,1,1,1,'2013-04-25 09:57:34','2013-04-26 18:10:44',0),(630,'ADP-65JHP DB','00020','','','','','','Bucuresti',9,5,'data/alimentatoare/AC_19V_3.42A/ACER_19V_342A_65W.jpg',0,1,120.0000,0,0,'2013-04-24',0.00000000,1,0.00000000,0.00000000,0.00000000,1,1,1,1,1,'2013-04-25 10:02:35','2013-04-26 18:11:06',0),(631,'ADP-65JHP DB','00020','','','','','','Bucuresti',9,5,'data/alimentatoare/AC_19V_3.42A/ACER_19V_342A_65W.jpg',0,1,120.0000,0,0,'2013-04-24',0.00000000,1,0.00000000,0.00000000,0.00000000,1,1,1,1,1,'2013-04-25 10:04:56','2013-04-26 18:11:17',0),(632,'ADP-65JHP DB','00020','','','','','','Bucuresti',9,5,'data/alimentatoare/AC_19V_3.42A/ACER_19V_342A_65W.jpg',0,1,120.0000,0,0,'2013-04-24',0.00000000,1,0.00000000,0.00000000,0.00000000,1,1,1,1,1,'2013-04-25 10:07:08','2013-04-26 18:11:28',0),(633,'ADP-65JHP DB','00020','','','','','','Bucuresti',9,5,'data/alimentatoare/AC_19V_3.42A/ACER_19V_342A_65W.jpg',0,1,120.0000,0,0,'2013-04-24',0.00000000,1,0.00000000,0.00000000,0.00000000,1,1,1,1,1,'2013-04-25 10:10:47','2013-04-26 18:11:38',0),(634,'ADP-65JHP DB','00020','','','','','','Bucuresti',9,5,'data/alimentatoare/AC_19V_3.42A/ACER_19V_342A_65W.jpg',0,1,120.0000,0,0,'2013-04-24',0.00000000,1,0.00000000,0.00000000,0.00000000,1,1,1,1,1,'2013-04-25 10:21:18','2013-04-26 18:11:48',0),(635,'ADP-65JHP DB','00020','','','','','','Bucuresti',9,5,'data/alimentatoare/AC_19V_3.42A/ACER_19V_342A_65W.jpg',0,1,120.0000,0,0,'2013-04-24',0.00000000,1,0.00000000,0.00000000,0.00000000,1,1,1,1,1,'2013-04-25 10:23:33','2013-04-26 18:11:59',0),(636,'ADP-65JHP DB','00020','','','','','','Bucuresti',9,5,'data/alimentatoare/AC_19V_3.42A/ACER_19V_342A_65W.jpg',0,1,120.0000,0,0,'2013-04-24',0.00000000,1,0.00000000,0.00000000,0.00000000,1,1,1,1,1,'2013-04-25 10:51:39','2013-04-26 18:12:11',0),(637,'ADP-65JHP DB','00020','','','','','','Bucuresti',9,5,'data/alimentatoare/AC_19V_3.42A/ACER_19V_342A_65W.jpg',0,1,120.0000,0,0,'2013-04-24',0.00000000,1,0.00000000,0.00000000,0.00000000,1,1,1,1,1,'2013-04-25 10:53:56','2013-04-26 18:12:26',0),(638,'ADP-65JHP DB','00020','','','','','','Bucuresti',9,5,'data/alimentatoare/AC_19V_3.42A/ACER_19V_342A_65W.jpg',0,1,120.0000,0,0,'2013-04-24',0.00000000,1,0.00000000,0.00000000,0.00000000,1,1,1,1,1,'2013-04-25 10:57:59','2013-04-26 18:12:41',0),(639,'ADP-65JHP DB','00020','','','','','','Bucuresti',9,5,'data/alimentatoare/AC_19V_3.42A/ACER_19V_342A_65W.jpg',0,1,120.0000,0,0,'2013-04-24',0.00000000,1,0.00000000,0.00000000,0.00000000,1,1,1,1,1,'2013-04-25 11:00:46','2013-04-26 18:12:52',0),(640,'ADP-65JHP DB','00020','','','','','','Bucuresti',9,5,'data/alimentatoare/AC_19V_3.42A/ACER_19V_342A_65W.jpg',0,1,120.0000,0,0,'2013-04-24',0.00000000,1,0.00000000,0.00000000,0.00000000,1,1,1,1,1,'2013-04-25 11:02:47','2013-04-26 18:13:05',0),(641,'ADP-65JHP DB','00020','','','','','','Bucuresti',9,5,'data/alimentatoare/AC_19V_3.42A/ACER_19V_342A_65W.jpg',0,1,120.0000,0,0,'2013-04-24',0.00000000,1,0.00000000,0.00000000,0.00000000,1,1,1,1,1,'2013-04-25 11:11:11','2013-04-26 18:13:18',0),(642,'ADP-65JHP DB','00020','','','','','','Bucuresti',9,5,'data/alimentatoare/AC_19V_3.42A/ACER_19V_342A_65W.jpg',0,1,120.0000,0,0,'2013-04-24',0.00000000,1,0.00000000,0.00000000,0.00000000,1,1,1,1,1,'2013-04-25 11:35:43','2013-04-26 18:13:29',0),(643,'ADP-65JHP DB','00020','','','','','','Bucuresti',9,5,'data/alimentatoare/AC_19V_3.42A/ACER_19V_342A_65W.jpg',0,1,120.0000,0,0,'2013-04-24',0.00000000,1,0.00000000,0.00000000,0.00000000,1,1,1,1,1,'2013-04-25 11:42:06','2013-04-26 18:13:38',0),(644,'ADP-65JHP DB','00020','','','','','','Bucuresti',9,5,'data/alimentatoare/AC_19V_3.42A/ACER_19V_342A_65W.jpg',0,1,120.0000,0,0,'2013-04-24',0.00000000,1,0.00000000,0.00000000,0.00000000,1,1,1,1,1,'2013-04-25 11:44:54','2013-04-26 18:13:50',0),(645,'ADP-65JHP DB','00020','','','','','','Bucuresti',9,5,'data/alimentatoare/AC_19V_3.42A/ACER_19V_342A_65W.jpg',0,1,120.0000,0,0,'2013-04-24',0.00000000,1,0.00000000,0.00000000,0.00000000,1,1,1,1,1,'2013-04-25 11:53:24','2013-04-26 18:15:13',0),(646,'ADP-65JHP DB','00020','','','','','','Bucuresti',9,5,'data/alimentatoare/AC_19V_3.42A/ACER_19V_342A_65W.jpg',0,1,120.0000,0,0,'2013-04-24',0.00000000,1,0.00000000,0.00000000,0.00000000,1,1,1,1,1,'2013-04-25 11:55:49','2013-04-26 18:15:25',0),(647,'ADP-65JHP DB','00020','','','','','','Bucuresti',9,5,'data/alimentatoare/AC_19V_3.42A/ACER_19V_342A_65W.jpg',0,1,120.0000,0,0,'2013-04-24',0.00000000,1,0.00000000,0.00000000,0.00000000,1,1,1,1,1,'2013-04-25 11:59:38','2013-04-26 18:15:37',0),(648,'ADP-65JHP DB','00020','','','','','','Bucuresti',9,5,'data/alimentatoare/AC_19V_3.42A/ACER_19V_342A_65W.jpg',0,1,120.0000,0,0,'2013-04-24',0.00000000,1,0.00000000,0.00000000,0.00000000,1,1,1,1,1,'2013-04-25 12:01:42','2013-04-26 18:16:01',0),(649,'ADP-65JHP DB','00020','','','','','','Bucuresti',9,5,'data/alimentatoare/AC_19V_3.42A/ACER_19V_342A_65W.jpg',0,1,120.0000,0,0,'2013-04-24',0.00000000,1,0.00000000,0.00000000,0.00000000,1,1,1,1,1,'2013-04-25 12:04:29','2013-04-26 18:16:17',0),(650,'ADP-65JHP DB','00020','','','','','','Bucuresti',9,5,'data/alimentatoare/AC_19V_3.42A/ACER_19V_342A_65W.jpg',0,1,120.0000,0,0,'2013-04-24',0.00000000,1,0.00000000,0.00000000,0.00000000,1,1,1,1,1,'2013-04-25 12:08:48','2013-04-26 18:16:40',0),(651,'ADP-65JHP DB','00020','','','','','','Bucuresti',9,5,'data/alimentatoare/AC_19V_3.42A/ACER_19V_342A_65W.jpg',0,1,120.0000,0,0,'2013-04-24',0.00000000,1,0.00000000,0.00000000,0.00000000,1,1,1,1,1,'2013-04-25 12:12:12','2013-04-26 18:16:54',0),(652,'ADP-65JHP DB','00020','','','','','','Bucuresti',9,5,'data/alimentatoare/AC_19V_3.42A/ACER_19V_342A_65W.jpg',0,1,120.0000,0,0,'2013-04-24',0.00000000,1,0.00000000,0.00000000,0.00000000,1,1,1,1,1,'2013-04-25 12:14:20','2013-04-26 18:17:14',0),(653,'ADP-65JHP DB','00020','','','','','','Bucuresti',9,5,'data/alimentatoare/AC_19V_3.42A/ACER_19V_342A_65W.jpg',0,1,120.0000,0,0,'2013-04-24',0.00000000,1,0.00000000,0.00000000,0.00000000,1,1,1,1,1,'2013-04-25 12:16:00','2013-04-26 18:17:26',0),(654,'ADP-65JHP DB','00020','','','','','','Bucuresti',9,5,'data/alimentatoare/AC_19V_3.42A/ACER_19V_342A_65W.jpg',0,1,120.0000,0,0,'2013-04-24',0.00000000,1,0.00000000,0.00000000,0.00000000,1,1,1,1,1,'2013-04-25 12:17:55','2013-04-26 18:18:13',0),(655,'ADP-65JHP DB','00020','','','','','','Bucuresti',9,5,'data/alimentatoare/AC_19V_3.42A/ACER_19V_342A_65W.jpg',0,1,120.0000,0,0,'2013-04-24',0.00000000,1,0.00000000,0.00000000,0.00000000,1,1,1,1,1,'2013-04-25 12:20:29','2013-04-26 18:18:24',0),(656,'ADP-65JHP DB','00020','','','','','','Bucuresti',9,5,'data/alimentatoare/AC_19V_3.42A/ACER_19V_342A_65W.jpg',0,1,120.0000,0,0,'2013-04-24',0.00000000,1,0.00000000,0.00000000,0.00000000,1,1,1,1,1,'2013-04-25 12:22:22','2013-04-26 18:18:36',0),(657,'ADP-65JHP DB','00020','','','','','','Bucuresti',9,5,'data/alimentatoare/AC_19V_3.42A/ACER_19V_342A_65W.jpg',0,1,120.0000,0,0,'2013-04-24',0.00000000,1,0.00000000,0.00000000,0.00000000,1,1,1,1,1,'2013-04-25 12:25:49','2013-04-26 18:18:54',0),(658,'ADP-65JHP DB','00020','','','','','','Bucuresti',9,5,'data/alimentatoare/AC_19V_3.42A/ACER_19V_342A_65W.jpg',0,1,120.0000,0,0,'2013-04-24',0.00000000,1,0.00000000,0.00000000,0.00000000,1,1,1,1,1,'2013-04-25 12:28:53','2013-04-26 18:19:07',0),(659,'ADP-65JHP DB','00020','','','','','','Bucuresti',9,5,'data/alimentatoare/AC_19V_3.42A/ACER_19V_342A_65W.jpg',0,1,120.0000,0,0,'2013-04-24',0.00000000,1,0.00000000,0.00000000,0.00000000,1,1,1,1,1,'2013-04-25 12:30:38','2013-04-26 18:19:21',0),(660,'ADP-65JHP DB','00020','','','','','','Bucuresti',9,5,'data/alimentatoare/AC_19V_3.42A/ACER_19V_342A_65W.jpg',0,1,120.0000,0,0,'2013-04-24',0.00000000,1,0.00000000,0.00000000,0.00000000,1,1,1,1,1,'2013-04-25 12:32:49','2013-04-26 18:19:33',0),(661,'ADP-65JHP DB','00020','','','','','','Bucuresti',9,5,'data/alimentatoare/AC_19V_3.42A/ACER_19V_342A_65W.jpg',0,1,120.0000,0,0,'2013-04-24',0.00000000,1,0.00000000,0.00000000,0.00000000,1,1,1,1,1,'2013-04-25 12:34:43','2013-04-26 18:19:45',0),(662,'ADP-65JHP DB','00020','','','','','','Bucuresti',9,5,'data/alimentatoare/AC_19V_3.42A/ACER_19V_342A_65W.jpg',0,1,120.0000,0,0,'2013-04-24',0.00000000,1,0.00000000,0.00000000,0.00000000,1,1,1,1,1,'2013-04-25 12:36:34','2013-04-26 18:19:58',0),(663,'ADP-65JHP DB','00020','','','','','','Bucuresti',9,5,'data/alimentatoare/AC_19V_3.42A/ACER_19V_342A_65W.jpg',0,1,120.0000,0,0,'2013-04-24',0.00000000,1,0.00000000,0.00000000,0.00000000,1,1,1,1,1,'2013-04-25 12:38:09','2013-04-26 18:20:13',0),(664,'ADP-65JHP DB','00020','','','','','','Bucuresti',9,5,'data/alimentatoare/AC_19V_3.42A/ACER_19V_342A_65W.jpg',0,1,120.0000,0,0,'2013-04-24',0.00000000,1,0.00000000,0.00000000,0.00000000,1,1,1,1,1,'2013-04-25 12:39:55','2013-04-26 18:20:24',0),(665,'ADP-65JHP DB','00020','','','','','','Bucuresti',9,5,'data/alimentatoare/AC_19V_3.42A/ACER_19V_342A_65W.jpg',0,1,120.0000,0,0,'2013-04-24',0.00000000,1,0.00000000,0.00000000,0.00000000,1,1,1,1,1,'2013-04-25 13:00:07','2013-04-27 22:56:55',0),(666,'ADP-65JHP DB','00020','','','','','','Bucuresti',9,5,'data/alimentatoare/AC_19V_3.42A/ACER_19V_342A_65W.jpg',0,1,120.0000,0,0,'2013-04-24',0.00000000,1,0.00000000,0.00000000,0.00000000,1,1,1,1,1,'2013-04-25 13:02:04','2013-04-29 10:13:05',0),(667,'ADP-65JHP DB','00020','','','','','','Bucuresti',9,5,'data/alimentatoare/AC_19V_3.42A/ACER_19V_342A_65W.jpg',0,1,120.0000,0,0,'2013-04-24',0.00000000,1,0.00000000,0.00000000,0.00000000,1,1,1,1,1,'2013-04-25 13:04:40','2013-04-27 22:57:13',0),(668,'ADP-65JHP DB','00020','','','','','','Bucuresti',9,5,'data/alimentatoare/AC_19V_3.42A/ACER_19V_342A_65W.jpg',0,1,120.0000,0,0,'2013-04-24',0.00000000,1,0.00000000,0.00000000,0.00000000,1,1,1,1,1,'2013-04-25 13:06:25','2013-04-27 22:57:34',0),(669,'ADP-65JHP DB','00020','','','','','','Bucuresti',9,5,'data/alimentatoare/AC_19V_3.42A/ACER_19V_342A_65W.jpg',0,1,120.0000,0,0,'2013-04-24',0.00000000,1,0.00000000,0.00000000,0.00000000,1,1,1,1,1,'2013-04-25 13:14:38','2013-04-27 22:57:44',0),(670,'ADP-65JHP DB','00020','','','','','','Bucuresti',9,5,'data/alimentatoare/AC_19V_3.42A/ACER_19V_342A_65W.jpg',0,1,120.0000,0,0,'2013-04-24',0.00000000,1,0.00000000,0.00000000,0.00000000,1,1,1,1,1,'2013-04-25 13:16:25','2013-04-27 22:57:54',0),(671,'ADP-65JHP DB','00020','','','','','','Bucuresti',9,5,'data/alimentatoare/AC_19V_3.42A/ACER_19V_342A_65W.jpg',0,1,120.0000,0,0,'2013-04-24',0.00000000,1,0.00000000,0.00000000,0.00000000,1,1,1,1,1,'2013-04-25 13:18:09','2013-04-27 22:58:10',0),(672,'ADP-65JHP DB','00020','','','','','','Bucuresti',9,5,'data/alimentatoare/AC_19V_3.42A/ACER_19V_342A_65W.jpg',0,1,120.0000,0,0,'2013-04-24',0.00000000,1,0.00000000,0.00000000,0.00000000,1,1,1,1,1,'2013-04-25 13:21:22','2013-04-27 22:58:21',0),(673,'ADP-65JHP DB','00020','','','','','','Bucuresti',9,5,'data/alimentatoare/AC_19V_3.42A/ACER_19V_342A_65W.jpg',0,1,120.0000,0,0,'2013-04-24',0.00000000,1,0.00000000,0.00000000,0.00000000,1,1,1,1,1,'2013-04-25 13:23:00','2013-04-27 22:58:31',0),(674,'ADP-65JHP DB','00020','','','','','','Bucuresti',9,5,'data/alimentatoare/AC_19V_3.42A/ACER_19V_342A_65W.jpg',0,1,120.0000,0,0,'2013-04-24',0.00000000,1,0.00000000,0.00000000,0.00000000,1,1,1,1,1,'2013-04-25 13:26:06','2013-04-27 22:58:41',0),(675,'ADP-65JHP DB','00020','','','','','','Bucuresti',9,5,'data/alimentatoare/AC_19V_3.42A/ACER_19V_342A_65W.jpg',0,1,120.0000,0,0,'2013-04-24',0.00000000,1,0.00000000,0.00000000,0.00000000,1,1,1,1,1,'2013-04-25 13:31:17','2013-04-27 22:58:50',0),(676,'ADP-65JHP DB','00020','','','','','','Bucuresti',9,5,'data/alimentatoare/AC_19V_3.42A/ACER_19V_342A_65W.jpg',0,1,120.0000,0,0,'2013-04-24',0.00000000,1,0.00000000,0.00000000,0.00000000,1,1,1,1,1,'2013-04-25 13:33:35','2013-04-27 22:59:00',0),(677,'ADP-65JHP DB','00020','','','','','','Bucuresti',9,5,'data/alimentatoare/AC_19V_3.42A/ACER_19V_342A_65W.jpg',0,1,120.0000,0,0,'2013-04-24',0.00000000,1,0.00000000,0.00000000,0.00000000,1,1,1,1,1,'2013-04-25 13:35:25','2013-04-27 23:00:54',0),(678,'ADP-65JHP DB','00020','','','','','','Bucuresti',9,5,'data/alimentatoare/AC_19V_3.42A/ACER_19V_342A_65W.jpg',0,1,120.0000,0,0,'2013-04-24',0.00000000,1,0.00000000,0.00000000,0.00000000,1,1,1,1,1,'2013-04-25 13:37:11','2013-04-27 23:00:28',0),(679,'ADP-65JHP DB','00020','','','','','','Bucuresti',9,5,'data/alimentatoare/AC_19V_3.42A/ACER_19V_342A_65W.jpg',0,1,120.0000,0,0,'2013-04-24',0.00000000,1,0.00000000,0.00000000,0.00000000,1,1,1,1,1,'2013-04-25 13:41:54','2013-04-27 23:00:41',0),(680,'ADP-65JHP DB','00020','','','','','','Bucuresti',9,5,'data/alimentatoare/AC_19V_3.42A/ACER_19V_342A_65W.jpg',0,1,120.0000,0,0,'2013-04-24',0.00000000,1,0.00000000,0.00000000,0.00000000,1,1,1,1,1,'2013-04-25 13:49:05','2013-04-27 23:01:04',0),(681,'ADP-65JHP DB','00020','','','','','','Bucuresti',9,5,'data/alimentatoare/AC_19V_3.42A/ACER_19V_342A_65W.jpg',0,1,120.0000,0,0,'2013-04-24',0.00000000,1,0.00000000,0.00000000,0.00000000,1,1,1,1,1,'2013-04-25 13:51:24','2013-04-27 23:01:13',0),(682,'ADP-65JHP DB','00020','','','','','','Bucuresti',9,5,'data/alimentatoare/AC_19V_3.42A/ACER_19V_342A_65W.jpg',0,1,120.0000,0,0,'2013-04-24',0.00000000,1,0.00000000,0.00000000,0.00000000,1,1,1,1,1,'2013-04-25 13:54:20','2013-04-27 23:01:26',0),(683,'ADP-65JHP DB','00020','','','','','','Bucuresti',9,5,'data/alimentatoare/AC_19V_3.42A/ACER_19V_342A_65W.jpg',0,1,120.0000,0,0,'2013-04-24',0.00000000,1,0.00000000,0.00000000,0.00000000,1,1,1,1,1,'2013-04-25 13:58:25','2013-04-27 23:01:36',0),(684,'ADP-65JHP DB','00020','','','','','','Bucuresti',9,5,'data/alimentatoare/AC_19V_3.42A/ACER_19V_342A_65W.jpg',0,1,120.0000,0,0,'2013-04-24',0.00000000,1,0.00000000,0.00000000,0.00000000,1,1,1,1,1,'2013-04-25 14:03:50','2013-04-27 23:03:04',0),(685,'ADP-65JHP DB','00020','','','','','','Bucuresti',9,5,'data/alimentatoare/AC_19V_3.42A/ACER_19V_342A_65W.jpg',0,1,120.0000,0,0,'2013-04-24',0.00000000,1,0.00000000,0.00000000,0.00000000,1,1,1,1,1,'2013-04-25 14:05:42','2013-04-27 23:03:11',0),(686,'ADP-65JHP DB','00020','','','','','','Bucuresti',9,5,'data/alimentatoare/AC_19V_3.42A/ACER_19V_342A_65W.jpg',0,1,120.0000,0,0,'2013-04-24',0.00000000,1,0.00000000,0.00000000,0.00000000,1,1,1,1,1,'2013-04-25 14:07:54','2013-04-27 23:03:27',0),(687,'ADP-65JHP DB','00020','','','','','','Bucuresti',9,5,'data/alimentatoare/AC_19V_3.42A/ACER_19V_342A_65W.jpg',0,1,120.0000,0,0,'2013-04-24',0.00000000,1,0.00000000,0.00000000,0.00000000,1,1,1,1,1,'2013-04-25 14:12:01','2013-04-27 23:03:38',0),(688,'ADP-65JHP DB','00020','','','','','','Bucuresti',9,5,'data/alimentatoare/AC_19V_3.42A/ACER_19V_342A_65W.jpg',0,1,120.0000,0,0,'2013-04-24',0.00000000,1,0.00000000,0.00000000,0.00000000,1,1,1,1,1,'2013-04-25 14:14:14','2013-04-27 23:03:51',0),(689,'ADP-65JHP DB','00020','','','','','','Bucuresti',9,5,'data/alimentatoare/AC_19V_3.42A/ACER_19V_342A_65W.jpg',0,1,120.0000,0,0,'2013-04-24',0.00000000,1,0.00000000,0.00000000,0.00000000,1,1,1,1,1,'2013-04-25 14:31:12','2013-04-27 23:04:00',0),(690,'ADP-65JHP DB','00020','','','','','','Bucuresti',9,5,'data/alimentatoare/AC_19V_3.42A/ACER_19V_342A_65W.jpg',0,1,120.0000,0,0,'2013-04-24',0.00000000,1,0.00000000,0.00000000,0.00000000,1,1,1,1,1,'2013-04-25 14:50:11','2013-04-27 23:04:14',0),(691,'ADP-65JHP DB','00020','','','','','','Bucuresti',9,5,'data/alimentatoare/AC_19V_3.42A/ACER_19V_342A_65W.jpg',0,1,120.0000,0,0,'2013-04-24',0.00000000,1,0.00000000,0.00000000,0.00000000,1,1,1,1,1,'2013-04-25 14:51:48','2013-04-27 23:04:45',0),(692,'ADP-65JHP DB','00020','','','','','','Bucuresti',9,5,'data/alimentatoare/AC_19V_3.42A/ACER_19V_342A_65W.jpg',0,1,120.0000,0,0,'2013-04-24',0.00000000,1,0.00000000,0.00000000,0.00000000,1,1,1,1,1,'2013-04-25 14:53:28','2013-04-27 23:04:45',0),(693,'ADP-65JHP DB','00020','','','','','','Bucuresti',9,5,'data/alimentatoare/AC_19V_3.42A/ACER_19V_342A_65W.jpg',0,1,120.0000,0,0,'2013-04-24',0.00000000,1,0.00000000,0.00000000,0.00000000,1,1,1,1,1,'2013-04-25 14:55:21','2013-04-27 23:04:46',0),(694,'ADP-65JHP DB','00020','','','','','','Bucuresti',9,5,'data/alimentatoare/AC_19V_3.42A/ACER_19V_342A_65W.jpg',0,1,120.0000,0,0,'2013-04-24',0.00000000,1,0.00000000,0.00000000,0.00000000,1,1,1,1,1,'2013-04-25 14:57:11','2013-04-27 23:04:55',0),(695,'ADP-65JHP DB','00020','','','','','','Bucuresti',9,5,'data/alimentatoare/AC_19V_3.42A/ACER_19V_342A_65W.jpg',0,1,120.0000,0,0,'2013-04-24',0.00000000,1,0.00000000,0.00000000,0.00000000,1,1,1,1,1,'2013-04-25 15:00:36','2013-04-27 23:05:04',0),(696,'ADP-65JHP DB','00020','','','','','','Bucuresti',9,5,'data/alimentatoare/AC_19V_3.42A/ACER_19V_342A_65W.jpg',0,1,120.0000,0,0,'2013-04-24',0.00000000,1,0.00000000,0.00000000,0.00000000,1,1,1,1,1,'2013-04-25 15:03:19','2013-04-27 23:05:13',0),(697,'ADP-65JHP DB','00020','','','','','','Bucuresti',9,5,'data/alimentatoare/AC_19V_3.42A/ACER_19V_342A_65W.jpg',0,1,120.0000,0,0,'2013-04-24',0.00000000,1,0.00000000,0.00000000,0.00000000,1,1,1,1,1,'2013-04-25 15:07:06','2013-04-27 23:06:46',0),(698,'ADP-65JHP DB','00020','','','','','','Bucuresti',9,5,'data/alimentatoare/AC_19V_3.42A/ACER_19V_342A_65W.jpg',0,1,120.0000,0,0,'2013-04-24',0.00000000,1,0.00000000,0.00000000,0.00000000,1,1,1,1,1,'2013-04-25 15:09:50','2013-04-27 23:06:54',0),(699,'ADP-65JHP DB','00020','','','','','','Bucuresti',9,5,'data/alimentatoare/AC_19V_3.42A/ACER_19V_342A_65W.jpg',0,1,120.0000,0,0,'2013-04-24',0.00000000,1,0.00000000,0.00000000,0.00000000,1,1,1,1,1,'2013-04-25 15:21:16','2013-04-27 23:07:08',0),(700,'ADP-65JHP DB','00020','','','','','','Bucuresti',9,5,'data/alimentatoare/AC_19V_3.42A/ACER_19V_342A_65W.jpg',0,1,120.0000,0,0,'2013-04-24',0.00000000,1,0.00000000,0.00000000,0.00000000,1,1,1,1,1,'2013-04-25 15:23:09','2013-04-27 23:07:19',0),(701,'ADP-65JHP DB','00020','','','','','','Bucuresti',9,5,'data/alimentatoare/AC_19V_3.42A/ACER_19V_342A_65W.jpg',0,1,120.0000,0,0,'2013-04-24',0.00000000,1,0.00000000,0.00000000,0.00000000,1,1,1,1,1,'2013-04-25 15:24:54','2013-04-27 23:07:28',0),(702,'ADP-65JHP DB','00020','','','','','','Bucuresti',9,5,'data/alimentatoare/AC_19V_3.42A/ACER_19V_342A_65W.jpg',0,1,120.0000,0,0,'2013-04-24',0.00000000,1,0.00000000,0.00000000,0.00000000,1,1,1,1,1,'2013-04-25 15:27:09','2013-04-27 23:07:37',0),(703,'ADP-65JHP DB','00020','','','','','','Bucuresti',9,5,'data/alimentatoare/AC_19V_3.42A/ACER_19V_342A_65W.jpg',0,1,120.0000,0,0,'2013-04-24',0.00000000,1,0.00000000,0.00000000,0.00000000,1,1,1,1,1,'2013-04-25 16:17:10','2013-04-27 23:07:53',0),(704,'ADP-65JHP DB','00020','','','','','','Bucuresti',9,5,'data/alimentatoare/AC_19V_3.42A/ACER_19V_342A_65W.jpg',0,1,120.0000,0,0,'2013-04-24',0.00000000,1,0.00000000,0.00000000,0.00000000,1,1,1,1,1,'2013-04-25 16:18:51','2013-04-27 23:08:04',0),(705,'ADP-65JHP DB','00020','','','','','','Bucuresti',9,5,'data/alimentatoare/AC_19V_3.42A/ACER_19V_342A_65W.jpg',0,1,120.0000,0,0,'2013-04-24',0.00000000,1,0.00000000,0.00000000,0.00000000,1,1,1,1,1,'2013-04-25 17:27:30','2013-04-27 23:08:13',0),(706,'ADP-65JHP DB','00020','','','','','','Bucuresti',9,5,'data/alimentatoare/AC_19V_3.42A/ACER_19V_342A_65W.jpg',0,1,120.0000,0,0,'2013-04-24',0.00000000,1,0.00000000,0.00000000,0.00000000,1,1,1,1,1,'2013-04-25 17:39:58','2013-04-27 23:08:26',0),(707,'ADP-65JHP DB','00020','','','','','','Bucuresti',9,5,'data/alimentatoare/AC_19V_3.42A/ACER_19V_342A_65W.jpg',0,1,120.0000,0,0,'2013-04-24',0.00000000,1,0.00000000,0.00000000,0.00000000,1,1,1,1,1,'2013-04-25 17:44:13','2013-04-27 23:08:36',0),(708,'ADP-65JHP DB','00020','','','','','','Bucuresti',9,5,'data/alimentatoare/AC_19V_3.42A/ACER_19V_342A_65W.jpg',0,1,120.0000,0,0,'2013-04-24',0.00000000,1,0.00000000,0.00000000,0.00000000,1,1,1,1,1,'2013-04-25 17:45:56','2013-04-27 23:08:47',0),(709,'ADP-65JHP DB','00020','','','','','','Bucuresti',9,5,'data/alimentatoare/AC_19V_3.42A/ACER_19V_342A_65W.jpg',0,1,120.0000,0,0,'2013-04-24',0.00000000,1,0.00000000,0.00000000,0.00000000,1,1,1,1,1,'2013-04-25 17:47:37','2013-04-27 23:09:00',0),(710,'ADP-65JHP DB','00020','','','','','','Bucuresti',9,5,'data/alimentatoare/AC_19V_3.42A/ACER_19V_342A_65W.jpg',0,1,0.0000,0,0,'2013-04-24',0.00000000,1,0.00000000,0.00000000,0.00000000,1,1,1,1,1,'2013-04-25 17:49:25','2013-04-27 23:09:09',0),(711,'ADP-65JHP DB','00020','','','','','','Bucuresti',9,5,'data/alimentatoare/AC_19V_3.42A/ACER_19V_342A_65W.jpg',0,1,120.0000,0,0,'2013-04-24',0.00000000,1,0.00000000,0.00000000,0.00000000,1,1,1,1,1,'2013-04-25 17:52:52','2013-04-27 23:09:38',0),(712,'ADP-65JHP DB','00020','','','','','','Bucuresti',9,5,'data/alimentatoare/AC_19V_3.42A/ACER_19V_342A_65W.jpg',0,1,120.0000,0,0,'2013-04-24',0.00000000,1,0.00000000,0.00000000,0.00000000,1,1,1,1,1,'2013-04-25 17:54:51','2013-04-27 23:09:48',0),(713,'ADP-65JHP DB','00020','','','','','','Bucuresti',9,5,'data/alimentatoare/AC_19V_3.42A/ACER_19V_342A_65W.jpg',0,1,120.0000,0,0,'2013-04-24',0.00000000,1,0.00000000,0.00000000,0.00000000,1,1,1,1,1,'2013-04-25 17:58:47','2013-04-27 23:10:04',0),(714,'ADP-65JHP DB','00020','','','','','','Bucuresti',9,5,'data/alimentatoare/AC_19V_3.42A/ACER_19V_342A_65W.jpg',0,1,120.0000,0,0,'2013-04-24',0.00000000,1,0.00000000,0.00000000,0.00000000,1,1,1,1,1,'2013-04-25 18:01:34','2013-04-27 23:10:21',0),(715,'ADP-65JHP DB','00020','','','','','','Bucuresti',9,5,'data/alimentatoare/AC_19V_3.42A/ACER_19V_342A_65W.jpg',0,1,120.0000,0,0,'2013-04-25',0.00000000,1,0.00000000,0.00000000,0.00000000,1,1,1,1,1,'2013-04-26 11:31:48','2013-04-27 23:10:29',0),(716,'ADP-65JHP DB','00020','','','','','','Bucuresti',9,5,'data/alimentatoare/AC_19V_3.42A/ACER_19V_342A_65W.jpg',0,1,120.0000,0,0,'2013-04-25',0.00000000,1,0.00000000,0.00000000,0.00000000,1,1,1,1,1,'2013-04-26 11:34:50','2013-04-27 23:28:33',0),(717,'ADP-65JHP DB','00020','','','','','','Bucuresti',9,5,'data/alimentatoare/AC_19V_3.42A/ACER_19V_342A_65W.jpg',0,1,120.0000,0,0,'2013-04-25',0.00000000,1,0.00000000,0.00000000,0.00000000,1,1,1,1,1,'2013-04-26 11:36:45','2013-04-27 23:12:51',0),(718,'ADP-65JHP DB','00020','','','','','','Bucuresti',9,5,'data/alimentatoare/AC_19V_3.42A/ACER_19V_342A_65W.jpg',0,1,120.0000,0,0,'2013-04-25',0.00000000,1,0.00000000,0.00000000,0.00000000,1,1,1,1,1,'2013-04-26 11:43:20','2013-04-27 23:13:00',0),(719,'ADP-65JHP DB','00020','','','','','','Bucuresti',9,5,'data/alimentatoare/AC_19V_3.42A/ACER_19V_342A_65W.jpg',0,1,120.0000,0,0,'2013-04-25',0.00000000,1,0.00000000,0.00000000,0.00000000,1,1,1,1,1,'2013-04-26 11:47:47','2013-04-27 23:13:10',0),(720,'ADP-65JHP DB','00020','','','','','','Bucuresti',9,5,'data/alimentatoare/AC_19V_3.42A/ACER_19V_342A_65W.jpg',0,1,120.0000,0,0,'2013-04-25',0.00000000,1,0.00000000,0.00000000,0.00000000,1,1,1,1,1,'2013-04-26 11:52:10','2013-04-27 23:13:30',0),(721,'ADP-65JHP DB','00020','','','','','','Bucuresti',9,5,'data/alimentatoare/AC_19V_3.42A/ACER_19V_342A_65W.jpg',0,1,120.0000,0,0,'2013-04-25',0.00000000,1,0.00000000,0.00000000,0.00000000,1,1,1,1,1,'2013-04-26 11:55:13','2013-04-27 23:13:41',0),(722,'ADP-65JHP DB','00020','','','','','','Bucuresti',9,5,'data/alimentatoare/AC_19V_3.42A/ACER_19V_342A_65W.jpg',0,1,120.0000,0,0,'2013-04-25',0.00000000,1,0.00000000,0.00000000,0.00000000,1,1,1,1,1,'2013-04-26 12:00:14','2013-04-27 23:14:00',0),(723,'ADP-65JHP DB','00020','','','','','','Bucuresti',9,5,'data/alimentatoare/AC_19V_3.42A/ACER_19V_342A_65W.jpg',0,1,120.0000,0,0,'2013-04-25',0.00000000,1,0.00000000,0.00000000,0.00000000,1,1,1,1,1,'2013-04-26 12:03:25','2013-04-27 23:14:04',0),(724,'ADP-65JHP DB','00020','','','','','','Bucuresti',9,5,'data/alimentatoare/AC_19V_3.42A/ACER_19V_342A_65W.jpg',0,1,120.0000,0,0,'2013-04-25',0.00000000,1,0.00000000,0.00000000,0.00000000,1,1,1,1,1,'2013-04-26 12:06:13','2013-04-27 23:14:23',0),(725,'ADP-65JHP DB','00020','','','','','','Bucuresti',9,5,'data/alimentatoare/AC_19V_3.42A/ACER_19V_342A_65W.jpg',0,1,120.0000,0,0,'2013-04-25',0.00000000,1,0.00000000,0.00000000,0.00000000,1,1,1,1,1,'2013-04-26 12:08:50','2013-04-27 23:14:33',0),(726,'ADP-65JHP DB','00020','','','','','','Bucuresti',9,5,'data/alimentatoare/AC_19V_3.42A/ACER_19V_342A_65W.jpg',0,1,120.0000,0,0,'2013-04-25',0.00000000,1,0.00000000,0.00000000,0.00000000,1,1,1,1,1,'2013-04-26 12:10:53','2013-04-27 23:14:41',0),(727,'ADP-65JHP DB','00020','','','','','','Bucuresti',9,5,'data/alimentatoare/AC_19V_3.42A/ACER_19V_342A_65W.jpg',0,1,120.0000,0,0,'2013-04-25',0.00000000,1,0.00000000,0.00000000,0.00000000,1,1,1,1,1,'2013-04-26 12:12:46','2013-04-27 23:14:54',0),(728,'ADP-65JHP DB','00020','','','','','','Bucuresti',9,5,'data/alimentatoare/AC_19V_3.42A/ACER_19V_342A_65W.jpg',0,1,120.0000,0,0,'2013-04-25',0.00000000,1,0.00000000,0.00000000,0.00000000,1,1,1,1,1,'2013-04-26 12:14:33','2013-04-27 23:15:05',0),(729,'ADP-65JHP DB','00020','','','','','','Bucuresti',9,5,'data/alimentatoare/AC_19V_3.42A/ACER_19V_342A_65W.jpg',0,1,120.0000,0,0,'2013-04-25',0.00000000,1,0.00000000,0.00000000,0.00000000,1,1,1,1,1,'2013-04-26 12:21:45','2013-04-27 23:15:15',0),(730,'ADP-65JHP DB','00020','','','','','','Bucuresti',9,5,'data/alimentatoare/AC_19V_3.42A/ACER_19V_342A_65W.jpg',0,1,120.0000,0,0,'2013-04-25',0.00000000,1,0.00000000,0.00000000,0.00000000,1,1,1,1,1,'2013-04-26 12:26:28','2013-04-27 23:15:27',0),(731,'ADP-65JHP DB','00020','','','','','','Bucuresti',9,5,'data/alimentatoare/AC_19V_3.42A/ACER_19V_342A_65W.jpg',0,1,120.0000,0,0,'2013-04-25',0.00000000,1,0.00000000,0.00000000,0.00000000,1,1,1,1,1,'2013-04-26 12:29:13','2013-04-27 23:15:40',0),(732,'ADP-65JHP DB','00020','','','','','','Bucuresti',9,5,'data/alimentatoare/AC_19V_3.42A/ACER_19V_342A_65W.jpg',0,1,120.0000,0,0,'2013-04-25',0.00000000,1,0.00000000,0.00000000,0.00000000,1,1,1,1,1,'2013-04-26 12:32:12','2013-04-27 23:15:50',0),(733,'ADP-65JHP DB','00020','','','','','','Bucuresti',9,5,'data/alimentatoare/AC_19V_3.42A/ACER_19V_342A_65W.jpg',0,1,120.0000,0,0,'2013-04-25',0.00000000,1,0.00000000,0.00000000,0.00000000,1,1,1,1,1,'2013-04-26 12:38:27','2013-04-27 23:16:01',0),(734,'ADP-65JHP DB','00020','','','','','','Bucuresti',9,5,'data/alimentatoare/AC_19V_3.42A/ACER_19V_342A_65W.jpg',0,1,120.0000,0,0,'2013-04-25',0.00000000,1,0.00000000,0.00000000,0.00000000,1,1,1,1,1,'2013-04-26 12:40:14','2013-04-27 23:16:10',0),(735,'ADP-65JHP DB','00020','','','','','','Bucuresti',9,5,'data/alimentatoare/AC_19V_3.42A/ACER_19V_342A_65W.jpg',0,1,120.0000,0,0,'2013-04-25',0.00000000,1,0.00000000,0.00000000,0.00000000,1,1,1,1,1,'2013-04-26 12:41:41','2013-04-27 23:16:19',0),(736,'ADP-65JHP DB','00020','','','','','','Bucuresti',9,5,'data/alimentatoare/AC_19V_3.42A/ACER_19V_342A_65W.jpg',0,1,120.0000,0,0,'2013-04-25',0.00000000,1,0.00000000,0.00000000,0.00000000,1,1,1,1,1,'2013-04-26 12:45:14','2013-04-27 23:16:29',0),(737,'ADP-65JHP DB','00020','','','','','','Bucuresti',9,5,'data/alimentatoare/AC_19V_3.42A/ACER_19V_342A_65W.jpg',0,1,120.0000,0,0,'2013-04-25',0.00000000,1,0.00000000,0.00000000,0.00000000,1,1,1,1,1,'2013-04-26 12:50:09','2013-04-27 23:17:17',0),(738,'ADP-65JHP DB','00020','','','','','','Bucuresti',9,5,'data/alimentatoare/AC_19V_3.42A/ACER_19V_342A_65W.jpg',0,1,120.0000,0,0,'2013-04-25',0.00000000,1,0.00000000,0.00000000,0.00000000,1,1,1,1,1,'2013-04-26 13:22:39','2013-04-27 23:17:22',0),(739,'ADP-65JHP DB','00020','','','','','','Bucuresti',9,5,'data/alimentatoare/AC_19V_3.42A/ACER_19V_342A_65W.jpg',0,1,120.0000,0,0,'2013-04-25',0.00000000,1,0.00000000,0.00000000,0.00000000,1,1,1,1,1,'2013-04-26 13:32:30','2013-04-27 23:17:39',0),(740,'ADP-65JHP DB','00020','','','','','','Bucuresti',9,5,'data/alimentatoare/AC_19V_3.42A/ACER_19V_342A_65W.jpg',0,1,120.0000,0,0,'2013-04-25',0.00000000,1,0.00000000,0.00000000,0.00000000,1,1,1,1,1,'2013-04-26 13:36:28','2013-04-27 23:17:49',0),(741,'ADP-65JHP DB','00020','','','','','','Bucuresti',9,5,'data/alimentatoare/AC_19V_3.42A/ACER_19V_342A_65W.jpg',0,1,120.0000,0,0,'2013-04-25',0.00000000,1,0.00000000,0.00000000,0.00000000,1,1,1,1,1,'2013-04-26 13:38:07','2013-04-27 23:18:05',0),(742,'ADP-65JHP DB','00020','','','','','','Bucuresti',9,5,'data/alimentatoare/AC_19V_3.42A/ACER_19V_342A_65W.jpg',0,1,120.0000,0,0,'2013-04-25',0.00000000,1,0.00000000,0.00000000,0.00000000,1,1,1,1,1,'2013-04-26 13:39:37','2013-04-27 23:18:15',0),(743,'ADP-65JHP DB','00020','','','','','','Bucuresti',9,5,'data/alimentatoare/AC_19V_3.42A/ACER_19V_342A_65W.jpg',0,1,120.0000,0,0,'2013-04-25',0.00000000,1,0.00000000,0.00000000,0.00000000,1,1,1,1,1,'2013-04-26 13:41:17','2013-04-27 23:18:23',0),(744,'ADP-65JHP DB','00020','','','','','','Bucuresti',9,5,'data/alimentatoare/AC_19V_3.42A/ACER_19V_342A_65W.jpg',0,1,120.0000,0,0,'2013-04-25',0.00000000,1,0.00000000,0.00000000,0.00000000,1,1,1,1,1,'2013-04-26 13:43:09','2013-04-27 23:18:32',0),(745,'ADP-65JHP DB','00020','','','','','','Bucuresti',9,5,'data/alimentatoare/AC_19V_3.42A/ACER_19V_342A_65W.jpg',0,1,120.0000,0,0,'2013-04-25',0.00000000,1,0.00000000,0.00000000,0.00000000,1,1,1,1,1,'2013-04-26 14:10:55','2013-04-27 23:18:41',0),(746,'ADP-65JHP DB','00020','','','','','','Bucuresti',9,5,'data/alimentatoare/AC_19V_3.42A/ACER_19V_342A_65W.jpg',0,1,120.0000,0,0,'2013-04-25',0.00000000,1,0.00000000,0.00000000,0.00000000,1,1,1,1,1,'2013-04-26 14:12:44','2013-04-27 23:18:51',0),(747,'ADP-65JHP DB','00020','','','','','','Bucuresti',9,5,'data/alimentatoare/AC_19V_3.42A/ACER_19V_342A_65W.jpg',0,1,120.0000,0,0,'2013-04-25',0.00000000,1,0.00000000,0.00000000,0.00000000,1,1,1,1,1,'2013-04-26 14:17:57','2013-04-27 23:19:41',0),(748,'ADP-65JHP DB','00020','','','','','','Bucuresti',9,5,'data/alimentatoare/AC_19V_3.42A/ACER_19V_342A_65W.jpg',0,1,120.0000,0,0,'2013-04-25',0.00000000,1,0.00000000,0.00000000,0.00000000,1,1,1,1,1,'2013-04-26 14:20:54','2013-04-27 23:19:50',0),(749,'ADP-65JHP DB','00020','','','','','','Bucuresti',9,5,'data/alimentatoare/AC_19V_3.42A/ACER_19V_342A_65W.jpg',0,1,120.0000,0,0,'2013-04-25',0.00000000,1,0.00000000,0.00000000,0.00000000,1,1,1,1,1,'2013-04-26 14:23:09','2013-04-27 23:19:59',0),(750,'ADP-65JHP DB','00020','','','','','','Bucuresti',9,5,'data/alimentatoare/AC_19V_3.42A/ACER_19V_342A_65W.jpg',0,1,120.0000,0,0,'2013-04-25',0.00000000,1,0.00000000,0.00000000,0.00000000,1,1,1,1,1,'2013-04-26 14:25:22','2013-04-27 23:20:10',0),(751,'ADP-65JHP DB','00020','','','','','','Bucuresti',9,5,'data/alimentatoare/AC_19V_3.42A/ACER_19V_342A_65W.jpg',0,1,120.0000,0,0,'2013-04-25',0.00000000,1,0.00000000,0.00000000,0.00000000,1,1,1,1,1,'2013-04-26 14:28:02','2013-04-27 23:20:15',0),(752,'ADP-65JHP DB','00020','','','','','','Bucuresti',9,5,'data/alimentatoare/AC_19V_3.42A/ACER_19V_342A_65W.jpg',0,1,120.0000,0,0,'2013-04-25',0.00000000,1,0.00000000,0.00000000,0.00000000,1,1,1,1,1,'2013-04-26 14:31:36','2013-04-27 23:20:29',0),(753,'ADP-65JHP DB','00020','','','','','','Bucuresti',9,5,'data/alimentatoare/AC_19V_3.42A/ACER_19V_342A_65W.jpg',0,1,120.0000,0,0,'2013-04-25',0.00000000,1,0.00000000,0.00000000,0.00000000,1,1,1,1,1,'2013-04-26 14:40:19','2013-04-27 23:20:44',0),(754,'ADP-65JHP DB','00020','','','','','','Bucuresti',9,5,'data/alimentatoare/AC_19V_3.42A/ACER_19V_342A_65W.jpg',0,1,120.0000,0,0,'2013-04-25',0.00000000,1,0.00000000,0.00000000,0.00000000,1,1,1,1,1,'2013-04-26 14:42:30','2013-04-27 23:20:53',0),(755,'ADP-65JHP DB','00020','','','','','','Bucuresti',9,5,'data/alimentatoare/AC_19V_3.42A/ACER_19V_342A_65W.jpg',0,1,120.0000,0,0,'2013-04-25',0.00000000,1,0.00000000,0.00000000,0.00000000,1,1,1,1,1,'2013-04-26 14:50:41','2013-04-27 23:21:01',0),(756,'ADP-65JHP DB','00020','','','','','','Bucuresti',9,5,'data/alimentatoare/AC_19V_3.42A/ACER_19V_342A_65W.jpg',0,1,120.0000,0,0,'2013-04-25',0.00000000,1,0.00000000,0.00000000,0.00000000,1,1,1,1,1,'2013-04-26 14:52:55','2013-04-27 23:21:13',0),(757,'ADP-65JHP DB','00020','','','','','','Bucuresti',9,5,'data/alimentatoare/AC_19V_3.42A/ACER_19V_342A_65W.jpg',0,1,120.0000,0,0,'2013-04-25',0.00000000,1,0.00000000,0.00000000,0.00000000,1,1,1,1,1,'2013-04-26 15:07:23','2013-04-29 09:58:38',0),(758,'ADP-65JHP DB','00020','','','','','','Bucuresti',9,5,'data/alimentatoare/AC_19V_3.42A/ACER_19V_342A_65W.jpg',0,1,120.0000,0,0,'2013-04-25',0.00000000,1,0.00000000,0.00000000,0.00000000,1,1,1,1,1,'2013-04-26 15:09:24','2013-04-27 23:22:35',0),(759,'ADP-65JHP DB','00020','','','','','','Bucuresti',9,5,'data/alimentatoare/AC_19V_3.42A/ACER_19V_342A_65W.jpg',0,1,120.0000,0,0,'2013-04-25',0.00000000,1,0.00000000,0.00000000,0.00000000,1,1,1,1,1,'2013-04-26 15:13:59','2013-04-27 23:22:40',0),(760,'ADP-65JHP DB','00020','','','','','','Bucuresti',9,5,'data/alimentatoare/AC_19V_3.42A/ACER_19V_342A_65W.jpg',0,1,120.0000,0,0,'2013-04-25',0.00000000,1,0.00000000,0.00000000,0.00000000,1,1,1,1,1,'2013-04-26 15:16:04','2013-04-27 23:22:50',0),(761,'ADP-65JHP DB','00020','','','','','','Bucuresti',9,5,'data/alimentatoare/AC_19V_3.42A/ACER_19V_342A_65W.jpg',0,1,120.0000,0,0,'2013-04-25',0.00000000,1,0.00000000,0.00000000,0.00000000,1,1,1,1,1,'2013-04-26 15:17:41','2013-04-27 23:22:55',0),(762,'ADP-65JHP DB','00020','','','','','','Bucuresti',9,5,'data/alimentatoare/AC_19V_3.42A/ACER_19V_342A_65W.jpg',0,1,120.0000,0,0,'2013-04-25',0.00000000,1,0.00000000,0.00000000,0.00000000,1,1,1,1,1,'2013-04-26 15:19:29','2013-04-27 23:23:06',0),(763,'ADP-65JHP DB','00020','','','','','','Bucuresti',9,5,'data/alimentatoare/AC_19V_3.42A/ACER_19V_342A_65W.jpg',0,1,120.0000,0,0,'2013-04-25',0.00000000,1,0.00000000,0.00000000,0.00000000,1,1,1,1,1,'2013-04-26 15:21:44','2013-04-27 23:23:08',0),(764,'ADP-65JHP DB','00020','','','','','','Bucuresti',9,5,'data/alimentatoare/AC_19V_3.42A/ACER_19V_342A_65W.jpg',0,1,120.0000,0,0,'2013-04-25',0.00000000,1,0.00000000,0.00000000,0.00000000,1,1,1,1,1,'2013-04-26 15:38:46','2013-04-29 09:59:27',0),(765,'ADP-65JHP DB','00020','','','','','','Bucuresti',9,5,'data/alimentatoare/AC_19V_3.42A/ACER_19V_342A_65W.jpg',0,1,120.0000,0,0,'2013-04-25',0.00000000,1,0.00000000,0.00000000,0.00000000,1,1,1,1,1,'2013-04-26 15:40:51','2013-04-27 23:23:20',0),(766,'ADP-65JHP DB','00020','','','','','','Bucuresti',9,5,'data/alimentatoare/AC_19V_3.42A/ACER_19V_342A_65W.jpg',0,1,120.0000,0,0,'2013-04-25',0.00000000,1,0.00000000,0.00000000,0.00000000,1,1,1,1,1,'2013-04-26 15:42:33','2013-04-29 09:59:49',0),(767,'ADP-65JHP DB','00020','','','','','','Bucuresti',9,5,'data/alimentatoare/AC_19V_3.42A/ACER_19V_342A_65W.jpg',0,1,120.0000,0,0,'2013-04-25',0.00000000,1,0.00000000,0.00000000,0.00000000,1,1,1,1,1,'2013-04-26 16:06:58','2013-04-27 23:23:38',0),(768,'ADP-65JHP DB','00020','','','','','','Bucuresti',9,5,'data/alimentatoare/AC_19V_3.42A/ACER_19V_342A_65W.jpg',0,1,120.0000,0,0,'2013-04-25',0.00000000,1,0.00000000,0.00000000,0.00000000,1,1,1,1,1,'2013-04-26 16:08:49','2013-04-27 23:23:45',0),(769,'ADP-65JHP DB','00020','','','','','','Bucuresti',9,5,'data/alimentatoare/AC_19V_3.42A/ACER_19V_342A_65W.jpg',0,1,120.0000,0,0,'2013-04-25',0.00000000,1,0.00000000,0.00000000,0.00000000,1,1,1,1,1,'2013-04-26 16:12:09','2013-04-27 23:23:50',0),(770,'ADP-65JHP DB','00020','','','','','','Bucuresti',9,5,'data/alimentatoare/AC_19V_3.42A/ACER_19V_342A_65W.jpg',0,1,120.0000,0,0,'2013-04-25',0.00000000,1,0.00000000,0.00000000,0.00000000,1,1,1,1,1,'2013-04-26 16:14:05','2013-04-27 23:23:57',0),(771,'ADP-65JHP DB','00020','','','','','','Bucuresti',9,5,'data/alimentatoare/AC_19V_3.42A/ACER_19V_342A_65W.jpg',0,1,120.0000,0,0,'2013-04-25',0.00000000,1,0.00000000,0.00000000,0.00000000,1,1,1,1,1,'2013-04-26 16:15:45','2013-04-27 23:24:09',0),(772,'ADP-65JHP DB','00020','','','','','','Bucuresti',9,5,'data/alimentatoare/AC_19V_3.42A/ACER_19V_342A_65W.jpg',0,1,120.0000,0,0,'2013-04-25',0.00000000,1,0.00000000,0.00000000,0.00000000,1,1,1,1,1,'2013-04-26 16:17:33','2013-04-27 23:24:13',0),(773,'ADP-65JHP DB','00020','','','','','','Bucuresti',9,5,'data/alimentatoare/AC_19V_3.42A/ACER_19V_342A_65W.jpg',0,1,120.0000,0,0,'2013-04-25',0.00000000,1,0.00000000,0.00000000,0.00000000,1,1,1,1,1,'2013-04-26 16:19:51','2013-04-27 23:24:21',0),(774,'ADP-65JHP DB','00020','','','','','','Bucuresti',9,5,'data/alimentatoare/AC_19V_3.42A/ACER_19V_342A_65W.jpg',0,1,120.0000,0,0,'2013-04-25',0.00000000,1,0.00000000,0.00000000,0.00000000,1,1,1,1,1,'2013-04-26 16:21:46','2013-04-27 23:24:26',0),(775,'ADP-65JHP DB','00020','','','','','','Bucuresti',9,5,'data/alimentatoare/AC_19V_3.42A/ACER_19V_342A_65W.jpg',0,1,120.0000,0,0,'2013-04-25',0.00000000,1,0.00000000,0.00000000,0.00000000,1,1,1,1,1,'2013-04-26 16:23:33','2013-04-29 10:01:09',0),(776,'ADP-65JHP DB','00020','','','','','','Bucuresti',9,5,'data/alimentatoare/AC_19V_3.42A/ACER_19V_342A_65W.jpg',0,1,120.0000,0,0,'2013-04-25',0.00000000,1,0.00000000,0.00000000,0.00000000,1,1,1,1,1,'2013-04-26 16:25:42','2013-04-27 23:24:37',0),(777,'ADP-65JHP DB','00020','','','','','','Bucuresti',9,5,'data/alimentatoare/AC_19V_3.42A/ACER_19V_342A_65W.jpg',0,1,120.0000,0,0,'2013-04-25',0.00000000,1,0.00000000,0.00000000,0.00000000,1,1,1,1,1,'2013-04-26 16:35:08','2013-04-27 23:25:06',0),(778,'ADP-65JHP DB','00020','','','','','','Bucuresti',9,5,'data/alimentatoare/AC_19V_3.42A/ACER_19V_342A_65W.jpg',0,1,120.0000,0,0,'2013-04-25',0.00000000,1,0.00000000,0.00000000,0.00000000,1,1,1,1,1,'2013-04-26 16:37:48','2013-04-27 23:25:13',0),(779,'ADP-65JHP DB','00020','','','','','','Bucuresti',9,5,'data/alimentatoare/AC_19V_3.42A/ACER_19V_342A_65W.jpg',0,1,120.0000,0,0,'2013-04-25',0.00000000,1,0.00000000,0.00000000,0.00000000,1,1,1,1,1,'2013-04-26 16:39:52','2013-04-27 23:25:24',0),(780,'ADP-65JHP DB','00020','','','','','','Bucuresti',9,5,'data/alimentatoare/AC_19V_3.42A/ACER_19V_342A_65W.jpg',0,1,120.0000,0,0,'2013-04-27',0.00000000,1,0.00000000,0.00000000,0.00000000,1,1,1,1,1,'2013-04-28 17:36:25','0000-00-00 00:00:00',0),(781,'ADP-65JHP DB','00020','','','','','','Bucuresti',9,5,'data/alimentatoare/AC_19V_3.42A/ACER_19V_342A_65W.jpg',0,1,120.0000,0,0,'2013-04-27',0.00000000,1,0.00000000,0.00000000,0.00000000,1,1,1,1,1,'2013-04-28 17:39:49','2013-04-28 17:43:05',0),(782,'ADP-65JHP DB','00020','','','','','','Bucuresti',9,5,'data/alimentatoare/AC_19V_3.42A/ACER_19V_342A_65W.jpg',0,1,120.0000,0,0,'2013-04-27',0.00000000,1,0.00000000,0.00000000,0.00000000,1,1,1,1,1,'2013-04-28 17:45:38','0000-00-00 00:00:00',0),(783,'ADP-65JHP DB','00020','','','','','','Bucuresti',9,5,'data/alimentatoare/AC_19V_3.42A/ACER_19V_342A_65W.jpg',0,1,120.0000,0,0,'2013-04-27',0.00000000,1,0.00000000,0.00000000,0.00000000,1,1,1,1,1,'2013-04-28 17:48:10','0000-00-00 00:00:00',0),(784,'ADP-65JHP DB','00020','','','','','','Bucuresti',9,5,'data/alimentatoare/AC_19V_3.42A/ACER_19V_342A_65W.jpg',0,1,120.0000,0,0,'2013-04-27',0.00000000,1,0.00000000,0.00000000,0.00000000,1,1,1,1,1,'2013-04-28 17:51:06','0000-00-00 00:00:00',0),(785,'ADP-65JHP DB','00020','','','','','','Bucuresti',9,5,'data/alimentatoare/AC_19V_3.42A/ACER_19V_342A_65W.jpg',0,1,120.0000,0,0,'2013-04-27',0.00000000,1,0.00000000,0.00000000,0.00000000,1,1,1,1,1,'2013-04-28 17:53:06','0000-00-00 00:00:00',0),(786,'ADP-65JHP DB','00020','','','','','','Bucuresti',9,5,'data/alimentatoare/AC_19V_3.42A/ACER_19V_342A_65W.jpg',0,1,120.0000,0,0,'2013-04-27',0.00000000,1,0.00000000,0.00000000,0.00000000,1,1,1,1,1,'2013-04-28 17:54:59','0000-00-00 00:00:00',0),(787,'ADP-65JHP DB','00020','','','','','','Bucuresti',9,5,'data/alimentatoare/AC_19V_3.42A/ACER_19V_342A_65W.jpg',0,1,120.0000,0,0,'2013-04-27',0.00000000,1,0.00000000,0.00000000,0.00000000,1,1,1,1,1,'2013-04-28 17:57:43','0000-00-00 00:00:00',0),(788,'ADP-65JHP DB','00020','','','','','','Bucuresti',9,5,'data/alimentatoare/AC_19V_3.42A/ACER_19V_342A_65W.jpg',0,1,120.0000,0,0,'2013-04-27',0.00000000,1,0.00000000,0.00000000,0.00000000,1,1,1,1,1,'2013-04-28 18:00:01','0000-00-00 00:00:00',0),(789,'ADP-65JHP DB','00020','','','','','','Bucuresti',9,5,'data/alimentatoare/AC_19V_3.42A/ACER_19V_342A_65W.jpg',0,1,120.0000,0,0,'2013-04-27',0.00000000,1,0.00000000,0.00000000,0.00000000,1,1,1,1,1,'2013-04-28 18:02:09','0000-00-00 00:00:00',0),(790,'ADP-65JHP DB','00020','','','','','','Bucuresti',9,5,'data/alimentatoare/AC_19V_3.42A/ACER_19V_342A_65W.jpg',0,1,120.0000,0,0,'2013-04-27',0.00000000,1,0.00000000,0.00000000,0.00000000,1,1,1,1,1,'2013-04-28 18:04:16','0000-00-00 00:00:00',0),(791,'ADP-65JHP DB','00020','','','','','','Bucuresti',9,5,'data/alimentatoare/AC_19V_3.42A/ACER_19V_342A_65W.jpg',0,1,120.0000,0,0,'2013-04-27',0.00000000,1,0.00000000,0.00000000,0.00000000,1,1,1,1,1,'2013-04-28 21:40:35','0000-00-00 00:00:00',0),(792,'ADP-65JHP DB','00020','','','','','','Bucuresti',9,5,'data/alimentatoare/AC_19V_3.42A/ACER_19V_342A_65W.jpg',0,1,120.0000,0,0,'2013-04-27',0.00000000,1,0.00000000,0.00000000,0.00000000,1,1,1,1,1,'2013-04-28 21:42:33','0000-00-00 00:00:00',0),(793,'ADP-65JHP DB','00020','','','','','','Bucuresti',9,5,'data/alimentatoare/AC_19V_3.42A/ACER_19V_342A_65W.jpg',0,1,120.0000,0,0,'2013-04-27',0.00000000,1,0.00000000,0.00000000,0.00000000,1,1,1,1,1,'2013-04-28 21:44:27','0000-00-00 00:00:00',0),(794,'ADP-65JHP DB','00020','','','','','','Bucuresti',9,5,'data/alimentatoare/AC_19V_3.42A/ACER_19V_342A_65W.jpg',0,1,120.0000,0,0,'2013-04-27',0.00000000,1,0.00000000,0.00000000,0.00000000,1,1,1,1,1,'2013-04-28 21:46:22','0000-00-00 00:00:00',0),(795,'ADP-65JHP DB','00020','','','','','','Bucuresti',9,5,'data/alimentatoare/AC_19V_3.42A/ACER_19V_342A_65W.jpg',0,1,120.0000,0,0,'2013-04-27',0.00000000,1,0.00000000,0.00000000,0.00000000,1,1,1,1,1,'2013-04-28 21:48:26','0000-00-00 00:00:00',0),(796,'ADP-65JHP DB','00020','','','','','','Bucuresti',9,5,'data/alimentatoare/AC_19V_3.42A/ACER_19V_342A_65W.jpg',0,1,120.0000,0,0,'2013-04-28',0.00000000,1,0.00000000,0.00000000,0.00000000,1,1,1,1,1,'2013-04-29 09:39:38','0000-00-00 00:00:00',0),(797,'ADP-65JHP DB','00020','','','','','','Bucuresti',9,5,'data/alimentatoare/AC_19V_3.42A/ACER_19V_342A_65W.jpg',0,1,120.0000,0,0,'2013-04-28',0.00000000,1,0.00000000,0.00000000,0.00000000,1,1,1,1,1,'2013-04-29 09:41:22','2013-04-29 09:55:55',0),(798,'ADP-65JHP DB','00020','','','','','','Bucuresti',9,5,'data/alimentatoare/AC_19V_3.42A/ACER_19V_342A_65W.jpg',0,1,120.0000,0,0,'2013-04-28',0.00000000,1,0.00000000,0.00000000,0.00000000,1,1,1,1,1,'2013-04-29 09:44:43','0000-00-00 00:00:00',0),(799,'ADP-65JHP DB','00020','','','','','','Bucuresti',9,5,'data/alimentatoare/AC_19V_3.42A/ACER_19V_342A_65W.jpg',0,1,120.0000,0,0,'2013-04-28',0.00000000,1,0.00000000,0.00000000,0.00000000,1,1,1,1,1,'2013-04-29 09:46:39','0000-00-00 00:00:00',0),(800,'ADP-65JHP DB','00020','','','','','','Bucuresti',6,5,'data/alimentatoare/AC_19V_3.42A/ACER_19V_342A_65W.jpg',0,1,120.0000,0,0,'2013-04-28',0.00000000,1,0.00000000,0.00000000,0.00000000,1,1,1,1,1,'2013-04-29 09:48:32','2014-11-07 09:01:06',0),(801,'Sony-vaio-seria-VGN-FS-FE-','00457','','','','','','Bucuresti',2,5,'data/Componente/Mufe_Alimentare/SonyvaioVGNFSFEseriesdcpowerjackwithcable.jpg',0,1,85.0000,0,0,'2013-04-28',0.00000000,1,0.00000000,0.00000000,0.00000000,1,1,1,1,1,'2013-04-29 11:52:55','2013-05-02 13:10:23',482),(802,'Sony-vaio-seria-VGN-AR-','00458','','','','','','Bucuresti',2,5,'data/Componente/Mufe_Alimentare/SONYVGNARSERIESDCPOWERJACKCABLE07300012115_A.jpg',0,1,85.0000,0,0,'2013-04-28',0.00000000,1,0.00000000,0.00000000,0.00000000,1,1,1,1,1,'2013-04-29 12:05:34','2013-05-02 13:09:38',548),(803,'Sony-vaio-VGN-FW-M760','00459','','','','','','Bucuresti',0,5,'data/Componente/Mufe_Alimentare/SONYVAIOVGNFWM760DCJACKCABLE01501011455_A.jpg',0,1,85.0000,0,0,'2013-04-28',0.00000000,1,0.00000000,0.00000000,0.00000000,1,1,1,1,1,'2013-04-29 12:31:55','2013-04-29 22:30:03',771),(804,'Sony-vaio-VGN-FW-M763','00460','','','','','','Bucuresti',2,5,'data/Componente/Mufe_Alimentare/SONYVAIOVGNFWM763DCJACKCABLE.jpg',0,1,85.0000,0,0,'2013-04-28',0.00000000,1,0.00000000,0.00000000,0.00000000,1,1,1,1,1,'2013-04-29 12:36:09','2013-04-29 22:30:25',544),(805,'Sony-vaio-seria-VGN-NR','00461','','','','','','Bucuresti',2,5,'data/Componente/Mufe_Alimentare/SONYVAIOVGNNRDCPOWERJACKCABLE0730001377A.jpg',0,1,85.0000,0,0,'2013-04-28',0.00000000,1,0.00000000,0.00000000,0.00000000,1,1,1,1,1,'2013-04-29 12:43:36','2013-04-29 22:31:13',568),(806,'SONY VAIO VGN-NW ','00462','','','','','','Bucuresti',2,5,'data/Componente/Mufe_Alimentare/SONYVAIOVGNNWDCPOWERJACKCABLE30600011636A.jpg',0,1,85.0000,0,0,'2013-05-01',0.00000000,1,0.00000000,0.00000000,0.00000000,1,1,1,1,1,'2013-05-02 13:08:21','0000-00-00 00:00:00',534),(807,'Sony-vaio-Seria-VPCEA-M-960','00463','','','','','','Bucuresti',2,5,'data/Componente/Mufe_Alimentare/SONYVAIOVPCEAM960.jpg',0,1,85.0000,0,0,'2013-05-01',0.00000000,1,0.00000000,0.00000000,0.00000000,1,1,1,1,1,'2013-05-02 13:15:28','0000-00-00 00:00:00',585),(808,'Sony-vaio-Seria-VPCEB-M-970','00464','','','','','','Bucuresti',2,5,'data/Componente/Mufe_Alimentare/SONYVAIOVPCEBM970.jpg',0,1,85.0000,0,0,'2013-05-01',0.00000000,1,0.00000000,0.00000000,0.00000000,1,1,1,1,1,'2013-05-02 13:19:29','0000-00-00 00:00:00',610),(809,'Sony-vaio-seria-VPCEC','00465','','','','','','Bucuresti',2,5,'data/Componente/Mufe_Alimentare/SONYVAIOVPCEC.jpg',0,1,85.0000,0,0,'2013-05-01',0.00000000,1,0.00000000,0.00000000,0.00000000,1,1,1,1,1,'2013-05-02 13:23:03','0000-00-00 00:00:00',565),(810,'Sony-vaio-seria- VGN-EE -DC ','00466','','','','','','Bucuresti',2,5,'data/Componente/Mufe_Alimentare/SonVaioVGNEEDCPowerPlugJackHarnessCable.jpg',0,1,85.0000,0,0,'2013-05-01',0.00000000,1,0.00000000,0.00000000,0.00000000,1,1,1,1,1,'2013-05-02 20:04:00','0000-00-00 00:00:00',719),(811,'VPCF11 F12','00467','','','','','','Bucuresti',2,5,'data/Componente/Mufe_Alimentare/SONYVAIOVPCF11F12DCPOWERJACKCABLE0150011494_A_1.jpg',0,1,85.0000,0,0,'2013-05-01',0.00000000,1,0.00000000,0.00000000,0.00000000,1,1,1,1,1,'2013-05-02 20:13:12','0000-00-00 00:00:00',598),(813,' Acer-5738-09257','00469','','','','','','Bucuresti',0,5,'data/gigel/placi de baza/DSC_0070.JPG',0,1,0.0000,0,0,'2013-05-12',0.00000000,1,0.00000000,0.00000000,0.00000000,1,1,1,1,1,'2013-05-13 16:58:47','2013-12-20 09:05:12',1160),(814,'Acer-Aspire-2020-2010','00470','','','','','','Bucuresti',0,5,'data/gigel/placi de baza/aceraspire2020.2010.jpg...jpg',0,1,0.0000,0,0,'2013-05-12',0.00000000,1,0.00000000,0.00000000,0.00000000,1,1,1,1,1,'2013-05-13 17:11:46','2013-12-20 09:04:57',790),(815,'Acer-TravelMate-5310-5320-5710-5720','00471','','','','','','Bucuresti',0,5,'data/gigel/placi de baza/acerT5310.5320.5710.5720.jpg',0,1,0.0000,0,0,'2013-05-12',0.00000000,1,0.00000000,0.00000000,0.00000000,1,1,1,1,1,'2013-05-13 17:27:23','2013-12-20 09:04:42',829),(816,'Acer TravelMate-3010 -3020','00472','','','','','','Bucuresti',0,5,'data/gigel/placi de baza/DSC_0074.JPG',0,1,0.0000,0,0,'2013-05-12',0.00000000,1,0.00000000,0.00000000,0.00000000,1,1,1,1,1,'2013-05-13 17:35:26','2013-12-20 09:04:28',622),(817,'Acer 5735- 5335 -5535','00473','','','','','','Bucuresti',0,5,'data/gigel/placi de baza/acer..573553355535.JPG',0,1,0.0000,0,0,'2013-05-12',0.00000000,1,0.00000000,0.00000000,0.00000000,1,1,1,1,1,'2013-05-13 17:40:36','2013-12-20 09:04:03',887),(818,'Samsung-Q310-Intel','00474','','','','','','Bucuresti',0,5,'data/gigel/placi de baza/DSC_0080.JPG',0,1,0.0000,0,0,'2013-05-13',0.00000000,1,0.00000000,0.00000000,0.00000000,1,1,1,1,1,'2013-05-14 09:45:39','2013-12-20 09:03:45',455),(819,'Toshiba-PRO-A300-Intel-PM965','00475','','','','','','Bucuresti',0,5,'data/gigel/placi de baza/DSC_0072.JPG',0,1,0.0000,0,0,'2013-05-13',0.00000000,1,0.00000000,0.00000000,0.00000000,1,1,1,1,1,'2013-05-14 10:05:03','2013-12-20 09:03:29',589),(820,'Packard-Bell-SB85','00476','','','','','','Bucuresti',0,5,'data/gigel/placi de baza/DSC_0068.JPG',0,1,0.0000,0,0,'2013-05-13',0.00000000,1,0.00000000,0.00000000,0.00000000,1,1,1,1,1,'2013-05-14 10:18:02','2013-12-20 09:03:11',523),(821,'Packard-Bell-EasyNote-Xs20-001','00477','','','','','','Bucuresti',0,5,'data/gigel/placi de baza/DSC_0066.JPG',0,1,0.0000,0,0,'2013-05-13',0.00000000,1,0.00000000,0.00000000,0.00000000,1,1,1,1,1,'2013-05-14 10:28:58','2013-12-20 09:02:51',372),(822,'IBM-T40','00478','','','','','','Bucuresti',0,5,'data/gigel/placi de baza/DSC_0060.JPG',0,1,0.0000,0,0,'2013-05-13',0.00000000,1,0.00000000,0.00000000,0.00000000,1,1,1,1,1,'2013-05-14 10:53:55','2013-12-20 09:02:33',532),(823,'Acer -Aspire-5020 ','00479','','','','','','',0,5,'data/gigel/placi de baza/aceraspire5020.JPG',0,1,0.0000,0,0,'2013-05-13',0.00000000,1,0.00000000,0.00000000,0.00000000,1,1,1,1,1,'2013-05-14 12:17:24','2013-12-20 09:02:13',509),(824,'Hp-Mini-1014','00480','','','','','','Bucuresti',0,5,'data/gigel/placi de baza/hpmini1014.jpg',0,1,0.0000,0,0,'2013-05-13',0.00000000,1,0.00000000,0.00000000,0.00000000,1,1,1,1,1,'2013-05-14 13:19:52','2013-12-20 09:01:56',603),(825,'Hp-Mini-110','00481','','','','','','Bucuresti',0,5,'data/gigel/placi de baza/hpmini110.jpg',0,1,0.0000,0,0,'2013-05-13',0.00000000,1,0.00000000,0.00000000,0.00000000,1,1,1,1,1,'2013-05-14 13:24:31','2013-12-20 09:01:40',458),(826,'Compaq-Presario-C700-G7000','00482','','','','','','Bucuresti',0,5,'data/gigel/placi de baza/cmpqpresarioc700g7000.JPG',0,1,0.0000,0,0,'2013-05-13',0.00000000,1,0.00000000,0.00000000,0.00000000,1,1,1,1,1,'2013-05-14 13:29:43','2013-12-20 09:01:23',513),(827,'Fujitsu Simens-amilo-pro-v2030','00483','','','','','','Bucuresti',0,5,'data/gigel/placi de baza/FujitsuSimensamiloprov2030.JPG',0,1,0.0000,0,0,'2013-05-13',0.00000000,1,0.00000000,0.00000000,0.00000000,1,1,1,1,1,'2013-05-14 13:35:54','2013-12-20 09:01:06',724),(828,'Sony-M610','00484','','','','','','Bucuresti',0,5,'data/gigel/placi de baza/sonym610.JPG',0,1,0.0000,0,0,'2013-05-13',0.00000000,1,0.00000000,0.00000000,0.00000000,1,1,1,1,1,'2013-05-14 13:39:56','2013-12-20 09:00:47',398),(829,'Hp-Compaq-71','00485','','','','','','Bucuresti',0,5,'data/gigel/placi de baza/hpcompaq71..JPG',0,1,0.0000,0,0,'2013-05-13',0.00000000,1,0.00000000,0.00000000,0.00000000,1,1,1,1,1,'2013-05-14 13:47:53','2013-12-20 09:00:28',340),(830,'Gateway-LT-311','00486','','','','','','Bucuresti',0,5,'data/gigel/placi de baza/gatewaylt3103ult3114u.JPG',0,1,0.0000,0,0,'2013-05-13',0.00000000,1,0.00000000,0.00000000,0.00000000,1,1,1,1,1,'2013-05-14 13:56:18','2013-12-20 09:00:12',361),(831,'MSI-GX-630','00487','','','','','','Bucuresti',0,5,'data/gigel/placi de baza/msigx6302.JPG',0,1,0.0000,0,0,'2013-05-13',0.00000000,1,0.00000000,0.00000000,0.00000000,1,1,1,1,1,'2013-05-14 14:00:52','2013-12-20 08:59:57',416),(832,'Toshiba-Qosmio-G20','00488','','','','','','Bucuresti',0,5,'data/gigel/placi de baza/toshibaqosmiog20..JPG',0,1,0.0000,0,0,'2013-05-13',0.00000000,1,0.00000000,0.00000000,0.00000000,1,1,1,1,1,'2013-05-14 14:39:37','2013-12-20 08:59:39',429),(833,'Toshiba-Satelite-Pro-L20','00489','','','','','','Bucuresti',0,5,'data/gigel/placi de baza/toshibasatelite.l20.JPG',0,1,0.0000,0,0,'2013-05-13',0.00000000,1,0.00000000,0.00000000,0.00000000,1,1,1,1,1,'2013-05-14 14:45:42','2013-12-20 08:59:21',438),(834,'HP-Compaq-NXG-6110','00490','','','','','','Bucuresti',0,5,'data/gigel/placi de baza/DSC_0038.JPG',0,1,0.0000,0,0,'2013-05-13',0.00000000,1,0.00000000,0.00000000,0.00000000,1,1,1,1,1,'2013-05-14 14:54:18','2013-12-20 08:59:07',428),(835,'HP-Compaq-NX-6110','00491','','','','','','Bucuresti',0,5,'data/gigel/placi de baza/hp.compaq.nx.6110.jpg',0,1,0.0000,0,0,'2013-05-13',0.00000000,1,0.00000000,0.00000000,0.00000000,1,1,1,1,1,'2013-05-14 15:02:01','2013-12-20 08:58:52',444),(836,'Medion-6379-MD-98200','00492','','','','','','Bucuresti',0,5,'data/gigel/placi de baza/medion6379.md98200.jpg',0,1,0.0000,0,0,'2013-05-13',0.00000000,1,0.00000000,0.00000000,0.00000000,1,1,1,1,1,'2013-05-14 15:25:34','2013-12-20 08:58:33',471),(837,'HPC-6220','00493','','','','','','Bucuresti',0,5,'data/gigel/placi de baza/hpc6220.jpg',0,1,0.0000,0,0,'2013-05-13',0.00000000,1,0.00000000,0.00000000,0.00000000,1,1,1,1,1,'2013-05-14 15:28:00','2013-12-20 08:58:12',512),(838,'Hp-Pavilion-TX1000-TX-1200','00494','','','','','','Bucuresti',0,5,'data/gigel/placi de baza/hppaviliontx1000tx1200.jpg',0,1,0.0000,0,0,'2013-05-13',0.00000000,1,0.00000000,0.00000000,0.00000000,1,1,1,1,1,'2013-05-14 15:32:39','2013-12-20 08:57:56',920),(839,'Hp-Pavilion-DV6000-Intel','00495','','','','','','Bucuresti',0,5,'data/gigel/placi de baza/hppaviliondv6000.JPG',0,1,0.0000,0,0,'2013-05-13',0.00000000,1,0.00000000,0.00000000,0.00000000,1,1,1,1,1,'2013-05-14 15:46:56','2013-12-20 08:57:37',750),(840,'Hp-Pavilion-DV7-2100','00496','','','','','','Bucuresti',0,5,'data/gigel/placi de baza/20111027220633516292001.jpg',0,1,0.0000,0,0,'2013-05-13',0.00000000,1,0.00000000,0.00000000,0.00000000,1,1,1,1,1,'2013-05-14 15:55:56','2013-12-20 08:57:16',614),(841,'Asus-F35A-F35C-F35g-F35V','00497','','','','','','Bucuresti',0,5,'data/gigel/placi de baza/asusf3sc.f35a.f3sg.f3sv.jpg',0,1,0.0000,0,0,'2013-05-13',0.00000000,1,0.00000000,0.00000000,0.00000000,1,1,1,1,1,'2013-05-14 16:01:57','2013-12-20 08:56:54',511),(842,'Hp-Mini-2133','00498','','','','','','Bucuresti',0,5,'data/gigel/placi de baza/hp.mini.2133.jpg',0,1,0.0000,0,0,'2013-05-13',0.00000000,1,0.00000000,0.00000000,0.00000000,1,1,1,1,1,'2013-05-14 16:07:37','2013-12-20 08:56:33',625),(843,'Hp-Pavilion-DV2000','00499','','','','','','Bucuresti',0,5,'data/gigel/placi de baza/hppavildv2000.jpg',0,1,0.0000,0,0,'2013-05-13',0.00000000,1,0.00000000,0.00000000,0.00000000,1,1,1,1,1,'2013-05-14 16:12:28','2013-12-20 08:56:13',645),(844,'IBM-T43','00500','','','','','','Bucuresti',0,5,'data/gigel/placi de baza/ibmthinkt432668.jpg',0,1,0.0000,0,0,'2013-05-13',0.00000000,1,0.00000000,0.00000000,0.00000000,1,1,1,1,1,'2013-05-14 16:31:14','2013-12-20 08:55:53',594),(845,'Toshiba-X200-P200','00501','','','','','','Bucuresti',0,5,'data/gigel/placi de baza/toshibax200p200.jpg',0,1,0.0000,0,0,'2013-05-13',0.00000000,1,0.00000000,0.00000000,0.00000000,1,1,1,1,1,'2013-05-14 16:34:43','2013-12-20 08:55:34',582),(847,'Acer-Aspire-59426','00503','','','','','','Bucuresti',0,5,'data/gigel/placi de baza 2/DSC_0071.jpg',0,1,0.0000,0,0,'2013-05-26',0.00000000,1,0.00000000,0.00000000,0.00000000,1,1,1,1,1,'2013-05-27 09:52:57','2013-12-20 08:54:56',476),(848,'Hp Pavilion-DV6000-845-Intel ','00504','','','','','','Bucuresti',0,5,'data/gigel/placi de baza 2/DSC_0058.jpg',0,1,0.0000,0,0,'2013-05-26',0.00000000,1,0.00000000,0.00000000,0.00000000,1,1,1,1,1,'2013-05-27 11:57:16','2013-12-20 08:54:34',385),(849,'Hp Pavilion-DV6000-915-Intel','00505','','','','','','Bucuresti',0,5,'data/gigel/placi de baza 2/DSC_0051.jpg',0,1,0.0000,0,0,'2013-05-26',0.00000000,1,0.00000000,0.00000000,0.00000000,1,1,1,1,1,'2013-05-27 12:25:24','2013-12-20 08:54:16',385),(850,'Hp-Pavilion-DV9000-845-Intel','00506','','','','','','Bucuresti',0,5,'data/gigel/placi de baza 2/DSC_0062.jpg',0,1,0.0000,0,0,'2013-05-26',0.00000000,1,0.00000000,0.00000000,0.00000000,1,1,1,1,1,'2013-05-27 12:33:41','2013-12-20 08:53:57',674),(851,'Hp-Pavilion-DV9000-915-Intel','00507','','','','','','Bucuresti',0,5,'data/gigel/placi de baza 2/DSC_0054.jpg',0,1,0.0000,0,0,'2013-05-26',0.00000000,1,0.00000000,0.00000000,0.00000000,1,1,1,1,1,'2013-05-27 15:23:24','2013-12-20 08:53:38',723),(852,'Hp-Pavilion-DV7300-Intel','00508','','','','','','Bucuresti',0,5,'data/gigel/placi de baza 2/DSC_0099.jpg',0,1,0.0000,0,0,'2013-05-26',0.00000000,1,0.00000000,0.00000000,0.00000000,1,1,1,1,1,'2013-05-27 15:43:16','2013-12-20 08:53:21',374),(853,'Hp-Pavilion-DV7-AMD','00509','','','','','','Bucuresti',0,5,'data/gigel/placi de baza 2/DSC_0099.jpg',0,1,0.0000,0,0,'2013-05-26',0.00000000,1,0.00000000,0.00000000,0.00000000,1,1,1,1,1,'2013-05-27 16:09:12','2013-12-20 08:53:05',885),(854,'Hp-NX-6120','00510','','','','','','Bucuresti',0,5,'data/gigel/placi de baza 2/DSC_0101.jpg',0,1,0.0000,0,0,'2013-05-27',0.00000000,1,0.00000000,0.00000000,0.00000000,1,1,1,1,1,'2013-05-28 10:03:33','2013-12-20 08:52:50',433),(855,'LG-E500','00511','','','','','','Bucuresti',0,5,'data/gigel/placi de baza 2/DSC_00952.jpg',0,1,0.0000,0,0,'2013-05-27',0.00000000,1,0.00000000,0.00000000,0.00000000,1,1,1,1,1,'2013-05-28 11:33:36','2013-12-20 08:52:35',568),(856,'Airis-N619','00512','','','','','','Bucuresti',0,5,'data/gigel/placi de baza 2/DSC_0089.jpg',0,1,0.0000,0,0,'2013-05-27',0.00000000,1,0.00000000,0.00000000,0.00000000,1,1,1,1,1,'2013-05-28 12:59:01','2013-12-20 08:52:19',435),(857,'Hp-Medion-MD-97900','00513','','','','','','Bucuresti',0,5,'data/gigel/placi de baza 2/DSC_0085.jpg',0,1,0.0000,0,0,'2013-05-27',0.00000000,1,0.00000000,0.00000000,0.00000000,1,1,1,1,1,'2013-05-28 13:15:16','2013-12-20 08:51:55',421),(858,'Hp-Medion-MD-96663','00514','','','','','','Bucuresti',0,5,'data/gigel/placi de baza 2/DSC_0087.jpg',0,1,0.0000,0,0,'2013-05-27',0.00000000,1,0.00000000,0.00000000,0.00000000,1,1,1,1,1,'2013-05-28 13:33:36','2013-12-20 08:51:36',456),(859,'Acer-5735Z','00515','','','','','','Bucuresti',0,5,'data/gigel/placi de baza 2/DSC_0075.jpg',0,1,0.0000,0,0,'2013-05-27',0.00000000,1,0.00000000,0.00000000,0.00000000,1,1,1,1,1,'2013-05-28 13:47:11','2013-12-20 08:51:17',601),(860,'Acer-Aspire-3000','00516','','','','','','Bucuresti',0,5,'data/gigel/placi de baza 2/DSC_0066.jpg',0,1,0.0000,0,0,'2013-05-28',0.00000000,1,0.00000000,0.00000000,0.00000000,1,1,1,1,1,'2013-05-29 10:13:14','2013-12-20 08:50:59',671),(861,'Acer-Aspire-5235-5335-845','00517','','','','','','Bucuresti',0,5,'data/gigel/placi de baza 2/DSC_0080.jpg',0,1,0.0000,0,0,'2013-05-28',0.00000000,1,0.00000000,0.00000000,0.00000000,1,1,1,1,1,'2013-05-29 10:23:15','2013-12-20 08:50:42',655),(862,'Hp-Pavilion-HDX-9000','00518','','','','','','Bucuresti',0,5,'data/gigel/placi de baza 2/DSC_0070.jpg',0,1,0.0000,0,0,'2013-05-28',0.00000000,1,0.00000000,0.00000000,0.00000000,1,1,1,1,1,'2013-05-29 12:12:41','2013-12-20 08:50:25',773),(863,'Asus-X51RL','00519','','','','','','Bucuresti',0,5,'data/gigel/placi de baza 2/Fotografii0025...jpg',0,1,0.0000,0,0,'2013-05-29',0.00000000,1,0.00000000,0.00000000,0.00000000,1,1,1,1,1,'2013-05-30 10:27:45','2013-12-20 08:50:08',740),(864,'Asus-A7M','00520','','','','','','Bucuresti',0,5,'data/gigel/placi de baza 2/DSC_0110.jpg',0,1,0.0000,0,0,'2013-05-29',0.00000000,1,0.00000000,0.00000000,0.00000000,1,1,1,1,1,'2013-05-30 10:32:59','2013-12-20 08:49:33',567),(865,'Asus-A8M','00521','','','','','','Bucuresti',0,5,'data/gigel/placi de baza 2/DSC_0188.jpg',0,1,0.0000,0,0,'2013-05-29',0.00000000,1,0.00000000,0.00000000,0.00000000,1,1,1,1,1,'2013-05-30 12:15:22','2013-12-20 08:46:27',407),(866,'Hp-EliteBook-6930P','00522','','','','','','Bucuresti',0,5,'data/gigel/placi de baza 2/DSC_0204.jpg',0,1,0.0000,0,0,'2013-05-29',0.00000000,1,0.00000000,0.00000000,0.00000000,1,1,1,1,1,'2013-05-30 12:26:39','2013-12-20 08:46:09',533),(867,'MSI-CX500-MS-1682','00523','','','','','','Bucuresti',0,5,'data/gigel/placi de baza 2/DSC_0202.jpg',0,1,0.0000,0,0,'2013-05-29',0.00000000,1,0.00000000,0.00000000,0.00000000,1,1,1,1,1,'2013-05-30 12:47:23','2013-12-20 08:45:51',613),(868,'Hp-Compaq-NX-6325','00524','','','','','','Bucuresti',0,5,'data/gigel/placi de baza 2/Fotografii0027.jpg',0,1,0.0000,0,0,'2013-05-29',0.00000000,1,0.00000000,0.00000000,0.00000000,1,1,1,1,1,'2013-05-30 13:22:25','2013-12-20 08:45:31',406),(869,'Hp-Pavilion-DV7-AMD-845','00525','','','','','','Bucuresti',0,5,'data/gigel/placi de baza 2/Fotografii0029.jpg',0,1,0.0000,0,0,'2013-05-29',0.00000000,1,0.00000000,0.00000000,0.00000000,1,1,1,1,1,'2013-05-30 14:05:08','2013-12-20 08:45:14',451),(870,'Dell-Studio-1555','00526','','','','','','Bucuresti',0,5,'data/gigel/placi de baza 2/DSC_0256.jpg',0,1,0.0000,0,0,'2013-05-29',0.00000000,1,0.00000000,0.00000000,0.00000000,1,1,1,1,1,'2013-05-30 14:47:54','2013-12-20 08:44:35',879),(871,'Dell-Inspiron-9400','00527','','','','','','Bucuresti',0,5,'data/gigel/placi de baza 2/DSC_0255.jpg',0,1,0.0000,0,0,'2013-05-29',0.00000000,1,0.00000000,0.00000000,0.00000000,1,1,1,1,1,'2013-05-30 15:11:17','2013-12-20 08:44:15',481),(872,'Dell-Inspiron-6400','00528','','','','','','Bucuresti',0,5,'data/gigel/placi de baza 2/DSC_0252.jpg',0,1,0.0000,0,0,'2013-05-29',0.00000000,1,0.00000000,0.00000000,0.00000000,1,1,1,1,1,'2013-05-30 15:48:16','2013-12-20 08:43:59',1013),(874,'Dell-Inspiron-1525','00530','','','','','','Bucuresti',0,5,'data/gigel/placi de baza 2/DSC_0248.jpg',0,1,0.0000,0,0,'2013-05-29',0.00000000,1,0.00000000,0.00000000,0.00000000,1,1,1,1,1,'2013-05-30 16:31:43','2013-12-20 08:43:29',862),(875,'IBM-Lenovo-T405-T405I','00531','','','','','','Bucuresti',0,5,'data/gigel/placi de baza 2/DSC_0212.jpg',0,1,0.0000,0,0,'2013-05-29',0.00000000,1,0.00000000,0.00000000,0.00000000,1,1,1,1,1,'2013-05-30 17:00:37','2013-12-20 08:43:12',479),(876,'IBM-ThinkPad-R52','00532','','','','','','Bucuresti',0,5,'data/gigel/placi de baza 2/DSC_0211.jpg',0,1,0.0000,0,0,'2013-05-29',0.00000000,1,0.00000000,0.00000000,0.00000000,1,1,1,1,1,'2013-05-30 17:23:58','2013-12-20 08:42:57',492),(877,'IBM-Lenovo-T61','00533','','','','','','Bucuresti',0,5,'data/gigel/placi de baza 2/DSC_0212.jpg',0,1,0.0000,0,0,'2013-05-29',0.00000000,1,0.00000000,0.00000000,0.00000000,1,1,1,1,1,'2013-05-30 17:40:18','2013-12-20 08:42:34',451),(878,'IBM-Lenovo-3000-N200','00534','','','','','','Bucuresti',0,5,'data/gigel/placi de baza 2/DSC_0208.jpg',0,1,0.0000,0,0,'2013-05-29',0.00000000,1,0.00000000,0.00000000,0.00000000,1,1,1,1,1,'2013-05-30 17:49:35','2013-12-20 08:42:16',778),(879,'Gateway-NV78','00535','','','','','','Bucuresti',0,5,'data/gigel/placi de baza 2/DSC_0218.jpg',0,1,0.0000,0,0,'2013-05-30',0.00000000,1,0.00000000,0.00000000,0.00000000,1,1,1,1,1,'2013-05-31 10:30:45','2013-12-20 08:41:56',357),(880,'Hp-Compaq-G60','00536','','','','','','Bucuresti',0,5,'data/gigel/placi de baza 2/DSC_0170.jpg',0,1,0.0000,0,0,'2013-05-30',0.00000000,1,0.00000000,0.00000000,0.00000000,1,1,1,1,1,'2013-05-31 10:42:36','2013-12-20 08:41:37',312),(881,'Samsung-NP-N13-N270','00537','','','','','','Bucuresti',0,5,'data/gigel/placi de baza 2/DSC_0224.jpg',0,1,0.0000,0,0,'2013-05-30',0.00000000,1,0.00000000,0.00000000,0.00000000,1,1,1,1,1,'2013-05-31 10:47:01','2013-12-20 08:41:20',384),(882,'Sony-Vaio -VPC-EA','00538','','','','','','Bucuresti',0,5,'data/gigel/placi de baza 2/DSC_0226.jpg',0,1,0.0000,0,0,'2013-05-30',0.00000000,1,0.00000000,0.00000000,0.00000000,1,1,1,1,1,'2013-05-31 11:17:10','2013-12-20 08:41:01',370),(883,'Samsung-945','00539','','','','','','Bucuresti',0,5,'data/gigel/placi de baza 2/DSC_0222.jpg',0,1,0.0000,0,0,'2013-05-30',0.00000000,1,0.00000000,0.00000000,0.00000000,1,1,1,1,1,'2013-05-31 11:20:44','2013-12-20 08:40:42',422),(884,'Packard-Bell-EasyNote-MV-46','00540','','','','','','Bucuresti',0,5,'data/gigel/placi de baza 2/Fotografii0023.jpg',0,1,0.0000,0,0,'2013-05-30',0.00000000,1,0.00000000,0.00000000,0.00000000,1,1,1,1,1,'2013-05-31 12:11:06','2013-12-20 08:40:24',420),(885,'Toshiba-Qosmio-G30','00541','','','','','','Bucuresti',0,5,'data/gigel/placi de baza 2/DSC_0274.jpg',0,1,0.0000,0,0,'2013-05-30',0.00000000,1,0.00000000,0.00000000,0.00000000,1,1,1,1,1,'2013-05-31 13:04:18','2013-12-20 08:39:56',501),(886,'Gateway-MS-2252','00545','','','','','','Bucuresti',0,5,'data/gigel/placi de baza 2/DSC_0217.jpg',0,1,0.0000,0,0,'2013-05-30',0.00000000,1,0.00000000,0.00000000,0.00000000,1,1,1,1,1,'2013-05-31 13:28:30','2013-12-20 08:38:11',476),(887,'Gateway-NV59','00544','','','','','','Bucuresti',0,5,'data/gigel/placi de baza 2/DSC_0221.jpg',0,1,0.0000,0,0,'2013-05-30',0.00000000,1,0.00000000,0.00000000,0.00000000,1,1,1,1,1,'2013-05-31 13:36:59','2013-12-20 08:38:28',380),(888,'Medion-MD-97400','00546','','','','','','Bucuresti',0,5,'data/gigel/placi de baza 2/DSC_0186.jpg',0,1,0.0000,0,0,'2013-05-30',0.00000000,1,0.00000000,0.00000000,0.00000000,1,1,1,1,1,'2013-05-31 13:56:17','2013-12-20 08:37:55',464),(889,'Medion-MD-96500','00542','','','','','','Bucuresti',0,5,'data/gigel/placi de baza 2/DSC_0183.jpg',0,1,0.0000,0,0,'2013-05-30',0.00000000,1,0.00000000,0.00000000,0.00000000,1,1,1,1,1,'2013-05-31 14:23:31','2013-12-20 08:39:06',571),(890,'Miria-D154 ','00543','','','','','','Bucuresti',0,5,'data/gigel/placi de baza 2/DSC_0174.jpg',0,1,0.0000,0,0,'2013-05-30',0.00000000,1,0.00000000,0.00000000,0.00000000,1,1,1,1,1,'2013-05-31 15:49:34','2013-12-20 08:38:48',452),(891,'Acer-Extensa-5220','00547','','','','','','Bucuresti',0,5,'data/gigel/placi de baza 2/DSC_0173.jpg',0,1,0.0000,0,0,'2013-05-30',0.00000000,1,0.00000000,0.00000000,0.00000000,1,1,1,1,1,'2013-05-31 15:57:11','2013-12-20 08:37:36',629),(892,'MSI-730','00548','','','','','','Bucuresti',0,5,'data/gigel/placi de baza 2/DSC_0169.jpg',0,1,0.0000,0,0,'2013-05-30',0.00000000,1,0.00000000,0.00000000,0.00000000,1,1,1,1,1,'2013-05-31 16:07:38','2013-12-20 08:37:16',462),(893,'Packard-Bell-EasyNote-ML65','00549','','','','','','Bucuresti',0,5,'data/gigel/placi de baza 2/DSC_0166.jpg',0,1,0.0000,0,0,'2013-05-30',0.00000000,1,0.00000000,0.00000000,0.00000000,1,1,1,1,1,'2013-05-31 16:12:49','2013-12-19 18:08:52',445),(894,'Acer-Aspire-4330-4730-4735-4925-4930','00550','','','','','','Bucuresti',0,5,'data/gigel/placi de baza 2/DSC_0164.jpg',0,1,0.0000,0,0,'2013-05-30',0.00000000,1,0.00000000,0.00000000,0.00000000,1,1,1,1,1,'2013-05-31 16:23:14','2013-12-19 18:08:25',649),(895,'Acer-TravelMate-6492','00551','','','','','','Bucuresti',0,5,'data/gigel/placi de baza 2/DSC_0162.jpg',0,1,0.0000,0,0,'2013-05-30',0.00000000,1,0.00000000,0.00000000,0.00000000,1,1,1,1,1,'2013-05-31 16:47:57','2013-12-19 18:08:07',504),(896,'Acer-Aspire-5336-5736','00552','','','','','','Bucuresti',0,5,'data/gigel/placi de baza 2/DSC_0160.jpg',0,1,0.0000,0,0,'2013-05-30',0.00000000,1,0.00000000,0.00000000,0.00000000,1,1,1,1,1,'2013-05-31 17:02:55','2013-12-19 17:59:27',927),(897,'Toshiba-Satelite-Pro-PA10','00553','','','','','','Bucuresti',0,5,'data/gigel/placi de baza 2/DSC_0157.jpg',0,1,0.0000,0,0,'2013-05-30',0.00000000,1,0.00000000,0.00000000,0.00000000,1,1,1,1,1,'2013-05-31 17:33:33','2013-12-19 17:53:21',424),(898,'Toshiba-Satelite-M30','00554','','','','','','Bucuresti',0,5,'data/gigel/placi de baza 2/DSC_0154.jpg',0,1,0.0000,0,0,'2013-05-30',0.00000000,1,0.00000000,0.00000000,0.00000000,1,1,1,1,1,'2013-05-31 17:53:01','2013-12-19 17:53:05',417),(899,'Toshiba-Tecra-M3','00555','','','','','','Bucuresti',0,5,'data/gigel/placi de baza 2/DSC_0153.jpg',0,1,0.0000,0,0,'2013-05-30',0.00000000,1,0.00000000,0.00000000,0.00000000,1,1,1,1,1,'2013-05-31 18:12:03','2013-12-19 17:52:46',439),(900,'Acer-Aspire-AS-77367','00556','','','','','','Bucuresti',0,5,'data/gigel/placi de baza 2/DSC_0176.jpg',0,1,0.0000,0,0,'2013-06-02',0.00000000,1,0.00000000,0.00000000,0.00000000,1,1,1,1,1,'2013-06-03 10:09:03','2013-12-19 17:51:36',514),(901,'Hp-Compaq-Presario-CQ-60','00557','','','','','','Bucuresti',0,5,'data/gigel/placi de baza 2/DSC_0170.jpg',0,1,0.0000,0,0,'2013-06-02',0.00000000,1,0.00000000,0.00000000,0.00000000,1,1,1,1,1,'2013-06-03 10:20:30','2013-12-19 17:51:18',334),(902,'Toshiba-Tecra-A7-A100','00558','','','','','','Bucuresti',0,5,'data/gigel/placi de baza 2/DSC_0112.jpg',0,1,0.0000,0,0,'2013-06-02',0.00000000,1,0.00000000,0.00000000,0.00000000,1,1,1,1,1,'2013-06-03 10:53:18','2013-12-19 17:50:53',442),(903,'Acer-Aspire-8942','00559','','','','','','Bucuresti',0,5,'data/gigel/placi de baza 2/DSC_0114.jpg',0,1,0.0000,0,0,'2013-06-02',0.00000000,1,0.00000000,0.00000000,0.00000000,1,1,1,1,1,'2013-06-03 11:04:43','2013-12-19 17:50:37',476),(904,'Acer-9410','00560','','','','','','Bucuresti',0,5,'data/gigel/placi de baza 2/DSC_0117.jpg',0,1,0.0000,0,0,'2013-06-02',0.00000000,1,0.00000000,0.00000000,0.00000000,1,1,1,1,1,'2013-06-03 11:09:11','2013-12-19 17:50:21',524),(905,'Acer-Aspire-3610','00561','','','','','','Bucuresti',0,5,'data/gigel/placi de baza 2/DSC_0118.jpg',0,1,0.0000,0,0,'2013-06-02',0.00000000,1,0.00000000,0.00000000,0.00000000,1,1,1,1,1,'2013-06-03 11:13:42','2013-12-19 17:50:06',436),(906,'Acer-Aspire-2920','00562','','','','','','Bucuresti',0,5,'data/gigel/placi de baza 2/DSC_0121.jpg',0,1,0.0000,0,0,'2013-06-02',0.00000000,1,0.00000000,0.00000000,0.00000000,1,1,1,1,1,'2013-06-03 11:18:29','2013-12-19 17:49:46',472),(907,'Acer-5738-ZG','00563','','','','','','Bucuresti',0,5,'data/gigel/placi de baza 2/DSC_0122.jpg',0,1,0.0000,0,0,'2013-06-02',0.00000000,1,0.00000000,0.00000000,0.00000000,1,1,1,1,1,'2013-06-03 11:21:46','2013-12-19 17:49:30',815),(908,' Acer-Aspire-HBL-50','00564','','','','','','Bucuresti',0,5,'data/gigel/placi de baza 2/DSC_0124.jpg',0,1,0.0000,0,0,'2013-06-02',0.00000000,1,0.00000000,0.00000000,0.00000000,1,1,1,1,1,'2013-06-03 11:25:27','2013-12-19 17:49:13',632),(909,'Acer-Aspire-5520','00565','','','','','','Bucuresti',0,5,'data/gigel/placi de baza 2/Fotografii0036.jpg',0,1,0.0000,0,0,'2013-06-02',0.00000000,1,0.00000000,0.00000000,0.00000000,1,1,1,1,1,'2013-06-03 11:39:51','2013-12-19 17:48:59',1094),(910,'Acer-Aspire-5310','00567','','','','','','Bucuresti',0,5,'data/gigel/placi de baza 2/DSC_0126.jpg',0,1,0.0000,0,0,'2013-06-02',0.00000000,1,0.00000000,0.00000000,0.00000000,1,1,1,1,1,'2013-06-03 12:04:17','2013-12-19 17:48:45',579),(911,'Hp-Pavilion -TX 2','00568','','','','','','Bucuresti',0,5,'data/gigel/placi de baza 2/DSC_0130.jpg',0,1,0.0000,0,0,'2013-06-02',0.00000000,1,0.00000000,0.00000000,0.00000000,1,1,1,1,1,'2013-06-03 12:10:23','2013-12-19 17:45:24',417),(912,'Acer-TravelMate-8000-8005','00569','','','','','','Bucuresti',0,5,'data/gigel/placi de baza 2/DSC_0132.jpg',0,1,0.0000,0,0,'2013-06-02',0.00000000,1,0.00000000,0.00000000,0.00000000,1,1,1,1,1,'2013-06-03 12:14:15','2013-12-19 17:45:06',451),(913,'Acer-TravelMate-6410','00570','','','','','','Bucuresti',0,5,'data/gigel/placi de baza 2/DSC_0134.jpg',0,1,0.0000,0,0,'2013-06-02',0.00000000,1,0.00000000,0.00000000,0.00000000,1,1,1,1,1,'2013-06-03 12:17:38','2013-12-19 17:44:30',453),(914,'Acer-5100','00571','','','','','','Bucuresti',0,5,'data/gigel/placi de baza 2/Fotografii0038.jpg',0,1,0.0000,0,0,'2013-06-02',0.00000000,1,0.00000000,0.00000000,0.00000000,1,1,1,1,1,'2013-06-03 12:42:12','2013-12-19 17:44:14',663),(915,'Acer-Aspire-5315','00572','','','','','','Bucuresti',0,5,'data/gigel/placi de baza 2/DSC_0136.jpg',0,1,0.0000,0,0,'2013-06-02',0.00000000,1,0.00000000,0.00000000,0.00000000,1,1,1,1,1,'2013-06-03 13:01:04','2013-12-19 17:43:56',948),(916,'Acer-TravelMate-6492G','00573','','','','','','Bucuresti',0,5,'data/gigel/placi de baza 2/DSC_0162.jpg',0,1,0.0000,0,0,'2013-06-02',0.00000000,1,0.00000000,0.00000000,0.00000000,1,1,1,1,1,'2013-06-03 13:05:51','2013-12-19 17:43:37',392),(917,'LG-P1','00574','','','','','','Bucuresti',0,5,'data/gigel/placi de baza 2/DSC_0143.jpg',0,1,0.0000,0,0,'2013-06-02',0.00000000,1,0.00000000,0.00000000,0.00000000,1,1,1,1,1,'2013-06-03 13:10:30','2013-12-19 17:43:15',422),(918,'Toshiba-Tecra-A6','00575','','','','','','Bucuresti',0,5,'data/gigel/placi de baza 2/DSC_0144.jpg',0,1,0.0000,0,0,'2013-06-02',0.00000000,1,0.00000000,0.00000000,0.00000000,1,1,1,1,1,'2013-06-03 13:21:34','2013-12-19 17:42:58',380),(919,'Hp-Compaq-NX-7300','00578','','','','','','Bucuresti',0,5,'data/gigel/placi de baza 2/DSC_0238.jpg',0,1,0.0000,0,0,'2013-06-02',0.00000000,1,0.00000000,0.00000000,0.00000000,1,1,1,1,1,'2013-06-03 14:47:05','2013-12-19 17:42:39',577),(920,'Hp-Compaq-NC-6220','00579','','','','','','Bucuresti',0,5,'data/gigel/placi de baza 2/DSC_0235.jpg',0,1,0.0000,0,0,'2013-06-02',0.00000000,1,0.00000000,0.00000000,0.00000000,1,1,1,1,1,'2013-06-03 14:52:51','2013-12-19 17:42:20',500),(921,'Hp-Pro-Book-4415S-4416S-4515S','00580','','','','','','Bucuresti',0,5,'data/gigel/placi de baza 2/DSC_0240.jpg',0,1,0.0000,0,0,'2013-06-02',0.00000000,1,0.00000000,0.00000000,0.00000000,1,1,1,1,1,'2013-06-03 14:58:01','2013-12-19 17:42:03',482),(922,'Hp-Compaq-Presario-V6150-EA','00581','','','','','','Bucuresti',0,5,'data/gigel/placi de baza 2/DSC_0060.jpg',0,1,0.0000,0,0,'2013-06-02',0.00000000,1,0.00000000,0.00000000,0.00000000,1,1,1,1,1,'2013-06-03 15:27:05','2013-12-19 17:41:46',409),(923,'Hp-Compaq-8510P-8510W','00582','','','','','','Bucuresti',0,5,'data/gigel/placi de baza 2/DSC_0288.jpg',0,1,0.0000,0,0,'2013-06-02',0.00000000,1,0.00000000,0.00000000,0.00000000,1,1,1,1,1,'2013-06-03 15:43:44','0000-00-00 00:00:00',464),(924,'Hp-Compaq-8710P-8710W','00583','','','','','','Bucuresti',0,5,'data/gigel/placi de baza 2/DSC_0247.jpg',0,1,0.0000,0,0,'2013-06-02',0.00000000,1,0.00000000,0.00000000,0.00000000,1,1,1,1,1,'2013-06-03 15:53:39','2013-12-19 17:41:28',641),(925,'Hp-530','00584','','','','','','Bucuresti',0,5,'data/gigel/placi de baza 2/DSC_0242.jpg',0,1,0.0000,0,0,'2013-06-02',0.00000000,1,0.00000000,0.00000000,0.00000000,1,1,1,1,1,'2013-06-03 16:03:50','2013-12-19 17:41:11',520),(926,'Hp-Compaq-Evo-N1020V','00585','','','','','','Bucuresti',0,5,'data/gigel/placi de baza 2/DSC_0236.jpg',0,1,0.0000,0,0,'2013-06-02',0.00000000,1,0.00000000,0.00000000,0.00000000,1,1,1,1,1,'2013-06-03 16:07:35','2013-12-19 17:40:53',479),(927,'Hp-Pavilion-DV5','00586','','','','','','Bucuresti',0,5,'data/gigel/placi de baza 2/DSC_0277.jpg',0,1,0.0000,0,0,'2013-06-02',0.00000000,1,0.00000000,0.00000000,0.00000000,1,1,1,1,1,'2013-06-03 16:13:42','2013-12-19 17:40:36',794),(928,'Hp-Compaq-6535B-Intel','00587','','','','','','Bucuresti',0,5,'data/gigel/placi de baza 2/DSC_0148.jpg',0,1,0.0000,0,0,'2013-06-02',0.00000000,1,0.00000000,0.00000000,0.00000000,1,1,1,1,1,'2013-06-03 16:32:50','2013-12-19 17:40:17',390),(929,'Hp-Compaq-6535B-Amd','00588','','','','','','Bucuresti',0,5,'data/gigel/placi de baza 2/DSC_0150.jpg',0,1,0.0000,0,0,'2013-06-02',0.00000000,1,0.00000000,0.00000000,0.00000000,1,1,1,1,1,'2013-06-03 16:43:44','2013-12-19 17:40:00',414),(930,'Hp-Compaq-Presario-V3000','00589','','','','','','Bucuresti',0,5,'data/gigel/placi de baza 2/DSC_0230.jpg',0,1,0.0000,0,0,'2013-06-02',0.00000000,1,0.00000000,0.00000000,0.00000000,1,1,1,1,1,'2013-06-03 16:49:58','2013-12-19 17:38:30',443),(931,'Benq-Joybook-R23','00590','','','','','','Bucuresti',0,5,'data/gigel/placi de baza 2/DSC_0265.jpg',0,1,0.0000,0,0,'2013-06-02',0.00000000,1,0.00000000,0.00000000,0.00000000,1,1,1,1,1,'2013-06-03 16:59:57','2013-12-19 17:38:14',495),(932,'E-Machine-G720','00591','','','','','','Bucuresti',0,5,'data/gigel/placi de baza 2/DSC_0268.jpg',0,1,0.0000,0,0,'2013-06-02',0.00000000,1,0.00000000,0.00000000,0.00000000,1,1,1,1,1,'2013-06-03 17:03:47','2013-12-19 17:37:52',439),(933,'Toshiba-Satelite-M30X-M35X','00592','','','','','','Bucuresti',0,5,'data/gigel/placi de baza 2/DSC_0196.jpg',0,1,0.0000,0,0,'2013-06-02',0.00000000,1,0.00000000,0.00000000,0.00000000,1,1,1,1,1,'2013-06-03 17:20:23','2013-12-19 16:43:48',369),(934,'Toshiba-Satelite-N105-S3041','00593','','','','','','Bucuresti',0,5,'data/gigel/placi de baza 2/DSC_0199.jpg',0,1,0.0000,0,0,'2013-06-02',0.00000000,1,0.00000000,0.00000000,0.00000000,1,1,1,1,1,'2013-06-03 17:27:47','2013-12-19 16:43:29',418),(935,'Asus-G1SN','00594','','','','','','Bucuresti',0,5,'data/gigel/placi de baza 2/DSC_0146.jpg',0,1,0.0000,0,0,'2013-06-02',0.00000000,1,0.00000000,0.00000000,0.00000000,1,1,1,1,1,'2013-06-03 17:34:20','2013-12-19 16:43:10',406),(936,'Fujitsu-V2030','00595','','','','','','Bucuresti',0,5,'data/gigel/placi de baza 2/DSC_0282.jpg',0,1,0.0000,0,0,'2013-06-02',0.00000000,1,0.00000000,0.00000000,0.00000000,1,1,1,1,1,'2013-06-03 17:39:26','2013-12-19 16:42:53',447),(937,'Fujitsu-Simens-Amilo-A1645','00596','','','','','','Bucuresti',0,5,'data/gigel/placi de baza 2/DSC_0280.jpg',0,1,0.0000,0,0,'2013-06-02',0.00000000,1,0.00000000,0.00000000,0.00000000,1,1,1,1,1,'2013-06-03 17:43:57','2013-12-19 16:42:35',372),(938,'Fujitsu-Siemens-Esprimo','00597','','','','','','Bucuresti',0,5,'data/gigel/placi de baza 2/DSC_0278.jpg',0,1,0.0000,0,0,'2013-06-02',0.00000000,1,0.00000000,0.00000000,0.00000000,1,1,1,1,1,'2013-06-03 17:47:31','2013-12-19 16:42:15',442),(939,'Fujitsu-Siemens-Amilo-D7830','00598','','','','','','Bucuresti',0,5,'data/gigel/placi de baza 2/DSC_0267.jpg',0,1,0.0000,0,0,'2013-06-02',0.00000000,1,0.00000000,0.00000000,0.00000000,1,1,1,1,1,'2013-06-03 17:51:29','2013-12-19 16:41:58',396),(940,'Asus-A6JC','00599','','','','','','Bucuresti',0,5,'data/gigel/placi de baza 2/DSC_0272.jpg',0,1,0.0000,0,0,'2013-06-02',0.00000000,1,0.00000000,0.00000000,0.00000000,1,1,1,1,1,'2013-06-03 17:55:49','2013-12-19 16:41:38',429),(941,'Asus-A4L','00600','','','','','','Bucuresti',0,5,'data/gigel/placi de baza 2/DSC_0270.jpg',0,1,0.0000,0,0,'2013-06-02',0.00000000,1,0.00000000,0.00000000,0.00000000,1,1,1,1,1,'2013-06-03 17:58:31','2013-12-19 16:41:20',397),(942,'Asus-F2F','00601','','','','','','Bucuresti',0,5,'data/gigel/placi de baza 2/DSC_0263.jpg',0,1,0.0000,0,0,'2013-06-02',0.00000000,1,0.00000000,0.00000000,0.00000000,1,1,1,1,1,'2013-06-03 18:08:57','2013-12-19 16:41:01',465),(943,'Asus-F5SL','00602','','','','','','Bucuresti',0,5,'data/gigel/placi de baza 2/DSC_0261.jpg',0,1,0.0000,0,0,'2013-06-02',0.00000000,1,0.00000000,0.00000000,0.00000000,1,1,1,1,1,'2013-06-03 18:12:58','2013-12-19 16:40:00',627),(944,'Asus-F5RL','00603','','','','','','Bucuresti',0,5,'data/gigel/placi de baza 2/DSC_0261.jpg',0,1,0.0000,0,0,'2013-06-02',0.00000000,1,0.00000000,0.00000000,0.00000000,1,1,1,1,1,'2013-06-03 18:16:27','2013-12-19 16:39:43',755),(945,'Asus-N71VN','00604','','','','','','Bucuresti',0,5,'data/gigel/placi de baza 2/DSC_0190.jpg',0,1,0.0000,0,0,'2013-06-02',0.00000000,1,0.00000000,0.00000000,0.00000000,1,1,1,1,1,'2013-06-03 18:20:11','2013-12-19 16:35:31',578),(946,'Toshiba-Satelite-L20-L25','00605','','','','','','Bucuresti',0,5,'data/gigel/placi de baza 2/DSC_0194.jpg',0,1,0.0000,0,0,'2013-06-02',0.00000000,1,0.00000000,0.00000000,0.00000000,1,1,1,1,1,'2013-06-03 18:25:42','2013-12-19 16:35:06',564),(947,'Toshiba-M70','00606','','','','','','Bucuresti',0,5,'data/gigel/placi de baza 2/DSC_0200.jpg',0,1,0.0000,0,0,'2013-06-02',0.00000000,1,0.00000000,0.00000000,0.00000000,1,1,1,1,1,'2013-06-03 18:28:57','2013-12-19 16:34:40',525),(948,'Toshiba-P200D','00607','','','','','','Bucuresti',0,5,'data/gigel/placi de baza 2/DSC_0192.jpg',0,1,0.0000,0,0,'2013-06-03',0.00000000,1,0.00000000,0.00000000,0.00000000,1,1,1,1,1,'2013-06-04 09:56:45','2013-12-19 16:34:22',559),(949,'Fujitsu-Siemens-V5505','00608','','','','','','Bucuresti',0,5,'data/gigel/placi de baza 2/DSC_0285.jpg',0,1,0.0000,0,0,'2013-06-03',0.00000000,1,0.00000000,0.00000000,0.00000000,1,1,1,1,1,'2013-06-04 10:06:00','2013-12-19 16:34:02',658),(950,'Hp-Pavilion-DV2000-Intel','00609','','','','','','Bucuresti',0,5,'data/gigel/placi de baza 2/DSC_0064.jpg',0,1,0.0000,0,0,'2013-06-03',0.00000000,1,0.00000000,0.00000000,0.00000000,1,1,1,1,1,'2013-06-04 10:14:18','2013-12-19 16:33:36',616),(951,'Acer-Aspire-5738-Intel-845','00610','','','','','','Bucuresti',0,5,'data/gigel/placi de baza 2/DSC_0178.jpg',0,1,0.0000,0,0,'2013-06-03',0.00000000,1,0.00000000,0.00000000,0.00000000,1,1,1,1,1,'2013-06-04 10:20:58','2013-12-19 16:33:14',1361),(952,'Acer-Aspire-5738-Intel-915','00611','','','','','','Bucuresti',0,5,'data/gigel/placi de baza 2/DSC_0180.jpg',0,1,0.0000,0,0,'2013-06-03',0.00000000,1,0.00000000,0.00000000,0.00000000,1,1,1,1,1,'2013-06-04 10:25:11','2013-12-19 16:32:51',843),(984,'Lenovo-Ideapad-S10E 45M2782','00643','','','','','','Bucuresti',1,7,'data/placi de baza/LENOVO IDEAPAD S10E+1.JPG',0,1,400.0000,0,0,'2014-04-16',0.00000000,1,0.00000000,0.00000000,0.00000000,1,1,1,1,1,'2014-04-17 16:00:51','0000-00-00 00:00:00',537),(981,'Dell-Inspiron-N5010-15R cn-052f31','00640','','','','','','Bucuresti',0,7,'data/placi de baza/Dell insp N5010+2.JPG',0,1,550.0000,0,0,'2014-04-15',0.00000000,1,0.00000000,0.00000000,0.00000000,1,1,1,1,1,'2014-04-16 14:44:31','2014-12-09 09:11:14',706),(954,'ENVY','00612','','','','','','',1,5,'data/alimentatoare/HP 19.5V_3,33A/19v_3,33A_ultrabook Envy.jpg',0,1,165.0000,0,0,'2013-12-18',0.00000000,1,0.00000000,0.00000000,0.00000000,1,1,1,1,1,'2013-12-19 18:20:18','2015-12-18 12:29:35',773),(958,'ADP-90ND B','00616','','','','','','',12,5,'data/alimentatoare/D_19.5V_7.7A/DELL_19.5V_7.7A_150W.JPG',0,1,160.0000,0,0,'2013-12-19',0.00000000,1,0.00000000,0.00000000,0.00000000,1,1,1,1,1,'2013-12-20 10:45:14','2016-01-04 09:38:00',19861),(955,'PPP009HP','00613','','','','','','',6,5,'data/alimentatoare/H_19V_4_74A/HP_19V_4.74A_90W.jpg',0,1,135.0000,0,0,'2013-12-18',0.00000000,1,0.00000000,0.00000000,0.00000000,1,1,1,1,1,'2013-12-19 19:08:07','2015-10-13 09:47:29',729),(956,'PA-1181-08HP','00614','','','','','','',2,5,'data/alimentatoare/HP USB OVAL/HP USB OVAL.jpg',0,1,249.0000,0,0,'2013-12-18',0.00000000,1,0.00000000,0.00000000,0.00000000,1,1,1,1,1,'2013-12-19 19:14:28','2015-03-10 17:15:00',6047),(957,'Ultrabook XPS 13','00615','','','','','','',3,5,'data/alimentatoare/dell XPS 13/dell XPS 13.jpg',0,1,145.0000,0,0,'2013-12-18',0.00000000,1,0.00000000,0.00000000,0.00000000,1,1,1,1,1,'2013-12-19 19:31:48','2015-03-10 17:01:05',15182),(959,'PA-12','00617','','','','','','',1,5,'data/alimentatoare/D_19.5V_4.62A/DELL_19.5V_4.62A_90W.jpg',0,1,148.0000,0,0,'2013-12-19',0.00000000,1,0.00000000,0.00000000,0.00000000,1,1,1,1,1,'2013-12-20 11:01:48','2015-03-10 17:02:54',846),(960,'YOGA 13 YOGA 11','00619','','','','','','',2,5,'data/alimentatoare/LE_USB/Alim Lenovo USB.jpg',0,1,165.0000,0,0,'2013-12-19',0.00000000,1,0.00000000,0.00000000,0.00000000,1,1,1,1,1,'2013-12-20 11:16:45','2015-10-27 17:54:07',1172),(961,'42T5284/42T5285','00620','','','','','','',1,5,'data/alimentatoare/LE_20V_8,5A/Alim Lenovo 170W.jpg',0,1,220.0000,0,0,'2013-12-19',0.00000000,1,0.00000000,0.00000000,0.00000000,1,1,1,1,1,'2013-12-20 11:26:29','2015-09-12 09:58:01',744),(962,'PA3546E-1ACER3','00622','','','','','','',2,5,'data/alimentatoare/TO_19V_9.5A/Alimentator Toshiba 4 PINI.jpg',0,1,220.0000,0,0,'2013-12-20',0.00000000,1,0.00000000,0.00000000,0.00000000,1,1,1,1,1,'2013-12-21 09:07:57','2015-03-10 16:56:16',1043),(963,'ADP-60RHA','00623','','','','','','',2,5,'data/alimentatoare/TO_15V_5A/TOSHIBA_15V_5A_75W.JPG',0,1,130.0000,0,0,'2013-12-20',0.00000000,1,0.00000000,0.00000000,0.00000000,1,1,1,1,1,'2013-12-21 16:39:10','2015-03-10 16:56:58',692),(964,'A10-090P4A','00625','','','','','','',2,5,'data/alimentatoare/SA_19v_4,74_nou/Samsung mufa USB.jpg',0,1,180.0000,0,0,'2013-12-20',0.00000000,1,0.00000000,0.00000000,0.00000000,1,1,1,1,1,'2013-12-21 16:57:30','2015-03-10 18:10:37',710),(965,'AC19V48/AC19V43','00624','','','','','','',6,5,'data/alimentatoare/SO_19.5V_4.7A/SONY_19.5V_4.74A_90W_MUFA.jpg',0,1,160.0000,0,0,'2013-12-20',0.00000000,1,0.00000000,0.00000000,0.00000000,1,1,1,1,1,'2013-12-21 17:13:12','2015-10-16 09:14:21',1189),(966,'ADP-65HPB AD','00627','','','','','','',3,5,'data/tudor/alimentatoare/fj_19V_4.22A_90W.JPG',0,1,130.0000,0,0,'2013-12-21',0.00000000,1,0.00000000,0.00000000,0.00000000,1,1,1,1,1,'2013-12-22 11:22:18','2015-07-01 11:50:49',841),(967,'PA-1400-14','00628','','','','','','',7,5,'data/alimentatoare/SA_19V_2.1A/Alim Samsung Mic.jpg',0,1,150.0000,0,0,'2013-12-21',0.00000000,1,0.00000000,0.00000000,0.00000000,1,1,1,1,1,'2013-12-22 11:43:15','2015-09-23 09:55:48',976),(968,'ADP-45THP A','00629','','','','','','',11,5,'data/alimentatoare/AS_EEPC/Alim asus eepc.jpg',0,1,140.0000,0,0,'2013-12-21',0.00000000,1,0.00000000,0.00000000,0.00000000,1,1,1,1,1,'2013-12-22 11:57:06','2015-03-10 18:45:05',796),(969,'TF300T 101 201 700','00630','','','','','','',2,5,'data/alimentatoare/AS_Tableta/Alim Tableta Asus.jpg',0,1,149.0000,0,0,'2013-12-21',0.00000000,1,0.00000000,0.00000000,0.00000000,1,1,1,1,1,'2013-12-22 12:15:05','2015-12-17 09:06:01',664),(970,'UX32 UX42','00631','','','','','','',0,5,'data/alimentatoare/AS_UX31/Alim ASUS UX31 Altul.jpg',0,1,149.0000,0,0,'2013-12-21',0.00000000,1,0.00000000,0.00000000,0.00000000,1,1,1,1,1,'2013-12-22 12:38:31','2015-11-13 12:37:20',707),(971,'S200 X202','00632','','','','','','',2,5,'data/alimentatoare/AS_UX31/Alim ASUS UX31.jpg',0,1,145.0000,0,0,'2013-12-21',0.00000000,1,0.00000000,0.00000000,0.00000000,1,1,1,1,1,'2013-12-22 17:37:49','2015-06-26 16:51:51',805),(972,'ADP-30JHP A','00633','','','','','','',11,5,'data/alimentatoare/AS_19V_2.1A/ASUS_19V_2.1A_45W.jpg',0,1,100.0000,0,0,'2013-12-21',0.00000000,1,0.00000000,0.00000000,0.00000000,1,1,1,1,1,'2013-12-22 17:56:22','2015-03-10 16:48:37',878),(973,'A1334','00634','','','','','','',0,5,'data/alimentatoare/APPLE/Alim Macbook Retina.jpg',0,1,250.0000,0,0,'2013-12-21',0.00000000,1,0.00000000,0.00000000,0.00000000,1,1,1,1,1,'2013-12-22 18:10:34','2015-12-18 12:29:05',1903),(974,'A1172','00635','','','','','','',0,5,'data/alimentatoare/APPLE/Alim Macbook Mufa L.jpg',0,1,225.0000,0,0,'2013-12-21',0.00000000,1,0.00000000,0.00000000,0.00000000,1,1,1,1,1,'2013-12-22 18:21:59','2015-06-26 16:51:23',1421),(975,'A1172','00636','','','','','','',0,5,'data/alimentatoare/APPLE/Alim Macbook Retina.jpg',0,1,219.0000,0,0,'2013-12-21',0.00000000,1,0.00000000,0.00000000,0.00000000,1,1,1,1,1,'2013-12-22 18:29:06','2015-05-29 15:38:21',1328),(976,'A1184','00637','','','','','','',0,5,'data/alimentatoare/APPLE/APPLE.jpg',0,1,209.0000,0,0,'2013-12-21',0.00000000,1,0.00000000,0.00000000,0.00000000,1,1,1,1,1,'2013-12-22 18:38:10','2015-06-15 10:38:29',1706),(977,'A1184','00638','','','','','','',0,5,'data/alimentatoare/APPLE/Alim Macbook Retina.jpg',0,1,205.0000,0,0,'2013-12-21',0.00000000,1,0.00000000,0.00000000,0.00000000,1,1,1,1,1,'2013-12-22 18:45:54','2015-02-18 12:46:01',1626),(978,'A1424','00639','','','','','','',2,5,'data/alimentatoare/APPLE/Alim Macbook Retina.jpg',0,1,250.0000,0,0,'2013-12-21',0.00000000,1,0.00000000,0.00000000,0.00000000,1,1,1,1,1,'2013-12-22 18:53:31','2014-05-07 13:40:42',1329),(982,'HP-Probook-4530s-4730s 670798-001','00641','','','','','','Bucuresti',0,7,'data/placi de baza/HP ProBook 4530S+1.JPG',0,1,650.0000,0,0,'2014-04-15',0.00000000,1,0.00000000,0.00000000,0.00000000,1,1,1,1,1,'2014-04-16 16:42:56','2015-10-27 17:53:28',1276),(983,'IBM-Thinkpad-X60-cu-sistem-racire 48.4B501.041','00642','','','','','','Bucuresti',1,7,'data/placi de baza/IBM X60+1.JPG',0,1,400.0000,0,0,'2014-04-16',0.00000000,1,0.00000000,0.00000000,0.00000000,1,1,1,1,1,'2014-04-17 15:18:07','2014-04-17 15:49:23',680),(985,'Acer-Aspire-5745DG MBR0106001038','00644','','','','','','Bucuresti',1,7,'data/placi de baza/ACER ASPIRE 5745DG+1.JPG',0,1,400.0000,0,0,'2014-04-16',0.00000000,1,0.00000000,0.00000000,0.00000000,1,1,1,1,1,'2014-04-17 16:14:53','0000-00-00 00:00:00',531),(986,'Asus-K50C-X5DC-K40C NWPM1000-B03','00645','','','','','','Bucuresti',1,7,'data/placi de baza/ASUS 50C+1.JPG',0,1,400.0000,0,0,'2014-04-16',0.00000000,1,0.00000000,0.00000000,0.00000000,1,1,1,1,1,'2014-04-17 16:27:40','0000-00-00 00:00:00',528),(987,'Asus-M51SE-M51SN HNM51SE','00646','','','','','','Bucuresti',1,7,'data/placi de baza/ASUS M51SE+1.JPG',0,1,400.0000,0,0,'2014-04-16',0.00000000,1,0.00000000,0.00000000,0.00000000,1,1,1,1,1,'2014-04-17 17:26:43','0000-00-00 00:00:00',878),(988,'Acer-Aspire-7741-7741z  48.4HN01.01N','00647','','','','','','Bucuresti',1,7,'data/placi de baza/ACER ASPIRE 7741+2.JPG',0,1,400.0000,0,0,'2014-04-16',0.00000000,1,0.00000000,0.00000000,0.00000000,1,1,1,1,1,'2014-04-17 17:44:02','0000-00-00 00:00:00',500),(989,'Acer-Aspire-7520G-7520-7220-5520-5520G ICW50 LA-3581P','00648','','','','','','Bucuresti',1,7,'data/placi de baza/ACER ASPIRE 7520G+1.JPG',0,1,400.0000,0,0,'2014-04-16',0.00000000,1,0.00000000,0.00000000,0.00000000,1,1,1,1,1,'2014-04-17 18:03:24','2015-04-24 15:21:25',1348),(990,'Acer-Aspire-7735-7738G-7735Z-7735ZG 48.4CD01.021','00649','','','','','','Bucuresti',1,7,'data/placi de baza/ACER ASPIRE 7735+2.JPG',0,1,400.0000,0,0,'2014-04-16',0.00000000,1,0.00000000,0.00000000,0.00000000,1,1,1,1,1,'2014-04-17 18:47:29','0000-00-00 00:00:00',661),(991,'HP-Probook-4720-4720s-4520s 48.4GK06.011 ','00650','','','','','','Bucuresti',0,7,'data/placi de baza/HP PROBOOK 4720+1.JPG',0,1,650.0000,0,0,'2014-04-16',0.00000000,1,0.00000000,0.00000000,0.00000000,1,1,1,1,1,'2014-04-17 19:03:04','2015-03-12 12:30:44',1191),(994,'Placa baza Dell Studio XPS 1645 mainboard','00651','','','','','','',0,5,'data/placi de baza/dell XPS 1645 (2).JPG',0,1,600.0000,0,0,'2014-05-06',0.00000000,1,0.00000000,0.00000000,0.00000000,1,1,1,1,1,'2014-05-07 13:28:15','2015-06-16 12:57:50',901),(995,'Tastatura Apple MacBook Air A1466  13&quot; UK','00654','','','','','','',5,5,'data/APPLE/A1369UK.JPG',0,1,320.0000,0,0,'2014-05-08',0.00000000,1,0.00000000,0.00000000,0.00000000,1,1,1,1,1,'2014-05-09 17:36:50','2015-10-19 17:14:18',506),(996,'Asus-K53U PBL60 LA-7322P','00652','','','','','','Bucuresti',1,7,'data/placi de baza/DSC_0100.JPG',0,1,350.0000,0,0,'2014-05-08',0.00000000,1,0.00000000,0.00000000,0.00000000,1,1,1,1,1,'2014-05-09 17:45:32','2014-05-09 17:57:29',521),(997,'HP-550-Compaq-6720s','00653','','','','','','Bucuresti',1,7,'data/placi de baza/DSC_0098.jpg',0,1,500.0000,0,0,'2014-05-08',0.00000000,1,0.00000000,0.00000000,0.00000000,1,1,1,1,1,'2014-05-09 17:57:06','0000-00-00 00:00:00',583),(998,'Tastatura Apple MacBook Air A1369 13&quot; ','00655','','','','','','',1,5,'data/APPLE/A1286US....JPG',0,1,320.0000,0,0,'2014-05-08',0.00000000,1,0.00000000,0.00000000,0.00000000,1,1,1,1,1,'2014-05-09 18:22:36','2015-10-27 17:52:42',586),(999,'Tastatura Apple MacBook Pro A1286 15&quot; 2008 UK ','00656','','','','','','',2,5,'data/APPLE/A1286US.JPG',0,1,320.0000,0,0,'2014-05-08',0.00000000,1,0.00000000,0.00000000,0.00000000,1,1,1,1,1,'2014-05-09 18:45:20','2015-02-13 18:40:18',528),(1000,'Tastatura Apple MacBook Pro A1286 15&quot; 2008 US','00657','','','','','','',2,5,'data/APPLE/A1286US.JPG',0,1,300.0000,0,0,'2014-05-08',0.00000000,1,0.00000000,0.00000000,0.00000000,1,1,1,1,1,'2014-05-09 18:59:47','2015-03-09 09:58:02',543),(1001,'Tastatura Apple MacBook Pro A1286 15&quot; 2011 UK','00658','','','','','','',1,5,'data/APPLE/A1286UK.JPG',0,1,320.0000,0,0,'2014-05-11',0.00000000,1,0.00000000,0.00000000,0.00000000,1,1,1,1,1,'2014-05-12 18:03:19','2015-03-09 10:23:37',470),(1002,'Tastatura Apple MacBook Pro A1286 15&quot;  2011 US','00659','','','','','','',1,5,'data/APPLE/A1286UK.JPG',0,1,320.0000,0,0,'2014-05-12',0.00000000,1,0.00000000,0.00000000,0.00000000,1,1,1,1,1,'2014-05-13 08:45:45','2015-03-09 10:22:53',466),(1003,'Tastatura Apple MacBook Air A1370 11&quot; 2011 UK','00660','','','','','','',2,5,'data/APPLE/A1370UK.JPG',0,1,320.0000,0,0,'2014-05-12',0.00000000,1,0.00000000,0.00000000,0.00000000,1,1,1,1,1,'2014-05-13 09:48:17','2015-03-09 10:22:01',488),(1004,'Tastatura Apple MacBook Air A1370 11&quot; 2011 US','00661','','','','','','',2,5,'data/APPLE/A1370US.JPG',0,1,320.0000,0,0,'2014-05-12',0.00000000,1,0.00000000,0.00000000,0.00000000,1,1,1,1,1,'2014-05-13 09:53:47','2015-03-09 10:20:45',476),(1005,'Tastatura Apple MacBook Pro A1278  UK','00662','','','','','','',4,5,'data/APPLE/A1278UK.JPG',0,1,320.0000,0,0,'2014-05-13',0.00000000,1,0.00000000,0.00000000,0.00000000,1,1,1,1,1,'2014-05-14 11:39:07','2016-01-11 15:41:35',835),(1006,'Tastatura Apple MacBook Pro A1278 US','00663','','','','','','',1,5,'data/APPLE/A1278US.JPG',0,1,300.0000,0,0,'2014-05-13',0.00000000,1,0.00000000,0.00000000,0.00000000,1,1,1,1,1,'2014-05-14 11:44:37','2015-05-13 12:45:10',651),(1007,'Baterie Apple MacBook Air 13&quot; A1237-A1304','00664','','','','','','',0,5,'data/APPLE/index.jpg',0,1,350.0000,0,0,'2014-05-13',0.00000000,1,0.00000000,0.00000000,0.00000000,1,1,1,1,1,'2014-05-14 12:08:39','2014-09-09 15:44:58',565),(1008,'Baterie Apple MacBook Unibody A1342','00665','','','','','','',0,5,'data/APPLE/unibodyA1342.JPG',0,1,420.0000,0,0,'2014-05-13',0.00000000,1,0.00000000,0.00000000,0.00000000,1,1,1,1,1,'2014-05-14 17:02:12','2015-03-05 17:25:21',976),(1009,'Baterie Apple MacBook Unibody 13&quot; A1278-A1280 versiune 2008','00666','','','','','','',1,5,'data/APPLE/mac12782008.JPG',0,1,348.0000,0,0,'2014-05-13',0.00000000,1,0.00000000,0.00000000,0.00000000,1,1,1,1,1,'2014-05-14 17:21:11','2014-06-30 12:51:02',500),(1010,'Baterie Apple MacBook Pro 13&quot; A1278 - 2009 -2012','00667','','','','','','',0,5,'data/APPLE/macpro127820092012.JPG',0,1,348.0000,0,0,'2014-05-13',0.00000000,1,0.00000000,0.00000000,0.00000000,1,1,1,1,1,'2014-05-14 17:34:17','2015-10-08 09:56:51',549),(1011,'Balamale display Apple Macbook Air A1237 ','00668','','','','','','',0,5,'data/APPLE/DSC_0013.JPG',0,1,149.0000,0,0,'2014-05-14',0.00000000,1,0.00000000,0.00000000,0.00000000,1,1,1,1,1,'2014-05-15 10:00:45','2014-12-04 12:49:05',906),(1012,'Cooler laptop Apple MacBook Pro Unibody 17” - stanga si dreapta ','00669','','','','','','',0,5,'data/APPLE/DSC_0005.JPG',0,1,220.0000,0,0,'2014-05-14',0.00000000,1,0.00000000,0.00000000,0.00000000,1,1,1,1,1,'2014-05-15 10:40:48','2014-12-09 09:28:25',3580),(1013,'Cablu Hard disk Apple MacBook Pro A1278 2010-2011','00670','','','','','','',5,5,'data/APPLE/DSC_0002.JPG',0,1,190.0000,0,0,'2014-05-14',0.00000000,1,0.00000000,0.00000000,0.00000000,1,1,0,1,1,'2014-05-15 11:02:23','2015-10-19 17:06:13',841),(1014,'Cablu Hard disk Apple MacBook Pro A1278 2009-2011 cu Bracket','00672','','','','','','',3,5,'data/APPLE/DSC_0015.JPG',0,1,250.0000,0,0,'2014-05-14',0.00000000,1,0.00000000,0.00000000,0.00000000,1,1,1,1,1,'2014-05-15 12:06:58','2014-08-26 11:17:33',697),(1015,'Cablu Hard disk Apple MacBook Pro 15&quot; A1286 2009-2011','00671','','','','','','',2,5,'data/APPLE/DSC_0017.JPG',0,1,180.0000,0,0,'2014-05-14',0.00000000,1,0.00000000,0.00000000,0.00000000,1,1,1,1,1,'2014-05-15 12:15:38','2014-08-26 11:18:09',647),(1016,'Rama display si geam protectie Laptop  Apple Macbook Pro A1278','00674','','','','','','',4,5,'data/APPLE/DSC_0025.jpg',0,1,250.0000,0,0,'2014-05-14',0.00000000,1,0.00000000,0.00000000,0.00000000,1,1,1,1,1,'2014-05-15 12:42:27','2014-11-17 16:17:03',725),(1017,'Rama display si geam protectie Laptop  Apple Macbook Pro A1286','00673','','','','','','',0,5,'data/APPLE/DSC_0025.jpg',0,1,280.0000,0,0,'2014-05-14',0.00000000,1,0.00000000,0.00000000,0.00000000,1,1,1,1,1,'2014-05-15 12:50:06','2014-08-26 11:27:21',620),(1018,'Rama display si geam protectie Laptop  Apple Macbook Pro A1297','00675','','','','','','',1,5,'data/APPLE/DSC_0025.jpg',0,1,280.0000,0,0,'2014-05-14',0.00000000,1,0.00000000,0.00000000,0.00000000,1,1,1,1,1,'2014-05-15 12:57:09','0000-00-00 00:00:00',581),(1019,'Cablu Alimentare Apple MacBook 60W 80W','00676','','','','','','',8,5,'data/APPLE/DSC_0008.JPG',0,1,80.0000,0,0,'2014-05-14',0.00000000,1,0.00000000,0.00000000,0.00000000,1,1,1,1,1,'2014-05-15 14:15:48','2016-01-07 12:53:16',746),(1020,'Cablu Alimentare Apple MacBook 60W 80W','00677','','','','','','',10,5,'data/APPLE/DSC_0009.JPG',0,1,80.0000,0,0,'2014-05-14',0.00000000,1,0.00000000,0.00000000,0.00000000,1,1,1,1,1,'2014-05-15 14:20:44','2015-11-09 10:29:44',645),(1021,'Second HDD Caddy','00678','','','','','','',0,5,'data/APPLE/DSC_0007.JPG',0,1,80.0000,0,0,'2014-05-14',0.00000000,1,0.00000000,0.00000000,0.00000000,1,1,1,1,1,'2014-05-15 14:27:37','2015-11-16 18:19:53',2067),(1022,'Cablu connector 30 pini LCD LED LVDS Apple MacBook Pro A1278','00679','','','','','','',2,5,'data/APPLE/DSC_0010.JPG',0,1,80.0000,0,0,'2014-05-14',0.00000000,1,0.00000000,0.00000000,0.00000000,1,1,1,1,1,'2014-05-15 17:22:25','2014-10-10 16:18:28',788),(1023,'Toshiba-Sattelite-L655-L650-6050A2332301-MB-A02-ATI-216-0774007','00680','','','','','','Bucuresti',0,7,'data/placi de baza/DSC_0133.JPG',0,1,650.0000,0,0,'2014-05-26',0.00000000,1,0.00000000,0.00000000,0.00000000,1,1,1,1,1,'2014-05-27 11:32:40','2015-11-13 12:34:10',486),(1024,'Toshiba-Sattelite-L655-L650-6050A2332402-MB-A02-TI','00681','','','','','','Bucuresti',1,7,'data/placi de baza/DSC_0136.JPG',0,1,650.0000,0,0,'2014-05-26',0.00000000,1,0.00000000,0.00000000,0.00000000,1,1,1,1,1,'2014-05-27 12:07:47','2014-05-28 18:47:31',561),(1025,'Toshiba-Sattelite-L655-L650-6050A2332301-MB-A02-ATI-216-0728014','00682','','','','','','Bucuresti',1,7,'data/placi de baza/DSC_0133.JPG',0,1,650.0000,0,0,'2014-05-26',0.00000000,1,0.00000000,0.00000000,0.00000000,1,1,1,1,1,'2014-05-27 12:13:02','2014-05-28 18:48:13',561),(1026,'Toshiba-Sattelite-C660-PWWHA LA-7201P-REV 1.0-N12M-GE-S-B1 ','00683','','','','','','Bucuresti',1,7,'data/placi de baza/DSC_0137.JPG',0,1,650.0000,0,0,'2014-05-26',0.00000000,1,0.00000000,0.00000000,0.00000000,1,1,1,1,1,'2014-05-27 12:36:05','2014-05-28 18:48:42',457),(1029,'HP-CQ57 01015J500-575-G 653985-001','00686','','','','','','Bucuresti',1,7,'data/placi de baza/DSC_0002.JPG',0,1,400.0000,0,0,'2014-06-03',0.00000000,1,0.00000000,0.00000000,0.00000000,1,1,1,1,1,'2014-06-04 12:05:50','2014-06-04 14:19:19',916),(1027,'Dell-Inspiron-15R-N5110-CN-0MWXPK-N12P-GE-A1','00684','','','','','','Bucuresti',1,7,'data/placi de baza/DSC_0143.JPG',0,1,650.0000,0,0,'2014-05-27',0.00000000,1,0.00000000,0.00000000,0.00000000,1,1,1,1,1,'2014-05-28 15:41:14','2014-05-28 18:42:06',488),(1028,'Dell-Inspiron-15-3521-VAW00 LA-9104P REV- AMD-216-0833000 1.0','00685','','','','','','Bucuresti',0,5,'data/placi de baza/DSC_0145.JPG',0,1,650.0000,0,0,'2014-05-27',0.00000000,1,0.00000000,0.00000000,0.00000000,1,1,1,1,1,'2014-05-28 15:56:03','2015-09-07 10:03:07',895),(1030,'Dell Latitude E6320, E6420, E5420, E6330, E6430, E5430_cn047m3m','00687','','','','','','Bucuresti',1,7,'data/tudor/tastaturi/DSC_0003.JPG',0,1,180.0000,0,0,'2014-06-03',0.00000000,1,0.00000000,0.00000000,0.00000000,1,1,1,1,1,'2014-06-04 14:37:29','2014-06-04 15:30:54',561),(1031,'Dell Vostro 3360, Inspiron 5323, 5423 cu rama US_cn0kn3g6','00688','','','','','','Bucuresti',1,7,'data/tudor/tastaturi/DSC_0005.JPG',0,1,200.0000,0,0,'2014-06-03',0.00000000,1,0.00000000,0.00000000,0.00000000,1,1,1,1,1,'2014-06-04 15:26:53','2014-06-04 15:32:20',537),(1032,'Mufa_Alimentare_Dell_Inspiron_15_3521_5521 cn0yf81x','00689','','','','','','Bucuresti',0,7,'data/tudor/DIN TOATE/DSC_0007.JPG',0,1,60.0000,0,0,'2014-06-03',0.00000000,1,0.00000000,0.00000000,0.00000000,1,1,1,1,1,'2014-06-04 15:52:58','2014-06-04 16:34:57',542),(1033,'Mufa_Alimentare_Dell_XPS_15Z_L511Z cn0xm7ck','00690','','','','','','Bucuresti',1,7,'data/tudor/DIN TOATE/DSC_0008.JPG',0,1,60.0000,0,0,'2014-06-03',0.00000000,1,0.00000000,0.00000000,0.00000000,1,1,1,1,1,'2014-06-04 16:03:29','2014-06-04 16:34:40',489),(1034,'Mufa_Alimentare_Dell_Inspiron_17R_N7110_Vostro_3750 cn00h3t2','00691','','','','','','Bucuresti',1,7,'data/tudor/DIN TOATE/DSC_0009.JPG',0,1,60.0000,0,0,'2014-06-03',0.00000000,1,0.00000000,0.00000000,0.00000000,1,1,1,1,1,'2014-06-04 16:10:00','2014-06-04 16:37:21',591),(1035,'Mufa_Alimentare_Dell_Latitude_E5420_E5520 cn0xw85c','00692','','','','','','Bucuresti',0,7,'data/tudor/DIN TOATE/DSC_0010.JPG',0,1,60.0000,0,0,'2014-06-03',0.00000000,1,0.00000000,0.00000000,0.00000000,1,1,1,1,1,'2014-06-04 16:15:32','2014-06-04 16:34:02',578),(1036,'Placa_baza_Dell_Inspiron_15_N5050 48.4IP16.011_0fp8fn','00693','','','','','','Bucuresti',1,7,'data/placi de baza/DSC_0011.JPG',0,1,650.0000,0,0,'2014-06-03',0.00000000,1,0.00000000,0.00000000,0.00000000,1,1,1,1,1,'2014-06-04 16:30:15','2014-06-04 16:38:43',574),(1037,'Placa_baza_Dell_Inspiron_13Z_5323 d6mn7 DA0V07MBAD1','00694','','','','','','Bucuresti',1,7,'data/placi de baza/DSC_0013.JPG',0,1,650.0000,0,0,'2014-06-03',0.00000000,1,0.00000000,0.00000000,0.00000000,1,1,1,1,1,'2014-06-04 16:46:36','0000-00-00 00:00:00',453),(1038,'Placa_baza_Dell_Inspiron_17R_N7110 9nwtg DAV03AMB8E1','00695','','','','','','Bucuresti',1,7,'data/placi de baza/DSC_0015.JPG',0,1,650.0000,0,0,'2014-06-03',0.00000000,1,0.00000000,0.00000000,0.00000000,1,1,1,1,1,'2014-06-04 16:54:53','0000-00-00 00:00:00',787),(1039,'Placa_baza_HP_Probook_6455B_6555B 6050A2356601-MB-A02','00696','','','','','','Bucuresti',1,7,'data/placi de baza/DSC_0017.JPG',0,1,450.0000,0,0,'2014-06-03',0.00000000,1,0.00000000,0.00000000,0.00000000,1,1,1,1,1,'2014-06-04 17:19:01','0000-00-00 00:00:00',435),(1040,'Placa_baza_Samsung_NP R530 BA92-06340A 091123-2','00697','','','','','','Bucuresti',1,7,'data/placi de baza/DSC_0019.JPG',0,1,450.0000,0,0,'2014-06-03',0.00000000,1,0.00000000,0.00000000,0.00000000,1,1,1,1,1,'2014-06-04 17:27:46','0000-00-00 00:00:00',438),(1041,'Acer_Aspire_7250G_7315_7320_7330_7339 AAB70 main board rev 2.0','00698','','','','','','Bucuresti',0,7,'data/placi de baza/DSC_0021.JPG',0,1,450.0000,0,0,'2014-06-03',0.00000000,1,0.00000000,0.00000000,0.00000000,1,1,1,1,1,'2014-06-04 17:49:03','0000-00-00 00:00:00',562),(1042,'Placa_baza_XPS_M1730_DS1 MB 06248-1 48.4Q613.011','00699','','','','','','Bucuresti',0,7,'data/placi de baza/DSC_0024.JPG',0,1,450.0000,0,0,'2014-06-03',0.00000000,1,0.00000000,0.00000000,0.00000000,1,1,1,1,1,'2014-06-04 17:58:16','2016-01-12 11:02:29',378),(1043,'Acer_Aspire_5738_5738Z_5738ZG 48.4CG10.011 JV50-MV M96','00700','','','','','','Bucuresti',0,7,'data/placi de baza/DSC_0026.JPG',0,1,450.0000,0,0,'2014-06-04',0.00000000,1,0.00000000,0.00000000,0.00000000,1,1,1,1,1,'2014-06-05 10:20:24','2015-07-03 17:27:04',712),(1044,'Placa_baza_Dell_XPS_M2010 EAX20 LA-2732P_cg571','00701','','','','','','Bucuresti',1,7,'data/placi de baza/Clipboard01.jpg',0,1,400.0000,0,0,'2014-06-09',0.00000000,1,0.00000000,0.00000000,0.00000000,1,1,1,1,1,'2014-06-10 15:08:30','2014-06-10 17:24:26',392),(1045,'LP140WH2 (TP)(T1) ','00702','','','','','','Bucuresti',1,7,'data/display-uri/14.0_INCH/Display 1.jpg',0,1,400.0000,0,0,'2014-06-09',0.00000000,1,0.00000000,0.00000000,0.00000000,1,1,1,1,1,'2014-06-10 15:50:45','2016-02-08 11:00:07',8161),(1046,'B140XW03 V.0','00703','','','','','','Bucuresti',0,7,'data/display-uri/14.0_INCH/Display 2.jpg',0,1,400.0000,0,0,'2014-06-09',0.00000000,1,0.00000000,0.00000000,0.00000000,1,1,1,1,1,'2014-06-10 16:18:49','2014-08-06 12:57:16',8494),(1047,'AP0FO0004000','00704','','','','','','Bucuresti',1,7,'data/carcase/1A.JPG',0,1,180.0000,0,0,'2014-07-07',0.00000000,1,0.00000000,0.00000000,0.00000000,1,1,1,1,1,'2014-07-08 16:49:25','2014-07-15 15:49:19',410),(1048,'13GN7110P020-1','00705','','','','','','Bucuresti',0,7,'data/carcase/2A.JPG',0,1,180.0000,0,0,'2014-07-08',0.00000000,1,0.00000000,0.00000000,0.00000000,1,1,1,1,1,'2014-07-09 15:53:50','2014-11-17 09:46:13',591),(1049,'34KL3BALV50','00706','','','','','','Bucuresti',1,7,'data/carcase/3A.jpg',0,1,250.0000,0,0,'2014-07-08',0.00000000,1,0.00000000,0.00000000,0.00000000,1,1,1,1,1,'2014-07-09 15:59:41','2014-07-15 15:51:55',467),(1050,'13GN4L2AP032-1','00707','','','','','','Bucuresti',0,7,'data/carcase/4A.JPG',0,1,300.0000,0,0,'2014-07-08',0.00000000,1,0.00000000,0.00000000,0.00000000,1,1,1,1,1,'2014-07-09 16:13:58','2014-07-15 15:52:59',5634),(1051,'13N0 ZWA0V01 H000038640','00708','','','','','','Bucuresti',1,7,'data/carcase/5A.jpg',0,1,180.0000,0,0,'2014-07-08',0.00000000,1,0.00000000,0.00000000,0.00000000,1,1,1,1,1,'2014-07-09 16:59:26','2014-07-15 15:53:46',523),(1052,'R619D','00709','','','','','','Bucuresti',1,7,'data/carcase/6B.jpg',0,1,180.0000,0,0,'2014-07-08',0.00000000,1,0.00000000,0.00000000,0.00000000,1,1,1,1,1,'2014-07-09 17:03:39','2014-07-15 15:54:43',586),(1053,'FTKKN','00710','','','','','','Bucuresti',1,7,'data/carcase/9A.jpg',0,1,900.0000,0,0,'2014-07-08',0.00000000,1,0.00000000,0.00000000,0.00000000,1,1,1,1,1,'2014-07-09 17:44:43','2014-07-15 15:56:14',673),(1054,'06D5DG','00711','','','','','','Bucuresti',0,7,'data/placi de baza/7B.jpg',0,1,650.0000,0,0,'2014-07-10',0.00000000,1,0.00000000,0.00000000,0.00000000,1,1,1,1,1,'2014-07-11 14:16:05','2014-07-15 15:58:35',1286),(1055,'0N35X3','00712','','','','','','Bucuresti',1,7,'data/placi de baza/8B.jpg',0,1,650.0000,0,0,'2014-07-10',0.00000000,1,0.00000000,0.00000000,0.00000000,1,1,1,1,1,'2014-07-11 14:23:05','2014-07-15 15:59:21',954),(1056,'Cablu video LVDS Apple MacBook Air A1237 A1304','00713','','','','','','',0,5,'data/APPLE/vera2.jpg',0,1,180.0000,0,0,'2014-07-10',0.00000000,1,0.00000000,0.00000000,0.00000000,1,1,1,1,1,'2014-07-11 16:53:31','2014-10-10 16:17:45',1461),(1057,'Cablu microfon Apple MacBook Air A1237 A1304','00714','','','','','','',2,5,'data/APPLE/vera1.jpg',0,1,140.0000,0,0,'2014-07-10',0.00000000,1,0.00000000,0.00000000,0.00000000,1,1,1,1,1,'2014-07-11 17:40:46','2014-10-10 16:17:24',748),(1058,'Capac balamale Apple  MacBook A1237 A1304','00715','','','','','','',4,5,'data/APPLE/1.jpg',0,1,59.0000,0,0,'2014-07-13',0.00000000,1,0.00000000,0.00000000,0.00000000,1,1,1,1,1,'2014-07-14 10:36:37','2014-12-04 12:49:48',790),(1060,'ADP-60ZH A','00017','','','','','','bucuresti',10,5,'data/alimentatoare/SA_19V_2.1A/sa19316.JPG',0,1,130.0000,0,0,'2015-03-10',0.00000000,1,0.00000000,0.00000000,0.00000000,1,1,1,1,1,'2015-03-11 12:20:05','2015-03-11 17:40:42',630),(1061,'0713A1990','00022','','','','','','bucuresti',6,5,'data/alimentatoare/LE_20V_3.25A_7.9/lenovo19v47a.JPG',0,1,140.0000,0,0,'2015-03-10',0.00000000,1,0.00000000,0.00000000,0.00000000,1,1,1,1,1,'2015-03-11 12:35:11','2016-02-04 10:20:33',693),(1062,'PPP009C','00030','','','','','','bucuresti',13,5,'data/alimentatoare/HP 19.5V_3,33A/hp1953.33.JPG',0,1,130.0000,0,0,'2015-03-10',0.00000000,1,0.00000000,0.00000000,0.00000000,1,1,1,1,1,'2015-03-11 12:50:04','2016-02-04 10:21:03',567),(1063,'PA3714E-1AC3','00036','','','','','','bucuresti',0,5,'data/alimentatoare/TO_19V_4_74A/TOSHIBA_19V_4.74A_90W.jpg',0,1,120.0000,0,0,'2015-03-10',0.00000000,1,0.00000000,0.00000000,0.00000000,1,1,1,1,1,'2015-03-11 13:10:07','2015-11-10 13:51:12',557),(1064,'ADP-60ZH A','00044','','','','','','bucuresti',0,5,'data/alimentatoare/SA_19V_4.74A/SAMSUNG_19V_4.74A_90W.jpg',0,1,110.0000,0,0,'2015-03-10',0.00000000,1,0.00000000,0.00000000,0.00000000,1,1,1,1,1,'2015-03-11 13:16:21','2015-04-24 15:23:09',646),(1065,'ADP-45AW','00048','','','','','','bucuresti',1,5,'data/alimentatoare/AS_19V_2.37/asus_Zenbook_X31E.jpg',0,1,120.0000,0,0,'2015-03-10',0.00000000,1,0.00000000,0.00000000,0.00000000,1,1,1,1,1,'2015-03-11 13:28:25','2015-03-17 22:32:46',518),(1066,'PA-1151-03','00064','','','','','','bucuresti',6,5,'data/alimentatoare/AS_19V_7.9A/ASUS_19V_7.9A.jpg',0,1,210.0000,0,0,'2015-03-10',0.00000000,1,0.00000000,0.00000000,0.00000000,1,1,1,1,1,'2015-03-11 14:39:01','2015-03-17 22:33:28',717),(1067,'PA-1151-03','00626','','','','','','bucuresti',5,5,'data/alimentatoare/AC_19V_4.74A/ACER_19V_474A_90W.jpg',0,1,180.0000,0,0,'2015-03-10',0.00000000,1,0.00000000,0.00000000,0.00000000,1,1,1,1,1,'2015-03-11 14:43:52','2015-03-17 22:38:31',536),(1068,'ADP-150NB D','00066','','','','','','bucuresti',3,5,'data/alimentatoare/AS_19V_4.74A/ASUS_19V_4.74A_90W.jpg',0,1,200.0000,0,0,'2015-03-10',0.00000000,1,0.00000000,0.00000000,0.00000000,1,1,1,1,1,'2015-03-11 14:53:09','2015-09-12 10:00:31',625),(1069,'ADP-120ZB BB','00068','','','','','','bucuresti',2,5,'data/alimentatoare/DE_19V_9.5A/DELTA_19V_9.5A.JPG',0,1,180.0000,0,0,'2015-03-10',0.00000000,1,0.00000000,0.00000000,0.00000000,1,1,1,1,1,'2015-03-11 15:05:44','2015-07-13 09:13:44',1051),(1070,'ADP-135DB BB','00071','','','','','','bucuresti',3,5,'data/alimentatoare/DE_19V_9.5A/DELTA_19V_9.5A.JPG',0,1,200.0000,0,0,'2015-03-10',0.00000000,1,0.00000000,0.00000000,0.00000000,1,1,1,1,1,'2015-03-11 15:10:52','2015-09-12 10:00:06',910),(1072,'Tastatura Apple MacBook A1502 US','00717','','','','','','',2,5,'data/APPLE/1502us2.JPG',0,1,420.0000,0,0,'2015-03-16',0.00000000,1,0.00000000,0.00000000,0.00000000,1,1,1,1,1,'2015-03-17 22:07:16','2015-03-17 22:08:35',811),(1073,'Tastatura Apple MacBook  A1398  UK','00718','','','','','','',0,5,'data/APPLE/1398uk.JPG',0,1,450.0000,0,0,'2015-03-16',0.00000000,1,0.00000000,0.00000000,0.00000000,1,1,1,1,1,'2015-03-17 22:15:37','2015-04-07 15:37:53',796),(1074,'Tastatura Apple MacBook A1398  US ','00719','','','','','','',2,5,'data/APPLE/13982us.JPG',0,1,420.0000,0,0,'2015-03-16',0.00000000,1,0.00000000,0.00000000,0.00000000,1,1,1,1,1,'2015-03-17 22:20:58','2015-03-17 22:22:28',811),(1075,'Baterie Asus G55','00720','','','','','','',1,5,'data/asus/stf.jpg',0,1,0.0000,0,0,'2015-10-12',0.00000000,1,0.00000000,0.00000000,0.00000000,1,1,1,1,1,'2015-10-13 10:42:48','2015-10-13 11:38:27',599),(1076,'Sistem Racire Asus K53','00721','','','','','','',1,5,'data/asus/racirek53.jpg',0,1,0.0000,0,0,'2015-10-18',0.00000000,1,0.00000000,0.00000000,0.00000000,1,1,1,1,1,'2015-10-19 09:37:15','2015-10-19 09:40:14',1430),(1077,'Palmrest Asus UX31L','00722','','','','','','',1,5,'data/asus/asusus31l.jpg',0,1,0.0000,0,0,'2015-10-18',0.00000000,1,0.00000000,0.00000000,0.00000000,1,1,1,1,1,'2015-10-19 10:18:53','0000-00-00 00:00:00',602),(1078,'Bezel Asus X54L','00723','','','','','','',1,5,'data/asus/asusX54.jpg',0,1,0.0000,0,0,'2015-10-18',0.00000000,1,0.00000000,0.00000000,0.00000000,1,1,1,1,1,'2015-10-19 17:56:22','0000-00-00 00:00:00',761),(1079,'Palmrest Asus X550D','00724','','','','','','',1,5,'data/asus/palmrestX550D.jpg',0,1,0.0000,0,0,'2015-10-19',0.00000000,1,0.00000000,0.00000000,0.00000000,1,1,1,1,1,'2015-10-20 14:16:41','2015-10-20 14:19:07',573),(1080,'Cover Asus X550D Balamale Bracketi','00725','','','','','','',1,5,'data/asus/coverX550d.jpg',0,1,0.0000,0,0,'2015-10-19',0.00000000,1,0.00000000,0.00000000,0.00000000,1,1,1,1,1,'2015-10-20 14:30:24','2015-10-20 15:35:35',752),(1081,'Palmrest Asus X55','00726','','','','','','',1,5,'data/asus/palmrestX55.jpg',0,1,0.0000,0,0,'2015-10-19',0.00000000,1,0.00000000,0.00000000,0.00000000,1,1,1,1,1,'2015-10-20 15:22:41','0000-00-00 00:00:00',585),(1082,'Palmrest Asus U36SD','00727','','','','','','',1,5,'data/asus/palmrestU36SD.jpg',0,1,0.0000,0,0,'2015-10-19',0.00000000,1,0.00000000,0.00000000,0.00000000,1,1,1,1,1,'2015-10-20 15:26:41','0000-00-00 00:00:00',635),(1083,'Cover Asus K56','00728','','','','','','',1,5,'data/asus/asusK56.jpg',0,1,0.0000,0,0,'2015-10-19',0.00000000,1,0.00000000,0.00000000,0.00000000,1,1,1,1,1,'2015-10-20 15:30:11','2015-10-20 15:34:59',779),(1084,'Cover Asus K54L X54C','00729','','','','','','',1,5,'data/asus/coverK54X54.jpg',0,1,0.0000,0,0,'2015-10-19',0.00000000,1,0.00000000,0.00000000,0.00000000,1,1,1,1,1,'2015-10-20 15:34:27','0000-00-00 00:00:00',787),(1085,'Cover Asus X55A','00730','','','','','','',1,5,'data/asus/coverX55.jpg',0,1,0.0000,0,0,'2015-10-19',0.00000000,1,0.00000000,0.00000000,0.00000000,1,1,1,1,1,'2015-10-20 15:40:02','0000-00-00 00:00:00',759),(1086,'Cover Asus X550 ','00731','','','','','','',1,5,'data/asus/coverX550.jpg',0,1,0.0000,0,0,'2015-10-19',0.00000000,1,0.00000000,0.00000000,0.00000000,1,1,1,1,1,'2015-10-20 15:46:21','0000-00-00 00:00:00',806),(1087,'Cover Asus G46VW','00732','','','','','','',1,5,'data/asus/asusG46.jpg',0,1,0.0000,0,0,'2015-10-19',0.00000000,1,0.00000000,0.00000000,0.00000000,1,1,1,1,1,'2015-10-20 15:54:28','0000-00-00 00:00:00',789),(1088,'Cover Asus G750J','00733','','','','','','',1,5,'data/asus/coverG750J.jpg',0,1,0.0000,0,0,'2015-10-19',0.00000000,1,0.00000000,0.00000000,0.00000000,1,1,1,1,1,'2015-10-20 16:02:48','0000-00-00 00:00:00',1040),(1089,'Bottom Asus S550','00734','','','','','','',0,5,'data/asus/S550.jpg',0,1,0.0000,0,0,'2015-10-19',0.00000000,1,0.00000000,0.00000000,0.00000000,1,1,1,1,1,'2015-10-20 16:09:26','0000-00-00 00:00:00',943),(1090,'Bottom Asus U36SD','00735','','','','','','',1,5,'data/asus/asusU36sd.jpg',0,1,0.0000,0,0,'2015-10-19',0.00000000,1,0.00000000,0.00000000,0.00000000,1,1,1,1,1,'2015-10-20 16:16:50','0000-00-00 00:00:00',898),(1091,'Bottom Asus X550D','00736','','','','','','',1,5,'data/asus/X550D.jpg',0,1,0.0000,0,0,'2015-10-19',0.00000000,1,0.00000000,0.00000000,0.00000000,1,1,1,1,1,'2015-10-20 16:45:41','2015-10-20 16:47:24',824),(1092,'Bottom Asus X55','00737','','','','','','',1,5,'data/asus/X55.jpg',0,1,0.0000,0,0,'2015-10-20',0.00000000,1,0.00000000,0.00000000,0.00000000,1,1,1,1,1,'2015-10-21 15:00:22','0000-00-00 00:00:00',1033),(1093,'Bottom Asus N55','00738','','','','','','',1,5,'data/asus/asusn55.jpg',0,1,0.0000,0,0,'2015-10-20',0.00000000,1,0.00000000,0.00000000,0.00000000,1,1,1,1,1,'2015-10-21 15:04:16','0000-00-00 00:00:00',1098),(1094,'Bottom Asus K54 X54','00739','','','','','','',1,5,'data/asus/K54X54.jpg',0,1,0.0000,0,0,'2015-10-20',0.00000000,1,0.00000000,0.00000000,0.00000000,1,1,1,1,1,'2015-10-21 15:18:46','0000-00-00 00:00:00',1128),(1095,'Sistem Racire Asus G750J','00740','','','','','','',1,5,'data/asus/racireG750.jpg',0,1,0.0000,0,0,'2015-10-20',0.00000000,1,0.00000000,0.00000000,0.00000000,1,1,1,1,1,'2015-10-21 15:23:30','0000-00-00 00:00:00',1852);

--
