
--
-- Table structure for table `product_discount`
--

CREATE TABLE `product_discount` (
  `product_discount_id` int NOT NULL AUTO_INCREMENT,
  `product_id` int NOT NULL,
  `customer_group_id` int NOT NULL,
  `quantity` int NOT NULL DEFAULT '0',
  `priority` int NOT NULL DEFAULT '1',
  `price` decimal(15,4) NOT NULL DEFAULT '0.0000',
  `date_start` date NOT NULL DEFAULT '0000-00-00',
  `date_end` date NOT NULL DEFAULT '0000-00-00',
  PRIMARY KEY (`product_discount_id`),
  KEY `product_id` (`product_id`)
) ENGINE=MyISAM AUTO_INCREMENT=441 DEFAULT CHARSET=utf8mb3 COLLATE=utf8mb3_bin;

--
-- Dumping data for table `product_discount`
--


--
-- Table structure for table `product_image`
--

CREATE TABLE `product_image` (
  `product_image_id` int NOT NULL AUTO_INCREMENT,
  `product_id` int NOT NULL,
  `image` varchar(255) COLLATE utf8mb3_bin DEFAULT NULL,
  `sort_order` int NOT NULL DEFAULT '0',
  PRIMARY KEY (`product_image_id`)
) ENGINE=MyISAM AUTO_INCREMENT=6132 DEFAULT CHARSET=utf8mb3 COLLATE=utf8mb3_bin;

--
-- Dumping data for table `product_image`
--

INSERT INTO `product_image` (`product_image_id`, `product_id`, `image`, `sort_order`) VALUES (3951,269,'no_image.jpg',0),(5985,281,'data/tudor/display_anterioare/ltn154p1l02_SPATE.jpg',0),(5788,200,'data/display-uri/13.3_INCH/b133ew05_SPATE.jpg',0),(5136,455,'data/tudor/DIN TOATE/B121EW09_MUFA.jpg',0),(3872,461,'data/display-uri/12.1_INCH/LTD121EXAN_SPATE.jpg',0),(3949,265,'no_image.jpg',0),(3884,114,'no_image.jpg',0),(5253,129,'no_image.jpg',0),(3883,128,'data/Untitled-1.jpg',0),(3811,215,'data/lp154wx5-tlc1a.jpg',0),(3826,214,'data/tudor/display_anterioare/ltn154p1l02_MUFA.jpg',0),(3846,203,'data/tudor/display_anterioare/n134b6_l02_COD.jpg',0),(3827,214,'data/tudor/display_anterioare/ltn154p1l02_SPATE.jpg',0),(3839,219,'data/display-uri/15.6_INCH/lp156wd1tld3_SPATE.jpg',0),(6124,216,'data/display-uri/15.6_INCH/lp156wh2tlc1_SPATE.jpg',0),(3792,207,'data/b140xw03 v.0.jpg',0),(5515,464,'data/tudor/display_anterioare/lp140wd_tld2_MUFA.jpg',0),(5808,201,'data/tudor/display/lp133wx2tlg5_SPATE.jpg',0),(3888,94,'no_image.jpg',0),(5538,194,'data/display-uri/11.6_INCH/B116XW03_MUFA.jpg',0),(5575,319,'data/display-uri/10.0_INCH/HSD100IFW1_mufa.jpg',0),(5192,193,'data/display-uri/10.1_INCH/lp101wh1_SPATE.jpg',1),(3957,162,'data/carcase/bottom cover k52.jpg',0),(6105,266,'data/sisteme_racire/EX630_1.jpg',0),(5969,122,'no_image.jpg',0),(5709,227,'data/display-uri/15.6_INCH/hb156wx1100_MUFA.jpg',0),(5537,194,'data/display-uri/11.6_INCH/B116XW03_SPATE.jpg',0),(5433,474,'data/tudor/placi-de-baza/XPS_1330_SPATE.jpg',0),(4151,475,'data/alimentatoare/AC_19V_3.42A/ACER_19V_342A_65W_MUFA.jpg',0),(5816,218,'data/lp156wh2-tlc1a.jpg',0),(3838,219,'data/display-uri/15.6_INCH/lp156wd1tld3_MODEL.jpg',0),(5239,272,'no_image.jpg',0),(2644,93,'data/carcase/MSI_15.4.jpg',0),(3889,124,'data/carcase/46.jpg',0),(3974,279,'data/17,3.jpg',0),(5183,280,'data/17 inch.jpg',0),(6043,64,'data/alimentatoare/H_18.5V_3.5A/HP_18.5V_3.5A_65_MUFA.JPG',0),(6125,69,'data/alimentatoare/AC_19V_3.42A/ACER_19V_342A_65W_MUFA.jpg',0),(6057,68,'data/alimentatoare/AC_19V_4.74A/ACER_19V_474A_MUFA.JPG',0),(5872,65,'data/alimentatoare/AS_19V_2.1A/ASUS_19V_2.1A_MUFA.JPG',0),(5876,283,'data/alimentatoare/D_19.5_3.34A/DELL_19.5V_3.34A_65W_MUFA.JPG',0),(5877,284,'data/alimentatoare/AS_19V_2.37/ASUS_19V_2.37A_MUFA.jpg',0),(6117,285,'data/alimentatoare/AS_19V_3.42A/ASUS_19V_3.42A_MUFA.jpg',0),(6131,286,'data/alimentatoare/AS_19V_4.74A/ASUS_19V_4.74A_MUFA.jpg',0),(6030,287,'data/alimentatoare/AS_19V_7.9A/ASUS_19V_7.9A_MUFA.jpg',0),(5973,288,'data/alimentatoare/TO_19V_9.5A/TO_19V_9.5A_180W_MUFA.jpg',0),(5894,289,'data/alimentatoare/D_19.5V_4.62A/DELL_19.5V_4.62A_90W_MUFA.JPG',0),(5964,290,'data/alimentatoare/D_19.5V_7.7A/DELL_19.5V_7.7A_150W_MUFA.JPG',0),(5587,291,'data/alimentatoare/D_19V_1.58A/DELL_19V_1.58A_30W_MUFA.jpg',0),(5899,293,'data/alimentatoare/H_18.5V_6.5A/HP_18.5V_6.5A_120W_MUFA.JPG',0),(6052,294,'data/alimentatoare/H_19V 2.5A/HP_19V2.05A_40W_MUFA.JPG',0),(6032,295,'data/alimentatoare/LE_20V_3.25A_7.9/LE_20V_3.25A_65W_MUFA.JPG',0),(6045,296,'data/alimentatoare/LE_20V_3.25_LONG/LENOVO_20V_325A_65W_MUFA.JPG',0),(5911,297,'data/alimentatoare/SO_10.5V_1.9A/SONY_10.5V_1.9A_20W_MUFA.JPG',0),(6046,298,'data/alimentatoare/AC_19V_1.58A/ACER_19V_1,58A_MUFA.jpg',0),(6104,299,'data/alimentatoare/APPLE/APPLE_MUFA.jpg',0),(5880,300,'no_image.jpg',0),(5918,301,'data/alimentatoare/DE_12V_3A/DELTA_12V_3A_MUFA.jpg',0),(5781,302,'data/alimentatoare/DE_19V_9.5A/DELTA_19V_9.5A_MUFA.JPG',0),(6119,303,'data/alimentatoare/SA_19V_4.74A/SAMSUNG_19V_4.74A_90W_MUFA.jpg',0),(6089,304,'data/alimentatoare/SO_19.5V_4.7A/SONY_19.5V_4.74A_90W_MUFA.jpg',0),(5913,305,'data/alimentatoare/S_19.5_6.15A/SONY_19.5V_6.15A_120W_MUFA.JPG',0),(5890,306,'data/alimentatoare/TO_19V_9.5A/Mufa Toshiba.jpg',0),(6113,307,'data/alimentatoare/TO_19V_4_74A/TOSHIBA_19V_4.74A_90W_MUFA.jpg',0),(3929,308,'data/alimentatoare/REPLACEMENT/REPLACEMENT_APPLE_MUFA.jpg',0),(5819,460,'data/display-uri/11.6_INCH/B116XW05V.0_MUFA.jpg',0),(3730,310,'data/display-uri/10.1_INCH/B101EW05_MUFA.jpg',0),(3729,310,'data/display-uri/10.1_INCH/B101EW05_SPATE.jpg',0),(5818,460,'data/display-uri/11.6_INCH/b116xw05_v0.jpg',0),(5557,312,'data/display-uri/13.3_INCH/b133ew03_SPATE.jpg',0),(5556,312,'data/display-uri/13.3_INCH/b133ew03_MUFA.jpg',0),(3782,313,'data/display-uri/14.0_INCH/b140rw01_COD.jpg',0),(3781,313,'data/display-uri/14.0_INCH/b140rw01_spate.jpg',0),(3780,313,'data/display-uri/14.0_INCH/b140rw01_MUF.jpg',0),(5612,314,'data/display-uri/12.1_INCH/HSD121PHW1_COD.jpg',0),(3849,316,'data/display-uri/13.4_INCH/n134b6_l04_MUFA.jpg',0),(3848,316,'data/display-uri/13.4_INCH/n134b6_l04_SPATE.jpg',0),(4016,317,'data/display-uri/14.1_INCH/lp141wx3_tln4_SPATE.jpg',0),(4015,317,'data/display-uri/14.1_INCH/lp141wx3_tln4_COD.jpg',0),(4014,317,'data/display-uri/14.1_INCH/lp141wx3_tln4_MUFA.jpg',0),(5807,201,'data/tudor/display/lp133wx2tlg5_MUFA.jpg',0),(5787,200,'data/display-uri/13.3_INCH/b133ew05_COD.jpg',0),(5555,320,'data/display-uri/16.4_INCH/LQ164M1LD4C_SPATE2.jpg',0),(5554,320,'data/display-uri/16.4_INCH/LQ164M1LD4C_MUFA.jpg',0),(5553,320,'data/display-uri/16.4_INCH/LQ164M1LD4C_SPATE.jpg',0),(3798,321,'data/display-uri/14.1_INCH/lp141wx5tln1_MODEL.jpg',0),(3799,321,'data/display-uri/14.1_INCH/lp141wx5tln1_SPATE.jpg',0),(3800,321,'data/display-uri/14.1_INCH/lp141wx5tln1_MUFA.jpg',0),(3820,322,'data/display-uri/15.4_INCH/lp154wp2tlc1_SPATE.jpg',0),(3816,323,'data/display-uri/15.4_INCH/lp154wp2tla1_MODEL.jpg',0),(3815,323,'data/display-uri/15.4_INCH/lp154wp2tla1_MUFA.jpg',0),(3814,323,'data/display-uri/15.4_INCH/lp154wp2tla1_SPATE.jpg',0),(3837,219,'data/display-uri/15.6_INCH/lp156wd1tld3_MUFA.jpg',0),(5152,326,'data/display-uri/18.4_INCH/ltn184kt01_MUFA.jpg',0),(5841,327,'data/display-uri/15.6_INCH/b156xtn03.2_MODEL.JPG',0),(5840,327,'data/display-uri/15.6_INCH/b156xtn03.2_MUFA.JPG',0),(5839,327,'data/display-uri/15.6_INCH/b156xtn03.2_SPATE.JPG',0),(3808,378,'data/tudor/display/b154pw04v3_SPATE.jpg',0),(4152,476,'data/alimentatoare/AC_19V_3.42A/ACER_19V_342A_65W_MUFA.jpg',0),(5779,375,'data/tudor/display/b140xw01v8_SPATE.jpg',0),(5981,463,'data/tudor/display/b156HW01V1_SPATE.jpg',0),(5708,227,'data/display-uri/15.6_INCH/lp156wd1tld3_SPATE.jpg',0),(3802,374,'data/tudor/display/ltn141at09_MUFA.jpg',0),(5197,372,'data/tudor/display/ltn141at12_SPATE.jpg',0),(3865,331,'data/display-uri/16.4_INCH/LQ164M1LD4C_SPATE2.jpg',0),(3864,331,'data/display-uri/16.4_INCH/LQ164M1LD4C_SPATE.jpg',0),(3863,331,'data/display-uri/16.4_INCH/LQ164M1LD4C_MUFA.jpg',0),(5574,319,'data/display-uri/10.0_INCH/HSD100IFW1_spate.jpg',0),(5991,333,'data/display-uri/14.0_INCH/b140xw03_MUFA.jpg',0),(5992,333,'data/display-uri/14.0_INCH/b140xw03_SPATE.jpg',0),(5990,333,'no_image.jpg',0),(3758,335,'data/display-uri/12.5_INCH/LP125WH2TLE1_SPATE.jpg',0),(3757,335,'data/display-uri/12.5_INCH/LP125WH2TLE1_MUFA.jpg',0),(5191,193,'data/b101aw06 v.1a.jpg',0),(5190,193,'data/display-uri/10.1_INCH/lp101wh1_MUFA.jpg',2),(5232,466,'data/tudor/DIN TOATE/LTN160HT01_MUFA.jpg',0),(3954,277,'data/sisteme_racire/cooler D620.jpg',0),(5813,270,'data/sisteme_racire/cx600_cx500_1.jpg',0),(6061,271,'data/sisteme_racire/vr630_1.jpg',0),(3952,264,'data/sisteme_racire/ex610_1.jpg',0),(5540,263,'data/sisteme_racire/ex600_1.jpg',0),(3955,267,'data/sisteme_racire/gx600_1.jpg',0),(3946,268,'data/sisteme_racire/PR601_1.jpg',0),(5618,77,'data/sisteme_racire/GX740_1.jpg',0),(4896,343,'data/display-uri/13.3_INCH/LP133WP1TJA3SPATE.jpg',0),(4895,343,'data/display-uri/13.3_INCH/LP133WP1TJA3MUFA.jpg',0),(6111,344,'data/alimentatoare/H_19V_4_74A/HP_19V_4.74A_90W_MUFA.jpg',0),(5889,345,'data/alimentatoare/TO_19V_9.5A/ALIMENTATOR_TOSHIBA_19V_19.5A_180W_MUFA.JPG',0),(5887,346,'data/alimentatoare/TO_15V_5A/TOSHIBA_15V_5A_75W_MUFA.JPG',0),(5623,347,'data/alimentatoare/REPLACEMENT/REPLACEMENT_APPLE_MUFA.jpg',0),(5914,348,'data/alimentatoare/SO_19.5V_4.7A/SONY_19.5V_4.74A_90W_MUFA.jpg',0),(4887,363,'data/display-uri/10.1_INCH/lp101ws1_MUFA.jpg',0),(4886,363,'data/display-uri/10.1_INCH/lp101ws1_SPATE.jpg',0),(4885,363,'data/display-uri/10.1_INCH/lp101ws1_MODEL.jpg',0),(5920,349,'data/tudor/alimentatoare/fj_19V_4.22A_90W_MUFA.JPG',0),(6065,351,'data/tudor/alimentatoare/hp_19V_4.74A_90W_MUFA.jPG',0),(6064,352,'data/tudor/alimentatoare/hp_185V_35A_65W.jpg',0),(6071,353,'data/tudor/alimentatoare/lg_19V_4.74A_90W_MUFA.JPG',0),(6006,354,'data/tudor/alimentatoare/to_19V_632A_120W.jpg',0),(3749,366,'data/tudor/display/b121ew03_v2_SPATE.jpg',0),(3756,367,'data/tudor/display/n121l3lo1_SPATE.jpg',0),(3755,367,'data/tudor/display/n121l3lo1_MUFA.jpg',0),(3772,368,'data/tudor/display/lp133wx2tlg5_MUFA.jpg',0),(3771,368,'data/tudor/display/lp133wx2tlg5_SPATE.jpg',0),(3768,369,'data/tudor/display/lp133wx1tlb1_SPATE.jpg',0),(3767,369,'data/tudor/display/lp133wx1tlb1_MUFA.jpg',0),(5744,370,'data/tudor/display/lp133wh1tla1_SPATE.jpg',0),(5743,370,'data/tudor/display/lp133wh1tla1_MUFA.jpg',0),(3881,371,'data/tudor/display/ltn133at01_SPATE.jpg',0),(3882,371,'data/tudor/display/ltn133at01_MUFA.jpg',0),(5198,372,'data/tudor/display/ltn141at12_MUFA.jpg',0),(6025,373,'data/tudor/display/claa141eb11_SPATE.jpg',0),(6003,467,'data/tudor/display_anterioare/n133bge_lb1_MUFA.jpg',0),(3801,374,'data/tudor/display/ltn141at09_SPATE.jpg',0),(3793,209,'data/display-uri/14.1_INCH/B141PW03_V0_cod.jpg',0),(3794,209,'data/display-uri/14.1_INCH/B141PW03_V0_spate.jpg',0),(3791,376,'data/tudor/display/lp140wd1tlm1_SPATE.jpg',0),(3790,376,'data/tudor/display/lp140wd1tlm1_MUFA.jpg',0),(5829,377,'data/tudor/display/b140rw03v1_SPATE.jpg',0),(3809,378,'data/tudor/display/b154pw04v3_MUFA.jpg',0),(4037,379,'data/tudor/display/lp154wp2tlc2_SPATE.jpg',0),(4036,379,'data/tudor/display/lp154wp2tlc2_MUFA.jpg',0),(5802,380,'data/tudor/display/b154pw04v2_SPATE.jpg',0),(5801,380,'data/tudor/display/b154pw04v2_MUFA.jpg',0),(6096,381,'data/tudor/display/ltn154at12_SPATE.jpg',0),(5035,382,'data/tudor/display/lp154wu2tla2311_SPATE.jpg',0),(4045,384,'data/tudor/display/lp154wp1lta3_SPATE.jpg',0),(4044,384,'data/tudor/display/lp154wp1lta3_MUFA.jpg',0),(3824,385,'data/tudor/display/ltn154bt05_SPATE.jpg',0),(3825,385,'data/tudor/display/ltn154bt05_MUFA.jpg',0),(3833,387,'data/tudor/display/b156xw02v2_SPATE.jpg',0),(3834,387,'data/tudor/display/b156xw02v2_MUFA.jpg',0),(5703,388,'data/tudor/display/lp101wsatla1_SPATE.jpg',0),(5702,388,'data/tudor/display/lp101wsatla_MUFA.jpg',0),(3743,389,'data/tudor/display/b101aw02v3_SPATE.jpg',0),(3742,389,'data/tudor/display/b101aw02v3_MUFA.jpg',0),(3741,389,'data/tudor/display/b101aw02v3_MODEL.jpg',0),(3997,390,'data/tudor/display/n184h4lo1_MUFA.jpg',0),(3996,390,'data/tudor/display/n184h4lo1_SPATE.jpg',0),(4019,391,'data/tudor/display/n101l6l0b_MUFA.jpg',0),(4018,391,'data/tudor/display/n101l6l0b_SPATE.jpg',0),(5266,410,'data/tudor/placi-de-baza/hp_PROBOOK_4515S_SPATE.jpg',0),(6034,411,'data/tudor/placi-de-baza/hp_COMPAQ_MINI_110C_537619001_SPATE.jpg',0),(3242,412,'data/tudor/placi-de-baza/acer_ASIPRE_5750_P5WEO_L58_SPATE.jpg',0),(3239,413,'data/tudor/placi-de-baza/acer_AS_5310AS5710_LA3711P_FATA.jpg',0),(3263,414,'data/tudor/placi-de-baza/Toshiba_TECRA_A7_SPATE.jpg',0),(3250,415,'data/tudor/placi-de-baza/HP_DV72000_SPS_507169_SPATE.jpg',0),(3251,416,'data/tudor/placi-de-baza/msi_MS_1632_M670_SPATE.jpg',0),(3256,417,'data/tudor/placi-de-baza/MS_1635_M673_SPATE.jpg',0),(3254,418,'data/tudor/placi-de-baza/msi_MS_1058_S271_SPATE.jpg',0),(3247,419,'data/tudor/placi-de-baza/dell_PN_UK435_INPIRON_1720_INTEL_SPATE.jpg',0),(4992,420,'data/tudor/placi-de-baza/msi_MS_1681_CX_623_SPATE.jpg',0),(3261,421,'data/tudor/placi-de-baza/msi_VR_610_MS163B_SPATE.jpg',0),(3240,423,'data/tudor/placi-de-baza/acer_AS_7320AS_7720_ICK70L12_LA3551P.jpg',0),(3241,424,'data/tudor/placi-de-baza/acer_AS_8530_484AJ01011_SPATE.jpg',0),(3260,425,'data/tudor/placi-de-baza/msi_VR_601_MS1637_SPATE.jpg',0),(3238,426,'data/tudor/placi-de-baza/57325734_EM_E525EM_E725_LA4854P_SPATE.jpg',0),(3253,427,'data/tudor/placi-de-baza/msi_l720_SPATE.jpg',0),(3258,428,'data/tudor/placi-de-baza/msi_S420_MS1412_SPATE.jpg',0),(4064,429,'data/tudor/placi-de-baza/dell_D620_CU_VIDEO_SPATE.jpg',0),(3259,430,'data/tudor/placi-de-baza/msi_U100U90_MSNO111.jpg',0),(3262,432,'data/tudor/placi-de-baza/PACKAED_BELL_ALPHORUS_G_121_SPATE.jpg',0),(3052,436,'data/tudor/cutia 5/PLACAVIDEODELLD800M90M60.jpg',0),(3246,440,'data/tudor/cutia 5/PLACADEBAZADELLINSPIRON1545_SPATE.jpg',0),(3245,441,'data/tudor/cutia 5/PLACADELLINSPIRON1526_SPATE.jpg',0),(5670,442,'data/tudor/cutia 5/PLACAVIDEO2.jpg',0),(5189,437,'data/tudor/cutia 5/PLACA_VIDEO_NVIDIA_1520.jpg',0),(5817,460,'data/display-uri/11.6_INCH/B116XW05V.0_SPATE2.jpg',0),(5611,314,'data/display-uri/12.1_INCH/HSD121PHW1_SPATE.jpg',0),(3847,316,'data/display-uri/13.4_INCH/n134b6_l04_COD.jpg',0),(3819,322,'data/display-uri/15.4_INCH/lp154wp2tlc1_MODEL_MUFA.jpg',0),(6123,216,'data/display-uri/15.6_INCH/lp156wh2tlc1_MUFA_MODEL.jpg',0),(5151,326,'data/display-uri/18.4_INCH/ltn184kt01_MODELMUFA.jpg',0),(5868,356,'data/alimentatoare/REPLACEMENT/replacement/rep_19V_21A_mufa.jpg',0),(5932,358,'data/alimentatoare/AC_19V_3.42A/ACER_19V_342A_65W_MUFA.jpg',0),(5933,359,'no_image.jpg',0),(5875,362,'data/alimentatoare/AS_19V_2.37/Asus_X31E_mufa.JPG',0),(5176,357,'data/alimentatoare/REPLACEMENT/replacement/REP_185V_35A_MUFA.jpg',0),(5265,364,'data/tudor/display_anterioare/B101AW06_MUFA.jpg',0),(5264,364,'data/tudor/display_anterioare/B101AW06_SPATE.jpg',0),(3718,446,'data/display-uri/10.1_INCH/B101EW05_SPATE.jpg',0),(3717,446,'data/display-uri/10.1_INCH/B101EW05_MUFA.jpg',0),(4993,292,'data/alimentatoare/REPLACEMENT/replacement/REP_19V_474A_PIN_CENTRAL_MUFA2.jpg',0),(6128,360,'data/tudor/alimentatoare/hp_185V_35A_65W.jpg',0),(3939,361,'data/alimentatoare/REPLACEMENT/replacement/rep_19V_158A_mufa.jpg',0),(5811,451,'data/tudor/DIN TOATE/placa_baza_acer_7745g_SPATE.jpg',0),(3255,452,'data/tudor/DIN TOATE/MORHERBOARD_MSIMS1271_VR201_SPATE.jpg',0),(3252,453,'data/tudor/DIN TOATE/xps1730_SPATE.jpg',0),(5856,221,'data/tudor/DIN TOATE/HSD160PHW1_MUFA.jpg',0),(5855,221,'data/tudor/DIN TOATE/LTN160AT06_SPATE.jpg',0),(5135,455,'data/tudor/DIN TOATE/B121EW09_SPATE.jpg',0),(5776,191,'data/display-uri/10.1_INCH/B101EW02V.0_spate.jpg',1),(3871,461,'data/display-uri/12.1_INCH/LTD121EXAN_COD.jpg',0),(3862,462,'data/display-uri/12.5_INCH/LP125WH2TLE1_SPATE.jpg',0),(3861,462,'data/display-uri/12.5_INCH/LP125WH2TLE1_COD.jpg',0),(3860,462,'data/display-uri/12.5_INCH/LP125WH2TLE1_MUFA.jpg',0),(3845,203,'data/tudor/display_anterioare/n134b6_l02_MUFA.jpg',0),(3844,203,'data/tudor/display_anterioare/n134b6_l02_SPATE.jpg',0),(5231,466,'data/tudor/DIN TOATE/LTN160HT01_SPATE.jpg',0),(6004,467,'data/tudor/display_anterioare/n133bge_lb1_SPATE.jpg',0),(4133,502,'data/alimentatoare/AC_19V_3.42A/ACER_19V_342A_65W_MUFA.jpg',0),(4153,478,'data/alimentatoare/AC_19V_3.42A/ACER_19V_342A_65W_MUFA.jpg',0),(4106,479,'data/alimentatoare/AC_19V_3.42A/ACER_19V_342A_65W_MUFA.jpg',0),(4083,480,'data/alimentatoare/AC_19V_3.42A/ACER_19V_342A_65W_MUFA.jpg',0),(4108,481,'data/alimentatoare/AC_19V_3.42A/ACER_19V_342A_65W_MUFA.jpg',0),(4117,482,'data/alimentatoare/AC_19V_3.42A/ACER_19V_342A_65W_MUFA.jpg',0),(4105,483,'data/alimentatoare/AC_19V_3.42A/ACER_19V_342A_65W_MUFA.jpg',0),(4112,484,'data/alimentatoare/AC_19V_3.42A/ACER_19V_342A_65W_MUFA.jpg',0),(4107,485,'data/alimentatoare/AC_19V_3.42A/ACER_19V_342A_65W_MUFA.jpg',0),(4119,486,'data/alimentatoare/AC_19V_3.42A/ACER_19V_342A_65W_MUFA.jpg',0),(4090,487,'data/alimentatoare/AC_19V_3.42A/ACER_19V_342A_65W_MUFA.jpg',0),(4121,488,'data/alimentatoare/AC_19V_3.42A/ACER_19V_342A_65W_MUFA.jpg',0),(4122,489,'data/alimentatoare/AC_19V_3.42A/ACER_19V_342A_65W_MUFA.jpg',0),(4113,490,'data/alimentatoare/AC_19V_3.42A/ACER_19V_342A_65W_MUFA.jpg',0),(4115,491,'data/alimentatoare/AC_19V_3.42A/ACER_19V_342A_65W_MUFA.jpg',0),(4124,492,'data/alimentatoare/AC_19V_3.42A/ACER_19V_342A_65W_MUFA.jpg',0),(4116,493,'data/alimentatoare/AC_19V_3.42A/ACER_19V_342A_65W_MUFA.jpg',0),(4123,494,'data/alimentatoare/AC_19V_3.42A/ACER_19V_342A_65W_MUFA.jpg',0),(4125,495,'data/alimentatoare/AC_19V_3.42A/ACER_19V_342A_65W_MUFA.jpg',0),(4126,496,'data/alimentatoare/AC_19V_3.42A/ACER_19V_342A_65W_MUFA.jpg',0),(4127,497,'data/alimentatoare/AC_19V_3.42A/ACER_19V_342A_65W_MUFA.jpg',0),(4128,498,'data/alimentatoare/AC_19V_3.42A/ACER_19V_342A_65W_MUFA.jpg',0),(4129,499,'data/alimentatoare/AC_19V_3.42A/ACER_19V_342A_65W_MUFA.jpg',0),(4130,500,'data/alimentatoare/AC_19V_3.42A/ACER_19V_342A_65W_MUFA.jpg',0),(4154,501,'data/alimentatoare/AC_19V_3.42A/ACER_19V_342A_65W_MUFA.jpg',0),(4134,503,'data/alimentatoare/AC_19V_3.42A/ACER_19V_342A_65W_MUFA.jpg',0),(4135,504,'data/alimentatoare/AC_19V_3.42A/ACER_19V_342A_65W_MUFA.jpg',0),(4136,505,'data/alimentatoare/AC_19V_3.42A/ACER_19V_342A_65W_MUFA.jpg',0),(4137,506,'data/alimentatoare/AC_19V_3.42A/ACER_19V_342A_65W_MUFA.jpg',0),(4138,507,'data/alimentatoare/AC_19V_3.42A/ACER_19V_342A_65W_MUFA.jpg',0),(4139,508,'data/alimentatoare/AC_19V_3.42A/ACER_19V_342A_65W_MUFA.jpg',0),(4140,509,'data/alimentatoare/AC_19V_3.42A/ACER_19V_342A_65W_MUFA.jpg',0),(4141,510,'data/alimentatoare/AC_19V_3.42A/ACER_19V_342A_65W_MUFA.jpg',0),(4142,511,'data/alimentatoare/AC_19V_3.42A/ACER_19V_342A_65W_MUFA.jpg',0),(4143,512,'data/alimentatoare/AC_19V_3.42A/ACER_19V_342A_65W_MUFA.jpg',0),(4144,513,'data/alimentatoare/AC_19V_3.42A/ACER_19V_342A_65W_MUFA.jpg',0),(4145,514,'data/alimentatoare/AC_19V_3.42A/ACER_19V_342A_65W_MUFA.jpg',0),(4146,515,'data/alimentatoare/AC_19V_3.42A/ACER_19V_342A_65W_MUFA.jpg',0),(4147,516,'data/alimentatoare/AC_19V_3.42A/ACER_19V_342A_65W_MUFA.jpg',0),(4148,517,'data/alimentatoare/AC_19V_3.42A/ACER_19V_342A_65W_MUFA.jpg',0),(4149,518,'data/alimentatoare/AC_19V_3.42A/ACER_19V_342A_65W_MUFA.jpg',0),(4155,519,'data/alimentatoare/AC_19V_3.42A/ACER_19V_342A_65W_MUFA.jpg',0),(4156,520,'data/alimentatoare/AC_19V_3.42A/ACER_19V_342A_65W_MUFA.jpg',0),(4157,521,'data/alimentatoare/AC_19V_3.42A/ACER_19V_342A_65W_MUFA.jpg',0),(4158,522,'data/alimentatoare/AC_19V_3.42A/ACER_19V_342A_65W_MUFA.jpg',0),(4159,523,'data/alimentatoare/AC_19V_3.42A/ACER_19V_342A_65W_MUFA.jpg',0),(4160,524,'data/alimentatoare/AC_19V_3.42A/ACER_19V_342A_65W_MUFA.jpg',0),(4875,525,'data/alimentatoare/AC_19V_3.42A/ACER_19V_342A_65W_MUFA.jpg',0),(4162,526,'data/alimentatoare/AC_19V_3.42A/ACER_19V_342A_65W_MUFA.jpg',0),(4163,527,'data/alimentatoare/AC_19V_3.42A/ACER_19V_342A_65W_MUFA.jpg',0),(4164,528,'data/alimentatoare/AC_19V_3.42A/ACER_19V_342A_65W_MUFA.jpg',0),(4165,529,'data/alimentatoare/AC_19V_3.42A/ACER_19V_342A_65W_MUFA.jpg',0),(4166,530,'data/alimentatoare/AC_19V_3.42A/ACER_19V_342A_65W_MUFA.jpg',0),(4167,531,'data/alimentatoare/AC_19V_3.42A/ACER_19V_342A_65W_MUFA.jpg',0),(4168,532,'data/alimentatoare/AC_19V_3.42A/ACER_19V_342A_65W_MUFA.jpg',0),(4169,533,'data/alimentatoare/AC_19V_3.42A/ACER_19V_342A_65W_MUFA.jpg',0),(4170,534,'data/alimentatoare/AC_19V_3.42A/ACER_19V_342A_65W_MUFA.jpg',0),(4171,535,'data/alimentatoare/AC_19V_3.42A/ACER_19V_342A_65W_MUFA.jpg',0),(4172,536,'data/alimentatoare/AC_19V_3.42A/ACER_19V_342A_65W_MUFA.jpg',0),(4173,537,'data/alimentatoare/AC_19V_3.42A/ACER_19V_342A_65W_MUFA.jpg',0),(4174,538,'data/alimentatoare/AC_19V_3.42A/ACER_19V_342A_65W_MUFA.jpg',0),(4175,539,'data/alimentatoare/AC_19V_3.42A/ACER_19V_342A_65W_MUFA.jpg',0),(4176,540,'data/alimentatoare/AC_19V_3.42A/ACER_19V_342A_65W_MUFA.jpg',0),(4177,541,'data/alimentatoare/AC_19V_3.42A/ACER_19V_342A_65W_MUFA.jpg',0),(4178,542,'data/alimentatoare/AC_19V_3.42A/ACER_19V_342A_65W_MUFA.jpg',0),(4179,543,'data/alimentatoare/AC_19V_3.42A/ACER_19V_342A_65W_MUFA.jpg',0),(4180,544,'data/alimentatoare/AC_19V_3.42A/ACER_19V_342A_65W_MUFA.jpg',0),(4181,545,'data/alimentatoare/AC_19V_3.42A/ACER_19V_342A_65W_MUFA.jpg',0),(4182,546,'data/alimentatoare/AC_19V_3.42A/ACER_19V_342A_65W_MUFA.jpg',0),(4852,547,'data/alimentatoare/AC_19V_3.42A/ACER_19V_342A_65W_MUFA.jpg',0),(4184,548,'data/alimentatoare/AC_19V_3.42A/ACER_19V_342A_65W_MUFA.jpg',0),(4185,549,'data/alimentatoare/AC_19V_3.42A/ACER_19V_342A_65W_MUFA.jpg',0),(4186,550,'data/alimentatoare/AC_19V_3.42A/ACER_19V_342A_65W_MUFA.jpg',0),(4187,551,'data/alimentatoare/AC_19V_3.42A/ACER_19V_342A_65W_MUFA.jpg',0),(4188,552,'data/alimentatoare/AC_19V_3.42A/ACER_19V_342A_65W_MUFA.jpg',0),(4189,553,'data/alimentatoare/AC_19V_3.42A/ACER_19V_342A_65W_MUFA.jpg',0),(4190,554,'data/alimentatoare/AC_19V_3.42A/ACER_19V_342A_65W_MUFA.jpg',0),(4191,555,'data/alimentatoare/AC_19V_3.42A/ACER_19V_342A_65W_MUFA.jpg',0),(4192,556,'data/alimentatoare/AC_19V_3.42A/ACER_19V_342A_65W_MUFA.jpg',0),(4193,557,'data/alimentatoare/AC_19V_3.42A/ACER_19V_342A_65W_MUFA.jpg',0),(4194,558,'data/alimentatoare/AC_19V_3.42A/ACER_19V_342A_65W_MUFA.jpg',0),(4195,559,'data/alimentatoare/AC_19V_3.42A/ACER_19V_342A_65W_MUFA.jpg',0),(4196,560,'data/alimentatoare/AC_19V_3.42A/ACER_19V_342A_65W_MUFA.jpg',0),(4197,561,'data/alimentatoare/AC_19V_3.42A/ACER_19V_342A_65W_MUFA.jpg',0),(4198,562,'data/alimentatoare/AC_19V_3.42A/ACER_19V_342A_65W_MUFA.jpg',0),(4199,563,'data/alimentatoare/AC_19V_3.42A/ACER_19V_342A_65W_MUFA.jpg',0),(4200,564,'data/alimentatoare/AC_19V_3.42A/ACER_19V_342A_65W_MUFA.jpg',0),(4201,565,'data/alimentatoare/AC_19V_3.42A/ACER_19V_342A_65W_MUFA.jpg',0),(4202,566,'data/alimentatoare/AC_19V_3.42A/ACER_19V_342A_65W_MUFA.jpg',0),(4203,567,'data/alimentatoare/AC_19V_3.42A/ACER_19V_342A_65W_MUFA.jpg',0),(4204,568,'data/alimentatoare/AC_19V_3.42A/ACER_19V_342A_65W_MUFA.jpg',0),(4205,569,'data/alimentatoare/AC_19V_3.42A/ACER_19V_342A_65W_MUFA.jpg',0),(4206,570,'data/alimentatoare/AC_19V_3.42A/ACER_19V_342A_65W_MUFA.jpg',0),(4661,571,'data/alimentatoare/AC_19V_3.42A/ACER_19V_342A_65W_MUFA.jpg',0),(4662,572,'data/alimentatoare/AC_19V_3.42A/ACER_19V_342A_65W_MUFA.jpg',0),(4663,573,'data/alimentatoare/AC_19V_3.42A/ACER_19V_342A_65W_MUFA.jpg',0),(4664,574,'data/alimentatoare/AC_19V_3.42A/ACER_19V_342A_65W_MUFA.jpg',0),(4665,575,'data/alimentatoare/AC_19V_3.42A/ACER_19V_342A_65W_MUFA.jpg',0),(4666,576,'data/alimentatoare/AC_19V_3.42A/ACER_19V_342A_65W_MUFA.jpg',0),(4667,577,'data/alimentatoare/AC_19V_3.42A/ACER_19V_342A_65W_MUFA.jpg',0),(4668,578,'data/alimentatoare/AC_19V_3.42A/ACER_19V_342A_65W_MUFA.jpg',0),(4669,579,'data/alimentatoare/AC_19V_3.42A/ACER_19V_342A_65W_MUFA.jpg',0),(4670,580,'data/alimentatoare/AC_19V_3.42A/ACER_19V_342A_65W_MUFA.jpg',0),(4671,581,'data/alimentatoare/AC_19V_3.42A/ACER_19V_342A_65W_MUFA.jpg',0),(4672,582,'data/alimentatoare/AC_19V_3.42A/ACER_19V_342A_65W_MUFA.jpg',0),(4673,583,'data/alimentatoare/AC_19V_3.42A/ACER_19V_342A_65W_MUFA.jpg',0),(4674,584,'data/alimentatoare/AC_19V_3.42A/ACER_19V_342A_65W_MUFA.jpg',0),(4643,585,'data/alimentatoare/AC_19V_3.42A/ACER_19V_342A_65W_MUFA.jpg',0),(4644,586,'data/alimentatoare/AC_19V_3.42A/ACER_19V_342A_65W_MUFA.jpg',0),(4645,587,'data/alimentatoare/AC_19V_3.42A/ACER_19V_342A_65W_MUFA.jpg',0),(4646,588,'data/alimentatoare/AC_19V_3.42A/ACER_19V_342A_65W_MUFA.jpg',0),(4647,589,'data/alimentatoare/AC_19V_3.42A/ACER_19V_342A_65W_MUFA.jpg',0),(4648,590,'data/alimentatoare/AC_19V_3.42A/ACER_19V_342A_65W_MUFA.jpg',0),(4649,591,'data/alimentatoare/AC_19V_3.42A/ACER_19V_342A_65W_MUFA.jpg',0),(4650,592,'data/alimentatoare/AC_19V_3.42A/ACER_19V_342A_65W_MUFA.jpg',0),(4651,593,'data/alimentatoare/AC_19V_3.42A/ACER_19V_342A_65W_MUFA.jpg',0),(4652,594,'data/alimentatoare/AC_19V_3.42A/ACER_19V_342A_65W_MUFA.jpg',0),(4653,595,'data/alimentatoare/AC_19V_3.42A/ACER_19V_342A_65W_MUFA.jpg',0),(4654,596,'data/alimentatoare/AC_19V_3.42A/ACER_19V_342A_65W_MUFA.jpg',0),(4655,597,'data/alimentatoare/AC_19V_3.42A/ACER_19V_342A_65W_MUFA.jpg',0),(4656,598,'data/alimentatoare/AC_19V_3.42A/ACER_19V_342A_65W_MUFA.jpg',0),(4657,599,'data/alimentatoare/AC_19V_3.42A/ACER_19V_342A_65W_MUFA.jpg',0),(4658,600,'data/alimentatoare/AC_19V_3.42A/ACER_19V_342A_65W_MUFA.jpg',0),(4659,601,'data/alimentatoare/AC_19V_3.42A/ACER_19V_342A_65W_MUFA.jpg',0),(4660,602,'data/alimentatoare/AC_19V_3.42A/ACER_19V_342A_65W_MUFA.jpg',0),(4675,603,'data/alimentatoare/AC_19V_3.42A/ACER_19V_342A_65W_MUFA.jpg',0),(4676,604,'data/alimentatoare/AC_19V_3.42A/ACER_19V_342A_65W_MUFA.jpg',0),(4677,605,'data/alimentatoare/AC_19V_3.42A/ACER_19V_342A_65W_MUFA.jpg',0),(4678,606,'data/alimentatoare/AC_19V_3.42A/ACER_19V_342A_65W_MUFA.jpg',0),(4679,607,'data/alimentatoare/AC_19V_3.42A/ACER_19V_342A_65W_MUFA.jpg',0),(4680,608,'data/alimentatoare/AC_19V_3.42A/ACER_19V_342A_65W_MUFA.jpg',0),(4681,609,'data/alimentatoare/AC_19V_3.42A/ACER_19V_342A_65W_MUFA.jpg',0),(4682,610,'data/alimentatoare/AC_19V_3.42A/ACER_19V_342A_65W_MUFA.jpg',0),(4683,611,'data/alimentatoare/AC_19V_3.42A/ACER_19V_342A_65W_MUFA.jpg',0),(4684,612,'data/alimentatoare/AC_19V_3.42A/ACER_19V_342A_65W_MUFA.jpg',0),(4685,613,'data/alimentatoare/AC_19V_3.42A/ACER_19V_342A_65W_MUFA.jpg',0),(4686,614,'data/alimentatoare/AC_19V_3.42A/ACER_19V_342A_65W_MUFA.jpg',0),(4687,615,'data/alimentatoare/AC_19V_3.42A/ACER_19V_342A_65W_MUFA.jpg',0),(4688,616,'data/alimentatoare/AC_19V_3.42A/ACER_19V_342A_65W_MUFA.jpg',0),(4689,617,'data/alimentatoare/AC_19V_3.42A/ACER_19V_342A_65W_MUFA.jpg',0),(4690,618,'data/alimentatoare/AC_19V_3.42A/ACER_19V_342A_65W_MUFA.jpg',0),(4691,619,'data/alimentatoare/AC_19V_3.42A/ACER_19V_342A_65W_MUFA.jpg',0),(4692,620,'data/alimentatoare/AC_19V_3.42A/ACER_19V_342A_65W_MUFA.jpg',0),(4693,621,'data/alimentatoare/AC_19V_3.42A/ACER_19V_342A_65W_MUFA.jpg',0),(4694,622,'data/alimentatoare/AC_19V_3.42A/ACER_19V_342A_65W_MUFA.jpg',0),(4695,623,'data/alimentatoare/AC_19V_3.42A/ACER_19V_342A_65W_MUFA.jpg',0),(4696,624,'data/alimentatoare/AC_19V_3.42A/ACER_19V_342A_65W_MUFA.jpg',0),(4697,625,'data/alimentatoare/AC_19V_3.42A/ACER_19V_342A_65W_MUFA.jpg',0),(4698,626,'data/alimentatoare/AC_19V_3.42A/ACER_19V_342A_65W_MUFA.jpg',0),(4699,627,'data/alimentatoare/AC_19V_3.42A/ACER_19V_342A_65W_MUFA.jpg',0),(4700,628,'data/alimentatoare/AC_19V_3.42A/ACER_19V_342A_65W_MUFA.jpg',0),(4701,629,'data/alimentatoare/AC_19V_3.42A/ACER_19V_342A_65W_MUFA.jpg',0),(4702,630,'data/alimentatoare/AC_19V_3.42A/ACER_19V_342A_65W_MUFA.jpg',0),(4703,631,'data/alimentatoare/AC_19V_3.42A/ACER_19V_342A_65W_MUFA.jpg',0),(4704,632,'data/alimentatoare/AC_19V_3.42A/ACER_19V_342A_65W_MUFA.jpg',0),(4705,633,'data/alimentatoare/AC_19V_3.42A/ACER_19V_342A_65W_MUFA.jpg',0),(4706,634,'data/alimentatoare/AC_19V_3.42A/ACER_19V_342A_65W_MUFA.jpg',0),(4707,635,'data/alimentatoare/AC_19V_3.42A/ACER_19V_342A_65W_MUFA.jpg',0),(4708,636,'data/alimentatoare/AC_19V_3.42A/ACER_19V_342A_65W_MUFA.jpg',0),(4709,637,'data/alimentatoare/AC_19V_3.42A/ACER_19V_342A_65W_MUFA.jpg',0),(4710,638,'data/alimentatoare/AC_19V_3.42A/ACER_19V_342A_65W_MUFA.jpg',0),(4711,639,'data/alimentatoare/AC_19V_3.42A/ACER_19V_342A_65W_MUFA.jpg',0),(4712,640,'data/alimentatoare/AC_19V_3.42A/ACER_19V_342A_65W_MUFA.jpg',0),(4713,641,'data/alimentatoare/AC_19V_3.42A/ACER_19V_342A_65W_MUFA.jpg',0),(4714,642,'data/alimentatoare/AC_19V_3.42A/ACER_19V_342A_65W_MUFA.jpg',0),(4715,643,'data/alimentatoare/AC_19V_3.42A/ACER_19V_342A_65W_MUFA.jpg',0),(4716,644,'data/alimentatoare/AC_19V_3.42A/ACER_19V_342A_65W_MUFA.jpg',0),(4717,645,'data/alimentatoare/AC_19V_3.42A/ACER_19V_342A_65W_MUFA.jpg',0),(4718,646,'data/alimentatoare/AC_19V_3.42A/ACER_19V_342A_65W_MUFA.jpg',0),(4719,647,'data/alimentatoare/AC_19V_3.42A/ACER_19V_342A_65W_MUFA.jpg',0),(4720,648,'data/alimentatoare/AC_19V_3.42A/ACER_19V_342A_65W_MUFA.jpg',0),(4721,649,'data/alimentatoare/AC_19V_3.42A/ACER_19V_342A_65W_MUFA.jpg',0),(4722,650,'data/alimentatoare/AC_19V_3.42A/ACER_19V_342A_65W_MUFA.jpg',0),(4723,651,'data/alimentatoare/AC_19V_3.42A/ACER_19V_342A_65W_MUFA.jpg',0),(4724,652,'data/alimentatoare/AC_19V_3.42A/ACER_19V_342A_65W_MUFA.jpg',0),(4725,653,'data/alimentatoare/AC_19V_3.42A/ACER_19V_342A_65W_MUFA.jpg',0),(4727,654,'data/alimentatoare/AC_19V_3.42A/ACER_19V_342A_65W_MUFA.jpg',0),(4728,655,'data/alimentatoare/AC_19V_3.42A/ACER_19V_342A_65W_MUFA.jpg',0),(4729,656,'data/alimentatoare/AC_19V_3.42A/ACER_19V_342A_65W_MUFA.jpg',0),(4730,657,'data/alimentatoare/AC_19V_3.42A/ACER_19V_342A_65W_MUFA.jpg',0),(4731,658,'data/alimentatoare/AC_19V_3.42A/ACER_19V_342A_65W_MUFA.jpg',0),(4732,659,'data/alimentatoare/AC_19V_3.42A/ACER_19V_342A_65W_MUFA.jpg',0),(4733,660,'data/alimentatoare/AC_19V_3.42A/ACER_19V_342A_65W_MUFA.jpg',0),(4734,661,'data/alimentatoare/AC_19V_3.42A/ACER_19V_342A_65W_MUFA.jpg',0),(4735,662,'data/alimentatoare/AC_19V_3.42A/ACER_19V_342A_65W_MUFA.jpg',0),(4736,663,'data/alimentatoare/AC_19V_3.42A/ACER_19V_342A_65W_MUFA.jpg',0),(4737,664,'data/alimentatoare/AC_19V_3.42A/ACER_19V_342A_65W_MUFA.jpg',0),(4738,665,'data/alimentatoare/AC_19V_3.42A/ACER_19V_342A_65W_MUFA.jpg',0),(4882,666,'data/alimentatoare/AC_19V_3.42A/ACER_19V_342A_65W_MUFA.jpg',0),(4740,667,'data/alimentatoare/AC_19V_3.42A/ACER_19V_342A_65W_MUFA.jpg',0),(4741,668,'data/alimentatoare/AC_19V_3.42A/ACER_19V_342A_65W_MUFA.jpg',0),(4742,669,'data/alimentatoare/AC_19V_3.42A/ACER_19V_342A_65W_MUFA.jpg',0),(4743,670,'data/alimentatoare/AC_19V_3.42A/ACER_19V_342A_65W_MUFA.jpg',0),(4744,671,'data/alimentatoare/AC_19V_3.42A/ACER_19V_342A_65W_MUFA.jpg',0),(4745,672,'data/alimentatoare/AC_19V_3.42A/ACER_19V_342A_65W_MUFA.jpg',0),(4746,673,'data/alimentatoare/AC_19V_3.42A/ACER_19V_342A_65W_MUFA.jpg',0),(4747,674,'data/alimentatoare/AC_19V_3.42A/ACER_19V_342A_65W_MUFA.jpg',0),(4748,675,'data/alimentatoare/AC_19V_3.42A/ACER_19V_342A_65W_MUFA.jpg',0),(4749,676,'data/alimentatoare/AC_19V_3.42A/ACER_19V_342A_65W_MUFA.jpg',0),(4752,677,'data/alimentatoare/AC_19V_3.42A/ACER_19V_342A_65W_MUFA.jpg',0),(4750,678,'data/alimentatoare/AC_19V_3.42A/ACER_19V_342A_65W_MUFA.jpg',0),(4751,679,'data/alimentatoare/AC_19V_3.42A/ACER_19V_342A_65W_MUFA.jpg',0),(4753,680,'data/alimentatoare/AC_19V_3.42A/ACER_19V_342A_65W_MUFA.jpg',0),(4754,681,'data/alimentatoare/AC_19V_3.42A/ACER_19V_342A_65W_MUFA.jpg',0),(4755,682,'data/alimentatoare/AC_19V_3.42A/ACER_19V_342A_65W_MUFA.jpg',0),(4756,683,'data/alimentatoare/AC_19V_3.42A/ACER_19V_342A_65W_MUFA.jpg',0),(4757,684,'data/alimentatoare/AC_19V_3.42A/ACER_19V_342A_65W_MUFA.jpg',0),(4758,685,'data/alimentatoare/AC_19V_3.42A/ACER_19V_342A_65W_MUFA.jpg',0),(4759,686,'data/alimentatoare/AC_19V_3.42A/ACER_19V_342A_65W_MUFA.jpg',0),(4760,687,'data/alimentatoare/AC_19V_3.42A/ACER_19V_342A_65W_MUFA.jpg',0),(4761,688,'data/alimentatoare/AC_19V_3.42A/ACER_19V_342A_65W_MUFA.jpg',0),(4762,689,'data/alimentatoare/AC_19V_3.42A/ACER_19V_342A_65W_MUFA.jpg',0),(4763,690,'data/alimentatoare/AC_19V_3.42A/ACER_19V_342A_65W_MUFA.jpg',0),(4764,691,'data/alimentatoare/AC_19V_3.42A/ACER_19V_342A_65W_MUFA.jpg',0),(4765,692,'data/alimentatoare/AC_19V_3.42A/ACER_19V_342A_65W_MUFA.jpg',0),(4766,693,'data/alimentatoare/AC_19V_3.42A/ACER_19V_342A_65W_MUFA.jpg',0),(4767,694,'data/alimentatoare/AC_19V_3.42A/ACER_19V_342A_65W_MUFA.jpg',0),(4768,695,'data/alimentatoare/AC_19V_3.42A/ACER_19V_342A_65W_MUFA.jpg',0),(4769,696,'data/alimentatoare/AC_19V_3.42A/ACER_19V_342A_65W_MUFA.jpg',0),(4770,697,'data/alimentatoare/AC_19V_3.42A/ACER_19V_342A_65W_MUFA.jpg',0),(4771,698,'data/alimentatoare/AC_19V_3.42A/ACER_19V_342A_65W_MUFA.jpg',0),(4772,699,'data/alimentatoare/AC_19V_3.42A/ACER_19V_342A_65W_MUFA.jpg',0),(4773,700,'data/alimentatoare/AC_19V_3.42A/ACER_19V_342A_65W_MUFA.jpg',0),(4774,701,'data/alimentatoare/AC_19V_3.42A/ACER_19V_342A_65W_MUFA.jpg',0),(4775,702,'data/alimentatoare/AC_19V_3.42A/ACER_19V_342A_65W_MUFA.jpg',0),(4776,703,'data/alimentatoare/AC_19V_3.42A/ACER_19V_342A_65W_MUFA.jpg',0),(4777,704,'data/alimentatoare/AC_19V_3.42A/ACER_19V_342A_65W_MUFA.jpg',0),(4778,705,'data/alimentatoare/AC_19V_3.42A/ACER_19V_342A_65W_MUFA.jpg',0),(4779,706,'data/alimentatoare/AC_19V_3.42A/ACER_19V_342A_65W_MUFA.jpg',0),(4780,707,'data/alimentatoare/AC_19V_3.42A/ACER_19V_342A_65W_MUFA.jpg',0),(4781,708,'data/alimentatoare/AC_19V_3.42A/ACER_19V_342A_65W_MUFA.jpg',0),(4782,709,'data/alimentatoare/AC_19V_3.42A/ACER_19V_342A_65W_MUFA.jpg',0),(4783,710,'data/alimentatoare/AC_19V_3.42A/ACER_19V_342A_65W_MUFA.jpg',0),(4784,711,'data/alimentatoare/AC_19V_3.42A/ACER_19V_342A_65W_MUFA.jpg',0),(4785,712,'data/alimentatoare/AC_19V_3.42A/ACER_19V_342A_65W_MUFA.jpg',0),(4786,713,'data/alimentatoare/AC_19V_3.42A/ACER_19V_342A_65W_MUFA.jpg',0),(4787,714,'data/alimentatoare/AC_19V_3.42A/ACER_19V_342A_65W_MUFA.jpg',0),(4788,715,'data/alimentatoare/AC_19V_3.42A/ACER_19V_342A_65W_MUFA.jpg',0),(4789,717,'data/alimentatoare/AC_19V_3.42A/ACER_19V_342A_65W_MUFA.jpg',0),(4790,718,'data/alimentatoare/AC_19V_3.42A/ACER_19V_342A_65W_MUFA.jpg',0),(4791,719,'data/alimentatoare/AC_19V_3.42A/ACER_19V_342A_65W_MUFA.jpg',0),(4792,720,'data/alimentatoare/AC_19V_3.42A/ACER_19V_342A_65W_MUFA.jpg',0),(4793,721,'data/alimentatoare/AC_19V_3.42A/ACER_19V_342A_65W_MUFA.jpg',0),(4794,722,'data/alimentatoare/AC_19V_3.42A/ACER_19V_342A_65W_MUFA.jpg',0),(4795,723,'data/alimentatoare/AC_19V_3.42A/ACER_19V_342A_65W_MUFA.jpg',0),(4796,724,'data/alimentatoare/AC_19V_3.42A/ACER_19V_342A_65W_MUFA.jpg',0),(4797,725,'data/alimentatoare/AC_19V_3.42A/ACER_19V_342A_65W_MUFA.jpg',0),(4798,726,'data/alimentatoare/AC_19V_3.42A/ACER_19V_342A_65W_MUFA.jpg',0),(4799,727,'data/alimentatoare/AC_19V_3.42A/ACER_19V_342A_65W_MUFA.jpg',0),(4800,728,'data/alimentatoare/AC_19V_3.42A/ACER_19V_342A_65W_MUFA.jpg',0),(4801,729,'data/alimentatoare/AC_19V_3.42A/ACER_19V_342A_65W_MUFA.jpg',0),(4802,730,'data/alimentatoare/AC_19V_3.42A/ACER_19V_342A_65W_MUFA.jpg',0),(4803,731,'data/alimentatoare/AC_19V_3.42A/ACER_19V_342A_65W_MUFA.jpg',0),(4804,732,'data/alimentatoare/AC_19V_3.42A/ACER_19V_342A_65W_MUFA.jpg',0),(4805,733,'data/alimentatoare/AC_19V_3.42A/ACER_19V_342A_65W_MUFA.jpg',0),(4806,734,'data/alimentatoare/AC_19V_3.42A/ACER_19V_342A_65W_MUFA.jpg',0),(4807,735,'data/alimentatoare/AC_19V_3.42A/ACER_19V_342A_65W_MUFA.jpg',0),(4808,736,'data/alimentatoare/AC_19V_3.42A/ACER_19V_342A_65W_MUFA.jpg',0),(4809,737,'data/alimentatoare/AC_19V_3.42A/ACER_19V_342A_65W_MUFA.jpg',0),(4810,738,'data/alimentatoare/AC_19V_3.42A/ACER_19V_342A_65W_MUFA.jpg',0),(4811,739,'data/alimentatoare/AC_19V_3.42A/ACER_19V_342A_65W_MUFA.jpg',0),(4812,740,'data/alimentatoare/AC_19V_3.42A/ACER_19V_342A_65W_MUFA.jpg',0),(4813,741,'data/alimentatoare/AC_19V_3.42A/ACER_19V_342A_65W_MUFA.jpg',0),(4814,742,'data/alimentatoare/AC_19V_3.42A/ACER_19V_342A_65W_MUFA.jpg',0),(4815,743,'data/alimentatoare/AC_19V_3.42A/ACER_19V_342A_65W_MUFA.jpg',0),(4816,744,'data/alimentatoare/AC_19V_3.42A/ACER_19V_342A_65W_MUFA.jpg',0),(4817,745,'data/alimentatoare/AC_19V_3.42A/ACER_19V_342A_65W_MUFA.jpg',0),(4818,746,'data/alimentatoare/AC_19V_3.42A/ACER_19V_342A_65W_MUFA.jpg',0),(4819,747,'data/alimentatoare/AC_19V_3.42A/ACER_19V_342A_65W_MUFA.jpg',0),(4820,748,'data/alimentatoare/AC_19V_3.42A/ACER_19V_342A_65W_MUFA.jpg',0),(4821,749,'data/alimentatoare/AC_19V_3.42A/ACER_19V_342A_65W_MUFA.jpg',0),(4822,750,'data/alimentatoare/AC_19V_3.42A/ACER_19V_342A_65W_MUFA.jpg',0),(4823,751,'data/alimentatoare/AC_19V_3.42A/ACER_19V_342A_65W_MUFA.jpg',0),(4824,752,'data/alimentatoare/AC_19V_3.42A/ACER_19V_342A_65W_MUFA.jpg',0),(4825,753,'data/alimentatoare/AC_19V_3.42A/ACER_19V_342A_65W_MUFA.jpg',0),(4826,754,'data/alimentatoare/AC_19V_3.42A/ACER_19V_342A_65W_MUFA.jpg',0),(4827,755,'data/alimentatoare/AC_19V_3.42A/ACER_19V_342A_65W_MUFA.jpg',0),(4828,756,'data/alimentatoare/AC_19V_3.42A/ACER_19V_342A_65W_MUFA.jpg',0),(4878,757,'data/alimentatoare/AC_19V_3.42A/ACER_19V_342A_65W_MUFA.jpg',0),(4829,758,'data/alimentatoare/AC_19V_3.42A/ACER_19V_342A_65W_MUFA.jpg',0),(4830,759,'data/alimentatoare/AC_19V_3.42A/ACER_19V_342A_65W_MUFA.jpg',0),(4831,760,'data/alimentatoare/AC_19V_3.42A/ACER_19V_342A_65W_MUFA.jpg',0),(4832,761,'data/alimentatoare/AC_19V_3.42A/ACER_19V_342A_65W_MUFA.jpg',0),(4833,762,'data/alimentatoare/AC_19V_3.42A/ACER_19V_342A_65W_MUFA.jpg',0),(4834,763,'data/alimentatoare/AC_19V_3.42A/ACER_19V_342A_65W_MUFA.jpg',0),(4879,764,'data/alimentatoare/AC_19V_3.42A/ACER_19V_342A_65W_MUFA.jpg',0),(4836,765,'data/alimentatoare/AC_19V_3.42A/ACER_19V_342A_65W_MUFA.jpg',0),(4880,766,'data/alimentatoare/AC_19V_3.42A/ACER_19V_342A_65W_MUFA.jpg',0),(4838,767,'data/alimentatoare/AC_19V_3.42A/ACER_19V_342A_65W_MUFA.jpg',0),(4839,768,'data/alimentatoare/AC_19V_3.42A/ACER_19V_342A_65W_MUFA.jpg',0),(4840,769,'data/alimentatoare/AC_19V_3.42A/ACER_19V_342A_65W_MUFA.jpg',0),(4841,770,'data/alimentatoare/AC_19V_3.42A/ACER_19V_342A_65W_MUFA.jpg',0),(4842,771,'data/alimentatoare/AC_19V_3.42A/ACER_19V_342A_65W_MUFA.jpg',0),(4843,772,'data/alimentatoare/AC_19V_3.42A/ACER_19V_342A_65W_MUFA.jpg',0),(4844,773,'data/alimentatoare/AC_19V_3.42A/ACER_19V_342A_65W_MUFA.jpg',0),(4845,774,'data/alimentatoare/AC_19V_3.42A/ACER_19V_342A_65W_MUFA.jpg',0),(4881,775,'data/alimentatoare/AC_19V_3.42A/ACER_19V_342A_65W_MUFA.jpg',0),(4847,776,'data/alimentatoare/AC_19V_3.42A/ACER_19V_342A_65W_MUFA.jpg',0),(4848,777,'data/alimentatoare/AC_19V_3.42A/ACER_19V_342A_65W_MUFA.jpg',0),(4849,778,'data/alimentatoare/AC_19V_3.42A/ACER_19V_342A_65W_MUFA.jpg',0),(4850,779,'data/alimentatoare/AC_19V_3.42A/ACER_19V_342A_65W_MUFA.jpg',0),(4851,716,'data/alimentatoare/AC_19V_3.42A/ACER_19V_342A_65W_MUFA.jpg',0),(4853,780,'data/alimentatoare/AC_19V_3.42A/ACER_19V_342A_65W_MUFA.jpg',0),(4855,781,'data/alimentatoare/AC_19V_3.42A/ACER_19V_342A_65W_MUFA.jpg',0),(4856,782,'data/alimentatoare/AC_19V_3.42A/ACER_19V_342A_65W_MUFA.jpg',0),(4857,783,'data/alimentatoare/AC_19V_3.42A/ACER_19V_342A_65W_MUFA.jpg',0),(4858,784,'data/alimentatoare/AC_19V_3.42A/ACER_19V_342A_65W_MUFA.jpg',0),(4859,785,'data/alimentatoare/AC_19V_3.42A/ACER_19V_342A_65W_MUFA.jpg',0),(4860,786,'data/alimentatoare/AC_19V_3.42A/ACER_19V_342A_65W_MUFA.jpg',0),(4861,787,'data/alimentatoare/AC_19V_3.42A/ACER_19V_342A_65W_MUFA.jpg',0),(4862,788,'data/alimentatoare/AC_19V_3.42A/ACER_19V_342A_65W_MUFA.jpg',0),(4863,789,'data/alimentatoare/AC_19V_3.42A/ACER_19V_342A_65W_MUFA.jpg',0),(4864,790,'data/alimentatoare/AC_19V_3.42A/ACER_19V_342A_65W_MUFA.jpg',0),(4865,791,'data/alimentatoare/AC_19V_3.42A/ACER_19V_342A_65W_MUFA.jpg',0),(4866,792,'data/alimentatoare/AC_19V_3.42A/ACER_19V_342A_65W_MUFA.jpg',0),(4867,793,'data/alimentatoare/AC_19V_3.42A/ACER_19V_342A_65W_MUFA.jpg',0),(4868,794,'data/alimentatoare/AC_19V_3.42A/ACER_19V_342A_65W_MUFA.jpg',0),(4869,795,'data/alimentatoare/AC_19V_3.42A/ACER_19V_342A_65W_MUFA.jpg',0),(4870,796,'data/alimentatoare/AC_19V_3.42A/ACER_19V_342A_65W_MUFA.jpg',0),(4877,797,'data/alimentatoare/AC_19V_3.42A/ACER_19V_342A_65W_MUFA.jpg',0),(4872,798,'data/alimentatoare/AC_19V_3.42A/ACER_19V_342A_65W_MUFA.jpg',0),(4873,799,'data/alimentatoare/AC_19V_3.42A/ACER_19V_342A_65W_MUFA.jpg',0),(5806,800,'data/alimentatoare/AC_19V_3.42A/ACER_19V_342A_65W_MUFA.jpg',0),(5432,812,'data/gigel/placi de baza/DSC_0047.JPG',0),(5427,817,'data/gigel/placi de baza/acer5735.5335.5335.JPG',0),(5426,818,'data/gigel/placi de baza/DSC_0079.JPG',0),(5425,819,'data/gigel/placi de baza/DSC_0073.JPG',0),(5424,820,'data/gigel/placi de baza/DSC_0069.JPG',0),(5423,821,'data/gigel/placi de baza/DSC_0067.JPG',0),(5421,823,'data/gigel/placi de baza/acerasp5020.JPG',0),(5422,822,'data/gigel/placi de baza/DSC_0095.JPG',0),(5428,816,'data/gigel/placi de baza/DSC_0076.JPG',0),(5429,815,'data/gigel/placi de baza/acer.T5310.5320.5710.5720.jpg',0),(5430,814,'data/gigel/placi de baza/aceraspire20202010.jpg',0),(5431,813,'data/gigel/placi de baza/DSC_0071.JPG',0),(5420,824,'data/gigel/placi de baza/hp mini.1014.jpg',0),(5419,825,'data/gigel/placi de baza/hp.mini.110.jpg',0),(5418,826,'data/gigel/placi de baza/cmpqpresarioc700g7000..JPG',0),(5417,827,'data/gigel/placi de baza/FujitsuSimensamiloprov2030..JPG',0),(5416,828,'data/gigel/placi de baza/sonym610..JPG',0),(5415,829,'data/gigel/placi de baza/hpcompaq71.JPG',0),(5414,830,'data/gigel/placi de baza/gatewaylt3103ult3114u..JPG',0),(5413,831,'data/gigel/placi de baza/msigx630.JPG',0),(5412,832,'data/gigel/placi de baza/toshibaqosmiog20.JPG',0),(5411,833,'data/gigel/placi de baza/toshibasateliteL20.JPG',0),(5410,834,'data/gigel/placi de baza/hpcompaqnx6110.jpg',0),(5409,835,'data/gigel/placi de baza/hpcompaqnx6110.jpg',0),(5408,837,'data/gigel/placi de baza/hpc.6220.jpg',0),(5407,838,'data/gigel/placi de baza/hp.pavil.tx1000tx1200.jpg',0),(5406,839,'data/gigel/placi de baza/hppavi.dv6000.intel.jpg',0),(5405,841,'data/gigel/placi de baza/asus..f3sc.f35a.f3sg.f3sv.jpg',0),(5404,842,'data/gigel/placi de baza/hpmini2133.jpg',0),(5403,843,'data/gigel/placi de baza/hppaviliondv2000.jpg',0),(5402,844,'data/gigel/placi de baza/ibm.thinkpad.t432668.jpg',0),(5401,845,'data/gigel/placi de baza/toshiba.x200p200.jpg',0),(5400,846,'data/gigel/placi de baza 2/DSC_0074.jpg',0),(5399,847,'data/gigel/placi de baza 2/DSC_0072.jpg',0),(5398,848,'data/gigel/placi de baza 2/DSC_0059.jpg',0),(5397,849,'data/gigel/placi de baza 2/DSC_0052.jpg',0),(5396,850,'data/gigel/placi de baza 2/DSC_0063.jpg',0),(5395,851,'data/gigel/placi de baza 2/DSC_0057.jpg',0),(5394,852,'data/gigel/placi de baza 2/DSC_0100.jpg',0),(5393,853,'data/gigel/placi de baza 2/DSC_0100.jpg',0),(5392,854,'data/gigel/placi de baza 2/DSC_0291.jpg',0),(5391,855,'data/gigel/placi de baza 2/DSC_0096.jpg',0),(5390,856,'data/gigel/placi de baza 2/DSC_0090.jpg',0),(5389,857,'data/gigel/placi de baza 2/DSC_0086.jpg',0),(5388,858,'data/gigel/placi de baza 2/DSC_0088.jpg',0),(5387,859,'data/gigel/placi de baza 2/DSC_0078.jpg',0),(5386,860,'data/gigel/placi de baza 2/DSC_0067.jpg',0),(5385,861,'data/gigel/placi de baza 2/DSC_0082.jpg',0),(5384,862,'data/gigel/placi de baza 2/DSC_0069.jpg',0),(5383,863,'data/gigel/placi de baza 2/Fotografii0026.....jpg',0),(5382,864,'data/gigel/placi de baza 2/DSC_0111.jpg',0),(5381,865,'data/gigel/placi de baza 2/DSC_0189.jpg',0),(5380,866,'data/gigel/placi de baza 2/DSC_0205.jpg',0),(5379,867,'data/gigel/placi de baza 2/DSC_0203.jpg',0),(5378,868,'data/gigel/placi de baza 2/Fotografii0028.jpg',0),(5377,869,'data/gigel/placi de baza 2/Untitled.jpg',0),(5376,870,'data/gigel/placi de baza 2/DSC_0257.jpg',0),(5375,871,'data/gigel/placi de baza 2/DSC_0254.jpg',0),(5374,872,'data/gigel/placi de baza 2/DSC_0253.jpg',0),(5373,873,'data/gigel/placi de baza 2/DSC_0250.jpg',0),(5372,874,'data/gigel/placi de baza 2/DSC_0249.jpg',0),(5371,875,'data/gigel/placi de baza 2/DSC_0213.jpg',0),(5370,876,'data/gigel/placi de baza 2/DSC_0210.jpg',0),(5369,877,'data/gigel/placi de baza 2/DSC_0213.jpg',0),(5368,878,'data/gigel/placi de baza 2/DSC_0209.jpg',0),(5367,879,'data/gigel/placi de baza 2/DSC_0219.jpg',0),(5366,880,'data/gigel/placi de baza 2/DSC_0171.jpg',0),(5365,881,'data/gigel/placi de baza 2/DSC_0225.jpg',0),(5364,882,'data/gigel/placi de baza 2/DSC_0227.jpg',0),(5363,883,'data/gigel/placi de baza 2/DSC_0223.jpg',0),(5362,884,'data/gigel/placi de baza 2/Fotografii0024.jpg',0),(5361,885,'data/gigel/placi de baza 2/DSC_0275.jpg',0),(5357,886,'data/gigel/placi de baza 2/DSC_0216.jpg',0),(5358,887,'data/gigel/placi de baza 2/DSC_0220.jpg',0),(5356,888,'data/gigel/placi de baza 2/DSC_0187.jpg',0),(5360,889,'data/gigel/placi de baza 2/DSC_0182.jpg',0),(5359,890,'data/gigel/placi de baza 2/DSC_0175.jpg',0),(5355,891,'data/gigel/placi de baza 2/DSC_0172.jpg',0),(5354,892,'data/gigel/placi de baza 2/DSC_0168.jpg',0),(5347,893,'data/gigel/placi de baza 2/DSC_0167.jpg',0),(5346,894,'data/gigel/placi de baza 2/DSC_0165.jpg',0),(5345,895,'data/gigel/placi de baza 2/DSC_0163.jpg',0),(5344,896,'data/gigel/placi de baza 2/DSC_0161.jpg',0),(5343,897,'data/gigel/placi de baza 2/DSC_0156.jpg',0),(5342,898,'data/gigel/placi de baza 2/DSC_0155.jpg',0),(5341,899,'data/gigel/placi de baza 2/DSC_0152.jpg',0),(5340,900,'data/gigel/placi de baza 2/DSC_0177.jpg',0),(5339,901,'data/gigel/placi de baza 2/DSC_0171.jpg',0),(5338,902,'data/gigel/placi de baza 2/DSC_0113.jpg',0),(5337,903,'data/gigel/placi de baza 2/DSC_0115.jpg',0),(5336,904,'data/gigel/placi de baza 2/DSC_0116.jpg',0),(5335,905,'data/gigel/placi de baza 2/DSC_0119.jpg',0),(5334,906,'data/gigel/placi de baza 2/DSC_0120.jpg',0),(5333,907,'data/gigel/placi de baza 2/DSC_0123.jpg',0),(5332,908,'data/gigel/placi de baza 2/DSC_0125.jpg',0),(5331,909,'data/gigel/placi de baza 2/Fotografii0037.jpg',0),(5330,910,'data/gigel/placi de baza 2/DSC_0127.jpg',0),(5329,911,'data/gigel/placi de baza 2/DSC_0131.jpg',0),(5328,912,'data/gigel/placi de baza 2/DSC_0133.jpg',0),(5327,913,'data/gigel/placi de baza 2/DSC_0135.jpg',0),(5326,914,'data/gigel/placi de baza 2/Fotografii0039.jpg',0),(5325,915,'data/gigel/placi de baza 2/DSC_0137.jpg',0),(5324,916,'data/gigel/placi de baza 2/DSC_0163.jpg',0),(5323,917,'data/gigel/placi de baza 2/DSC_0142.jpg',0),(5322,918,'data/gigel/placi de baza 2/DSC_0145.jpg',0),(5321,919,'data/gigel/placi de baza 2/DSC_0239.jpg',0),(5320,920,'data/gigel/placi de baza 2/DSC_0234.jpg',0),(5319,921,'data/gigel/placi de baza 2/DSC_0241.jpg',0),(5318,922,'data/gigel/placi de baza 2/DSC_0052.jpg',0),(5096,923,'data/gigel/placi de baza 2/DSC_0289.jpg',0),(5317,924,'data/gigel/placi de baza 2/DSC_0246.jpg',0),(5316,925,'data/gigel/placi de baza 2/DSC_0243.jpg',0),(5315,926,'data/gigel/placi de baza 2/DSC_0237.jpg',0),(5314,927,'data/gigel/placi de baza 2/DSC_0276.jpg',0),(5313,928,'data/gigel/placi de baza 2/DSC_0149.jpg',0),(5312,929,'data/gigel/placi de baza 2/DSC_0151.jpg',0),(5311,930,'data/gigel/placi de baza 2/DSC_0231.jpg',0),(5310,931,'data/gigel/placi de baza 2/DSC_0264.jpg',0),(5309,932,'data/gigel/placi de baza 2/DSC_0269.jpg',0),(5308,933,'data/gigel/placi de baza 2/DSC_0197.jpg',0),(5307,934,'data/gigel/placi de baza 2/DSC_0198.jpg',0),(5306,935,'data/gigel/placi de baza 2/DSC_0147.jpg',0),(5305,936,'data/gigel/placi de baza 2/DSC_0287.jpg',0),(5304,937,'data/gigel/placi de baza 2/DSC_0281.jpg',0),(5303,938,'data/gigel/placi de baza 2/DSC_0279.jpg',0),(5302,939,'data/gigel/placi de baza 2/DSC_0266.jpg',0),(5301,940,'data/gigel/placi de baza 2/DSC_0273.jpg',0),(5300,941,'data/gigel/placi de baza 2/DSC_0271.jpg',0),(5299,942,'data/gigel/placi de baza 2/DSC_0262.jpg',0),(5298,943,'data/gigel/placi de baza 2/DSC_0260.jpg',0),(5297,944,'data/gigel/placi de baza 2/DSC_0260.jpg',0),(5296,945,'data/gigel/placi de baza 2/DSC_0191.jpg',0),(5295,946,'data/gigel/placi de baza 2/DSC_0195.jpg',0),(5294,947,'data/gigel/placi de baza 2/DSC_0201.jpg',0),(5293,948,'data/gigel/placi de baza 2/DSC_0193.jpg',0),(5292,949,'data/gigel/placi de baza 2/DSC_0284.jpg',0),(5291,950,'data/gigel/placi de baza 2/DSC_0065.jpg',0),(5290,951,'data/gigel/placi de baza 2/DSC_0179.jpg',0),(5289,952,'data/gigel/placi de baza 2/DSC_0181.jpg',0),(5824,981,'data/placi de baza/Dell insp N5010+1.JPG',0),(6110,954,'data/alimentatoare/HP 19.5V_3,33A/ultrabook envy mufa.jpg',0),(6069,955,'data/alimentatoare/H_19V_4_74A/HP_19V_4.74A_90W_MUFA.jpg',0),(5905,956,'data/alimentatoare/HP USB OVAL/HP USB OVAL mufa.jpg',0),(5896,957,'data/alimentatoare/dell XPS 13/DELL XPS 13 MUFA.jpg',0),(5897,959,'data/alimentatoare/D_19.5V_4.62A/DELL_19.5V_4.62A_90W_MUFA.JPG',0),(6087,960,'data/alimentatoare/LE_USB/Alim Mufa USB Lenovo.jpg',0),(6050,961,'data/alimentatoare/LE_20V_8,5A/Lenovo 170W mufa rotunda.jpg',0),(6051,961,'data/alimentatoare/LE_20V_8,5A/Mufa rotunda Lenovo.jpg',0),(5891,962,'data/alimentatoare/TO_19V_9.5A/Mufa Toshiba 4 PINI.jpg',0),(5892,963,'data/alimentatoare/TO_15V_5A/TOSHIBA_15V_5A_75W_MUFA.JPG',0),(5921,964,'data/alimentatoare/SA_19v_4,74_nou/Alimentator Samsung cu USB.jpg',0),(6075,965,'data/alimentatoare/SO_19.5V_4.7A/SONY_19.5V_4.74A_90W_MUFA.jpg',0),(6022,966,'data/tudor/alimentatoare/fj_19V_4.22A_90W.JPG',0),(6021,966,'data/tudor/alimentatoare/fj_19V_4.22A_90W_MUFA.JPG',0),(6063,967,'data/alimentatoare/SA_19V_2.1A/Alim Samsung Mic.jpg',0),(6108,969,'data/alimentatoare/AS_Tableta/Tableta ASUS.jpg',0),(5928,968,'data/alimentatoare/AS_EEPC/Alim Eepc mufa.jpg',0),(6094,970,'data/alimentatoare/AS_UX31/Mufa Alimentator ASUS UX31.jpg',0),(6020,971,'data/alimentatoare/AS_UX31/Alim ASUS UX31E mufa.jpg',0),(5885,972,'data/alimentatoare/AS_19V_2.1A/ASUS_19V_2.1A_MUFA.JPG',0),(6109,973,'data/alimentatoare/APPLE/Mufa Alim MAcbook Retina.jpg',0),(6019,974,'data/alimentatoare/APPLE/Mufa L Macbook.jpg',0),(6010,975,'data/alimentatoare/APPLE/Mufa Alim MAcbook Retina.jpg',0),(6017,976,'data/alimentatoare/APPLE/APPLE_MUFA.jpg',0),(5860,977,'data/alimentatoare/APPLE/Mufa Alim MAcbook Retina.jpg',0),(5630,978,'data/alimentatoare/APPLE/Mufa Alim MAcbook Retina.jpg',0),(6001,383,'data/display-uri/15.4_INCH/lp154wx5tlc1_MODEL.jpg',0),(6000,383,'data/display-uri/15.4_INCH/lp154wx5tlc1_SPATE.jpg',0),(5797,980,'no_image.jpg',0),(5777,191,'data/display-uri/10.1_INCH/B101EW02_MUFA.jpg',2),(5922,964,'data/alimentatoare/SA_19v_4,74_nou/Mufa Samsung Nou.jpg',0),(6086,982,'data/placi de baza/HP ProBook 4530S+2.JPG',0),(5602,983,'data/placi de baza/IBM X60+2.JPG',0),(5603,984,'data/placi de baza/LENOVO IDEAPAD S10E+2.JPG',0),(5604,985,'data/placi de baza/ACER ASPIRE 5745DG+2.JPG',0),(5605,986,'data/placi de baza/ASUS 50C+2.JPG',0),(5606,987,'data/placi de baza/ASUS M51SE+2.JPG',0),(5607,988,'data/placi de baza/ACER ASPIRE 7741+1.JPG',0),(5983,989,'no_image.jpg',0),(5609,990,'data/placi de baza/ACER ASPIRE 7735+1.JPG',0),(5950,991,'data/placi de baza/HP PROBOOK 4720+2.JPG',0),(5613,314,'data/display-uri/12.1_INCH/HSD121PHW1_MUFA.jpg',0),(6018,994,'data/placi de baza/dell XPS 1645.JPG',0),(5639,996,'data/placi de baza/DSC_0101.jpg',0),(5638,997,'data/placi de baza/DSC_0099.JPG',0),(5771,1007,'data/APPLE/macairA1237.JPG',0),(6093,1023,'data/placi de baza/DSC_0134.JPG',0),(5667,1024,'data/placi de baza/DSC_0135.JPG',0),(5668,1025,'data/placi de baza/DSC_0134.JPG',0),(5669,1026,'data/placi de baza/DSC_0138.JPG',0),(6049,1028,'data/placi de baza/DSC_0147.JPG',0),(5665,1027,'data/placi de baza/DSC_0144.JPG',0),(5676,1029,'data/placi de baza/DSC_0001.JPG',0),(5682,1030,'data/tudor/tastaturi/DSC_0004.JPG',0),(5684,1031,'data/tudor/tastaturi/DSC_0006.JPG',0),(5687,1036,'data/placi de baza/DSC_0012.JPG',0),(5688,1037,'data/placi de baza/DSC_0014.JPG',0),(5689,1038,'data/placi de baza/DSC_0016.JPG',0),(5690,1039,'data/placi de baza/DSC_0018.JPG',0),(5691,1040,'data/placi de baza/DSC_0020.JPG',0),(5692,1041,'data/placi de baza/DSC_0022.JPG',0),(6121,1042,'data/placi de baza/DSC_0023a.JPG',0),(6024,1043,'data/placi de baza/DSC_0025.JPG',0),(5696,1044,'data/placi de baza/Clipboard02.jpg',0),(6130,1045,'data/display-uri/14.0_INCH/Display 111.jpg',0),(6129,1045,'data/display-uri/14.0_INCH/Display 11.jpg',0),(5754,1046,'data/display-uri/14.0_INCH/Display 222.jpg',0),(5753,1046,'data/display-uri/14.0_INCH/Display 22.jpg',0),(5823,1058,'data/APPLE/2.jpg',0),(5734,1047,'data/carcase/1B.JPG',0),(5809,1048,'data/carcase/2B.JPG',0),(5736,1049,'data/carcase/3B.jpg',0),(5737,1050,'data/carcase/4B.JPG',0),(5738,1051,'data/carcase/5B.jpg',0),(5739,1052,'data/carcase/6A.jpg',0),(5740,1053,'data/carcase/9B.jpg',0),(5741,1054,'data/placi de baza/7A.jpg',0),(5742,1055,'data/placi de baza/8A.jpg',0),(5780,375,'data/tudor/display/b140xw01v8_MUFA.jpg',0),(5830,377,'data/tudor/display/b140rw03v1_MUFA.jpg',0),(5946,1060,'data/alimentatoare/SA_19V_2.1A/sa193163.JPG',0),(6126,1061,'data/alimentatoare/LE_20V_3.25A_7.9/lenovo.JPG',0),(6127,1062,'data/alimentatoare/HP 19.5V_3,33A/hp195333.JPG',0),(6092,1063,'data/alimentatoare/TO_19V_4_74A/TOSHIBA_19V_4.74A_90W_MUFA.jpg',0),(5986,1064,'data/alimentatoare/SA_19V_4.74A/SAMSUNG_19V_4.74A_90W_MUFA.jpg',0),(5955,1065,'data/alimentatoare/AS_19V_2.37/Asus_X31E_mufa.JPG',0),(5956,1066,'data/alimentatoare/AS_19V_7.9A/ASUS_19V_7.9A_MUFA.jpg',0),(6029,1069,'data/alimentatoare/DE_19V_9.5A/DELTA_19V_9.5A_MUFA.JPG',0),(6055,1068,'data/alimentatoare/AS_19V_4.74A/ASUS_19V_4.74A_MUFA.jpg',0),(6054,1070,'data/alimentatoare/DE_19V_9.5A/DELTA_19V_9.5A_MUFA.JPG',0),(5960,1067,'data/alimentatoare/DE_19V_9.5A/DELTA_19V_9.5A_MUFA.JPG',0),(5982,463,'data/tudor/display/b156HW01_MUFA.jpg',0),(6076,965,'data/alimentatoare/SO_19.5V_4.7A/SONY_19.5V_4.74A_90W.JPG',0),(6077,1084,'data/asus/cover.jpg',0),(6078,1083,'data/asus/cover.jpg',0),(6079,1080,'data/asus/cover.jpg',0),(6080,1085,'data/asus/cover.jpg',0),(6081,1086,'data/asus/cover.jpg',0),(6082,1089,'data/asus/asusS550.jpg',0),(6083,1094,'',0),(6084,1095,'data/asus/2racireG750.jpg',0),(6097,381,'data/tudor/display/ltn154at12_MUFA.jpg',0);

--
-- Table structure for table `product_option`
--

CREATE TABLE `product_option` (
  `product_option_id` int NOT NULL AUTO_INCREMENT,
  `product_id` int NOT NULL,
  `option_id` int NOT NULL,
  `option_value` text COLLATE utf8mb3_bin NOT NULL,
  `required` tinyint(1) NOT NULL,
  PRIMARY KEY (`product_option_id`)
) ENGINE=MyISAM AUTO_INCREMENT=227 DEFAULT CHARSET=utf8mb3 COLLATE=utf8mb3_bin;

--
-- Dumping data for table `product_option`
--


--
-- Table structure for table `product_option_value`
--

CREATE TABLE `product_option_value` (
  `product_option_value_id` int NOT NULL AUTO_INCREMENT,
  `product_option_id` int NOT NULL,
  `product_id` int NOT NULL,
  `option_id` int NOT NULL,
  `option_value_id` int NOT NULL,
  `quantity` int NOT NULL,
  `subtract` tinyint(1) NOT NULL,
  `price` decimal(15,4) NOT NULL,
  `price_prefix` varchar(1) COLLATE utf8mb3_bin NOT NULL,
  `points` int NOT NULL,
  `points_prefix` varchar(1) COLLATE utf8mb3_bin NOT NULL,
  `weight` decimal(15,8) NOT NULL,
  `weight_prefix` varchar(1) COLLATE utf8mb3_bin NOT NULL,
  PRIMARY KEY (`product_option_value_id`)
) ENGINE=MyISAM AUTO_INCREMENT=17 DEFAULT CHARSET=utf8mb3 COLLATE=utf8mb3_bin;

--
-- Dumping data for table `product_option_value`
--


--
-- Table structure for table `product_related`
--

CREATE TABLE `product_related` (
  `product_id` int NOT NULL,
  `related_id` int NOT NULL,
  PRIMARY KEY (`product_id`,`related_id`)
) ENGINE=MyISAM DEFAULT CHARSET=utf8mb3 COLLATE=utf8mb3_bin;

--
-- Dumping data for table `product_related`
--


--
-- Table structure for table `product_reward`
--

CREATE TABLE `product_reward` (
  `product_reward_id` int NOT NULL AUTO_INCREMENT,
  `product_id` int NOT NULL DEFAULT '0',
  `customer_group_id` int NOT NULL DEFAULT '0',
  `points` int NOT NULL DEFAULT '0',
  PRIMARY KEY (`product_reward_id`)
) ENGINE=MyISAM AUTO_INCREMENT=5334 DEFAULT CHARSET=utf8mb3 COLLATE=utf8mb3_bin;

--
-- Dumping data for table `product_reward`
--

INSERT INTO `product_reward` (`product_reward_id`, `product_id`, `customer_group_id`, `points`) VALUES (5217,68,1,0),(3055,501,1,0),(5003,65,1,0),(5203,64,1,0),(2799,60,1,0),(2792,53,1,0),(2793,54,1,0),(5030,67,1,0),(2801,63,1,0),(5226,62,1,0),(4511,61,1,0),(2798,59,1,0),(2796,57,1,0),(2948,56,1,0),(2794,55,1,0),(2791,52,1,0),(2789,51,1,0),(2788,50,1,0),(2797,58,1,0),(5328,69,1,0),(1347,70,1,0),(4926,71,1,0),(4687,72,1,0),(4854,86,1,0),(4088,74,1,0),(4853,75,1,0),(2826,76,1,0),(4597,77,1,0),(3053,476,1,0),(3054,478,1,0),(2647,80,1,0),(4936,81,1,0),(5064,82,1,0),(2829,83,1,0),(1509,84,1,0),(3816,340,1,0),(4507,263,1,0),(2812,268,1,0),(2802,89,1,0),(2803,90,1,0),(2804,91,1,0),(4180,92,1,0),(1549,93,1,0),(2648,94,1,0),(4194,95,1,0),(2661,96,1,0),(3034,502,1,0),(4531,98,1,0),(2664,99,1,0),(2937,100,1,0),(2669,101,1,0),(4193,102,1,0),(2667,103,1,0),(4530,104,1,0),(1197,105,1,0),(2968,106,1,0),(2882,107,1,0),(1200,108,1,0),(2665,109,1,0),(2886,110,1,0),(5315,111,1,0),(5333,286,1,0),(3007,479,1,0),(2640,114,1,0),(2984,480,1,0),(5313,116,1,0),(5317,285,1,0),(5312,118,1,0),(4917,273,1,0),(3009,481,1,0),(3814,121,1,0),(5127,122,1,0),(5008,284,1,0),(2649,124,1,0),(3006,483,1,0),(5007,283,1,0),(1353,127,1,0),(2637,128,1,0),(4213,129,1,0),(2639,130,1,0),(1309,131,1,0),(4968,132,1,0),(2601,133,1,0),(2613,134,1,0),(4109,135,1,0),(2612,136,1,0),(2611,137,1,0),(2614,138,1,0),(4529,139,1,0),(2849,140,1,0),(2848,141,1,0),(4097,142,1,0),(2846,143,1,0),(2845,144,1,0),(2844,145,1,0),(2843,146,1,0),(2841,147,1,0),(2842,148,1,0),(2838,149,1,0),(1550,150,1,0),(3013,484,1,0),(3008,485,1,0),(4104,153,1,0),(2835,154,1,0),(2936,155,1,0),(3020,486,1,0),(2991,487,1,0),(2832,158,1,0),(4856,165,1,0),(2830,160,1,0),(2831,161,1,0),(2833,162,1,0),(2935,163,1,0),(2822,164,1,0),(2772,166,1,0),(2763,167,1,0),(2770,168,1,0),(2765,169,1,0),(2775,170,1,0),(5232,171,1,0),(2773,172,1,0),(2777,173,1,0),(2762,174,1,0),(5325,175,1,0),(2767,176,1,0),(2764,177,1,0),(2850,178,1,0),(2774,179,1,0),(2768,180,1,0),(2780,181,1,0),(2781,182,1,0),(2759,183,1,0),(2783,184,1,0),(2785,185,1,0),(2784,186,1,0),(2760,187,1,0),(2782,188,1,0),(3043,511,1,0),(3041,509,1,0),(4881,191,1,0),(3044,512,1,0),(4149,193,1,0),(4505,194,1,0),(2687,470,1,0),(2588,462,1,0),(3040,508,1,0),(4997,468,1,0),(3037,505,1,0),(4897,200,1,0),(4919,201,1,0),(3025,492,1,0),(2580,203,1,0),(3035,503,1,0),(3031,500,1,0),(3030,499,1,0),(2551,207,1,0),(3029,498,1,0),(2552,209,1,0),(3028,497,1,0),(2683,469,1,0),(2576,219,1,0),(3027,496,1,0),(2569,214,1,0),(2561,215,1,0),(5327,216,1,0),(3024,494,1,0),(4931,218,1,0),(4186,466,1,0),(4964,221,1,0),(4880,472,1,0),(2570,465,1,0),(4784,227,1,0),(4479,464,1,0),(2809,228,1,0),(2625,229,1,0),(2621,230,1,0),(4594,231,1,0),(3052,475,1,0),(2679,233,1,0),(4598,234,1,0),(4538,235,1,0),(2624,236,1,0),(4907,980,1,0),(1828,238,1,0),(2682,239,1,0),(5244,240,1,0),(4501,979,1,0),(2677,242,1,0),(2618,243,1,0),(5245,244,1,0),(2608,245,1,0),(2619,246,1,0),(2676,247,1,0),(2674,248,1,0),(2629,249,1,0),(2681,250,1,0),(4400,812,1,0),(2675,252,1,0),(2634,253,1,0),(4170,254,1,0),(4401,474,1,0),(2635,256,1,0),(2632,257,1,0),(4209,258,1,0),(2786,259,1,0),(4143,260,1,0),(2616,261,1,0),(3018,482,1,0),(2818,264,1,0),(2815,265,1,0),(5301,266,1,0),(2823,267,1,0),(2817,269,1,0),(4925,270,1,0),(5221,271,1,0),(4192,272,1,0),(2807,275,1,0),(2806,276,1,0),(2820,277,1,0),(2865,278,1,0),(2866,279,1,0),(4139,280,1,0),(5147,281,1,0),(2851,471,1,0),(5185,287,1,0),(5134,288,1,0),(5025,289,1,0),(5121,290,1,0),(4553,291,1,0),(3939,292,1,0),(5032,293,1,0),(5212,294,1,0),(5189,295,1,0),(5206,296,1,0),(5043,297,1,0),(5207,298,1,0),(5300,299,1,0),(5011,300,1,0),(5049,301,1,0),(4884,302,1,0),(5319,303,1,0),(5282,304,1,0),(5045,305,1,0),(5021,306,1,0),(5310,307,1,0),(2743,308,1,0),(2592,461,1,0),(2523,310,1,0),(4932,460,1,0),(4525,312,1,0),(2546,313,1,0),(4583,314,1,0),(3036,504,1,0),(2581,316,1,0),(2904,317,1,0),(3039,507,1,0),(4542,319,1,0),(4524,320,1,0),(2554,321,1,0),(2565,322,1,0),(2563,323,1,0),(3014,490,1,0),(3026,495,1,0),(4102,326,1,0),(4951,327,1,0),(5144,463,1,0),(2787,473,1,0),(3023,489,1,0),(2589,331,1,0),(5160,467,1,0),(5150,333,1,0),(3016,491,1,0),(2535,335,1,0),(3017,493,1,0),(3042,510,1,0),(2821,338,1,0),(4231,341,1,0),(2620,342,1,0),(3823,343,1,0),(5307,344,1,0),(5020,345,1,0),(5018,346,1,0),(4611,347,1,0),(5046,348,1,0),(5051,349,1,0),(5100,1071,1,0),(5228,351,1,0),(5227,352,1,0),(5243,353,1,0),(5162,354,1,0),(5065,355,1,0),(4999,356,1,0),(4130,357,1,0),(5062,358,1,0),(5063,359,1,0),(5331,360,1,0),(2754,361,1,0),(5006,362,1,0),(3807,363,1,0),(4224,364,1,0),(3045,513,1,0),(2531,366,1,0),(2534,367,1,0),(2542,368,1,0),(2540,369,1,0),(4837,370,1,0),(2599,371,1,0),(4155,372,1,0),(5180,373,1,0),(2555,374,1,0),(4883,375,1,0),(2550,376,1,0),(4946,377,1,0),(2559,378,1,0),(2921,379,1,0),(4912,380,1,0),(5292,381,1,0),(3982,382,1,0),(5158,383,1,0),(2930,384,1,0),(2568,385,1,0),(2572,386,1,0),(2574,387,1,0),(4776,388,1,0),(2528,389,1,0),(2888,390,1,0),(2908,391,1,0),(2696,392,1,0),(2881,393,1,0),(3804,394,1,0),(2854,395,1,0),(2883,396,1,0),(3925,397,1,0),(4090,398,1,0),(2492,399,1,0),(2907,400,1,0),(2051,401,1,0),(4219,402,1,0),(4205,403,1,0),(4156,404,1,0),(4206,405,1,0),(2970,406,1,0),(4166,407,1,0),(4207,408,1,0),(4208,409,1,0),(4226,410,1,0),(5191,411,1,0),(2235,412,1,0),(2232,413,1,0),(2257,414,1,0),(2244,415,1,0),(2245,416,1,0),(2250,417,1,0),(2248,418,1,0),(2240,419,1,0),(3937,420,1,0),(2255,421,1,0),(2241,422,1,0),(2233,423,1,0),(2234,424,1,0),(2254,425,1,0),(2231,426,1,0),(2247,427,1,0),(2252,428,1,0),(2958,429,1,0),(2253,430,1,0),(2258,431,1,0),(2256,432,1,0),(1864,433,1,0),(1865,434,1,0),(1866,435,1,0),(2065,436,1,0),(4148,437,1,0),(3038,506,1,0),(2508,439,1,0),(2239,440,1,0),(2238,441,1,0),(4723,442,1,0),(1895,443,1,0),(2119,444,1,0),(2082,445,1,0),(2518,446,1,0),(4122,447,1,0),(4121,448,1,0),(4150,449,1,0),(4120,450,1,0),(4923,451,1,0),(2249,452,1,0),(2246,453,1,0),(3022,488,1,0),(4082,455,1,0),(3842,456,1,0),(3930,457,1,0),(4225,458,1,0),(4203,459,1,0),(3046,514,1,0),(3047,515,1,0),(3048,516,1,0),(3049,517,1,0),(3050,518,1,0),(3056,519,1,0),(3057,520,1,0),(3058,521,1,0),(3059,522,1,0),(3060,523,1,0),(3061,524,1,0),(3779,525,1,0),(3063,526,1,0),(3064,527,1,0),(3065,528,1,0),(3066,529,1,0),(3067,530,1,0),(3068,531,1,0),(3069,532,1,0),(3070,533,1,0),(3071,534,1,0),(3072,535,1,0),(3073,536,1,0),(3074,537,1,0),(3075,538,1,0),(3076,539,1,0),(3077,540,1,0),(3078,541,1,0),(3079,542,1,0),(3080,543,1,0),(3081,544,1,0),(3082,545,1,0),(3083,546,1,0),(3756,547,1,0),(3085,548,1,0),(3086,549,1,0),(3087,550,1,0),(3088,551,1,0),(3089,552,1,0),(3090,553,1,0),(3091,554,1,0),(3092,555,1,0),(3093,556,1,0),(3094,557,1,0),(3095,558,1,0),(3096,559,1,0),(3097,560,1,0),(3098,561,1,0),(3099,562,1,0),(3100,563,1,0),(3101,564,1,0),(3102,565,1,0),(3103,566,1,0),(3104,567,1,0),(3105,568,1,0),(3106,569,1,0),(3107,570,1,0),(3564,571,1,0),(3565,572,1,0),(3566,573,1,0),(3567,574,1,0),(3568,575,1,0),(3569,576,1,0),(3570,577,1,0),(3571,578,1,0),(3572,579,1,0),(3573,580,1,0),(3574,581,1,0),(3575,582,1,0),(3576,583,1,0),(3577,584,1,0),(3546,585,1,0),(3547,586,1,0),(3548,587,1,0),(3549,588,1,0),(3550,589,1,0),(3551,590,1,0),(3552,591,1,0),(3553,592,1,0),(3554,593,1,0),(3555,594,1,0),(3556,595,1,0),(3557,596,1,0),(3558,597,1,0),(3559,598,1,0),(3560,599,1,0),(3561,600,1,0),(3562,601,1,0),(3563,602,1,0),(3578,603,1,0),(3579,604,1,0),(3580,605,1,0),(3581,606,1,0),(3582,607,1,0),(3583,608,1,0),(3584,609,1,0),(3585,610,1,0),(3586,611,1,0),(3587,612,1,0),(3588,613,1,0),(3589,614,1,0),(3590,615,1,0),(3591,616,1,0),(3592,617,1,0),(3593,618,1,0),(3594,619,1,0),(3595,620,1,0),(3596,621,1,0),(3597,622,1,0),(3598,623,1,0),(3599,624,1,0),(3600,625,1,0),(3601,626,1,0),(3602,627,1,0),(3603,628,1,0),(3604,629,1,0),(3605,630,1,0),(3606,631,1,0),(3607,632,1,0),(3608,633,1,0),(3609,634,1,0),(3610,635,1,0),(3611,636,1,0),(3612,637,1,0),(3613,638,1,0),(3614,639,1,0),(3615,640,1,0),(3616,641,1,0),(3617,642,1,0),(3618,643,1,0),(3619,644,1,0),(3620,645,1,0),(3621,646,1,0),(3622,647,1,0),(3623,648,1,0),(3624,649,1,0),(3625,650,1,0),(3626,651,1,0),(3627,652,1,0),(3628,653,1,0),(3630,654,1,0),(3631,655,1,0),(3632,656,1,0),(3633,657,1,0),(3634,658,1,0),(3635,659,1,0),(3636,660,1,0),(3637,661,1,0),(3638,662,1,0),(3639,663,1,0),(3640,664,1,0),(3641,665,1,0),(3786,666,1,0),(3643,667,1,0),(3644,668,1,0),(3645,669,1,0),(3646,670,1,0),(3647,671,1,0),(3648,672,1,0),(3649,673,1,0),(3650,674,1,0),(3651,675,1,0),(3652,676,1,0),(3655,677,1,0),(3653,678,1,0),(3654,679,1,0),(3656,680,1,0),(3657,681,1,0),(3658,682,1,0),(3659,683,1,0),(3660,684,1,0),(3661,685,1,0),(3662,686,1,0),(3663,687,1,0),(3664,688,1,0),(3665,689,1,0),(3666,690,1,0),(3667,691,1,0),(3668,692,1,0),(3669,693,1,0),(3670,694,1,0),(3671,695,1,0),(3672,696,1,0),(3673,697,1,0),(3674,698,1,0),(3675,699,1,0),(3676,700,1,0),(3677,701,1,0),(3678,702,1,0),(3679,703,1,0),(3680,704,1,0),(3681,705,1,0),(3682,706,1,0),(3683,707,1,0),(3684,708,1,0),(3685,709,1,0),(3686,710,1,0),(3687,711,1,0),(3688,712,1,0),(3689,713,1,0),(3690,714,1,0),(3691,715,1,0),(3755,716,1,0),(3693,717,1,0),(3694,718,1,0),(3695,719,1,0),(3696,720,1,0),(3697,721,1,0),(3698,722,1,0),(3699,723,1,0),(3700,724,1,0),(3701,725,1,0),(3702,726,1,0),(3703,727,1,0),(3704,728,1,0),(3705,729,1,0),(3706,730,1,0),(3707,731,1,0),(3708,732,1,0),(3709,733,1,0),(3710,734,1,0),(3711,735,1,0),(3712,736,1,0),(3713,737,1,0),(3714,738,1,0),(3715,739,1,0),(3716,740,1,0),(3717,741,1,0),(3718,742,1,0),(3719,743,1,0),(3720,744,1,0),(3721,745,1,0),(3722,746,1,0),(3723,747,1,0),(3724,748,1,0),(3725,749,1,0),(3726,750,1,0),(3727,751,1,0),(3728,752,1,0),(3729,753,1,0),(3730,754,1,0),(3731,755,1,0),(3732,756,1,0),(3782,757,1,0),(3733,758,1,0),(3734,759,1,0),(3735,760,1,0),(3736,761,1,0),(3737,762,1,0),(3738,763,1,0),(3783,764,1,0),(3740,765,1,0),(3784,766,1,0),(3742,767,1,0),(3743,768,1,0),(3744,769,1,0),(3745,770,1,0),(3746,771,1,0),(3747,772,1,0),(3748,773,1,0),(3749,774,1,0),(3785,775,1,0),(3751,776,1,0),(3752,777,1,0),(3753,778,1,0),(3754,779,1,0),(3757,780,1,0),(3759,781,1,0),(3760,782,1,0),(3761,783,1,0),(3762,784,1,0),(3763,785,1,0),(3764,786,1,0),(3765,787,1,0),(3766,788,1,0),(3767,789,1,0),(3768,790,1,0),(3769,791,1,0),(3770,792,1,0),(3771,793,1,0),(3772,794,1,0),(3773,795,1,0),(3774,796,1,0),(3781,797,1,0),(3776,798,1,0),(3777,799,1,0),(4916,800,1,0),(3828,801,1,0),(3827,802,1,0),(3819,803,1,0),(3820,804,1,0),(3821,805,1,0),(3826,806,1,0),(3829,807,1,0),(3830,808,1,0),(3831,809,1,0),(3832,810,1,0),(3833,811,1,0),(4399,813,1,0),(4398,814,1,0),(4397,815,1,0),(4396,816,1,0),(4395,817,1,0),(4394,818,1,0),(4393,819,1,0),(4392,820,1,0),(4391,821,1,0),(4390,822,1,0),(4389,823,1,0),(4388,824,1,0),(4387,825,1,0),(4386,826,1,0),(4385,827,1,0),(4384,828,1,0),(4383,829,1,0),(4382,830,1,0),(4381,831,1,0),(4380,832,1,0),(4379,833,1,0),(4378,834,1,0),(4377,835,1,0),(4376,836,1,0),(4375,837,1,0),(4374,838,1,0),(4373,839,1,0),(4372,840,1,0),(4371,841,1,0),(4370,842,1,0),(4369,843,1,0),(4368,844,1,0),(4367,845,1,0),(4366,846,1,0),(4365,847,1,0),(4364,848,1,0),(4363,849,1,0),(4362,850,1,0),(4361,851,1,0),(4360,852,1,0),(4359,853,1,0),(4358,854,1,0),(4357,855,1,0),(4356,856,1,0),(4355,857,1,0),(4354,858,1,0),(4353,859,1,0),(4352,860,1,0),(4351,861,1,0),(4350,862,1,0),(4349,863,1,0),(4348,864,1,0),(4347,865,1,0),(4346,866,1,0),(4345,867,1,0),(4344,868,1,0),(4343,869,1,0),(4342,870,1,0),(4341,871,1,0),(4340,872,1,0),(4339,873,1,0),(4338,874,1,0),(4337,875,1,0),(4336,876,1,0),(4335,877,1,0),(4334,878,1,0),(4333,879,1,0),(4332,880,1,0),(4331,881,1,0),(4330,882,1,0),(4329,883,1,0),(4328,884,1,0),(4327,885,1,0),(4323,886,1,0),(4324,887,1,0),(4322,888,1,0),(4326,889,1,0),(4325,890,1,0),(4321,891,1,0),(4320,892,1,0),(4308,893,1,0),(4307,894,1,0),(4306,895,1,0),(4305,896,1,0),(4304,897,1,0),(4303,898,1,0),(4302,899,1,0),(4301,900,1,0),(4300,901,1,0),(4299,902,1,0),(4298,903,1,0),(4297,904,1,0),(4296,905,1,0),(4295,906,1,0),(4294,907,1,0),(4293,908,1,0),(4292,909,1,0),(4291,910,1,0),(4290,911,1,0),(4289,912,1,0),(4288,913,1,0),(4287,914,1,0),(4286,915,1,0),(4285,916,1,0),(4284,917,1,0),(4283,918,1,0),(4282,919,1,0),(4281,920,1,0),(4280,921,1,0),(4279,922,1,0),(4043,923,1,0),(4278,924,1,0),(4277,925,1,0),(4276,926,1,0),(4275,927,1,0),(4274,928,1,0),(4273,929,1,0),(4272,930,1,0),(4271,931,1,0),(4270,932,1,0),(4269,933,1,0),(4268,934,1,0),(4267,935,1,0),(4266,936,1,0),(4265,937,1,0),(4264,938,1,0),(4263,939,1,0),(4262,940,1,0),(4261,941,1,0),(4260,942,1,0),(4259,943,1,0),(4258,944,1,0),(4257,945,1,0),(4256,946,1,0),(4255,947,1,0),(4254,948,1,0),(4253,949,1,0),(4252,950,1,0),(4251,951,1,0),(4250,952,1,0),(4575,984,1,0),(5306,954,1,0),(5236,955,1,0),(5038,956,1,0),(5027,957,1,0),(5309,958,1,0),(5029,959,1,0),(5280,960,1,0),(5211,961,1,0),(5022,962,1,0),(5023,963,1,0),(5052,964,1,0),(5248,965,1,0),(5177,966,1,0),(5224,967,1,0),(5058,968,1,0),(5304,969,1,0),(5290,970,1,0),(5176,971,1,0),(5016,972,1,0),(5305,973,1,0),(5175,974,1,0),(5166,975,1,0),(5173,976,1,0),(4981,977,1,0),(4618,978,1,0),(4941,981,1,0),(5279,982,1,0),(4574,983,1,0),(4576,985,1,0),(4577,986,1,0),(4578,987,1,0),(4579,988,1,0),(5145,989,1,0),(4581,990,1,0),(5097,991,1,0),(5174,994,1,0),(5254,995,1,0),(4628,996,1,0),(4627,997,1,0),(5278,998,1,0),(4973,999,1,0),(4991,1000,1,0),(4995,1001,1,0),(4994,1002,1,0),(4993,1003,1,0),(4992,1004,1,0),(5322,1005,1,0),(5157,1006,1,0),(4874,1007,1,0),(4989,1008,1,0),(4785,1009,1,0),(5229,1010,1,0),(4939,1011,1,0),(4944,1012,1,0),(5253,1013,1,0),(4861,1014,1,0),(4862,1015,1,0),(4927,1016,1,0),(4866,1017,1,0),(4681,1018,1,0),(5320,1019,1,0),(5285,1020,1,0),(5294,1021,1,0),(4891,1022,1,0),(5289,1023,1,0),(4720,1024,1,0),(4721,1025,1,0),(4722,1026,1,0),(4718,1027,1,0),(5210,1028,1,0),(4732,1029,1,0),(4738,1030,1,0),(4740,1031,1,0),(4753,1032,1,0),(4752,1033,1,0),(4754,1034,1,0),(4750,1035,1,0),(4755,1036,1,0),(4756,1037,1,0),(4757,1038,1,0),(4758,1039,1,0),(4759,1040,1,0),(4760,1041,1,0),(5324,1042,1,0),(5179,1043,1,0),(4772,1044,1,0),(5332,1045,1,0),(4848,1046,1,0),(4828,1047,1,0),(4920,1048,1,0),(4830,1049,1,0),(4831,1050,1,0),(4832,1051,1,0),(4833,1052,1,0),(4834,1053,1,0),(4835,1054,1,0),(4836,1055,1,0),(4890,1056,1,0),(4889,1057,1,0),(4940,1058,1,0),(5093,1060,1,0),(5329,1061,1,0),(5330,1062,1,0),(5287,1063,1,0),(5148,1064,1,0),(5109,1065,1,0),(5110,1066,1,0),(5115,1067,1,0),(5215,1068,1,0),(5184,1069,1,0),(5214,1070,1,0),(5101,1072,1,0),(5129,1073,1,0),(5104,1074,1,0),(5242,1075,1,0),(5250,1076,1,0),(5251,1077,1,0),(5255,1078,1,0),(5257,1079,1,0),(5264,1080,1,0),(5259,1081,1,0),(5260,1082,1,0),(5263,1083,1,0),(5262,1084,1,0),(5265,1085,1,0),(5266,1086,1,0),(5267,1087,1,0),(5268,1088,1,0),(5269,1089,1,0),(5270,1090,1,0),(5272,1091,1,0),(5273,1092,1,0),(5274,1093,1,0),(5275,1094,1,0),(5276,1095,1,0);

--
-- Table structure for table `product_special`
--

CREATE TABLE `product_special` (
  `product_special_id` int NOT NULL AUTO_INCREMENT,
  `product_id` int NOT NULL,
  `customer_group_id` int NOT NULL,
  `priority` int NOT NULL DEFAULT '1',
  `price` decimal(15,4) NOT NULL DEFAULT '0.0000',
  `date_start` date NOT NULL DEFAULT '0000-00-00',
  `date_end` date NOT NULL DEFAULT '0000-00-00',
  PRIMARY KEY (`product_special_id`),
  KEY `product_id` (`product_id`)
) ENGINE=MyISAM AUTO_INCREMENT=440 DEFAULT CHARSET=utf8mb3 COLLATE=utf8mb3_bin;

--
-- Dumping data for table `product_special`
--


--
-- Table structure for table `product_to_category`
--

CREATE TABLE `product_to_category` (
  `product_id` int NOT NULL,
  `category_id` int NOT NULL,
  PRIMARY KEY (`product_id`,`category_id`)
) ENGINE=MyISAM DEFAULT CHARSET=utf8mb3 COLLATE=utf8mb3_bin;

--
-- Dumping data for table `product_to_category`
--

INSERT INTO `product_to_category` (`product_id`, `category_id`) VALUES (50,59),(50,60),(51,59),(51,60),(52,59),(52,60),(53,59),(53,61),(54,59),(54,64),(55,59),(55,60),(56,59),(56,64),(57,59),(57,61),(58,59),(58,61),(59,59),(59,64),(60,59),(60,60),(61,59),(61,60),(62,61),(63,59),(63,63),(64,65),(64,69),(65,65),(65,67),(67,68),(68,65),(68,66),(69,65),(69,66),(70,133),(71,70),(71,133),(72,70),(72,133),(74,81),(74,89),(75,81),(76,81),(76,86),(76,88),(77,81),(77,89),(80,72),(80,87),(81,72),(81,106),(82,84),(83,88),(84,82),(86,82),(89,59),(89,64),(90,59),(90,64),(91,59),(91,64),(92,70),(92,91),(93,92),(94,72),(94,92),(94,94),(94,97),(95,70),(95,93),(96,70),(96,93),(98,70),(98,93),(99,70),(99,93),(100,70),(100,93),(101,70),(101,93),(102,70),(102,93),(103,70),(103,93),(104,70),(104,93),(105,93),(106,70),(106,93),(107,70),(107,95),(108,93),(109,70),(109,93),(110,70),(110,93),(111,70),(111,93),(114,72),(114,92),(114,97),(116,72),(116,92),(116,97),(118,92),(118,97),(121,72),(121,74),(121,94),(121,96),(121,97),(122,72),(122,92),(122,97),(124,72),(124,92),(124,97),(127,98),(128,72),(128,92),(128,97),(129,92),(129,97),(130,72),(130,97),(131,99),(132,72),(132,73),(132,79),(132,99),(133,72),(133,99),(134,72),(134,100),(135,72),(135,99),(136,72),(136,99),(137,72),(137,99),(138,72),(138,99),(139,72),(139,99),(140,72),(140,99),(141,72),(141,99),(142,72),(142,101),(143,72),(143,101),(144,72),(144,101),(145,72),(145,102),(146,72),(146,101),(147,72),(147,101),(148,72),(148,103),(149,72),(149,104),(150,73),(150,92),(150,97),(153,59),(153,64),(154,72),(154,105),(155,72),(155,106),(158,72),(158,105),(160,72),(160,107),(161,72),(161,107),(162,72),(162,105),(163,70),(163,91),(164,88),(165,112),(165,113),(166,112),(166,113),(167,112),(167,113),(168,112),(168,113),(169,112),(169,113),(170,112),(170,113),(171,112),(171,113),(172,112),(172,113),(173,112),(173,113),(174,112),(174,113),(175,112),(175,113),(176,112),(176,113),(177,112),(177,113),(178,112),(178,113),(179,112),(179,113),(180,112),(180,113),(181,112),(181,113),(182,112),(182,113),(183,112),(183,113),(184,112),(184,113),(185,112),(185,113),(186,112),(186,115),(187,112),(187,114),(188,112),(188,115),(191,110),(191,116),(193,110),(193,116),(194,110),(194,117),(200,110),(200,120),(201,110),(201,120),(203,110),(203,121),(207,110),(207,122),(209,110),(209,123),(214,110),(214,124),(215,110),(216,110),(216,125),(218,125),(219,110),(219,125),(221,126),(227,110),(227,125),(228,82),(229,72),(229,99),(230,72),(230,99),(231,70),(231,95),(233,70),(233,95),(234,70),(234,93),(235,70),(235,93),(236,72),(236,99),(238,91),(239,70),(239,93),(240,72),(240,104),(242,70),(242,93),(243,72),(243,101),(244,72),(244,101),(245,72),(245,101),(246,72),(246,101),(247,70),(247,93),(248,70),(248,133),(249,72),(249,101),(250,70),(250,129),(252,70),(252,91),(253,72),(253,101),(254,72),(254,99),(256,74),(256,101),(257,72),(257,99),(258,111),(258,146),(259,112),(259,130),(260,72),(260,104),(261,72),(261,104),(263,89),(264,89),(265,89),(266,89),(267,89),(268,89),(269,89),(270,89),(271,90),(272,89),(273,59),(273,64),(275,59),(275,64),(276,59),(276,64),(278,110),(279,110),(279,132),(280,110),(280,131),(281,110),(281,131),(283,65),(283,68),(284,65),(284,67),(285,65),(285,67),(286,65),(286,67),(287,65),(287,66),(287,67),(288,65),(288,83),(289,65),(289,68),(290,65),(290,68),(291,65),(291,68),(292,65),(292,69),(293,65),(293,69),(294,65),(294,69),(295,65),(295,143),(296,65),(296,143),(297,65),(297,136),(298,65),(298,66),(299,65),(299,137),(299,155),(299,156),(300,65),(300,67),(301,65),(302,65),(302,67),(302,83),(302,84),(302,135),(302,138),(303,65),(303,144),(304,65),(304,136),(305,65),(305,136),(306,65),(306,83),(307,65),(307,83),(307,84),(308,65),(308,84),(310,110),(310,116),(312,110),(312,120),(313,110),(313,122),(314,110),(314,118),(316,110),(316,121),(317,110),(317,123),(319,110),(319,116),(320,110),(320,127),(321,110),(321,123),(322,110),(322,124),(323,110),(323,124),(326,110),(326,128),(327,110),(327,125),(331,110),(331,127),(333,110),(333,122),(335,110),(335,119),(338,86),(340,72),(340,92),(340,97),(341,72),(341,94),(341,97),(342,72),(342,99),(343,110),(343,120),(344,65),(344,69),(345,65),(345,83),(346,65),(346,83),(347,65),(347,137),(347,155),(347,156),(348,65),(348,136),(349,65),(349,135),(351,65),(351,69),(352,65),(352,69),(353,65),(353,138),(354,65),(354,83),(354,84),(355,65),(355,143),(356,65),(356,67),(357,69),(358,65),(358,66),(359,65),(359,66),(360,65),(360,69),(361,65),(361,66),(362,65),(362,67),(363,110),(363,116),(364,110),(364,116),(366,110),(366,118),(367,110),(367,118),(368,110),(368,120),(369,110),(369,120),(370,110),(370,120),(371,110),(371,120),(372,110),(372,123),(373,110),(373,123),(374,110),(374,123),(375,110),(375,122),(376,110),(376,122),(377,110),(377,122),(378,110),(378,124),(379,110),(379,124),(380,110),(380,124),(381,110),(381,124),(382,124),(383,110),(383,124),(384,110),(384,124),(385,110),(385,124),(386,110),(386,125),(387,110),(387,125),(388,110),(388,116),(389,110),(389,116),(390,110),(390,128),(391,110),(391,116),(392,79),(392,141),(393,79),(393,141),(394,79),(394,142),(395,79),(395,142),(396,79),(396,142),(397,79),(397,142),(398,79),(398,142),(399,111),(399,146),(400,111),(400,146),(401,114),(402,114),(403,111),(403,146),(404,111),(404,146),(405,111),(405,146),(406,111),(406,146),(407,111),(407,146),(408,111),(408,146),(409,111),(409,146),(410,140),(411,140),(412,140),(413,140),(414,140),(415,140),(416,140),(417,140),(418,140),(419,140),(420,140),(421,140),(422,140),(423,140),(425,140),(426,140),(427,140),(428,140),(429,79),(429,140),(430,140),(431,140),(432,140),(433,113),(434,113),(435,113),(436,79),(436,139),(437,139),(439,82),(440,140),(441,140),(442,79),(442,139),(443,79),(444,79),(445,112),(445,114),(446,110),(446,116),(447,112),(448,112),(449,112),(450,112),(451,140),(452,140),(455,110),(455,118),(456,79),(456,142),(457,79),(457,141),(458,79),(458,141),(459,70),(459,93),(460,110),(460,117),(461,110),(461,118),(462,110),(462,119),(463,110),(463,125),(464,110),(464,125),(465,110),(465,125),(466,110),(466,126),(467,110),(467,120),(468,70),(468,93),(469,70),(469,91),(470,70),(470,133),(471,70),(471,133),(472,79),(472,86),(473,112),(473,113),(475,66),(476,66),(478,66),(479,66),(481,66),(482,66),(483,66),(484,66),(485,66),(486,66),(488,66),(489,66),(490,66),(491,66),(492,66),(493,66),(494,66),(495,66),(496,66),(497,66),(498,66),(499,66),(500,66),(501,66),(502,66),(503,66),(504,66),(505,66),(506,66),(507,66),(508,66),(509,66),(510,66),(511,66),(512,66),(513,66),(514,66),(515,66),(516,66),(517,66),(518,66),(519,66),(520,66),(521,66),(522,66),(523,66),(524,66),(525,66),(526,66),(527,66),(528,66),(529,66),(530,66),(531,66),(532,66),(533,66),(534,66),(535,66),(536,66),(537,66),(538,66),(539,66),(540,66),(541,66),(542,66),(543,66),(544,66),(545,66),(546,66),(547,66),(548,66),(549,66),(550,66),(551,66),(552,66),(553,66),(554,66),(556,66),(557,66),(558,66),(559,66),(560,66),(561,66),(562,66),(563,66),(564,66),(565,66),(566,66),(567,66),(568,66),(569,66),(570,66),(571,66),(572,66),(573,66),(574,66),(575,66),(576,66),(577,66),(578,66),(579,66),(580,66),(581,66),(582,66),(583,66),(584,66),(585,66),(586,66),(587,66),(588,66),(589,66),(590,66),(591,66),(592,66),(593,66),(594,66),(595,66),(596,66),(597,66),(598,66),(599,66),(600,66),(601,66),(602,66),(603,66),(604,66),(605,66),(606,66),(607,66),(608,66),(609,66),(610,66),(611,66),(612,66),(613,66),(614,66),(615,66),(616,66),(617,66),(618,66),(619,66),(620,66),(621,66),(622,66),(623,66),(624,66),(625,66),(626,66),(627,66),(628,66),(629,66),(630,66),(631,66),(632,66),(633,66),(634,66),(635,66),(636,66),(637,66),(638,66),(639,66),(640,66),(641,66),(642,66),(643,66),(644,66),(645,66),(646,66),(647,66),(648,66),(649,66),(650,66),(651,66),(652,66),(653,66),(654,66),(655,66),(656,66),(657,66),(658,66),(659,66),(660,66),(661,66),(662,66),(663,66),(664,66),(665,66),(666,66),(667,66),(668,66),(669,66),(670,66),(671,66),(672,66),(673,66),(674,66),(675,66),(676,66),(677,66),(678,66),(679,66),(680,66),(681,66),(682,66),(683,66),(684,66),(685,66),(686,66),(687,66),(688,66),(689,66),(690,66),(691,66),(692,66),(693,66),(694,66),(695,66),(696,66),(697,66),(698,66),(699,66),(700,66),(701,66),(702,66),(703,66),(704,66),(705,66),(706,66),(707,66),(708,66),(709,66),(710,66),(711,66),(712,66),(713,66),(714,66),(715,66),(716,66),(717,66),(718,66),(719,66),(720,66),(721,66),(722,66),(723,66),(724,66),(725,66),(726,66),(727,66),(728,66),(729,66),(730,66),(731,66),(732,66),(733,66),(734,66),(735,66),(736,66),(737,66),(738,66),(739,66),(740,66),(741,66),(742,66),(743,66),(744,66),(745,66),(746,66),(747,66),(748,66),(749,66),(750,66),(751,66),(752,66),(753,66),(754,66),(755,66),(756,66),(757,66),(758,66),(759,66),(760,66),(761,66),(762,66),(763,66),(764,66),(765,66),(766,66),(767,66),(768,66),(769,66),(770,66),(771,66),(772,66),(773,66),(774,66),(775,66),(776,66),(777,66),(778,66),(779,66),(780,66),(781,66),(782,66),(783,66),(784,66),(785,66),(786,66),(787,66),(788,66),(789,66),(790,66),(791,66),(792,66),(793,66),(794,66),(795,66),(796,66),(797,66),(798,66),(799,66),(800,66),(801,147),(802,147),(803,147),(804,147),(805,147),(806,147),(807,147),(808,147),(809,147),(810,147),(811,147),(812,149),(813,149),(814,149),(815,149),(816,149),(817,149),(818,149),(819,149),(820,149),(821,149),(822,149),(823,149),(824,149),(825,149),(826,149),(827,149),(828,149),(829,149),(830,149),(831,149),(832,149),(833,149),(834,149),(835,149),(836,149),(837,149),(838,149),(839,149),(840,149),(841,149),(842,149),(843,149),(844,149),(845,149),(846,149),(847,149),(848,149),(849,149),(850,149),(851,149),(852,149),(853,149),(854,149),(855,149),(856,149),(857,149),(858,149),(859,149),(860,149),(861,149),(862,149),(863,149),(864,149),(865,149),(866,149),(867,149),(868,149),(869,149),(870,149),(871,149),(872,149),(873,149),(874,149),(875,149),(876,149),(877,149),(878,149),(879,149),(880,149),(881,149),(882,149),(883,149),(884,149),(885,149),(886,149),(887,149),(888,149),(889,149),(890,149),(891,149),(892,149),(893,149),(894,149),(895,149),(896,149),(897,149),(898,149),(899,149),(900,149),(901,149),(902,149),(903,149),(904,149),(905,149),(906,149),(907,149),(908,149),(909,149),(910,149),(911,149),(912,149),(913,149),(914,149),(915,149),(916,149),(917,149),(918,149),(919,149),(920,149),(921,149),(922,149),(923,149),(924,149),(925,149),(926,149),(927,149),(928,149),(929,149),(930,149),(931,149),(932,149),(933,149),(934,149),(935,149),(936,149),(937,149),(938,149),(939,149),(940,149),(941,149),(942,149),(943,149),(944,149),(945,149),(946,149),(947,149),(948,149),(949,149),(950,149),(951,149),(952,149),(954,65),(954,69),(955,65),(955,69),(956,65),(956,69),(957,65),(957,68),(958,65),(958,68),(959,65),(959,68),(960,65),(960,143),(961,65),(961,143),(962,65),(962,83),(963,65),(963,83),(964,65),(964,144),(965,65),(965,136),(966,65),(966,135),(967,65),(967,144),(968,65),(968,67),(969,65),(969,67),(970,65),(970,67),(971,65),(971,67),(972,65),(972,67),(973,65),(973,137),(973,155),(973,156),(974,65),(974,137),(974,156),(975,65),(975,137),(975,155),(975,156),(976,65),(976,137),(976,155),(976,156),(977,65),(977,137),(977,155),(977,156),(978,65),(978,137),(978,155),(978,156),(979,72),(979,99),(979,146),(980,72),(980,99),(980,100),(980,104),(980,146),(981,140),(982,140),(983,140),(984,140),(985,140),(986,140),(987,140),(988,140),(989,140),(990,140),(991,140),(994,79),(994,140),(995,151),(995,155),(996,140),(997,140),(998,151),(998,155),(999,151),(999,155),(1000,151),(1000,155),(1001,151),(1001,155),(1002,151),(1002,155),(1003,151),(1003,155),(1004,151),(1004,155),(1005,151),(1005,155),(1006,151),(1006,155),(1007,152),(1007,155),(1008,152),(1008,155),(1009,152),(1009,155),(1010,152),(1010,155),(1011,154),(1011,155),(1012,154),(1012,155),(1013,154),(1013,155),(1014,154),(1014,155),(1015,154),(1015,155),(1016,154),(1016,155),(1017,154),(1017,155),(1018,154),(1018,155),(1019,155),(1019,156),(1020,155),(1020,156),(1021,79),(1021,142),(1021,154),(1021,155),(1022,153),(1022,155),(1023,140),(1024,140),(1025,140),(1026,140),(1027,140),(1028,140),(1029,140),(1030,70),(1030,93),(1031,70),(1031,93),(1032,147),(1033,147),(1034,147),(1035,147),(1036,140),(1037,140),(1038,140),(1039,140),(1040,140),(1041,140),(1042,140),(1043,140),(1044,140),(1045,110),(1045,122),(1046,110),(1046,122),(1047,75),(1048,75),(1048,107),(1049,75),(1050,96),(1050,106),(1051,76),(1052,75),(1052,102),(1053,125),(1054,140),(1055,140),(1056,112),(1056,153),(1056,155),(1057,154),(1057,155),(1058,154),(1058,155),(1060,65),(1060,144),(1061,65),(1061,143),(1062,65),(1062,69),(1063,65),(1063,83),(1064,65),(1064,144),(1065,65),(1065,67),(1066,65),(1066,66),(1066,67),(1067,65),(1067,66),(1068,65),(1068,67),(1069,65),(1069,66),(1069,67),(1069,83),(1069,84),(1070,65),(1070,66),(1070,67),(1070,84),(1071,151),(1071,155),(1072,151),(1072,155),(1073,151),(1073,155),(1074,151),(1074,155),(1075,59),(1075,61),(1076,79),(1076,82),(1076,86),(1076,88),(1077,76),(1077,79),(1077,105),(1078,74),(1078,79),(1078,85),(1079,76),(1079,79),(1079,105),(1080,72),(1080,79),(1080,87),(1080,106),(1081,76),(1081,79),(1081,105),(1082,76),(1082,79),(1082,105),(1083,72),(1083,73),(1083,79),(1083,87),(1084,72),(1084,73),(1084,79),(1084,87),(1085,72),(1085,73),(1085,79),(1085,87),(1086,72),(1086,73),(1086,79),(1086,87),(1087,72),(1087,73),(1087,79),(1087,87),(1088,72),(1088,73),(1088,79),(1088,87),(1089,75),(1089,79),(1089,107),(1090,75),(1090,79),(1090,107),(1091,75),(1091,79),(1091,107),(1092,72),(1092,75),(1092,79),(1092,107),(1093,72),(1093,75),(1093,79),(1093,107),(1094,72),(1094,75),(1094,79),(1094,107),(1095,79),(1095,81),(1095,82),(1095,86),(1095,88);

--
-- Table structure for table `product_to_download`
--

CREATE TABLE `product_to_download` (
  `product_id` int NOT NULL,
  `download_id` int NOT NULL,
  PRIMARY KEY (`product_id`,`download_id`)
) ENGINE=MyISAM DEFAULT CHARSET=utf8mb3 COLLATE=utf8mb3_bin;

--
-- Dumping data for table `product_to_download`
--


--
-- Table structure for table `product_to_layout`
--

CREATE TABLE `product_to_layout` (
  `product_id` int NOT NULL,
  `store_id` int NOT NULL,
  `layout_id` int NOT NULL,
  PRIMARY KEY (`product_id`,`store_id`)
) ENGINE=MyISAM DEFAULT CHARSET=utf8mb3 COLLATE=utf8mb3_bin;

--
-- Dumping data for table `product_to_layout`
--


--
-- Table structure for table `product_to_store`
--

CREATE TABLE `product_to_store` (
  `product_id` int NOT NULL,
  `store_id` int NOT NULL DEFAULT '0',
  PRIMARY KEY (`product_id`,`store_id`)
) ENGINE=MyISAM DEFAULT CHARSET=utf8mb3 COLLATE=utf8mb3_bin;

--
-- Dumping data for table `product_to_store`
--

INSERT INTO `product_to_store` (`product_id`, `store_id`) VALUES (50,0),(51,0),(52,0),(53,0),(54,0),(55,0),(56,0),(57,0),(58,0),(59,0),(60,0),(61,0),(62,0),(63,0),(64,0),(65,0),(67,0),(68,0),(69,0),(71,0),(72,0),(74,0),(75,0),(76,0),(77,0),(80,0),(81,0),(82,0),(83,0),(84,0),(86,0),(89,0),(90,0),(91,0),(92,0),(93,0),(94,0),(95,0),(96,0),(98,0),(99,0),(100,0),(101,0),(102,0),(103,0),(104,0),(105,0),(106,0),(107,0),(108,0),(109,0),(110,0),(111,0),(114,0),(116,0),(118,0),(121,0),(122,0),(124,0),(127,0),(128,0),(129,0),(130,0),(131,0),(132,0),(133,0),(134,0),(135,0),(136,0),(137,0),(138,0),(139,0),(140,0),(141,0),(142,0),(143,0),(144,0),(145,0),(146,0),(147,0),(148,0),(149,0),(150,0),(153,0),(154,0),(155,0),(158,0),(160,0),(161,0),(162,0),(163,0),(164,0),(165,0),(166,0),(167,0),(168,0),(169,0),(170,0),(171,0),(172,0),(173,0),(174,0),(175,0),(176,0),(177,0),(178,0),(179,0),(180,0),(181,0),(182,0),(183,0),(184,0),(185,0),(186,0),(187,0),(188,0),(191,0),(193,0),(194,0),(200,0),(201,0),(203,0),(207,0),(209,0),(214,0),(215,0),(216,0),(218,0),(219,0),(221,0),(227,0),(228,0),(229,0),(230,0),(231,0),(233,0),(234,0),(235,0),(236,0),(238,0),(239,0),(240,0),(242,0),(243,0),(244,0),(245,0),(246,0),(247,0),(248,0),(249,0),(250,0),(252,0),(253,0),(254,0),(256,0),(257,0),(258,0),(259,0),(260,0),(261,0),(263,0),(264,0),(265,0),(266,0),(267,0),(268,0),(269,0),(270,0),(271,0),(272,0),(273,0),(275,0),(276,0),(277,0),(279,0),(280,0),(281,0),(283,0),(284,0),(285,0),(286,0),(287,0),(288,0),(289,0),(290,0),(291,0),(292,0),(293,0),(294,0),(295,0),(296,0),(297,0),(298,0),(299,0),(300,0),(301,0),(302,0),(303,0),(304,0),(305,0),(306,0),(307,0),(308,0),(310,0),(312,0),(313,0),(314,0),(316,0),(317,0),(319,0),(320,0),(321,0),(322,0),(323,0),(326,0),(327,0),(331,0),(333,0),(335,0),(338,0),(340,0),(341,0),(342,0),(343,0),(344,0),(345,0),(346,0),(347,0),(348,0),(349,0),(351,0),(352,0),(353,0),(354,0),(355,0),(356,0),(357,0),(358,0),(359,0),(360,0),(361,0),(362,0),(363,0),(364,0),(366,0),(367,0),(368,0),(369,0),(370,0),(371,0),(372,0),(373,0),(374,0),(375,0),(376,0),(377,0),(378,0),(379,0),(380,0),(381,0),(382,0),(383,0),(384,0),(385,0),(386,0),(387,0),(388,0),(389,0),(390,0),(391,0),(392,0),(393,0),(394,0),(395,0),(396,0),(397,0),(398,0),(399,0),(400,0),(401,0),(402,0),(403,0),(404,0),(405,0),(406,0),(407,0),(408,0),(409,0),(410,0),(411,0),(412,0),(413,0),(414,0),(415,0),(416,0),(417,0),(418,0),(419,0),(420,0),(421,0),(422,0),(423,0),(424,0),(425,0),(426,0),(427,0),(428,0),(429,0),(430,0),(431,0),(432,0),(433,0),(434,0),(435,0),(436,0),(437,0),(439,0),(440,0),(441,0),(442,0),(443,0),(444,0),(445,0),(446,0),(447,0),(448,0),(449,0),(450,0),(451,0),(452,0),(453,0),(455,0),(456,0),(457,0),(458,0),(459,0),(460,0),(461,0),(462,0),(463,0),(464,0),(465,0),(466,0),(467,0),(468,0),(469,0),(470,0),(471,0),(472,0),(473,0),(474,0),(475,0),(476,0),(478,0),(479,0),(480,0),(481,0),(482,0),(483,0),(484,0),(485,0),(486,0),(487,0),(488,0),(489,0),(490,0),(491,0),(492,0),(493,0),(494,0),(495,0),(496,0),(497,0),(498,0),(499,0),(500,0),(501,0),(502,0),(503,0),(504,0),(505,0),(506,0),(507,0),(508,0),(509,0),(510,0),(511,0),(512,0),(513,0),(514,0),(515,0),(516,0),(517,0),(518,0),(519,0),(520,0),(521,0),(522,0),(523,0),(524,0),(525,0),(526,0),(527,0),(528,0),(529,0),(530,0),(531,0),(532,0),(533,0),(534,0),(535,0),(536,0),(537,0),(538,0),(539,0),(540,0),(541,0),(542,0),(543,0),(544,0),(545,0),(546,0),(547,0),(548,0),(549,0),(550,0),(551,0),(552,0),(553,0),(554,0),(555,0),(556,0),(557,0),(558,0),(559,0),(560,0),(561,0),(562,0),(563,0),(564,0),(565,0),(566,0),(567,0),(568,0),(569,0),(570,0),(571,0),(572,0),(573,0),(574,0),(575,0),(576,0),(577,0),(578,0),(579,0),(580,0),(581,0),(582,0),(583,0),(584,0),(585,0),(586,0),(587,0),(588,0),(589,0),(590,0),(591,0),(592,0),(593,0),(594,0),(595,0),(596,0),(597,0),(598,0),(599,0),(600,0),(601,0),(602,0),(603,0),(604,0),(605,0),(606,0),(607,0),(608,0),(609,0),(610,0),(611,0),(612,0),(613,0),(614,0),(615,0),(616,0),(617,0),(618,0),(619,0),(620,0),(621,0),(622,0),(623,0),(624,0),(625,0),(626,0),(627,0),(628,0),(629,0),(630,0),(631,0),(632,0),(633,0),(634,0),(635,0),(636,0),(637,0),(638,0),(639,0),(640,0),(641,0),(642,0),(643,0),(644,0),(645,0),(646,0),(647,0),(648,0),(649,0),(650,0),(651,0),(652,0),(653,0),(654,0),(655,0),(656,0),(657,0),(658,0),(659,0),(660,0),(661,0),(662,0),(663,0),(664,0),(665,0),(666,0),(667,0),(668,0),(669,0),(670,0),(671,0),(672,0),(673,0),(674,0),(675,0),(676,0),(677,0),(678,0),(679,0),(680,0),(681,0),(682,0),(683,0),(684,0),(685,0),(686,0),(687,0),(688,0),(689,0),(690,0),(691,0),(692,0),(693,0),(694,0),(695,0),(696,0),(697,0),(698,0),(699,0),(700,0),(701,0),(702,0),(703,0),(704,0),(705,0),(706,0),(707,0),(708,0),(709,0),(710,0),(711,0),(712,0),(713,0),(714,0),(715,0),(716,0),(717,0),(718,0),(719,0),(720,0),(721,0),(722,0),(723,0),(724,0),(725,0),(726,0),(727,0),(728,0),(729,0),(730,0),(731,0),(732,0),(733,0),(734,0),(735,0),(736,0),(737,0),(738,0),(739,0),(740,0),(741,0),(742,0),(743,0),(744,0),(745,0),(746,0),(747,0),(748,0),(749,0),(750,0),(751,0),(752,0),(753,0),(754,0),(755,0),(756,0),(757,0),(758,0),(759,0),(760,0),(761,0),(762,0),(763,0),(764,0),(765,0),(766,0),(767,0),(768,0),(769,0),(770,0),(771,0),(772,0),(773,0),(774,0),(775,0),(776,0),(777,0),(778,0),(779,0),(780,0),(781,0),(782,0),(783,0),(784,0),(785,0),(786,0),(787,0),(788,0),(789,0),(790,0),(791,0),(792,0),(793,0),(794,0),(795,0),(796,0),(797,0),(798,0),(799,0),(800,0),(801,0),(802,0),(803,0),(804,0),(805,0),(806,0),(807,0),(808,0),(809,0),(810,0),(811,0),(812,0),(813,0),(814,0),(815,0),(816,0),(817,0),(818,0),(819,0),(820,0),(821,0),(822,0),(823,0),(824,0),(825,0),(826,0),(827,0),(828,0),(829,0),(830,0),(831,0),(832,0),(833,0),(834,0),(835,0),(836,0),(837,0),(838,0),(839,0),(840,0),(841,0),(842,0),(843,0),(844,0),(845,0),(846,0),(847,0),(848,0),(849,0),(850,0),(851,0),(852,0),(853,0),(854,0),(855,0),(856,0),(857,0),(858,0),(859,0),(860,0),(861,0),(862,0),(863,0),(864,0),(865,0),(866,0),(867,0),(868,0),(869,0),(870,0),(871,0),(872,0),(873,0),(874,0),(875,0),(876,0),(877,0),(878,0),(879,0),(880,0),(881,0),(882,0),(883,0),(884,0),(885,0),(886,0),(887,0),(888,0),(889,0),(890,0),(891,0),(892,0),(893,0),(894,0),(895,0),(896,0),(897,0),(898,0),(899,0),(900,0),(901,0),(902,0),(903,0),(904,0),(905,0),(906,0),(907,0),(908,0),(909,0),(910,0),(911,0),(912,0),(913,0),(914,0),(915,0),(916,0),(917,0),(918,0),(919,0),(920,0),(921,0),(922,0),(923,0),(924,0),(925,0),(926,0),(927,0),(928,0),(929,0),(930,0),(931,0),(932,0),(933,0),(934,0),(935,0),(936,0),(937,0),(938,0),(939,0),(940,0),(941,0),(942,0),(943,0),(944,0),(945,0),(946,0),(947,0),(948,0),(949,0),(950,0),(951,0),(952,0),(954,0),(955,0),(956,0),(957,0),(958,0),(959,0),(960,0),(961,0),(962,0),(963,0),(964,0),(965,0),(966,0),(967,0),(968,0),(969,0),(970,0),(971,0),(972,0),(973,0),(974,0),(975,0),(976,0),(977,0),(978,0),(979,0),(980,0),(981,0),(982,0),(983,0),(984,0),(985,0),(986,0),(987,0),(988,0),(989,0),(990,0),(991,0),(994,0),(995,0),(996,0),(997,0),(998,0),(999,0),(1000,0),(1001,0),(1002,0),(1003,0),(1004,0),(1005,0),(1006,0),(1007,0),(1008,0),(1009,0),(1010,0),(1011,0),(1012,0),(1013,0),(1014,0),(1015,0),(1016,0),(1017,0),(1018,0),(1019,0),(1020,0),(1021,0),(1022,0),(1023,0),(1024,0),(1025,0),(1026,0),(1027,0),(1028,0),(1029,0),(1030,0),(1031,0),(1032,0),(1033,0),(1034,0),(1035,0),(1036,0),(1037,0),(1038,0),(1039,0),(1040,0),(1041,0),(1042,0),(1043,0),(1044,0),(1045,0),(1046,0),(1047,0),(1048,0),(1049,0),(1050,0),(1051,0),(1052,0),(1053,0),(1054,0),(1055,0),(1056,0),(1057,0),(1058,0),(1060,0),(1061,0),(1062,0),(1063,0),(1064,0),(1065,0),(1066,0),(1067,0),(1068,0),(1069,0),(1070,0),(1071,0),(1072,0),(1073,0),(1074,0),(1075,0),(1076,0),(1077,0),(1078,0),(1079,0),(1080,0),(1081,0),(1082,0),(1083,0),(1084,0),(1085,0),(1086,0),(1087,0),(1088,0),(1089,0),(1090,0),(1091,0),(1092,0),(1093,0),(1094,0),(1095,0);

--
-- Table structure for table `return`
--

CREATE TABLE `return` (
  `return_id` int NOT NULL AUTO_INCREMENT,
  `order_id` int NOT NULL,
  `product_id` int NOT NULL,
  `customer_id` int NOT NULL,
  `firstname` varchar(32) COLLATE utf8mb3_bin NOT NULL,
  `lastname` varchar(32) COLLATE utf8mb3_bin NOT NULL,
  `email` varchar(96) COLLATE utf8mb3_bin NOT NULL,
  `telephone` varchar(32) COLLATE utf8mb3_bin NOT NULL,
  `product` varchar(255) COLLATE utf8mb3_bin NOT NULL,
  `model` varchar(64) COLLATE utf8mb3_bin NOT NULL,
  `quantity` int NOT NULL,
  `opened` tinyint(1) NOT NULL,
  `return_reason_id` int NOT NULL,
  `return_action_id` int NOT NULL,
  `return_status_id` int NOT NULL,
  `comment` text COLLATE utf8mb3_bin,
  `date_ordered` date NOT NULL,
  `date_added` datetime NOT NULL,
  `date_modified` datetime NOT NULL,
  PRIMARY KEY (`return_id`)
) ENGINE=MyISAM AUTO_INCREMENT=2 DEFAULT CHARSET=utf8mb3 COLLATE=utf8mb3_bin;

--
-- Dumping data for table `return`
--

INSERT INTO `return` (`return_id`, `order_id`, `product_id`, `customer_id`, `firstname`, `lastname`, `email`, `telephone`, `product`, `model`, `quantity`, `opened`, `return_reason_id`, `return_action_id`, `return_status_id`, `comment`, `date_ordered`, `date_added`, `date_modified`) VALUES (1,0,0,0,'Rafael','Rafael','brigid.marriott@norfolk.gov.uk','IifcJEkgLVOrGB','tgInqakmTJnQ','hexLzjyiZITEDMtpZRk',1,1,3,0,2,'Woah nelly, how about them apelps!','0000-00-00','2013-05-03 16:28:56','2013-05-03 16:28:56');

--
-- Table structure for table `return_action`
--

CREATE TABLE `return_action` (
  `return_action_id` int NOT NULL AUTO_INCREMENT,
  `language_id` int NOT NULL DEFAULT '0',
  `name` varchar(64) COLLATE utf8mb3_bin NOT NULL DEFAULT '',
  PRIMARY KEY (`return_action_id`,`language_id`)
) ENGINE=MyISAM AUTO_INCREMENT=4 DEFAULT CHARSET=utf8mb3 COLLATE=utf8mb3_bin;

--
-- Dumping data for table `return_action`
--

INSERT INTO `return_action` (`return_action_id`, `language_id`, `name`) VALUES (1,1,'Refunded'),(2,1,'Credit Issued'),(3,1,'Replacement Sent'),(1,2,'Refunded'),(2,2,'Credit Issued'),(3,2,'Replacement Sent');

--
-- Table structure for table `return_history`
--

CREATE TABLE `return_history` (
  `return_history_id` int NOT NULL AUTO_INCREMENT,
  `return_id` int NOT NULL,
  `return_status_id` int NOT NULL,
  `notify` tinyint(1) NOT NULL,
  `comment` text COLLATE utf8mb3_bin NOT NULL,
  `date_added` datetime NOT NULL,
  PRIMARY KEY (`return_history_id`)
) ENGINE=MyISAM DEFAULT CHARSET=utf8mb3 COLLATE=utf8mb3_bin;

--
-- Dumping data for table `return_history`
--


--
-- Table structure for table `return_reason`
--

CREATE TABLE `return_reason` (
  `return_reason_id` int NOT NULL AUTO_INCREMENT,
  `language_id` int NOT NULL DEFAULT '0',
  `name` varchar(128) COLLATE utf8mb3_bin NOT NULL DEFAULT '',
  PRIMARY KEY (`return_reason_id`,`language_id`)
) ENGINE=MyISAM AUTO_INCREMENT=6 DEFAULT CHARSET=utf8mb3 COLLATE=utf8mb3_bin;

--
-- Dumping data for table `return_reason`
--

INSERT INTO `return_reason` (`return_reason_id`, `language_id`, `name`) VALUES (1,1,'Dead On Arrival'),(2,1,'Received Wrong Item'),(3,1,'Order Error'),(4,1,'Faulty, please supply details'),(5,1,'Other, please supply details'),(1,2,'Dead On Arrival'),(2,2,'Received Wrong Item'),(3,2,'Order Error'),(4,2,'Faulty, please supply details'),(5,2,'Other, please supply details');

--
-- Table structure for table `return_status`
--

CREATE TABLE `return_status` (
  `return_status_id` int NOT NULL AUTO_INCREMENT,
  `language_id` int NOT NULL DEFAULT '0',
  `name` varchar(32) COLLATE utf8mb3_bin NOT NULL DEFAULT '',
  PRIMARY KEY (`return_status_id`,`language_id`)
) ENGINE=MyISAM AUTO_INCREMENT=4 DEFAULT CHARSET=utf8mb3 COLLATE=utf8mb3_bin;

--
-- Dumping data for table `return_status`
--

INSERT INTO `return_status` (`return_status_id`, `language_id`, `name`) VALUES (1,1,'Pending'),(3,1,'Complete'),(2,1,'Awaiting Products'),(1,2,'Pending'),(3,2,'Complete'),(2,2,'Awaiting Products');

--
-- Table structure for table `review`
--

CREATE TABLE `review` (
  `review_id` int NOT NULL AUTO_INCREMENT,
  `product_id` int NOT NULL,
  `customer_id` int NOT NULL,
  `author` varchar(64) COLLATE utf8mb3_bin NOT NULL DEFAULT '',
  `text` text COLLATE utf8mb3_bin NOT NULL,
  `rating` int NOT NULL,
  `status` tinyint(1) NOT NULL DEFAULT '0',
  `date_added` datetime NOT NULL DEFAULT '0000-00-00 00:00:00',
  `date_modified` datetime NOT NULL DEFAULT '0000-00-00 00:00:00',
  PRIMARY KEY (`review_id`),
  KEY `product_id` (`product_id`)
) ENGINE=MyISAM DEFAULT CHARSET=utf8mb3 COLLATE=utf8mb3_bin;

--
-- Dumping data for table `review`
--


--
-- Table structure for table `stock_status`
--

CREATE TABLE `stock_status` (
  `stock_status_id` int NOT NULL AUTO_INCREMENT,
  `language_id` int NOT NULL,
  `name` varchar(32) COLLATE utf8mb3_bin NOT NULL,
  PRIMARY KEY (`stock_status_id`,`language_id`)
) ENGINE=MyISAM AUTO_INCREMENT=9 DEFAULT CHARSET=utf8mb3 COLLATE=utf8mb3_bin;

--
-- Dumping data for table `stock_status`
--

INSERT INTO `stock_status` (`stock_status_id`, `language_id`, `name`) VALUES (7,1,'In Stock'),(8,1,'Pre-Order'),(5,1,'Out Of Stock'),(6,1,'2 - 3 Days'),(7,2,'In Stock'),(8,2,'Pre-Order'),(5,2,'Out Of Stock'),(6,2,'2 - 3 Days');

--
-- Table structure for table `store`
--

CREATE TABLE `store` (
  `store_id` int NOT NULL AUTO_INCREMENT,
  `name` varchar(64) COLLATE utf8mb3_bin NOT NULL,
  `url` varchar(255) COLLATE utf8mb3_bin NOT NULL,
  `ssl` varchar(255) COLLATE utf8mb3_bin NOT NULL,
  PRIMARY KEY (`store_id`)
) ENGINE=MyISAM DEFAULT CHARSET=utf8mb3 COLLATE=utf8mb3_bin;

--
-- Dumping data for table `store`
--


--
-- Table structure for table `tax_class`
--

CREATE TABLE `tax_class` (
  `tax_class_id` int NOT NULL AUTO_INCREMENT,
  `title` varchar(32) COLLATE utf8mb3_bin NOT NULL DEFAULT '',
  `description` varchar(255) COLLATE utf8mb3_bin NOT NULL DEFAULT '',
  `date_added` datetime NOT NULL DEFAULT '0000-00-00 00:00:00',
  `date_modified` datetime NOT NULL DEFAULT '0000-00-00 00:00:00',
  PRIMARY KEY (`tax_class_id`)
) ENGINE=MyISAM AUTO_INCREMENT=12 DEFAULT CHARSET=utf8mb3 COLLATE=utf8mb3_bin;

--
-- Dumping data for table `tax_class`
--

INSERT INTO `tax_class` (`tax_class_id`, `title`, `description`, `date_added`, `date_modified`) VALUES (9,'Taxable Goods','Taxed Stuff','2009-01-06 23:21:53','2011-09-23 14:07:50'),(10,'Downloadable Products','Downloadable','2011-09-21 22:19:39','2013-01-31 08:30:18'),(11,'TVA','Taxa pe valoarea adaugata','2013-01-31 08:27:01','0000-00-00 00:00:00');

--
-- Table structure for table `tax_rate`
--

CREATE TABLE `tax_rate` (
  `tax_rate_id` int NOT NULL AUTO_INCREMENT,
  `geo_zone_id` int NOT NULL DEFAULT '0',
  `name` varchar(32) COLLATE utf8mb3_bin NOT NULL,
  `rate` decimal(15,4) NOT NULL DEFAULT '0.0000',
  `type` char(1) COLLATE utf8mb3_bin NOT NULL,
  `date_added` datetime NOT NULL DEFAULT '0000-00-00 00:00:00',
  `date_modified` datetime NOT NULL DEFAULT '0000-00-00 00:00:00',
  PRIMARY KEY (`tax_rate_id`)
) ENGINE=MyISAM AUTO_INCREMENT=90 DEFAULT CHARSET=utf8mb3 COLLATE=utf8mb3_bin;

--
-- Dumping data for table `tax_rate`
--

INSERT INTO `tax_rate` (`tax_rate_id`, `geo_zone_id`, `name`, `rate`, `type`, `date_added`, `date_modified`) VALUES (86,3,'VAT (17.5%)',17.5000,'P','2011-03-09 21:17:10','2011-09-22 22:24:29'),(87,3,'Eco Tax (-2.00)',2.0000,'F','2011-09-21 21:49:23','2011-09-23 00:40:19'),(88,3,'TVA',24.0000,'P','2013-01-31 08:18:31','2013-01-31 08:18:31'),(89,5,'TVA',24.0000,'P','2013-01-31 08:29:13','2013-01-31 08:29:13');

--
-- Table structure for table `tax_rate_to_customer_group`
--

CREATE TABLE `tax_rate_to_customer_group` (
  `tax_rate_id` int NOT NULL,
  `customer_group_id` int NOT NULL,
  PRIMARY KEY (`tax_rate_id`,`customer_group_id`)
) ENGINE=MyISAM DEFAULT CHARSET=utf8mb3 COLLATE=utf8mb3_bin;

--
-- Dumping data for table `tax_rate_to_customer_group`
--

INSERT INTO `tax_rate_to_customer_group` (`tax_rate_id`, `customer_group_id`) VALUES (86,1),(87,1),(88,1),(89,1);

--
-- Table structure for table `tax_rule`
--

CREATE TABLE `tax_rule` (
  `tax_rule_id` int NOT NULL AUTO_INCREMENT,
  `tax_class_id` int NOT NULL,
  `tax_rate_id` int NOT NULL,
  `based` varchar(10) COLLATE utf8mb3_bin NOT NULL,
  `priority` int NOT NULL DEFAULT '1',
  PRIMARY KEY (`tax_rule_id`)
) ENGINE=MyISAM AUTO_INCREMENT=130 DEFAULT CHARSET=utf8mb3 COLLATE=utf8mb3_bin;

--
-- Dumping data for table `tax_rule`
--

INSERT INTO `tax_rule` (`tax_rule_id`, `tax_class_id`, `tax_rate_id`, `based`, `priority`) VALUES (128,9,86,'shipping',1),(127,9,87,'shipping',2),(129,11,88,'store',1);

--
-- Table structure for table `url_alias`
--

CREATE TABLE `url_alias` (
  `url_alias_id` int NOT NULL AUTO_INCREMENT,
  `query` varchar(255) COLLATE utf8mb3_bin NOT NULL,
  `keyword` varchar(255) COLLATE utf8mb3_bin NOT NULL,
  PRIMARY KEY (`url_alias_id`)
) ENGINE=MyISAM AUTO_INCREMENT=5314 DEFAULT CHARSET=utf8mb3 COLLATE=utf8mb3_bin;

--
-- Dumping data for table `url_alias`
--

INSERT INTO `url_alias` (`url_alias_id`, `query`, `keyword`) VALUES (2921,'product_id=50','acer-aspire-4745G '),(1754,'category_id=60','baterii laptop acer'),(730,'manufacturer_id=8','apple'),(2920,'information_id=4','service_laptop'),(4682,'category_id=59','baterii laptop ieftine'),(1755,'category_id=61','Baterii Asus ieftine|'),(1758,'category_id=62','Baterii laptop Toshiba'),(1757,'category_id=63',' Baterii Ieftine Lenovo'),(1756,'category_id=64','baterii laptop dell'),(4679,'category_id=65','incarcatoare_laptop'),(3372,'category_id=66','incarcatoare-laptop-Acer'),(3373,'category_id=67','Incarcatoare-laptop-Asus'),(803,'category_id=68','incarcatoare laptop Dell'),(787,'category_id=69','incarcatoare laptop HP'),(4680,'category_id=70','tastaturi laptop'),(1468,'category_id=133','tastatura-msi'),(4670,'category_id=72','carcase laptop'),(796,'category_id=73','back cover laptop'),(799,'category_id=74','Bezel original laptop '),(797,'category_id=75','Bottom cover laptop'),(795,'category_id=76','palm rest laptop'),(4597,'product_id=139','Back-cover-dell-inspiron-1564-H0R52'),(2750,'product_id=136','Back-cover-Dell-Vostro-1720-DY710'),(4684,'category_id=79','componente laptop'),(4704,'category_id=156','alimentatoare_apple'),(4662,'category_id=81','Cooler pentru laptop'),(4663,'category_id=82','heat pipes racire laptop'),(2924,'product_id=52','baterie-3810T'),(2925,'product_id=53','Baterie-laptop-Asus-A32-F5'),(2926,'product_id=54','baterie-dell-D620'),(2927,'product_id=55','Baterie-laptop-Acer-AS10D31'),(3069,'product_id=56','dell-jkvc5'),(2930,'product_id=58','asus m50-baterie a32-m50'),(2932,'product_id=60','acer-BATBL50L5'),(4582,'product_id=61','acer-AS07A31-baterie-AS07A31'),(5230,'product_id=62','baterie 90-NFY6B1000Z'),(5213,'product_id=64','PA-1650-02HP_HP_ADAPTER_ALIMENTATOR_PAVILION_mufa_galbena'),(2934,'product_id=63','Baterie-Lenovo'),(2931,'product_id=59',' Baterie-laptop-Dell-N5010'),(844,'category_id=83','Incarcatoare laptop Tosiba'),(5102,'product_id=67','incarcator-AD-90195D '),(4781,'product_id=72','tastatura-laptop-msi-V111922AK3'),(4940,'product_id=75','cooler-KSB06105HB '),(2957,'product_id=76','Cooler-Panasonic-K50 series | K60 series | P50 series'),(4660,'product_id=77','Cooler-laptop-MSI-GX740- E33-0800050-F05'),(862,'category_id=84','incarcatoare-universale'),(1060,'category_id=85','bezel-asus-original'),(5133,'product_id=82','incarcator-universal-laptop'),(4664,'category_id=86','cooler-pipes'),(872,'category_id=87','back-cover-asus'),(877,'category_id=88','cooler-pipes-asus'),(2959,'product_id=83','cooler-pipes-asus'),(1753,'product_id=84','fan-cooler-asus'),(2929,'product_id=57','Baterie-laptop-Asus'),(5181,'product_id=467','Display-N133BGE-LB1'),(2922,'product_id=51','Baterie-laptop-Acer-Aspire'),(1631,'product_id=70','Tastatura-MSI-MS'),(4578,'product_id=263','Cooler-MSI-EX600'),(923,'category_id=89','Coolere-laptop-MSI'),(925,'category_id=90','Coolere laptop HP'),(2935,'product_id=89','baterie-laptop-Dell '),(2936,'product_id=90','Baterie-laptop-Dell'),(2937,'product_id=91','Baterie-Dell-Inspiron'),(933,'category_id=91','tastatura-laptop-asus'),(4289,'product_id=92','tastatura-laptop-Asus-K50-DRLA416'),(1794,'product_id=93','back_cover_msi_Ex610 '),(938,'category_id=92','back-cover-msi'),(940,'category_id=93','tastatura-laptop-Dell'),(941,'category_id=94','bezel-msi'),(2797,'product_id=96','tastatura-dell-inspiron-1564-NSK-DRSQ-1D'),(3934,'product_id=340','capac-display-cover-backcover-MSI-GX600-307-632A918-H74'),(4599,'product_id=98','Tastatura-Dell-Studio-V080925AS'),(2800,'product_id=99','tastatura-dell-e500-e6500-e6400-V081325ES1'),(4300,'product_id=102','tastatura-dell-inspiron-mini-1012-MP-09K6-6982'),(2803,'product_id=103','tastatura-laptop-Dell-studio-V081025AS'),(4598,'product_id=104','tastatura-dell-inspiron-m5010-n5010'),(1488,'product_id=105','tastatura-laptop-Dell-Inspiron'),(970,'category_id=95','tastatura-toshiba'),(1491,'product_id=108','Tastatura-Dell-latitude-XPS-m140'),(2801,'product_id=109','tastatura-dell-latitude-xt2-NSK-DA201 '),(3151,'product_id=502','incarcator-acer -Aspire-PA-1700-02_ADP-65JHP_DB'),(2778,'product_id=114','Back-cover-MSI-307-731A524-Y31'),(3171,'product_id=478','incarcator-acer -Aspire-PA-1700-02_ADP-65JHP_DB'),(5300,'product_id=116','back-cover-msi-ms-163k-E2P-682A2XX-Y31'),(5085,'product_id=283','alimentator_dell_PA-21_19,5V_3,34A_octogonal_incarcator_adapter'),(990,'category_id=96','back-cover-bezel'),(991,'category_id=97','back-cover-bezel-msi'),(5003,'product_id=273','Baterie-laptop-Dell-N5010'),(5222,'product_id=68',' adaptor-Acer_PA-1900-04'),(3124,'product_id=479','incarcator-acer-PA-1700-02_ADP-65JHP_DB'),(5081,'product_id=65','incarcator_AD6630_asus-XA0901XH'),(1010,'category_id=98','palm-rest-hp'),(1637,'product_id=127','palm-rest-hp-pavilion-dv7'),(2775,'product_id=128','back-cover-bezel-msi-u135-E2P-014B211-U22'),(4318,'product_id=129','back-cover-MSI-EX-700'),(2777,'product_id=130','back-cover-bezel-msi-pr200-E2P-221A711-W28'),(1017,'category_id=99','Back-cover-dell'),(1596,'product_id=131','back-cover-Dell-inspiron-1545'),(5047,'product_id=132','Back-cover-Dell-XPS-M1330-U8042'),(2739,'product_id=133','Back-cover-Dell-Studio-1555'),(1024,'category_id=100','Back-cover-bezel-Dell'),(2979,'product_id=140','Back-cover-Dell-Inspiron-1520'),(4213,'product_id=142','Palm-rest-Dell-Inspiron-15R-N5010-M5010'),(1042,'category_id=101','Palm-rest-Dell'),(2976,'product_id=143','Palm-rest-Dell-XPS-M1330'),(2975,'product_id=144','Palm-rest-Dell-inspiron-1545'),(2974,'product_id=145','Bottom-cover-Dell-Vostro-V130'),(2973,'product_id=146','Palm-rest-Dell-XPS-M1330'),(2971,'product_id=147','palm-rest-Dell-latitude-E6400'),(2972,'product_id=148','Bottom-cover-MSI-U135'),(1056,'category_id=103','bottom-cover-msi'),(2968,'product_id=149','Bezel-Dell-Latitude-XPS-M1330'),(1059,'category_id=104','bezel-dell'),(1795,'product_id=150','Back-cover-bezel-MSI-Ms-1734'),(3101,'product_id=480','incarcator-acer -Aspire-PA-1700-02_ADP-65JHP_DB'),(4220,'product_id=153','baterie-dell-gk479'),(1070,'category_id=105','palm-rest-asus'),(2965,'product_id=154','Palm-rest-Asus-K53'),(1073,'category_id=106','back-cover-bezel-asus'),(3058,'product_id=155','back-cover-bezel-asus-k50'),(3169,'product_id=475','incarcator-acer-Aspire-1200-PA-1700-02_ADP-65JHP_DB'),(2962,'product_id=158','Palm-rest-Asus-K0IJ'),(4683,'category_id=110','Display-laptop'),(1080,'category_id=107','Bottom-cover-Asus'),(2960,'product_id=160','Bottom-cover-Asus-K50IJ'),(4224,'product_id=135','Back-cover-Dell-inspiron-1535-M109C'),(2627,'category_id=146','Balamale-display'),(2961,'product_id=161','bottom-cover-asus-k52f'),(2963,'product_id=162','Bottom-cover-palm-rest-Asus-K52'),(2626,'category_id=111','Sisteme-prindere'),(2097,'category_id=112','LVDS'),(4943,'product_id=165','lvds-dell-inspiron-n5030-m5030'),(1121,'category_id=113','lvds-dell'),(2901,'product_id=166','LVDS Dell Vostro 1720 '),(2892,'product_id=167','lvds-dell-n5010-m5010'),(2899,'product_id=168','LVDS-Dell-Vostro-3350 '),(2894,'product_id=169','LVDS-Dell-Vostro-Inspiron'),(2904,'product_id=170','lvds-dell-vostro-inspiron'),(5235,'product_id=171','LVDS-Dell-Inspiron-1750'),(2902,'product_id=172','lvds-dell-inspiron-1012-1018-1017'),(2906,'product_id=173','LVDS-Dell-Inspiron-N7010'),(2891,'product_id=174','LVDS-Dell-Inspiron-1545'),(5309,'product_id=175','lvds-dell-inspiron-n5110-m5110'),(2896,'product_id=176','LVDS-Dell-Latitude-D630'),(2893,'product_id=177','lvds-dell-vostro-a860'),(2980,'product_id=178','LVDS-Dell-Latitude-E5410-Latitude-E5510-8JHV9'),(2903,'product_id=179','lvds-dell-studio-1535-1536-1537'),(2897,'product_id=180','lvds-dell-latitude-e5510'),(2909,'product_id=181','LVDS-Dell-Vostro-1015-1014-1088 '),(2910,'product_id=182','lvds-dell-xps-l501x-l502x'),(2888,'product_id=183','LVDS-Dell-Latitude-D630'),(2912,'product_id=184','lvds-dell-vostro-1710'),(2914,'product_id=185','LVDS-Dell-Studio-1535-1536-1537'),(1153,'category_id=114','LVDS-laptop-MSI'),(1154,'category_id=115','LVDS-laptop-Asus'),(2913,'product_id=186','lvds-asus-eeepc-1015'),(2889,'product_id=187','LVDS-MSI-M6275 '),(2911,'product_id=188','lvds-asus-k40-k40ab-x8a'),(1169,'category_id=116','Display-laptop-10.1'),(1184,'category_id=117','Display-laptop-11.6'),(1171,'category_id=118','Display-laptop-12.1'),(1172,'category_id=119','Display-laptop-12.5'),(1173,'category_id=120','Display-laptop-13.3'),(1174,'category_id=121','Display-laptop-13.4'),(1175,'category_id=122','Display-laptop-14.0'),(1176,'category_id=123','Display-laptop-14.1'),(1177,'category_id=124','Display-laptop-15.4'),(1178,'category_id=125','Display-laptop-15.6'),(1179,'category_id=126','Display-laptop-16.0'),(1180,'category_id=127','Display-laptop-16.4'),(1181,'category_id=128','Display-laptop-18.4'),(4261,'product_id=193','Display-lenovo-10.1-LP101WH1-TLA3'),(4968,'product_id=191','Display-laptop-acer-10.1-B101EW02-V.0'),(2373,'category_id=145','display_laptop_10.2_inch'),(2749,'product_id=137','Back-cover-Dell-Latitude-E6500-0CP219'),(4200,'product_id=455','Display-laptop-12.1-B121EW09'),(2709,'product_id=386','display-laptop-15.6-inch-B156RW01-V.1'),(4280,'product_id=254','back-cover-dell-inspiron-1525-1526-KY320'),(4983,'product_id=200','Display-laptop-Dell-13.3-B133EW05-V.0'),(5005,'product_id=201','Display-laptop-13.3-LP133WX2-LG2 '),(2707,'product_id=465','N156B6-L0B REV. C1-display-laptop-ieftin'),(2718,'product_id=316','Display-led-13.4-inch-N134B6-L04'),(2688,'product_id=207','display_laptop_14.0_inch-LP140WD1-TLA2'),(2689,'product_id=209','display-laptop-14.1-inch-B141PW03-V.0'),(2713,'product_id=219','display-laptop-15.6-inch'),(2702,'product_id=322','Display-laptop-LP154WP2-TLC1'),(2706,'product_id=214','display-laptop-dell-lenovo-15.4-inch'),(5310,'product_id=216','display-hap-15.6-inch'),(5032,'product_id=327','hd-Display-led-LTN156AT03'),(5043,'product_id=221','display-laptop-16.0-inch-LTN160AT06'),(2705,'product_id=385','Display_dell_lampa_15.4_inch-LTN154BT05'),(4553,'product_id=464','hd-Displey-led-displal-original-LP156WH4-TLA1'),(5170,'product_id=463','hd-Display-led-display-original-B156HW01-V.7'),(2942,'product_id=228','pipe-dell-inspiron-1564'),(2763,'product_id=229','Back-cover-Dell-Inspiron-N7010-YVTPC'),(2759,'product_id=230','back-cover-dell-latitude-e6400-0GN228'),(4658,'product_id=231','tastatura-toshiba-satellite-c650-l650-l670-NSK-TN0SC 1D'),(2815,'product_id=233','tastatura-toshiba-t230-NSK-TP0PC 01'),(4606,'product_id=235','tastatura-dell-studio-15-KFR-TM9-F138'),(2762,'product_id=236','Back-cover-Dell_Inspiron-N/M5030-GVDM9'),(4993,'product_id=980','Back_cover_bezel_balamale_dell_latitude_D620_D630_original_dell_silver'),(2027,'product_id=238','tastatura-asus-k50-k60-k70'),(2818,'product_id=239','tastatura-dell-vostro-1710-1720-MP-07A53U4-6982'),(4573,'product_id=979','Back_cover_dell_latitude_D620_D630_original'),(2813,'product_id=242','tastatura-dell-xps-1640-1647-NSK--DF014'),(5247,'product_id=244','Palm-rest-Dell-Latitude-D630-D756C'),(2746,'product_id=245','Palm-rest-Dell-Inspiron-5030-6P8X2'),(2757,'product_id=246','Palm-rest-Dell-Inspiron-1545-PTF49'),(2812,'product_id=247','tastatura-dell-latitude-xt2-PK84'),(2810,'product_id=248','tastatura-msi-u135'),(1314,'category_id=129','tastatura-hp'),(2817,'product_id=250','tastatura-hp-hdx-9000-MP-06703US-6930'),(4494,'product_id=812','Placa-baza-Acer-Aspire-9920G'),(2811,'product_id=252','tastatura-asus-eeepc-1008ha-9J.N1Q82.11-D'),(2772,'product_id=253','palmrest-dell-vostro-a860-J998H'),(3170,'product_id=476','incarcator-acer -Aspire-PA-1700-02_ADP-65JHP_DB'),(2773,'product_id=256','Palm-rest-Dell-Inspiron-N5040-N5050-M5040-4IPCS'),(2770,'product_id=257','back-cover-dell-latitude-e6510'),(1328,'category_id=130','lvds-lenovo'),(2915,'product_id=259','lvds-lenovo-x200'),(2951,'product_id=264','Cooler-laptop-MSI-EX610'),(2948,'product_id=265','Cooler-laptop-MSI-GX620'),(5293,'product_id=266','Cooler-laptop-MSI-EX630'),(2954,'product_id=267','Cooler-laptop-MSI-EX600'),(2945,'product_id=268','Cooler-laptop-MSI-PR601'),(2950,'product_id=269','Cooler-laptop-MSI-EX400'),(5009,'product_id=270','Cooler-laptop-MSI-CX500'),(5226,'product_id=271','Cooler-laptop-MSI-VR630'),(4299,'product_id=272','Cooler-laptop-MSI-EX620'),(2940,'product_id=275','Baterie-laptop-Dell-D620/D630'),(2939,'product_id=276','Baterie-laptop-Dell-E6410'),(2953,'product_id=277','Cooler-Dell-Latitude-D620'),(1399,'category_id=131','Display-17-inch'),(1400,'category_id=132','Display-17.3-inch'),(4252,'product_id=280','Display-17-inch-B170PW06-V.3'),(5172,'product_id=281','Display-17-inch-LTN170CT07'),(5086,'product_id=284','alimentator_asus_ADP-45THP_A'),(5303,'product_id=285','alimentator_asus_ADP-65JHP_DB'),(5201,'product_id=287','ALIMENTATOR_ASUS_PA-1151-02TC'),(2660,'product_id=310','Display-laptop-10.1-B101EW05 V.1'),(5015,'product_id=460','macbook-air-11.6-inch-display-B116XW05-V.0'),(4593,'product_id=312','Display-Apple-led-13.3-inch-B133EW03-v1'),(2683,'product_id=313','Display-led-11.6-inch-hd-B140RW01'),(2717,'product_id=203','Display-laptop-13.4-N134B6-L02'),(3029,'product_id=317','Display-led-14.1-inch-LP141WX3-TLN4'),(4610,'product_id=319','Display_HannStar_10.0_inch-HSD100IFW1'),(4218,'product_id=326','Display_ccfl_18.4_inch-LTN184KT01'),(2665,'product_id=389','ecran-laptop-10.1-inch-B101AW02-V.3'),(2711,'product_id=387','display-laptop-15.6-inch-B156XW02-V.2'),(2726,'product_id=331','Display-original-sony-LQ164D1LD4A'),(2672,'product_id=335','Display-laptop-12.5-LP125WH2-TLE1-B125XW02-V.0'),(4577,'product_id=194','Display-laptop-11.6-B116XW03 V.0'),(5299,'product_id=118','Back_cover_laptop_MSI_CR610_CX600_CR610_CX623_CX620  '),(2785,'product_id=80','Back-cover-laptop-Asus_k50-13GNVK1AP010-F'),(2758,'product_id=342','Back-cover-Dell-Latitude-E6500-0H021P'),(3941,'product_id=343','LP133WP1 (TJ)(A3)_apple_macbook_air'),(5311,'product_id=69','incarcator-acer-PA-1700-02_ADP-65JHP_DB'),(5292,'product_id=299','adapter_apple_macbook_pro_air_alimentator_incarcator'),(5162,'product_id=288','alimentator_original_TOSHIBA_PA-1181-02_180W_incarcator_adapter_'),(5098,'product_id=289','alimentator_original_DELL_PA-3E_incarcator_adapter'),(5151,'product_id=290','alimentator_original_DELL_PA-15_Incarcator_adapter_150W'),(4620,'product_id=291','alimentator_original_DELL_PA-1300-04_incarcator_adapter'),(5120,'product_id=301','alimentator_original_delta_ADP-36EHP_A_adapter_incarcator'),(4971,'product_id=302','ADP-180EB_Delta_alimentator_original_adapter_asus_universal_180W'),(5298,'product_id=344','Alimentator_HP_19V_4.74A_90W_incarcator_PAVILION_DV5_DV6_DV7_COMPAQ_CQ60_CQ61_CQ61_ADAPTER HP_PA-1900-08H2 original'),(5104,'product_id=293','Alimentator_HP_19V_4.74A_90W_incarcator_PAVILION_DV5_DV6_DV7_COMPAQ_CQ60_CQ61_CQ61_ADAPTER HP_PA-1900-08H2_PPP016HP'),(5221,'product_id=294','ADP-40VHP_B_alimentator_original_hp_40W_HP_MINI_COMPAQ MINI'),(5204,'product_id=295','Alimentator_original_lenovo_IBM_Thinkpad_Ideapad_PA-1650'),(5215,'product_id=296','lenovo_alimentator_original_PA-1650-56LC'),(5304,'product_id=303','Alimentator_incarcator_original_samsung_SADP-90FHP_B'),(5114,'product_id=297','Alimentator_original_sony_AC10V2'),(5282,'product_id=304','AC19V10_Alimentator_SONY_original'),(5116,'product_id=305','Alimentator_SONY_original_AC19V7'),(5093,'product_id=345','alimentator_original_TOSHIBA_180W_incarcator_adapter'),(5092,'product_id=346','Alimentator_TOSHIBA_PA3469E-1AC3_15V_5A_75W_Incarcator_adapter'),(5117,'product_id=348','AC19V10_Alimentator_SONY_original_VGP-AC16V8'),(5122,'product_id=349','Alimentator_FUJITSU_19V_4.22A_90W_original_ADP-80NB'),(5232,'product_id=351','Alimentator_HP_19V_4.74A_90W_incarcator_PAVILION_dv2000_DV6000_DV9000_PA-1900-08R1'),(5231,'product_id=352','Alimentator_HP_19V_3.5A_65W_incarcator_PAVILION_dv2000_DV6000_DV9000_PA-1900-08R1_PPP009H'),(5245,'product_id=353','Alimentator_LG_19V_4.74A_90W_Original_PA1900-08_adaptor_incarcator'),(5182,'product_id=354','Alimentator _TSHIBA_9V_.32A_20W _oiginal_PA3290E-3AC3'),(5134,'product_id=355','Alimentator_IBM_16V_3,5A_55W_Original_FRU_PN : 02K6813'),(5078,'product_id=356','incarcator asus EXA0901XH_asus_EXA0901XH_incarcator_EXA0901XH_AD_replacement'),(4244,'product_id=357','PA-1650-02HP_HP_ADAPTER_ALIMENTATOR_PAVILION_mufa_galbena'),(5131,'product_id=358','acer_PA-1700-02_incarcator_PA-1700-02_asus_PA-1700-02_ADP-65JHP_DB'),(5132,'product_id=359',' adaptor-Acer_PA-1900-04'),(5312,'product_id=360','Alimentator_HP_19V_4.74A_90W_incarcator_PAVILION_DV5_DV6_DV7_COMPAQ_CQ60_CQ61_CQ61_ADAPTER HP_PA-1900-08H2'),(2883,'product_id=361','acer_PA-1300-04 ACER, incarcator_PA-1300-04 ACER, alimentator_PA-1300-04 ACER'),(5084,'product_id=362','APD-45AWA'),(3926,'product_id=363','Display_LP101WS1-TLB3 _Display_LP101WS1-TLB3_LENOVO_10.1_inch_display_ieftin_ecran_10.1_inch'),(4326,'product_id=364','B101AW06 V.1_ACER_display_10.1_inch_display_ieftin_ecran_acer'),(2671,'product_id=367','Display-N121I3-L01'),(4925,'product_id=370','Display-led-13.3-inch-LP133WH1-TLA1'),(2737,'product_id=371','display_laptop_13.3_inch-LTN133AT01'),(4266,'product_id=372','Display-original-LTN141AT12-d'),(2687,'product_id=376','display_laptop_14.0_inch_LP140WD1'),(3043,'product_id=379','display-laptop-15.4-inch-LP154WP2-TLC2'),(5287,'product_id=381','display-laptop-15.4-inch-LTN154AT12'),(4100,'product_id=382','display-laptop-15.4-inch-LP154WU2-TLA2-311'),(2751,'product_id=134','back-cover-Dell-Inspiron-1545-N3G5P'),(4867,'product_id=388','Display-LP101WSA-TLA1'),(4294,'product_id=466','display-laptop-16.0-inch-LTN160HT01'),(3014,'product_id=390','1920X1080-WUXGA-FULL-HD-N184H4-L01-C1'),(3033,'product_id=391','Display-laptop10.1-N101L6-LOB'),(2832,'product_id=392','Memorie ram HNHIX 1GB'),(3007,'product_id=393','Memorie ram HNHIX 4GB'),(2984,'product_id=395','HDD TOSHIBA 320GB'),(3009,'product_id=396','Seagate Momentus ST9750420AS 750GB'),(4045,'product_id=397','WD Blue 640 GB Mobile Hard Drive'),(4207,'product_id=398','HDD TOSHIBA 640GB 7200 '),(2631,'product_id=399','BALAMALE LENOVO SL400'),(3032,'product_id=400','Balamale display HP'),(2241,'product_id=401','LVDS CABLE U100/90'),(4322,'product_id=402','LVDS CABLE U135/130'),(4312,'product_id=403','BRAKET MSI 17.3 INCH'),(4267,'product_id=404','BALAMALE 15.6 INCH'),(4313,'product_id=405','BALAMALE 15.6 INCH GX'),(3088,'product_id=406','BALAMALE 16 INCH '),(4276,'product_id=407','BALAMALE 17.3 INCH'),(2063,'product_id=433','INVERTOR DELL PRECISION E6500'),(2064,'product_id=434','INVERTOR DELL LAT E5400'),(2065,'product_id=435','DELL-VOSTRO-1720'),(2253,'product_id=436','PLACA VIDEO-D800/M90/M60'),(4260,'product_id=437','PLACA-VIDEO-dell-INSPIRON-6400'),(2645,'product_id=439','SISTEM-RACIRE-DELL-1525'),(2397,'product_id=440','MORHERBOARD DELL INSPIRON – 1545'),(2281,'product_id=444','P0690-A01-RACK-OPTIC-EXTERN'),(4816,'product_id=442','PLACA-VIDEO-DEL-NVIDIA-RACITOR-0YY634'),(2101,'category_id=139','placa_video'),(2102,'category_id=140','placa_de_baza'),(2103,'category_id=142','hard_disk'),(2104,'category_id=141','memorie_laptop'),(2268,'product_id=445','ldvs-led-16-inch'),(2145,'category_id=143','IBM_Lenovo'),(4314,'product_id=258','Hinge-balamale-ASUS-F3'),(4058,'product_id=292','alimentator_compatibil_hp'),(2655,'product_id=446',' B101EW05 V.4| B101EW05 '),(2296,'category_id=135','fujitsu_siemens'),(2297,'category_id=136','sony'),(2354,'category_id=137','mac_book'),(4237,'product_id=447','LED - LAMPA 15.6 INCH'),(4236,'product_id=448','LED - LAMPA 16 INCH'),(4262,'product_id=449','CONNECTOR LEFT - RIGHT 15.6 INCH'),(4235,'product_id=450','ADAPTOR LEFT - RIGHT 17.3 INCH '),(3052,'product_id=384','Display_dell_lampa_15.4_inch-LP154WP1-TLA3'),(3959,'product_id=456','HDD TOSHIBA 500GB '),(4050,'product_id=457','Memorie ram 4GB'),(4327,'product_id=458','RAM KINGSTON 1GB '),(4310,'product_id=459','TLDI15R_TASTATURA_NN5110'),(2355,'category_id=144','alimentator samsung'),(2729,'product_id=461','LTD121EXVV'),(2725,'product_id=462','DELL-E6220-HP-B125XW02 V.0-LP125WH2(TL)(E1)'),(4998,'product_id=380','display-laptop-15.4-inch-B154PW04-V.2'),(2696,'product_id=378','display-laptop-15.4-inch-B154PW04-V.3'),(5028,'product_id=377','display-laptop-14.0-inch-B140RW03-V.1'),(4970,'product_id=375','display-laptop-14.0-inch-B140XW01-V.8'),(2692,'product_id=374','Display-original-Dell-LTN141AT09'),(5198,'product_id=373','display-laptop-original-CLAA141WB11'),(2677,'product_id=369','Display-Dell-led-13.3-inch-LP133WX1-TLB1'),(2679,'product_id=368','Display-laptop-13.3-LP133WX2-TLG5 '),(2668,'product_id=366','Display-12.1inch-DELL-B121EW03-V.2'),(4874,'product_id=227','display-laptop-15.6-inch-HB156WX1-100'),(2700,'product_id=323','Display-Apple-original-LP154WP2-TLA1'),(5014,'product_id=218','display-dell-15.6-inch-LP156WH2'),(2698,'product_id=215','display-apple-15.4-inch-LP154WE3-TLB1'),(2691,'product_id=321','Display-led-14.1-inch-LP141WX5-TLN1'),(4592,'product_id=320','Display-CCFL-16.4-inch-LQ164M1LD4C'),(4647,'product_id=314','Display-Asus-led-12.1-inch-HSD121PHW1-A'),(2995,'product_id=279','Display-17.3-inch-B173RW01-V.0'),(2994,'product_id=278','Display-17.3-inch-LTN173KT01'),(2752,'product_id=138','Back-cover-Dell-Latitude-6400-0K802R'),(5246,'product_id=240','Bezel-Dell-Inspiron-1526-KY324'),(2754,'product_id=261','launch-pad-hinge-cover-F706H'),(2756,'product_id=243','Palm-rest-Dell-Studio-1537-Y348G'),(2767,'product_id=249','Palm-rest-Dell-Inspiron-N5110-DRHPC'),(2978,'product_id=141','Back-cover-Dell-Latitude-E6410-H61GF'),(4493,'product_id=813',' Acer-5738-09257'),(4256,'product_id=260','Bezel-Dell-Latitude-E6400-WT207'),(5019,'product_id=81','Back-cover-Asus-A52-13GNXM3AP010-1'),(2787,'product_id=124','back-cover_bezel_MSI_VR601_VR602-E2P-632A214-E0'),(5155,'product_id=122','Back_cover_MSI_GX630_bezel-E2P-651A513-Y31'),(2786,'product_id=94','bezel_cover_MSI_15.4inch-E2P-634B211-Y31'),(4331,'product_id=341','BEZEL17&quot;MSI-Bezel-display-MSI'),(3932,'product_id=121','bezel-MSI-EX600-VR600-VR601-M670-M673-EX610-E2P-684B211-U22'),(4301,'product_id=95','Tastatura-laptop-Dell-NSK-D9A1D'),(5076,'product_id=468','V110525AS'),(3059,'product_id=100','tastatura-dell-xps-m1330-m1420-K071425BS'),(2805,'product_id=101','tastatura-laptop-dell-latitude-V081325AK'),(3012,'product_id=110','tastatura-laptop-Dell-latitude-V082025AS'),(3086,'product_id=106','tastatura-dell-latitude-e4300-KFRTM9'),(3008,'product_id=107','tastatura-toshiba-satelite-a200-KFRSBA113A'),(5010,'product_id=71','tastatura-msi-MP-08C23U4-359-MP-08C23U4-359'),(4661,'product_id=234','tastatura-dell-vostro-V080925BS1'),(2819,'product_id=469','tastatura-asus-N53JN'),(3057,'product_id=163','Tastatura-laptop-Asus-NSK-UGP1D'),(3924,'product_id=394','HDD TOSHIBA 500GB 5400RPM'),(2823,'product_id=470','tastatura-msi-018UK'),(2981,'product_id=471','MSI-S271-S1100US020SA0'),(4967,'product_id=472','Dell Inspiron-15R-M5010-N5010-0NC4TX'),(2916,'product_id=473','E4300-M664D'),(4941,'product_id=86','Sistem-racirelaptop-Asus-13GNZS1AM010'),(3126,'product_id=481','incarcator-acer -PA-1700-02_ADP-65JHP_DB'),(3135,'product_id=482','incarcator-acer-PA-1700-02_ADP-65JHP_DB'),(3123,'product_id=483','incarcator-acer-PA-1700-02_ADP-65JHP_DB'),(3130,'product_id=484','incarcator-acer-PA-1700-02_ADP-65JHP_DB'),(3125,'product_id=485','incarcator-acer-PA-1700-02_ADP-65JHP_DB'),(3137,'product_id=486','incarcator-acer-PA-1700-02_ADP-65JHP_DB'),(3108,'product_id=487','incarcator-acer -Aspire-PA-1700-02_ADP-65JHP_DB'),(3139,'product_id=488','incarcator-acer -Aspire-PA-1700-02_ADP-65JHP_DB'),(3140,'product_id=489','incarcator-acer -Aspire-PA-1700-02_ADP-65JHP_DB'),(3131,'product_id=490','incarcator-acer -Aspire-PA-1700-02_ADP-65JHP_DB'),(3133,'product_id=491','incarcator-acer -Aspire-PA-1700-02_ADP-65JHP_DB'),(3142,'product_id=492','incarcator-acer -Aspire-PA-1700-02_ADP-65JHP_DB'),(3134,'product_id=493','incarcator-acer -Aspire-PA-1700-02_ADP-65JHP_DB'),(3141,'product_id=494','incarcator-acer -Aspire-PA-1700-02_ADP-65JHP_DB'),(3143,'product_id=495','incarcator-acer -Aspire-PA-1700-02_ADP-65JHP_DB'),(3144,'product_id=496','incarcator-acer -Aspire-PA-1700-02_ADP-65JHP_DB'),(3145,'product_id=497','incarcator-acer -Aspire-PA-1700-02_ADP-65JHP_DB'),(3146,'product_id=498','incarcator-acer -Aspire-PA-1700-02_ADP-65JHP_DB'),(3147,'product_id=499','incarcator-acer -Aspire-PA-1700-02_ADP-65JHP_DB'),(3148,'product_id=500','incarcator-acer -Aspire-PA-1700-02_ADP-65JHP_DB'),(3172,'product_id=501','incarcator-acer -Aspire-PA-1700-02_ADP-65JHP_DB'),(3152,'product_id=503','incarcator-acer -Aspire-PA-1700-02_ADP-65JHP_DB'),(3153,'product_id=504','incarcator-acer -Aspire-PA-1700-02_ADP-65JHP_DB'),(3154,'product_id=505','incarcator-acer -Aspire-PA-1700-02_ADP-65JHP_DB'),(3155,'product_id=506','incarcator-acer -Aspire-PA-1700-02_ADP-65JHP_DB'),(3156,'product_id=507','incarcator-acer -Aspire-PA-1700-02_ADP-65JHP_DB'),(3157,'product_id=508','incarcator-acer -Aspire-PA-1700-02_ADP-65JHP_DB'),(3158,'product_id=509','incarcator-acer -Aspire-PA-1700-02_ADP-65JHP_DB'),(3159,'product_id=510','incarcator-acer -Aspire-PA-1700-02_ADP-65JHP_DB'),(3160,'product_id=511','incarcator-acer -Aspire-PA-1700-02_ADP-65JHP_DB'),(3161,'product_id=512','incarcator-acer -Aspire-PA-1700-02_ADP-65JHP_DB'),(3162,'product_id=513','incarcator-acer -Aspire-PA-1700-02_ADP-65JHP_DB'),(3163,'product_id=514','incarcator-acer -Aspire-PA-1700-02_ADP-65JHP_DB'),(3164,'product_id=515','incarcator-acer -Aspire-PA-1700-02_ADP-65JHP_DB'),(3165,'product_id=516','incarcator-acer -Aspire-PA-1700-02_ADP-65JHP_DB'),(3166,'product_id=517','incarcator-acer -Aspire-PA-1700-02_ADP-65JHP_DB'),(3167,'product_id=518','incarcator-acer -Aspire-PA-1700-02_ADP-65JHP_DB'),(3173,'product_id=519','incarcator-acer -Aspire-PA-1700-02_ADP-65JHP_DB'),(3174,'product_id=520','incarcator-acer -Aspire-PA-1700-02_ADP-65JHP_DB'),(3175,'product_id=521','incarcator-acer -Aspire-PA-1700-02_ADP-65JHP_DB'),(3176,'product_id=522','incarcator-acer -Aspire-PA-1700-02_ADP-65JHP_DB'),(3177,'product_id=523','incarcator-acer -Aspire-PA-1700-02_ADP-65JHP_DB'),(3178,'product_id=524','incarcator-acer -Aspire-PA-1700-02_ADP-65JHP_DB'),(3898,'product_id=525','incarcator-acer -Aspire-PA-1700-02_ADP-65JHP_DB'),(3180,'product_id=526','incarcator-acer -Aspire-PA-1700-02_ADP-65JHP_DB'),(3181,'product_id=527','incarcator-acer -Aspire-PA-1700-02_ADP-65JHP_DB'),(3182,'product_id=528','incarcator-acer -Aspire-PA-1700-02_ADP-65JHP_DB'),(3183,'product_id=529','incarcator-acer -Aspire-PA-1700-02_ADP-65JHP_DB'),(3184,'product_id=530','incarcator-acer -Aspire-PA-1700-02_ADP-65JHP_DB'),(3185,'product_id=531','incarcator-acer -Aspire-PA-1700-02_ADP-65JHP_DB'),(3186,'product_id=532','incarcator-acer -Aspire-PA-1700-02_ADP-65JHP_DB'),(3187,'product_id=533','incarcator-acer -Aspire-PA-1700-02_ADP-65JHP_DB'),(3188,'product_id=534','incarcator-acer -Aspire-PA-1700-02_ADP-65JHP_DB'),(3189,'product_id=535','incarcator-acer -Aspire-PA-1700-02_ADP-65JHP_DB'),(3190,'product_id=536','incarcator-acer -Aspire-PA-1700-02_ADP-65JHP_DB'),(3191,'product_id=537','incarcator-acer -Aspire-PA-1700-02_ADP-65JHP_DB'),(3192,'product_id=538','incarcator-acer -Aspire-PA-1700-02_ADP-65JHP_DB'),(3193,'product_id=539','incarcator-acer -Aspire-PA-1700-02_ADP-65JHP_DB'),(3194,'product_id=540','incarcator-acer -Aspire-PA-1700-02_ADP-65JHP_DB'),(3195,'product_id=541','incarcator-acer -Aspire-PA-1700-02_ADP-65JHP_DB'),(3196,'product_id=542','incarcator-acer -Aspire-PA-1700-02_ADP-65JHP_DB'),(3197,'product_id=543','incarcator-acer -Aspire-PA-1700-02_ADP-65JHP_DB'),(3198,'product_id=544','incarcator-acer -Aspire-PA-1700-02_ADP-65JHP_DB'),(3199,'product_id=545','incarcator-acer -Aspire-PA-1700-02_ADP-65JHP_DB'),(3200,'product_id=546','incarcator-acer -Aspire-PA-1700-02_ADP-65JHP_DB'),(3875,'product_id=547','incarcator-acer -Aspire-PA-1700-02_ADP-65JHP_DB'),(3202,'product_id=548','incarcator-acer -Aspire-PA-1700-02_ADP-65JHP_DB'),(3203,'product_id=549','incarcator-acer -Aspire-PA-1700-02_ADP-65JHP_DB'),(3204,'product_id=550','incarcator-acer -Aspire-PA-1700-02_ADP-65JHP_DB'),(3205,'product_id=551','incarcator-acer -Aspire-PA-1700-02_ADP-65JHP_DB'),(3206,'product_id=552','incarcator-acer -Aspire-PA-1700-02_ADP-65JHP_DB'),(3207,'product_id=553','incarcator-acer -Aspire-PA-1700-02_ADP-65JHP_DB'),(3208,'product_id=554','incarcator-acer -Aspire-PA-1700-02_ADP-65JHP_DB'),(3209,'product_id=555','incarcator-acer -Aspire-PA-1700-02_ADP-65JHP_DB'),(3210,'product_id=556','incarcator-acer -Aspire-PA-1700-02_ADP-65JHP_DB'),(3211,'product_id=557','incarcator-acer -Aspire-PA-1700-02_ADP-65JHP_DB'),(3212,'product_id=558','incarcator-acer -Aspire-PA-1700-02_ADP-65JHP_DB'),(3213,'product_id=559','incarcator-acer -Aspire-PA-1700-02_ADP-65JHP_DB'),(3214,'product_id=560','incarcator-acer -Aspire-PA-1700-02_ADP-65JHP_DB'),(3215,'product_id=561','incarcator-acer -Aspire-PA-1700-02_ADP-65JHP_DB'),(3216,'product_id=562','incarcator-acer -Aspire-PA-1700-02_ADP-65JHP_DB'),(3217,'product_id=563','incarcator-acer -Aspire-PA-1700-02_ADP-65JHP_DB'),(3218,'product_id=564','incarcator-acer -Aspire-PA-1700-02_ADP-65JHP_DB'),(3219,'product_id=565','incarcator-acer -Aspire-PA-1700-02_ADP-65JHP_DB'),(3220,'product_id=566','incarcator-acer -Aspire-PA-1700-02_ADP-65JHP_DB'),(3221,'product_id=567','incarcator-acer -Extensa-PA-1700-02_ADP-65JHP_DB'),(3222,'product_id=568','incarcator-acer -Extensa-PA-1700-02_ADP-65JHP_DB'),(3223,'product_id=569','incarcator-acer -Extensa-PA-1700-02_ADP-65JHP_DB'),(3224,'product_id=570','incarcator-acer -Extensa-PA-1700-02_ADP-65JHP_DB'),(3683,'product_id=571','incarcator-acer-TravelMate -PA-1700-02_ADP-65JHP_DB'),(3684,'product_id=572','incarcator-acer-TravelMate -PA-1700-02_ADP-65JHP_DB'),(3685,'product_id=573','incarcator-acer-TravelMate -PA-1700-02_ADP-65JHP_DB'),(3686,'product_id=574','incarcator-acer-TravelMate -PA-1700-02_ADP-65JHP_DB'),(3687,'product_id=575','incarcator-acer-TravelMate -PA-1700-02_ADP-65JHP_DB'),(3688,'product_id=576','incarcator-acer TravelMate -PA-1700-02_ADP-65JHP_DB'),(3689,'product_id=577','incarcator-acer-TravelMate -PA-1700-02_ADP-65JHP_DB'),(3690,'product_id=578','incarcator-acer-TravelMate -PA-1700-02_ADP-65JHP_DB'),(3691,'product_id=579','incarcator-acer-TravelMate -PA-1700-02_ADP-65JHP_DB'),(3692,'product_id=580','incarcator-acer-TravelMate -PA-1700-02_ADP-65JHP_DB'),(3693,'product_id=581','incarcator-acer-TravelMate -PA-1700-02_ADP-65JHP_DB'),(3694,'product_id=582','incarcator-acer-TravelMate -PA-1700-02_ADP-65JHP_DB'),(3695,'product_id=583','incarcator-acer-TravelMate -PA-1700-02_ADP-65JHP_DB'),(3696,'product_id=584','incarcator-acer-TravelMate -PA-1700-02_ADP-65JHP_DB'),(3665,'product_id=585','incarcator-acer-TravelMate -PA-1700-02_ADP-65JHP_DB'),(3666,'product_id=586','incarcator-acer-TravelMate -PA-1700-02_ADP-65JHP_DB'),(3667,'product_id=587','incarcator-acer-TravelMate -PA-1700-02_ADP-65JHP_DB'),(3668,'product_id=588','incarcator-acer-TravelMate -PA-1700-02_ADP-65JHP_DB'),(3669,'product_id=589','incarcator-acer-TravelMate -PA-1700-02_ADP-65JHP_DB'),(3670,'product_id=590','incarcator-acer-TravelMate -PA-1700-02_ADP-65JHP_DB'),(3671,'product_id=591','incarcator-acer-TravelMate -PA-1700-02_ADP-65JHP_DB'),(3672,'product_id=592','incarcator-acer-TravelMate -PA-1700-02_ADP-65JHP_DB'),(3673,'product_id=593','incarcator-acer-TravelMate -PA-1700-02_ADP-65JHP_DB'),(3674,'product_id=594','incarcator-acer-TravelMate -PA-1700-02_ADP-65JHP_DB'),(3675,'product_id=595','incarcator-acer-TravelMate -PA-1700-02_ADP-65JHP_DB'),(3676,'product_id=596','incarcator-acer-TravelMate -PA-1700-02_ADP-65JHP_DB'),(3677,'product_id=597','incarcator-acer-TravelMate -PA-1700-02_ADP-65JHP_DB'),(3678,'product_id=598','incarcator-acer-TravelMate -PA-1700-02_ADP-65JHP_DB'),(3679,'product_id=599','incarcator-acer-TravelMate -PA-1700-02_ADP-65JHP_DB'),(3680,'product_id=600','incarcator-acer-TravelMate -PA-1700-02_ADP-65JHP_DB'),(3681,'product_id=601','incarcator-acer-TravelMate -PA-1700-02_ADP-65JHP_DB'),(3682,'product_id=602','incarcator-acer-TravelMate -PA-1700-02_ADP-65JHP_DB'),(3697,'product_id=603','incarcator-acer-TravelMate -PA-1700-02_ADP-65JHP_DB'),(3698,'product_id=604','incarcator-acer-TravelMate -PA-1700-02_ADP-65JHP_DB'),(3699,'product_id=605','incarcator-acer-TravelMate -PA-1700-02_ADP-65JHP_DB'),(3700,'product_id=606','incarcator-acer-TravelMate -PA-1700-02_ADP-65JHP_DB'),(3701,'product_id=607','incarcator-acer-TravelMate -PA-1700-02_ADP-65JHP_DB'),(3702,'product_id=608','incarcator-acer-TravelMate -PA-1700-02_ADP-65JHP_DB'),(3703,'product_id=609','incarcator-acer-TravelMate -PA-1700-02_ADP-65JHP_DB'),(3704,'product_id=610','incarcator-acer-TravelMate -PA-1700-02_ADP-65JHP_DB'),(3705,'product_id=611','incarcator-acer-TravelMate -PA-1700-02_ADP-65JHP_DB'),(3706,'product_id=612','incarcator-acer-TravelMate -PA-1700-02_ADP-65JHP_DB'),(3707,'product_id=613','incarcator-acer-TravelMate -PA-1700-02_ADP-65JHP_DB'),(3708,'product_id=614','incarcator-acer-TravelMate -PA-1700-02_ADP-65JHP_DB'),(3709,'product_id=615','incarcator-acer-TravelMate -PA-1700-02_ADP-65JHP_DB'),(3710,'product_id=616','incarcator-acer TravelMate -PA-1700-02_ADP-65JHP_DB'),(3711,'product_id=617','incarcator-acer-TravelMate -PA-1700-02_ADP-65JHP_DB'),(3712,'product_id=618','incarcator-acer-TravelMate -PA-1700-02_ADP-65JHP_DB'),(3713,'product_id=619','incarcator-acer-TravelMate -PA-1700-02_ADP-65JHP_DB'),(3714,'product_id=620','incarcator-acer-TravelMate -PA-1700-02_ADP-65JHP_DB'),(3715,'product_id=621','incarcator-acer-TravelMate -PA-1700-02_ADP-65JHP_DB'),(3716,'product_id=622','incarcator-acer-TravelMate -PA-1700-02_ADP-65JHP_DB'),(3717,'product_id=623','incarcator-acer-TravelMate -PA-1700-02_ADP-65JHP_DB'),(3718,'product_id=624','incarcator-acer-TravelMate -PA-1700-02_ADP-65JHP_DB'),(3719,'product_id=625','incarcator-acer-TravelMate -PA-1700-02_ADP-65JHP_DB'),(3720,'product_id=626','incarcator-acer-TravelMate -PA-1700-02_ADP-65JHP_DB'),(3721,'product_id=627','incarcator-acer-TravelMate -PA-1700-02_ADP-65JHP_DB'),(3722,'product_id=628','incarcator-acer-TravelMate -PA-1700-02_ADP-65JHP_DB'),(3723,'product_id=629','incarcator-acer-TravelMate -PA-1700-02_ADP-65JHP_DB'),(3724,'product_id=630','incarcator-acer-TravelMate -PA-1700-02_ADP-65JHP_DB'),(3725,'product_id=631','incarcator-acer-TravelMate -PA-1700-02_ADP-65JHP_DB'),(3726,'product_id=632','incarcator-acer-TravelMate -PA-1700-02_ADP-65JHP_DB'),(3727,'product_id=633','incarcator-acer-TravelMate -PA-1700-02_ADP-65JHP_DB'),(3728,'product_id=634','incarcator-acer-TravelMate -PA-1700-02_ADP-65JHP_DB'),(3729,'product_id=635','incarcator-acer-TravelMate -PA-1700-02_ADP-65JHP_DB'),(3730,'product_id=636','incarcator-acer-TravelMate -PA-1700-02_ADP-65JHP_DB'),(3731,'product_id=637','incarcator-acer-TravelMate -PA-1700-02_ADP-65JHP_DB'),(3732,'product_id=638','incarcator-acer-TravelMate -PA-1700-02_ADP-65JHP_DB'),(3733,'product_id=639','incarcator-acer-TravelMate -PA-1700-02_ADP-65JHP_DB'),(3734,'product_id=640','incarcator-acer-TravelMate -PA-1700-02_ADP-65JHP_DB'),(3735,'product_id=641','incarcator-acer-TravelMate -PA-1700-02_ADP-65JHP_DB'),(3736,'product_id=642','incarcator-acer-TravelMate -PA-1700-02_ADP-65JHP_DB'),(3737,'product_id=643','incarcator-acer-TravelMate -PA-1700-02_ADP-65JHP_DB'),(3738,'product_id=644','incarcator-acer-TravelMate -PA-1700-02_ADP-65JHP_DB'),(3739,'product_id=645','incarcator-acer-TravelMate -PA-1700-02_ADP-65JHP_DB'),(3740,'product_id=646','incarcator-acer-TravelMate -PA-1700-02_ADP-65JHP_DB'),(3741,'product_id=647','incarcator-acer-TravelMate -PA-1700-02_ADP-65JHP_DB'),(3742,'product_id=648','incarcator-acer-TravelMate -PA-1700-02_ADP-65JHP_DB'),(3743,'product_id=649','incarcator-acer-TravelMate -PA-1700-02_ADP-65JHP_DB'),(3744,'product_id=650','incarcator-acer-TravelMate -PA-1700-02_ADP-65JHP_DB'),(3745,'product_id=651','incarcator-acer-TravelMate -PA-1700-02_ADP-65JHP_DB'),(3746,'product_id=652','incarcator-acer-TravelMate -PA-1700-02_ADP-65JHP_DB'),(3747,'product_id=653','incarcator-acer-TravelMate -PA-1700-02_ADP-65JHP_DB'),(3749,'product_id=654','incarcator-acer-TravelMate -PA-1700-02_ADP-65JHP_DB'),(3750,'product_id=655','incarcator-acer-TravelMate -PA-1700-02_ADP-65JHP_DB'),(3751,'product_id=656','incarcator-acer-TravelMate -PA-1700-02_ADP-65JHP_DB'),(3752,'product_id=657','incarcator-acer-TravelMate -PA-1700-02_ADP-65JHP_DB'),(3753,'product_id=658','incarcator-acer TravelMate -PA-1700-02_ADP-65JHP_DB'),(3754,'product_id=659','incarcator-acer-TravelMate -PA-1700-02_ADP-65JHP_DB'),(3755,'product_id=660','incarcator-acer-TravelMate -PA-1700-02_ADP-65JHP_DB'),(3756,'product_id=661','incarcator-acer-TravelMate -PA-1700-02_ADP-65JHP_DB'),(3757,'product_id=662','incarcator-acer-TravelMate -PA-1700-02_ADP-65JHP_DB'),(3758,'product_id=663','incarcator-acer-TravelMate -PA-1700-02_ADP-65JHP_DB'),(3759,'product_id=664','incarcator-acer-TravelMate -PA-1700-02_ADP-65JHP_DB'),(3760,'product_id=665','incarcator-acer-TravelMate -PA-1700-02_ADP-65JHP_DB'),(3905,'product_id=666','incarcator-acer-TravelMate -PA-1700-02_ADP-65JHP_DB'),(3762,'product_id=667','incarcator-acer-TravelMate -PA-1700-02_ADP-65JHP_DB'),(3763,'product_id=668','incarcator-acer-TravelMate -PA-1700-02_ADP-65JHP_DB'),(3764,'product_id=669','incarcator-acer-TravelMate -PA-1700-02_ADP-65JHP_DB'),(3765,'product_id=670','incarcator-acer-TravelMate -PA-1700-02_ADP-65JHP_DB'),(3766,'product_id=671','incarcator-acer-TravelMate -PA-1700-02_ADP-65JHP_DB'),(3767,'product_id=672','incarcator-acer-TravelMate -PA-1700-02_ADP-65JHP_DB'),(3768,'product_id=673','incarcator-acer-TravelMate -PA-1700-02_ADP-65JHP_DB'),(3769,'product_id=674','incarcator-acer-TravelMate -PA-1700-02_ADP-65JHP_DB'),(3770,'product_id=675','incarcator-acer-TravelMate -PA-1700-02_ADP-65JHP_DB'),(3771,'product_id=676','incarcator-acer-TravelMate -PA-1700-02_ADP-65JHP_DB'),(3774,'product_id=677','incarcator-acer-TravelMate -PA-1700-02_ADP-65JHP_DB'),(3772,'product_id=678','incarcator-acer-TravelMate -PA-1700-02_ADP-65JHP_DB'),(3773,'product_id=679','incarcator-acer-TravelMate -PA-1700-02_ADP-65JHP_DB'),(3775,'product_id=680','incarcator-acer-TravelMate -PA-1700-02_ADP-65JHP_DB'),(3776,'product_id=681','incarcator-acer-TravelMate -PA-1700-02_ADP-65JHP_DB'),(3777,'product_id=682','incarcator-acer-TravelMate -PA-1700-02_ADP-65JHP_DB'),(3778,'product_id=683','incarcator-acer-TravelMate -PA-1700-02_ADP-65JHP_DB'),(3779,'product_id=684','incarcator-acer-TravelMate -PA-1700-02_ADP-65JHP_DB'),(3780,'product_id=685','incarcator-acer-TravelMate -PA-1700-02_ADP-65JHP_DB'),(3781,'product_id=686','incarcator-acer-TravelMate -PA-1700-02_ADP-65JHP_DB'),(3782,'product_id=687','incarcator-acer-TravelMate -PA-1700-02_ADP-65JHP_DB'),(3783,'product_id=688','incarcator-acer-TravelMate -PA-1700-02_ADP-65JHP_DB'),(3784,'product_id=689','incarcator-acer-TravelMate -PA-1700-02_ADP-65JHP_DB'),(3785,'product_id=690','incarcator-acer-TravelMate -PA-1700-02_ADP-65JHP_DB'),(3786,'product_id=691','incarcator-acer-TravelMate -PA-1700-02_ADP-65JHP_DB'),(3787,'product_id=692','incarcator-acer-TravelMate -PA-1700-02_ADP-65JHP_DB'),(3788,'product_id=693','incarcator-acer-TravelMate -PA-1700-02_ADP-65JHP_DB'),(3789,'product_id=694','incarcator-acer-TravelMate -PA-1700-02_ADP-65JHP_DB'),(3790,'product_id=695','incarcator-acer-TravelMate -PA-1700-02_ADP-65JHP_DB'),(3791,'product_id=696','incarcator-acer-TravelMate -PA-1700-02_ADP-65JHP_DB'),(3792,'product_id=697','incarcator-acer-TravelMate -PA-1700-02_ADP-65JHP_DB'),(3793,'product_id=698','incarcator-acer-TravelMate -PA-1700-02_ADP-65JHP_DB'),(3794,'product_id=699','incarcator-acer-TravelMate -PA-1700-02_ADP-65JHP_DB'),(3795,'product_id=700','incarcator-acer-TravelMate -PA-1700-02_ADP-65JHP_DB'),(3796,'product_id=701','incarcator-acer-TravelMate -PA-1700-02_ADP-65JHP_DB'),(3797,'product_id=702','incarcator-acer-TravelMate -PA-1700-02_ADP-65JHP_DB'),(3798,'product_id=703','incarcator-acer-TravelMate -PA-1700-02_ADP-65JHP_DB'),(3799,'product_id=704','incarcator-acer-TravelMate -PA-1700-02_ADP-65JHP_DB'),(3800,'product_id=705','incarcator-acer-TravelMate -PA-1700-02_ADP-65JHP_DB'),(3801,'product_id=706','incarcator-acer-TravelMate -PA-1700-02_ADP-65JHP_DB'),(3802,'product_id=707','incarcator-acer-TravelMate -PA-1700-02_ADP-65JHP_DB'),(3803,'product_id=708','incarcator-acer-TravelMate -PA-1700-02_ADP-65JHP_DB'),(3804,'product_id=709','incarcator-acer-TravelMate -PA-1700-02_ADP-65JHP_DB'),(3805,'product_id=710','incarcator-acer-TravelMate -PA-1700-02_ADP-65JHP_DB'),(3806,'product_id=711','incarcator-acer-TravelMate -PA-1700-02_ADP-65JHP_DB'),(3807,'product_id=712','incarcator-acer-TravelMate -PA-1700-02_ADP-65JHP_DB'),(3808,'product_id=713','incarcator-acer TravelMate -PA-1700-02_ADP-65JHP_DB'),(3809,'product_id=714','incarcator-acer-TravelMate -PA-1700-02_ADP-65JHP_DB'),(5216,'product_id=298','incarcator-acer-PA-1700_ADP-65JHP_DB'),(3810,'product_id=715','incarcator-acer-TravelMate -PA-1700-02_ADP-65JHP_DB'),(3874,'product_id=716','incarcator-acer-TravelMate -PA-1700-02_ADP-65JHP_DB'),(3812,'product_id=717','incarcator-acer-TravelMate -PA-1700-02_ADP-65JHP_DB'),(3813,'product_id=718','incarcator-acer-TravelMate -PA-1700-02_ADP-65JHP_DB'),(3814,'product_id=719','incarcator-acer-TravelMate -PA-1700-02_ADP-65JHP_DB'),(3815,'product_id=720','incarcator-acer-TravelMate -PA-1700-02_ADP-65JHP_DB'),(3816,'product_id=721','incarcator-acer-TravelMate -PA-1700-02_ADP-65JHP_DB'),(3817,'product_id=722','incarcator-acer-TravelMate -PA-1700-02_ADP-65JHP_DB'),(3818,'product_id=723','incarcator-acer-TravelMate -PA-1700-02_ADP-65JHP_DB'),(3819,'product_id=724','incarcator-acer-TravelMate -PA-1700-02_ADP-65JHP_DB'),(3820,'product_id=725','incarcator-acer-TravelMate -PA-1700-02_ADP-65JHP_DB'),(3821,'product_id=726','incarcator-acer-TravelMate -PA-1700-02_ADP-65JHP_DB'),(3822,'product_id=727','incarcator-acer-TravelMate -PA-1700-02_ADP-65JHP_DB'),(3823,'product_id=728','incarcator-acer-TravelMate -PA-1700-02_ADP-65JHP_DB'),(3824,'product_id=729','incarcator-acer-TravelMate -PA-1700-02_ADP-65JHP_DB'),(3825,'product_id=730','incarcator-acer-TravelMate -PA-1700-02_ADP-65JHP_DB'),(3826,'product_id=731','incarcator-acer-TravelMate -PA-1700-02_ADP-65JHP_DB'),(3827,'product_id=732','incarcator-acer-TravelMate -PA-1700-02_ADP-65JHP_DB'),(3828,'product_id=733','incarcator-acer-TravelMate -PA-1700-02_ADP-65JHP_DB'),(3829,'product_id=734','incarcator-acer-TravelMate -PA-1700-02_ADP-65JHP_DB'),(3830,'product_id=735','incarcator-acer-TravelMate -PA-1700-02_ADP-65JHP_DB'),(3831,'product_id=736','incarcator-acer-TravelMate -PA-1700-02_ADP-65JHP_DB'),(3832,'product_id=737','incarcator-acer-TravelMate -PA-1700-02_ADP-65JHP_DB'),(3833,'product_id=738','incarcator-acer-TravelMate -PA-1700-02_ADP-65JHP_DB'),(3834,'product_id=739','incarcator-acer-TravelMate -PA-1700-02_ADP-65JHP_DB'),(3835,'product_id=740','incarcator-acer-TravelMate -PA-1700-02_ADP-65JHP_DB'),(3836,'product_id=741','incarcator-acer-TravelMate -PA-1700-02_ADP-65JHP_DB'),(3837,'product_id=742','incarcator-acer-TravelMate -PA-1700-02_ADP-65JHP_DB'),(3838,'product_id=743','incarcator-acer-TravelMate -PA-1700-02_ADP-65JHP_DB'),(3839,'product_id=744','incarcator-acer-TravelMate -PA-1700-02_ADP-65JHP_DB'),(3840,'product_id=745','incarcator-acer-TravelMate -PA-1700-02_ADP-65JHP_DB'),(3841,'product_id=746','incarcator-acer-TravelMate -PA-1700-02_ADP-65JHP_DB'),(3842,'product_id=747','incarcator-acer-TravelMate -PA-1700-02_ADP-65JHP_DB'),(3843,'product_id=748','incarcator-acer-TravelMate -PA-1700-02_ADP-65JHP_DB'),(3844,'product_id=749','incarcator-acer-TravelMate -PA-1700-02_ADP-65JHP_DB'),(3845,'product_id=750','incarcator-acer-TravelMate -PA-1700-02_ADP-65JHP_DB'),(3846,'product_id=751','incarcator-acer-TravelMate -PA-1700-02_ADP-65JHP_DB'),(3847,'product_id=752','incarcator-acer-TravelMate -PA-1700-02_ADP-65JHP_DB'),(3848,'product_id=753','incarcator-acer-TravelMate -PA-1700-02_ADP-65JHP_DB'),(3849,'product_id=754','incarcator-acer-TravelMate -PA-1700-02_ADP-65JHP_DB'),(3850,'product_id=755','incarcator-acer-TravelMate -PA-1700-02_ADP-65JHP_DB'),(3851,'product_id=756','incarcator-acer-TravelMate -PA-1700-02_ADP-65JHP_DB'),(3901,'product_id=757','incarcator-acer-TravelMate -PA-1700-02_ADP-65JHP_DB'),(3852,'product_id=758','incarcator-acer-TravelMate -PA-1700-02_ADP-65JHP_DB'),(3853,'product_id=759','incarcator-acer-TravelMate -PA-1700-02_ADP-65JHP_DB'),(3854,'product_id=760','incarcator-acer-TravelMate -PA-1700-02_ADP-65JHP_DB'),(3855,'product_id=761','incarcator-acer-TravelMate -PA-1700-02_ADP-65JHP_DB'),(3856,'product_id=762','incarcator-acer-TravelMate -PA-1700-02_ADP-65JHP_DB'),(3857,'product_id=763','incarcator-acer-TravelMate -PA-1700-02_ADP-65JHP_DB'),(3902,'product_id=764','incarcator-acer-TravelMate -PA-1700-02_ADP-65JHP_DB'),(3859,'product_id=765','incarcator-acer-TravelMate -PA-1700-02_ADP-65JHP_DB'),(3903,'product_id=766','incarcator-acer-TravelMate -PA-1700-02_ADP-65JHP_DB'),(3861,'product_id=767','incarcator-acer-TravelMate -PA-1700-02_ADP-65JHP_DB'),(3862,'product_id=768','incarcator-acer-TravelMate -PA-1700-02_ADP-65JHP_DB'),(3863,'product_id=769','incarcator-acer-TravelMate -PA-1700-02_ADP-65JHP_DB'),(3864,'product_id=770','incarcator-acer-TravelMate -PA-1700-02_ADP-65JHP_DB'),(3865,'product_id=771','incarcator-acer-TravelMate -PA-1700-02_ADP-65JHP_DB'),(3866,'product_id=772','incarcator-acer-TravelMate -PA-1700-02_ADP-65JHP_DB'),(3867,'product_id=773','incarcator-acer-TravelMate -PA-1700-02_ADP-65JHP_DB'),(3868,'product_id=774','incarcator-acer-TravelMate -PA-1700-02_ADP-65JHP_DB'),(3904,'product_id=775','incarcator-acer-TravelMate -PA-1700-02_ADP-65JHP_DB'),(3870,'product_id=776','incarcator-acer-TravelMate -PA-1700-02_ADP-65JHP_DB'),(3871,'product_id=777','incarcator-acer-TravelMate -PA-1700-02_ADP-65JHP_DB'),(3872,'product_id=778','incarcator-acer-TravelMate -PA-1700-02_ADP-65JHP_DB'),(3873,'product_id=779','incarcator-acer-TravelMate -PA-1700-02_ADP-65JHP_DB'),(3876,'product_id=780','incarcator-acer-TravelMate -PA-1700-02_ADP-65JHP_DB'),(3878,'product_id=781','incarcator-acer-TravelMate -PA-1700-02_ADP-65JHP_DB'),(3879,'product_id=782','incarcator-acer-TravelMate -PA-1700-02_ADP-65JHP_DB'),(3880,'product_id=783','incarcator-acer-TravelMate -PA-1700-02_ADP-65JHP_DB'),(3881,'product_id=784','incarcator-acer-TravelMate -PA-1700-02_ADP-65JHP_DB'),(3882,'product_id=785','incarcator-acer-TravelMate -PA-1700-02_ADP-65JHP_DB'),(3883,'product_id=786','incarcator-acer-TravelMate -PA-1700-02_ADP-65JHP_DB'),(3884,'product_id=787','incarcator-acer-TravelMate -PA-1700-02_ADP-65JHP_DB'),(3885,'product_id=788','incarcator-acer-TravelMate -PA-1700-02_ADP-65JHP_DB'),(3886,'product_id=789','incarcator-acer-TravelMate -PA-1700-02_ADP-65JHP_DB'),(3887,'product_id=790','incarcator-acer-TravelMate -PA-1700-02_ADP-65JHP_DB'),(3888,'product_id=791','incarcator-acer-TravelMate -PA-1700-02_ADP-65JHP_DB'),(3889,'product_id=792','incarcator-acer-TravelMate -PA-1700-02_ADP-65JHP_DB'),(3890,'product_id=793','incarcator-acer-TravelMate -PA-1700-02_ADP-65JHP_DB'),(3891,'product_id=794','incarcator-acer-TravelMate -PA-1700-02_ADP-65JHP_DB'),(3892,'product_id=795','incarcator-acer-TravelMate -PA-1700-02_ADP-65JHP_DB'),(3893,'product_id=796','incarcator-acer-TravelMate -PA-1700-02_ADP-65JHP_DB'),(3900,'product_id=797','incarcator-acer-TravelMate -PA-1700-02_ADP-65JHP_DB'),(3895,'product_id=798','incarcator-acer-TravelMate -PA-1700-02_ADP-65JHP_DB'),(3896,'product_id=799','incarcator-acer-TravelMate -PA-1700-02_ADP-65JHP_DB'),(5002,'product_id=800','incarcator-acer-TravelMate -PA-1700-02_ADP-65JHP_DB'),(3906,'category_id=147','mufa-alimentare-laptop'),(3946,'product_id=801','Mufa-Alimentare-Sony-vaio-seria-VGN-FS-FE'),(3945,'product_id=802','Mufa-Alimentare-Sony-vaio-seria-VGN-AR-'),(3937,'product_id=803','Mufa-Alimentare-Sony-vaio-VGN-FW-M760'),(3938,'product_id=804','Mufa-Alimentare-Sony-vaio-VGN-FW-M763'),(3939,'product_id=805','Mufa-Alimentare-Sony-Vaio-seria-VGN-NR'),(3944,'product_id=806','Mufa-Alimentare-Sony-vaio-VGN-NW-series'),(3947,'product_id=807','Mufa-Alimentare-Sony-vaio-seria-VPCEA-M-960'),(3948,'product_id=808','Mufa-Alimentare-Sony-vaio-seria-VPCEB-M970'),(3949,'product_id=809','Mufa-Alimentare-Sony-vaio-seria-VPCEC'),(3950,'product_id=810','Mufa-Alimentare-Sony-vaio-seria- VGN-EE- DC '),(3951,'product_id=811','Mufa-Alimentare-Sony-vaio-seria- VPCF11-F12'),(3965,'category_id=148','dezmembrari-laptop-componente-sh'),(3967,'category_id=149','placa_de_baza_sh'),(4492,'product_id=814','Acer-Aspire,-2020-2010'),(4491,'product_id=815','Acer-TravelMate-5310-5320-5710-5720'),(4490,'product_id=816','Acer-TravelMate-3010-3020'),(4489,'product_id=817','Acer 5735- 5335 -5535'),(4488,'product_id=818','Samsung-Q310-Intel'),(4487,'product_id=819','Toshiba-PRO-A300-Intel-PM965'),(4486,'product_id=820','Packard-Bell-SB85'),(4485,'product_id=821','Packard-Bell-EasyNote-Xs20-001'),(4484,'product_id=822','IBM-T40'),(4483,'product_id=823','Acer-Aspire-5020 '),(4482,'product_id=824','Hp-Mini-1014'),(4481,'product_id=825','Hp-Mini-110'),(4480,'product_id=826','Compaq-Presario-C700-G7000'),(4479,'product_id=827','Fujitsu Simens-amilo-pro-v2030'),(4478,'product_id=828','Sony-M610'),(4477,'product_id=829','Hp-Compaq-71'),(4476,'product_id=830','Gateway-LT-311'),(4475,'product_id=831','MSI-GX-630'),(4474,'product_id=832','Toshiba-Qosmio-G20'),(4473,'product_id=833','Toshiba-Satelite-Pro-L20'),(4472,'product_id=834','HP-Compaq-NXG-6110'),(4471,'product_id=835','HP-Compaq-NX-6110'),(4470,'product_id=836','Medion-6379-MD-9820'),(4469,'product_id=837','HPC-6220'),(4468,'product_id=838','Hp-Pavilion-TX1000-TX-1200'),(4467,'product_id=839','Hp-Pavilion-DV6000-Intel'),(4466,'product_id=840','Hp-Pavilion-DV7-2100'),(4465,'product_id=841','Asus-F35A-F35C-F35g-F35V'),(4464,'product_id=842','Hp-Mini-2133'),(4463,'product_id=843','Hp-Pavilion-DV2000'),(4462,'product_id=844','IBM-T43'),(4461,'product_id=845','Toshiba-X200-P200'),(4460,'product_id=846','Acer-Aspire-E520'),(4459,'product_id=847','Acer-Aspire-59426'),(4458,'product_id=848','Hp Pavilion-DV6000-845-Intel '),(4457,'product_id=849','Hp Pavilion-DV6000-915-Intel'),(4456,'product_id=850','Hp-Pavilion-DV9000-845-Intel'),(4455,'product_id=851','Hp-Pavilion-DV9000-915-Intel'),(4454,'product_id=852','Hp-Pavilion-DV7300-Intel'),(4453,'product_id=853','Hp-Pavilion-DV7-AMD'),(4452,'product_id=854','Hp-NX-6120'),(4451,'product_id=855','LG-E500'),(4450,'product_id=856','Airis-N619'),(4449,'product_id=857','Hp-Medion-MD-97900'),(4448,'product_id=858','Hp-Medion-MD-96663'),(4447,'product_id=859','Acer-5735Z'),(4446,'product_id=860','Acer-Aspire-3000'),(4445,'product_id=861','Acer-Aspire-5235-5335-845'),(4444,'product_id=862','Hp-Pavilion-HDX-9000'),(4443,'product_id=863','Asus-X51RL'),(4442,'product_id=864','Asus-A7M'),(4441,'product_id=865','Asus-A8M'),(4440,'product_id=866','Hp-EliteBook-6930P'),(4439,'product_id=867','MSI-CX500-MS-1682'),(4438,'product_id=868','Hp-Compaq-NX-6325'),(4437,'product_id=869','Hp-Pavilion-DV7-AMD-845'),(4436,'product_id=870','Dell-Studio-1555'),(4435,'product_id=871','Dell-Inspiron-9400'),(4434,'product_id=872','Dell-Inspiron-6400'),(4433,'product_id=873','Dell-Inspiron-1526'),(4432,'product_id=874','Dell-Inspiron-1525'),(4431,'product_id=875','IBM-Lenovo-T405-T405I'),(4430,'product_id=876','IBM-ThinkPad-R52'),(4429,'product_id=877','IBM-Lenovo-T61'),(4428,'product_id=878','IBM-Lenovo-3000-N200'),(4427,'product_id=879','Gateway-NV78'),(4426,'product_id=880','Hp-Compaq-G60'),(4425,'product_id=881','Samsung-NP-N13-N270'),(4424,'product_id=882','Sony-Vaio -VPC-EA'),(4423,'product_id=883','Placa-baza-Samsung-945'),(4422,'product_id=884','Placa-baza-Packard-Bell-EasyNote-MV-46'),(4421,'product_id=885','Placa-baza-Toshiba-Qosmio-G30'),(4417,'product_id=886','Placa-baza-Gateway-MS-2252'),(4418,'product_id=887','Placa-baza-Gateway-NV59'),(4416,'product_id=888','Placa-baza-Medion-MD-97400'),(4420,'product_id=889','Medion-MD-96500'),(4419,'product_id=890','Placa-baza-Miria D154 '),(4415,'product_id=891','Acer-Extensa-5220'),(4414,'product_id=892','Placa-baza-MSI-730'),(4404,'product_id=893','Placa-baza-Packard-Bell-EasyNote-ML65'),(4403,'product_id=894','Placa-baza-Acer-Aspire-4330-4730-4735-4925-4930'),(4402,'product_id=895','Acer-TravelMate-6492'),(4401,'product_id=896','Acer-Aspire-5336-5736'),(4400,'product_id=897','Placa-baza-Toshiba-Satelite-Pro-PA10'),(4399,'product_id=898','Placa-baza-Toshiba-Satelite-M30'),(4398,'product_id=899','Placa-baza-Toshiba-Tecra-M3'),(4397,'product_id=900','Placa-baza-Acer-Aspire-AS-77367'),(4396,'product_id=901','Placa-baza-Hp-Compaq-Presario-CQ-60'),(4395,'product_id=902','Placa-baza-Toshiba-Tecra-A7-A100'),(4394,'product_id=903','Acer-Aspire-8942'),(4393,'product_id=904','Acer-9410'),(4392,'product_id=905','Placa-baza-Acer-Aspire-3610'),(4391,'product_id=906','Placa-baza-Acer-Aspire-2920'),(4390,'product_id=907','Placa-baza-Acer-5738-ZG'),(4389,'product_id=908','Placa-baza- Acer-Aspire-HBL-50'),(4388,'product_id=909','Placa-baza- Acer-Aspire-5520'),(4387,'product_id=910','Placa-baza-Acer-Aspire-5310'),(4386,'product_id=911','Placa-baza- Hp-Pavilion -TX 2'),(4385,'product_id=912','Placa-baza- Acer-TravelMate-8000-8005'),(4384,'product_id=913','Placa-baza- Acer-TravelMate-6410'),(4383,'product_id=914','Placa-baza- Acer-5100'),(4382,'product_id=915','Placa-baza- Acer-Aspire-5315'),(4381,'product_id=916','Placa-baza- Acer-TravelMate-6492G'),(4380,'product_id=917','Placa-baza- LG-P1'),(4379,'product_id=918','Placa-baza- Toshiba-Tecra-A6'),(4378,'product_id=919','Placa-baza- Hp-Compaq-NX-7300'),(4377,'product_id=920','Placa-baza- Hp-Compaq-NC-6220'),(4376,'product_id=921','Placa-baza- Hp-Pro-Book-4415S-4416S-4515S'),(4375,'product_id=922','Placa-baza- Hp-Compaq-Presario-V6150-EA'),(4161,'product_id=923','Placa-baza- Hp-Compaq-8510P-8510W'),(4374,'product_id=924','Placa-baza- Hp-Compaq-8710P-8710W'),(4373,'product_id=925','Placa-baza- Hp-530'),(4372,'product_id=926','Placa-baza- Hp-Compaq-Evo-N1020V'),(4371,'product_id=927','Placa-baza- Hp-Pavilion-DV5'),(4370,'product_id=928','Placa-baza- Hp-Compaq-6535B-Intel'),(4369,'product_id=929','Placa-baza- Hp-Compaq-6535B-Amd'),(4368,'product_id=930','Placa-baza- Hp-Compaq-Presario-V3000'),(4367,'product_id=931','Placa-baza- Benq-Joybook-R23'),(4366,'product_id=932','Placa-baza- E-Machine-G720'),(4365,'product_id=933','Placa-baza- Toshiba-Satelite-M30X-M35X'),(4364,'product_id=934','Placa-baza- Toshiba-Satelite-N105-S3041'),(4363,'product_id=935','Placa-baza- Asus-G1SN'),(4362,'product_id=936','Placa-baza- Fujitsu-V2030'),(4361,'product_id=937','Placa-baza- Fujitsu-Simens-Amilo-A1645'),(4360,'product_id=938','Placa-baza- Fujitsu-Siemens-Esprimo'),(4359,'product_id=939','Placa-baza- Fujitsu-Siemens-Amilo-D7830'),(4358,'product_id=940','Placa-baza-Asus-A6JC'),(4357,'product_id=941','Placa-baza- Asus-A4L'),(4356,'product_id=942','Placa-baza- Asus-F2F'),(4355,'product_id=943','Placa-baza- Asus-F5SL'),(4354,'product_id=944','Placa-baza- Asus-F5RL'),(4353,'product_id=945','Placa-baza- Asus-N71VN'),(4352,'product_id=946','Placa-baza- Toshiba-Satelite-L20-L25'),(4351,'product_id=947','Placa-baza- Toshiba-M70'),(4350,'product_id=948','Placa-baza- Toshiba-P200D'),(4349,'product_id=949','Placa-baza- Fujitsu-Siemens-V5505'),(4348,'product_id=950','Placa-baza- Hp-Pavilion-DV2000-Intel'),(4347,'product_id=951','Placa-baza- Acer-Aspire-5738-Intel-845'),(4346,'product_id=952','Placa-baza- Acer-Aspire-5738-Intel-915'),(5297,'product_id=954','alimentator_HP_ultrabook _ENVY4_ENVY6_liteon'),(5238,'product_id=955','PPP009HP_HP_ADAPTER_ALIMENTATOR_PAVILION_mufa_pin_central'),(5100,'product_id=957','Alimentator_DELL_19,5V_2,31A_45W_original_Ultrabook_XPS13'),(5101,'product_id=959','alimentator_dell_PA-12_19,5V_3,34A_incarcator_adapter'),(5281,'product_id=960','YOGA_13_11_ALIMENTATOR_LENOVO_ULTRABOOK'),(5220,'product_id=961','42T5284_42T5285_20V_8.5A_170W_alimentator_incarcator_lenovo'),(5094,'product_id=306','ADP-120ZB_toshiba_120W_'),(5095,'product_id=962','alimentator_4pini_toshiba'),(5096,'product_id=963','alimentator_incarcator_toshiba_15V_4A_original_NEC'),(5195,'product_id=966','alimentator_incarcator_fujitsu_siemens_original_ADP-65HPB'),(5228,'product_id=967','alimentator_incarcator_samsung_original_PA-1400-14'),(5127,'product_id=968','alimentator_incarcator_asus_original_eepc'),(5295,'product_id=969','alimentator_ASUS_15V_1.2A_18W_original_TF300T_101_201_700'),(5194,'product_id=971','alimentator_incarcator_asus_ultrabook_S200_X202'),(5090,'product_id=972','alimentator_incarcator_asus_original_ADP-30JHP A'),(5296,'product_id=973','alimentator_apple_magsafe_original'),(5193,'product_id=974','alimentator_incarcator_A1172_apple_magsafe_tipL'),(5186,'product_id=975','alimentator_incarcator_A1172_apple_magsafe_tipT'),(5191,'product_id=976','alimentator_incarcator_A1184_apple_magsafe_tipL'),(5060,'product_id=977','alimentator_incarcator_A1184_apple_magsafe_tipT'),(4715,'product_id=978','alimentator_incarcator_A1424_apple_magsafe_tipT'),(5249,'product_id=965','alimentator_incarcator_sony_AC19V48'),(5179,'product_id=383','LP154WX5-TL-C1display-laptop-15.4'),(5024,'product_id=981','Dell-Inspiron-N5010-15R cn-052f31'),(5280,'product_id=982','HP-Probook-4530s-4730s 670795-001'),(4638,'product_id=983','IBM-Thinkpad-X60-cu-sistem-racire 48.4B501.041'),(4639,'product_id=984','Lenovo-Ideapad-S10E 45M2782'),(4640,'product_id=985','Acer-Aspire-5745DG MBR0106001038'),(4641,'product_id=986','Asus-K50C-X5DC-K40C NWPM1000-B03'),(4642,'product_id=987','Asus-M51SE-M51SN HNM51SE'),(4643,'product_id=988','Acer-Aspire-7741-7741z  48.4HN01.01N'),(5171,'product_id=989','Acer-Aspire-7520G-7520-7220-5520-5520G ICW50 LA-3581P'),(4645,'product_id=990','Acer-Aspire-7735-7738G-7735Z-7735ZG 48.4CD01.021'),(5136,'product_id=991','HP-Probook-4720-4720s-4520s 48.4GK06.011 '),(5192,'product_id=994','Placa_baza_Dell_Studio_XPS_1645_mainboard'),(4698,'category_id=151','tastaturi_apple'),(4699,'category_id=152','baterii_apple'),(4696,'category_id=153','display_apple'),(4697,'category_id=154','elemente_carcasa_apple'),(4701,'category_id=155','componente_apple'),(5255,'product_id=995','Tastatura Apple MacBook Air A1466  13&quot; UK'),(4724,'product_id=996','Asus-K53U PBL60 LA-7322P'),(5052,'product_id=999','Tastatura_Apple_MacBook_Pro_A1286_15&quot;_versiune_UK_2008'),(5307,'product_id=1005','Tastatura_Apple_MacBook_Pro_A1278_versiune_UK'),(5178,'product_id=1006','Tastatura_Apple_MacBook_Pro_A1278_versiune_US'),(4961,'product_id=1007','Baterie_Apple_MacBook_Air_13&quot;_A1237_A1304'),(5068,'product_id=1008','Baterie_Apple_MacBook_Unibody_A1342'),(5233,'product_id=1010','Baterie_Apple_MacBook_Pro_13&quot;_A1278_versiune_2009_2012'),(4875,'product_id=1009','Baterie_Apple_MacBook_Unibody_13&quot;_A1278_A1280_versiune_2008'),(5071,'product_id=1004','Tastatura_Apple_MacBook_Air_A1370_11&quot;_2011_versiune_US'),(5072,'product_id=1003','Tastatura_Apple_MacBook_Air_A1370_11&quot;_2011_versiune_UK'),(5073,'product_id=1002','Tastatura_Apple_MacBook_Pro_A1286_15&quot;_  2011_versiune_US'),(5074,'product_id=1001','Tastatura_Apple_MacBook_Pro_A1286_15&quot;_versiune_2011_UK'),(5070,'product_id=1000','Tastatura_Apple_MacBook_Pro_A1286_15&quot;_versiune_US_2008'),(5279,'product_id=998','Tastatura_Apple_MacBook_Air_A1369_13&quot;_versiune_US'),(5022,'product_id=1011','Balamale_display_Apple_MacBook_Air_A1237 '),(5027,'product_id=1012','Cooler_CPU_laptop_Apple_MacBook_Pro_Unibody_17”_stanga_si_dreapta '),(5254,'product_id=1013','Cablu_Hard_disk_Apple_MacBook_Pro_A1278_2010_2011'),(4948,'product_id=1014','Cablu_Hard_disk_Apple_MacBook_Pro_A1278_2009-2011_cu_Bracket'),(4949,'product_id=1015','Cablu_Hard_disk_Apple_MacBook_Pro_15&quot;_A1286_2009_2011'),(5011,'product_id=1016','Rama_display_si_geam_protectie_Apple_MacBook_Pro_A1278'),(4953,'product_id=1017','Rama_display_si_geam_protectie_Laptop_Apple_Macbook_Pro_A1286'),(4777,'product_id=1018','Rama_display_si_geam_protectie_Laptop_Apple_Macbook_Pro_A1297'),(5305,'product_id=1019','Cablu_Alimentare_Apple_MacBook_60W_80W_tip_L'),(5284,'product_id=1020','Cablu_Alimentare_Apple_MacBook_60W_80W_tip_T'),(5288,'product_id=1021','Second_HDD_Caddy'),(4977,'product_id=1022','Cablu_connector_30_pini_LCD_LED_LVDS_Apple_MacBook_Pro_A1278'),(5286,'product_id=1023','Toshiba-Sattelite-L655-L650-L650D-6050A2332301-MB-A02-HM55-ATI-216-0774007'),(4813,'product_id=1024','Toshiba-Sattelite-L655-L650-6050A2332402-MB-A02-TI'),(4814,'product_id=1025','Toshiba-Sattelite-L655-L650-6050A2332301-MB-A02-ATI-216-0728014'),(4815,'product_id=1026','Toshiba-Sattelite-C660-PWWHA LA-7201P-REV 1.0-N12M-GE-S-B1 '),(4811,'product_id=1027','Dell-Inspiron-15R-N5110-CN-0MWXPK-N12P-GE-A1'),(5219,'product_id=1028','Dell-Inspiron-15-3521-VAW00 LA-9104P REV- AMD-216-0833000 1.0'),(4823,'product_id=1029','HP_CQ57_01015J500_575_G_653985_001'),(4831,'product_id=1031','Tastatura_Dell_Vostro_3360_Inspiron_5323_5423_cu_rama_versiune_US_CN0KN3G6'),(4829,'product_id=1030','Tastatura_Dell_Latitude_E6320_E6420_E5420_E6330_E6430_E5430_versiune_US_CN047M3M'),(4844,'product_id=1032','Mufa_Alimentare_Dell_Inspiron_15_3521_5521_cn0yf81x'),(4843,'product_id=1033','Mufa_Alimentare_Dell_XPS_15Z_L511Z_cn0xm7ck'),(4845,'product_id=1034','Mufa_Alimentare_Dell_Inspiron_17R_N7110_Vostro_3750_cn00h3t2'),(4841,'product_id=1035','Mufa_Alimentare_Dell_Latitude_E5420_E5520_cn0xw85c'),(4846,'product_id=1036','Placa_baza_Dell_Inspiron_15_N5050_48.4IP16.011'),(4847,'product_id=1037','Placa_baza_Dell_Inspiron_13Z_5323 d6mn7 DA0V07MBAD1'),(4848,'product_id=1038','Placa_baza_Dell_Inspiron_17R_N7110 9nwtg DAV03AMB8E1'),(4849,'product_id=1039','Placa_baza_HP_Probook_6455B_6555B 6050A2356601-MB-A02'),(4850,'product_id=1040','Placa_baza_Samsung_NP R530 BA92-06340A 091123-2'),(4851,'product_id=1041','Placa_baza_Acer_Aspire_7250G_7315_7320_7330_7339 AAB70 main board rev 2.0'),(5308,'product_id=1042','Placa_baza_XPS_M1730_DS1 MB 06248-1 48.4Q613.011'),(5197,'product_id=1043','Placa_baza_Acer_Aspire_5738_5738Z_5738ZG 48.4CG10.011 JV50-MV M96'),(4863,'product_id=1044','Placa_baza_Dell_XPS_M2010 EAX20 LA-2732P_cg571'),(5313,'product_id=1045','display_laptop_14.0_inch_LP140WH2(TP)(T1)'),(4935,'product_id=1046','display_laptop_14.0_inch_B140XW03 V.0'),(4916,'product_id=1047','bottom-cover-acer-aspire-5552-5742-5250-5253-emachines-e442'),(5006,'product_id=1048','Bottom-cover-asus-k53'),(4918,'product_id=1049','bottom-cover-lenovo-y560'),(4919,'product_id=1050','back-cover-asus-u31sd-u31sg'),(4920,'product_id=1051','palmrest-toshiba-satelitte-c850-c855-c855-1gr'),(4921,'product_id=1052','bottom-cover-dell-latitude-e4300'),(4922,'product_id=1053','ANSAMBLU-DISPLAY-15,6-INCH-FHD-DELL-XPS-15-(L521X)'),(4923,'product_id=1054','Placa _baza_Dell_Inspiron 5520_N5520_7520'),(4924,'product_id=1055','Placa_baza_Dell_Inspiron_15R_5520_V3560'),(4976,'product_id=1056','Cablu_video_LVDS_Apple_MacBook_Air_A_1237_A_1304'),(4975,'product_id=1057','Cablu_microfon_Apple_MacBook_Air_A1237_A1304'),(5023,'product_id=1058','Capac_balamale_Apple_MacBook_A1237 _A1304'),(5174,'product_id=333','display-laptop-14.0-inch-LP140WH2(TL0(P1)'),(5139,'product_id=1071','Tastatura_Apple_MacBook _A 1502_UK'),(5140,'product_id=1072','Tastatura_Apple_MacBook_A1502_versiune_US'),(5157,'product_id=1073','Tastatura_Apple_MacBook_A1278_Versiunea_UK'),(5143,'product_id=1074','Tastatura_Apple_MacBook_A1398_versiunea_US '),(5244,'product_id=1075','Baterie Asus G55'),(5251,'product_id=1076','Sistem_Racire_Asus_K53'),(5252,'product_id=1077','Palmrest_Asus_UX31L'),(5256,'product_id=1078','Bezel_Asus_X54L'),(5258,'product_id=1079','Palmrest_Asus_X550D'),(5265,'product_id=1080','Cover_Asus_X550D_Balamale_Bracketi'),(5260,'product_id=1081','Palmrest_Asus_X55'),(5261,'product_id=1082','Palmrest_Asus_U36SD'),(5264,'product_id=1083','Cover_Asus_K56'),(5263,'product_id=1084','Cover_Asus_K54L_X54C'),(5266,'product_id=1085','Cover_Asus_X55A'),(5267,'product_id=1086','Cover_Asus_X550'),(5268,'product_id=1087','Cover_Asus_G46VW'),(5269,'product_id=1088','Cover_Asus_G750J'),(5270,'product_id=1089','Bottom_Asus_S550'),(5271,'product_id=1090','Bottom_Asus_U36SD'),(5273,'product_id=1091','Bottom_Asus_X550D '),(5274,'product_id=1092','Bottom_Asus_X55'),(5275,'product_id=1093','Bottom_Asus_N55'),(5276,'product_id=1094','Bottom_Asus_K54_X54'),(5277,'product_id=1095','Sistem_Racire_Asus_G750J');

--
-- Table structure for table `user_group`
--

CREATE TABLE `user_group` (
  `user_group_id` int NOT NULL AUTO_INCREMENT,
  `name` varchar(64) COLLATE utf8mb3_bin NOT NULL,
  `permission` text COLLATE utf8mb3_bin NOT NULL,
  PRIMARY KEY (`user_group_id`)
) ENGINE=MyISAM AUTO_INCREMENT=13 DEFAULT CHARSET=utf8mb3 COLLATE=utf8mb3_bin;

--
-- Dumping data for table `user_group`
--

INSERT INTO `user_group` (`user_group_id`, `name`, `permission`) VALUES (1,'Top Administrator','a:2:{s:6:\"access\";a:126:{i:0;s:17:\"catalog/attribute\";i:1;s:23:\"catalog/attribute_group\";i:2;s:16:\"catalog/category\";i:3;s:16:\"catalog/download\";i:4;s:19:\"catalog/information\";i:5;s:20:\"catalog/manufacturer\";i:6;s:14:\"catalog/option\";i:7;s:15:\"catalog/product\";i:8;s:14:\"catalog/review\";i:9;s:18:\"common/filemanager\";i:10;s:13:\"design/banner\";i:11;s:13:\"design/layout\";i:12;s:14:\"extension/feed\";i:13;s:16:\"extension/module\";i:14;s:17:\"extension/payment\";i:15;s:18:\"extension/shipping\";i:16;s:15:\"extension/total\";i:17;s:16:\"feed/google_base\";i:18;s:19:\"feed/google_sitemap\";i:19;s:20:\"localisation/country\";i:20;s:21:\"localisation/currency\";i:21;s:21:\"localisation/geo_zone\";i:22;s:21:\"localisation/language\";i:23;s:25:\"localisation/length_class\";i:24;s:25:\"localisation/order_status\";i:25;s:26:\"localisation/return_action\";i:26;s:26:\"localisation/return_reason\";i:27;s:26:\"localisation/return_status\";i:28;s:25:\"localisation/stock_status\";i:29;s:22:\"localisation/tax_class\";i:30;s:21:\"localisation/tax_rate\";i:31;s:25:\"localisation/weight_class\";i:32;s:17:\"localisation/zone\";i:33;s:14:\"module/account\";i:34;s:16:\"module/affiliate\";i:35;s:13:\"module/banner\";i:36;s:17:\"module/bestseller\";i:37;s:15:\"module/carousel\";i:38;s:15:\"module/category\";i:39;s:15:\"module/featured\";i:40;s:18:\"module/google_talk\";i:41;s:18:\"module/information\";i:42;s:13:\"module/latest\";i:43;s:16:\"module/slideshow\";i:44;s:14:\"module/special\";i:45;s:12:\"module/store\";i:46;s:14:\"module/welcome\";i:47;s:24:\"payment/authorizenet_aim\";i:48;s:21:\"payment/bank_transfer\";i:49;s:14:\"payment/cheque\";i:50;s:11:\"payment/cod\";i:51;s:21:\"payment/free_checkout\";i:52;s:22:\"payment/klarna_invoice\";i:53;s:17:\"payment/klarna_pp\";i:54;s:14:\"payment/liqpay\";i:55;s:20:\"payment/moneybookers\";i:56;s:14:\"payment/nochex\";i:57;s:15:\"payment/paymate\";i:58;s:16:\"payment/paypoint\";i:59;s:13:\"payment/payza\";i:60;s:26:\"payment/perpetual_payments\";i:61;s:14:\"payment/pp_pro\";i:62;s:17:\"payment/pp_pro_uk\";i:63;s:19:\"payment/pp_standard\";i:64;s:15:\"payment/sagepay\";i:65;s:22:\"payment/sagepay_direct\";i:66;s:18:\"payment/sagepay_us\";i:67;s:19:\"payment/twocheckout\";i:68;s:28:\"payment/web_payment_software\";i:69;s:16:\"payment/worldpay\";i:70;s:27:\"report/affiliate_commission\";i:71;s:22:\"report/customer_credit\";i:72;s:22:\"report/customer_online\";i:73;s:21:\"report/customer_order\";i:74;s:22:\"report/customer_reward\";i:75;s:24:\"report/product_purchased\";i:76;s:21:\"report/product_viewed\";i:77;s:18:\"report/sale_coupon\";i:78;s:17:\"report/sale_order\";i:79;s:18:\"report/sale_return\";i:80;s:20:\"report/sale_shipping\";i:81;s:15:\"report/sale_tax\";i:82;s:14:\"sale/affiliate\";i:83;s:12:\"sale/contact\";i:84;s:11:\"sale/coupon\";i:85;s:13:\"sale/customer\";i:86;s:23:\"sale/customer_blacklist\";i:87;s:19:\"sale/customer_group\";i:88;s:10:\"sale/order\";i:89;s:11:\"sale/return\";i:90;s:12:\"sale/voucher\";i:91;s:18:\"sale/voucher_theme\";i:92;s:15:\"setting/setting\";i:93;s:13:\"setting/store\";i:94;s:16:\"shipping/auspost\";i:95;s:17:\"shipping/citylink\";i:96;s:14:\"shipping/fedex\";i:97;s:13:\"shipping/flat\";i:98;s:13:\"shipping/free\";i:99;s:13:\"shipping/item\";i:100;s:23:\"shipping/parcelforce_48\";i:101;s:15:\"shipping/pickup\";i:102;s:19:\"shipping/royal_mail\";i:103;s:12:\"shipping/ups\";i:104;s:13:\"shipping/usps\";i:105;s:15:\"shipping/weight\";i:106;s:11:\"tool/backup\";i:107;s:14:\"tool/error_log\";i:108;s:12:\"total/coupon\";i:109;s:12:\"total/credit\";i:110;s:14:\"total/handling\";i:111;s:16:\"total/klarna_fee\";i:112;s:19:\"total/low_order_fee\";i:113;s:12:\"total/reward\";i:114;s:14:\"total/shipping\";i:115;s:15:\"total/sub_total\";i:116;s:9:\"total/tax\";i:117;s:11:\"total/total\";i:118;s:13:\"total/voucher\";i:119;s:9:\"user/user\";i:120;s:20:\"user/user_permission\";i:121;s:18:\"module/information\";i:122;s:17:\"module/bestseller\";i:123;s:13:\"module/latest\";i:124;s:14:\"module/special\";i:125;s:20:\"module/cr2htmlmodule\";}s:6:\"modify\";a:126:{i:0;s:17:\"catalog/attribute\";i:1;s:23:\"catalog/attribute_group\";i:2;s:16:\"catalog/category\";i:3;s:16:\"catalog/download\";i:4;s:19:\"catalog/information\";i:5;s:20:\"catalog/manufacturer\";i:6;s:14:\"catalog/option\";i:7;s:15:\"catalog/product\";i:8;s:14:\"catalog/review\";i:9;s:18:\"common/filemanager\";i:10;s:13:\"design/banner\";i:11;s:13:\"design/layout\";i:12;s:14:\"extension/feed\";i:13;s:16:\"extension/module\";i:14;s:17:\"extension/payment\";i:15;s:18:\"extension/shipping\";i:16;s:15:\"extension/total\";i:17;s:16:\"feed/google_base\";i:18;s:19:\"feed/google_sitemap\";i:19;s:20:\"localisation/country\";i:20;s:21:\"localisation/currency\";i:21;s:21:\"localisation/geo_zone\";i:22;s:21:\"localisation/language\";i:23;s:25:\"localisation/length_class\";i:24;s:25:\"localisation/order_status\";i:25;s:26:\"localisation/return_action\";i:26;s:26:\"localisation/return_reason\";i:27;s:26:\"localisation/return_status\";i:28;s:25:\"localisation/stock_status\";i:29;s:22:\"localisation/tax_class\";i:30;s:21:\"localisation/tax_rate\";i:31;s:25:\"localisation/weight_class\";i:32;s:17:\"localisation/zone\";i:33;s:14:\"module/account\";i:34;s:16:\"module/affiliate\";i:35;s:13:\"module/banner\";i:36;s:17:\"module/bestseller\";i:37;s:15:\"module/carousel\";i:38;s:15:\"module/category\";i:39;s:15:\"module/featured\";i:40;s:18:\"module/google_talk\";i:41;s:18:\"module/information\";i:42;s:13:\"module/latest\";i:43;s:16:\"module/slideshow\";i:44;s:14:\"module/special\";i:45;s:12:\"module/store\";i:46;s:14:\"module/welcome\";i:47;s:24:\"payment/authorizenet_aim\";i:48;s:21:\"payment/bank_transfer\";i:49;s:14:\"payment/cheque\";i:50;s:11:\"payment/cod\";i:51;s:21:\"payment/free_checkout\";i:52;s:22:\"payment/klarna_invoice\";i:53;s:17:\"payment/klarna_pp\";i:54;s:14:\"payment/liqpay\";i:55;s:20:\"payment/moneybookers\";i:56;s:14:\"payment/nochex\";i:57;s:15:\"payment/paymate\";i:58;s:16:\"payment/paypoint\";i:59;s:13:\"payment/payza\";i:60;s:26:\"payment/perpetual_payments\";i:61;s:14:\"payment/pp_pro\";i:62;s:17:\"payment/pp_pro_uk\";i:63;s:19:\"payment/pp_standard\";i:64;s:15:\"payment/sagepay\";i:65;s:22:\"payment/sagepay_direct\";i:66;s:18:\"payment/sagepay_us\";i:67;s:19:\"payment/twocheckout\";i:68;s:28:\"payment/web_payment_software\";i:69;s:16:\"payment/worldpay\";i:70;s:27:\"report/affiliate_commission\";i:71;s:22:\"report/customer_credit\";i:72;s:22:\"report/customer_online\";i:73;s:21:\"report/customer_order\";i:74;s:22:\"report/customer_reward\";i:75;s:24:\"report/product_purchased\";i:76;s:21:\"report/product_viewed\";i:77;s:18:\"report/sale_coupon\";i:78;s:17:\"report/sale_order\";i:79;s:18:\"report/sale_return\";i:80;s:20:\"report/sale_shipping\";i:81;s:15:\"report/sale_tax\";i:82;s:14:\"sale/affiliate\";i:83;s:12:\"sale/contact\";i:84;s:11:\"sale/coupon\";i:85;s:13:\"sale/customer\";i:86;s:23:\"sale/customer_blacklist\";i:87;s:19:\"sale/customer_group\";i:88;s:10:\"sale/order\";i:89;s:11:\"sale/return\";i:90;s:12:\"sale/voucher\";i:91;s:18:\"sale/voucher_theme\";i:92;s:15:\"setting/setting\";i:93;s:13:\"setting/store\";i:94;s:16:\"shipping/auspost\";i:95;s:17:\"shipping/citylink\";i:96;s:14:\"shipping/fedex\";i:97;s:13:\"shipping/flat\";i:98;s:13:\"shipping/free\";i:99;s:13:\"shipping/item\";i:100;s:23:\"shipping/parcelforce_48\";i:101;s:15:\"shipping/pickup\";i:102;s:19:\"shipping/royal_mail\";i:103;s:12:\"shipping/ups\";i:104;s:13:\"shipping/usps\";i:105;s:15:\"shipping/weight\";i:106;s:11:\"tool/backup\";i:107;s:14:\"tool/error_log\";i:108;s:12:\"total/coupon\";i:109;s:12:\"total/credit\";i:110;s:14:\"total/handling\";i:111;s:16:\"total/klarna_fee\";i:112;s:19:\"total/low_order_fee\";i:113;s:12:\"total/reward\";i:114;s:14:\"total/shipping\";i:115;s:15:\"total/sub_total\";i:116;s:9:\"total/tax\";i:117;s:11:\"total/total\";i:118;s:13:\"total/voucher\";i:119;s:9:\"user/user\";i:120;s:20:\"user/user_permission\";i:121;s:18:\"module/information\";i:122;s:17:\"module/bestseller\";i:123;s:13:\"module/latest\";i:124;s:14:\"module/special\";i:125;s:20:\"module/cr2htmlmodule\";}}'),(10,'Demonstration',''),(11,'Administrare Produse','a:2:{s:6:\"access\";a:1:{i:0;s:15:\"catalog/product\";}s:6:\"modify\";a:1:{i:0;s:15:\"catalog/product\";}}'),(12,'Produse','a:2:{s:6:\"access\";a:2:{i:0;s:15:\"catalog/product\";i:1;s:18:\"common/filemanager\";}s:6:\"modify\";a:2:{i:0;s:15:\"catalog/product\";i:1;s:18:\"common/filemanager\";}}');

--
-- Table structure for table `voucher`
--

CREATE TABLE `voucher` (
  `voucher_id` int NOT NULL AUTO_INCREMENT,
  `order_id` int NOT NULL,
  `code` varchar(10) COLLATE utf8mb3_bin NOT NULL,
  `from_name` varchar(64) COLLATE utf8mb3_bin NOT NULL,
  `from_email` varchar(96) COLLATE utf8mb3_bin NOT NULL,
  `to_name` varchar(64) COLLATE utf8mb3_bin NOT NULL,
  `to_email` varchar(96) COLLATE utf8mb3_bin NOT NULL,
  `voucher_theme_id` int NOT NULL,
  `message` text COLLATE utf8mb3_bin NOT NULL,
  `amount` decimal(15,4) NOT NULL,
  `status` tinyint(1) NOT NULL,
  `date_added` datetime NOT NULL DEFAULT '0000-00-00 00:00:00',
  PRIMARY KEY (`voucher_id`)
) ENGINE=MyISAM DEFAULT CHARSET=utf8mb3 COLLATE=utf8mb3_bin;

--
-- Dumping data for table `voucher`
--


--
-- Table structure for table `voucher_history`
--

CREATE TABLE `voucher_history` (
  `voucher_history_id` int NOT NULL AUTO_INCREMENT,
  `voucher_id` int NOT NULL,
  `order_id` int NOT NULL,
  `amount` decimal(15,4) NOT NULL,
  `date_added` datetime NOT NULL,
  PRIMARY KEY (`voucher_history_id`)
) ENGINE=MyISAM DEFAULT CHARSET=utf8mb3 COLLATE=utf8mb3_bin;

--
-- Dumping data for table `voucher_history`
--


--
-- Table structure for table `voucher_theme`
--

CREATE TABLE `voucher_theme` (
  `voucher_theme_id` int NOT NULL AUTO_INCREMENT,
  `image` varchar(255) COLLATE utf8mb3_bin NOT NULL,
  PRIMARY KEY (`voucher_theme_id`)
) ENGINE=MyISAM AUTO_INCREMENT=9 DEFAULT CHARSET=utf8mb3 COLLATE=utf8mb3_bin;

--
-- Dumping data for table `voucher_theme`
--

INSERT INTO `voucher_theme` (`voucher_theme_id`, `image`) VALUES (8,'data/demo/canon_eos_5d_2.jpg'),(7,'data/demo/gift-voucher-birthday.jpg'),(6,'data/demo/apple_logo.jpg');

--
-- Table structure for table `voucher_theme_description`
--

CREATE TABLE `voucher_theme_description` (
  `voucher_theme_id` int NOT NULL,
  `language_id` int NOT NULL,
  `name` varchar(32) COLLATE utf8mb3_bin NOT NULL,
  PRIMARY KEY (`voucher_theme_id`,`language_id`)
) ENGINE=MyISAM DEFAULT CHARSET=utf8mb3 COLLATE=utf8mb3_bin;

--
-- Dumping data for table `voucher_theme_description`
--

INSERT INTO `voucher_theme_description` (`voucher_theme_id`, `language_id`, `name`) VALUES (6,1,'Christmas'),(7,1,'Birthday'),(8,1,'General'),(6,2,'Christmas'),(7,2,'Birthday'),(8,2,'General');

--
-- Table structure for table `weight_class`
--

CREATE TABLE `weight_class` (
  `weight_class_id` int NOT NULL AUTO_INCREMENT,
  `value` decimal(15,8) NOT NULL DEFAULT '0.00000000',
  PRIMARY KEY (`weight_class_id`)
) ENGINE=MyISAM AUTO_INCREMENT=7 DEFAULT CHARSET=utf8mb3 COLLATE=utf8mb3_bin;

--
-- Dumping data for table `weight_class`
--

INSERT INTO `weight_class` (`weight_class_id`, `value`) VALUES (1,1.00000000),(2,1000.00000000),(5,2.20460000),(6,35.27400000);

--
-- Table structure for table `weight_class_description`
--

CREATE TABLE `weight_class_description` (
  `weight_class_id` int NOT NULL AUTO_INCREMENT,
  `language_id` int NOT NULL,
  `title` varchar(32) COLLATE utf8mb3_bin NOT NULL,
  `unit` varchar(4) COLLATE utf8mb3_bin NOT NULL DEFAULT '',
  PRIMARY KEY (`weight_class_id`,`language_id`)
) ENGINE=MyISAM AUTO_INCREMENT=7 DEFAULT CHARSET=utf8mb3 COLLATE=utf8mb3_bin;

--
-- Dumping data for table `weight_class_description`
--

INSERT INTO `weight_class_description` (`weight_class_id`, `language_id`, `title`, `unit`) VALUES (1,1,'Kilogram','kg'),(2,1,'Gram','g'),(5,1,'Pound ','lb'),(6,1,'Ounce','oz'),(1,2,'Kilogram','kg'),(2,2,'Gram','g'),(5,2,'Pound ','lb'),(6,2,'Ounce','oz');

--
-- Table structure for table `zone`
--

CREATE TABLE `zone` (
  `zone_id` int NOT NULL AUTO_INCREMENT,
  `country_id` int NOT NULL,
  `name` varchar(128) COLLATE utf8mb3_bin NOT NULL,
  `code` varchar(32) COLLATE utf8mb3_bin NOT NULL DEFAULT '',
  `status` tinyint(1) NOT NULL DEFAULT '1',
  PRIMARY KEY (`zone_id`)
) ENGINE=MyISAM AUTO_INCREMENT=3970 DEFAULT CHARSET=utf8mb3 COLLATE=utf8mb3_bin;

--
-- Dumping data for table `zone`
--

INSERT INTO `zone` (`zone_id`, `country_id`, `name`, `code`, `status`) VALUES (1,1,'Badakhshan','BDS',1),(2,1,'Badghis','BDG',1),(3,1,'Baghlan','BGL',1),(4,1,'Balkh','BAL',1),(5,1,'Bamian','BAM',1),(6,1,'Farah','FRA',1),(7,1,'Faryab','FYB',1),(8,1,'Ghazni','GHA',1),(9,1,'Ghowr','GHO',1),(10,1,'Helmand','HEL',1),(11,1,'Herat','HER',1),(12,1,'Jowzjan','JOW',1),(13,1,'Kabul','KAB',1),(14,1,'Kandahar','KAN',1),(15,1,'Kapisa','KAP',1),(16,1,'Khost','KHO',1),(17,1,'Konar','KNR',1),(18,1,'Kondoz','KDZ',1),(19,1,'Laghman','LAG',1),(20,1,'Lowgar','LOW',1),(21,1,'Nangrahar','NAN',1),(22,1,'Nimruz','NIM',1),(23,1,'Nurestan','NUR',1),(24,1,'Oruzgan','ORU',1),(25,1,'Paktia','PIA',1),(26,1,'Paktika','PKA',1),(27,1,'Parwan','PAR',1),(28,1,'Samangan','SAM',1),(29,1,'Sar-e Pol','SAR',1),(30,1,'Takhar','TAK',1),(31,1,'Wardak','WAR',1),(32,1,'Zabol','ZAB',1),(33,2,'Berat','BR',1),(34,2,'Bulqize','BU',1),(35,2,'Delvine','DL',1),(36,2,'Devoll','DV',1),(37,2,'Diber','DI',1),(38,2,'Durres','DR',1),(39,2,'Elbasan','EL',1),(40,2,'Kolonje','ER',1),(41,2,'Fier','FR',1),(42,2,'Gjirokaster','GJ',1),(43,2,'Gramsh','GR',1),(44,2,'Has','HA',1),(45,2,'Kavaje','KA',1),(46,2,'Kurbin','KB',1),(47,2,'Kucove','KC',1),(48,2,'Korce','KO',1),(49,2,'Kruje','KR',1),(50,2,'Kukes','KU',1),(51,2,'Librazhd','LB',1),(52,2,'Lezhe','LE',1),(53,2,'Lushnje','LU',1),(54,2,'Malesi e Madhe','MM',1),(55,2,'Mallakaster','MK',1),(56,2,'Mat','MT',1),(57,2,'Mirdite','MR',1),(58,2,'Peqin','PQ',1),(59,2,'Permet','PR',1),(60,2,'Pogradec','PG',1),(61,2,'Puke','PU',1),(62,2,'Shkoder','SH',1),(63,2,'Skrapar','SK',1),(64,2,'Sarande','SR',1),(65,2,'Tepelene','TE',1),(66,2,'Tropoje','TP',1),(67,2,'Tirane','TR',1),(68,2,'Vlore','VL',1),(69,3,'Adrar','ADR',1),(70,3,'Ain Defla','ADE',1),(71,3,'Ain Temouchent','ATE',1),(72,3,'Alger','ALG',1),(73,3,'Annaba','ANN',1),(74,3,'Batna','BAT',1),(75,3,'Bechar','BEC',1),(76,3,'Bejaia','BEJ',1),(77,3,'Biskra','BIS',1),(78,3,'Blida','BLI',1),(79,3,'Bordj Bou Arreridj','BBA',1),(80,3,'Bouira','BOA',1),(81,3,'Boumerdes','BMD',1),(82,3,'Chlef','CHL',1),(83,3,'Constantine','CON',1),(84,3,'Djelfa','DJE',1),(85,3,'El Bayadh','EBA',1),(86,3,'El Oued','EOU',1),(87,3,'El Tarf','ETA',1),(88,3,'Ghardaia','GHA',1),(89,3,'Guelma','GUE',1),(90,3,'Illizi','ILL',1),(91,3,'Jijel','JIJ',1),(92,3,'Khenchela','KHE',1),(93,3,'Laghouat','LAG',1),(94,3,'Muaskar','MUA',1),(95,3,'Medea','MED',1),(96,3,'Mila','MIL',1),(97,3,'Mostaganem','MOS',1),(98,3,'M\'Sila','MSI',1),(99,3,'Naama','NAA',1),(100,3,'Oran','ORA',1),(101,3,'Ouargla','OUA',1),(102,3,'Oum el-Bouaghi','OEB',1),(103,3,'Relizane','REL',1),(104,3,'Saida','SAI',1),(105,3,'Setif','SET',1),(106,3,'Sidi Bel Abbes','SBA',1),(107,3,'Skikda','SKI',1),(108,3,'Souk Ahras','SAH',1),(109,3,'Tamanghasset','TAM',1),(110,3,'Tebessa','TEB',1),(111,3,'Tiaret','TIA',1),(112,3,'Tindouf','TIN',1),(113,3,'Tipaza','TIP',1),(114,3,'Tissemsilt','TIS',1),(115,3,'Tizi Ouzou','TOU',1),(116,3,'Tlemcen','TLE',1),(117,4,'Eastern','E',1),(118,4,'Manu\'a','M',1),(119,4,'Rose Island','R',1),(120,4,'Swains Island','S',1),(121,4,'Western','W',1),(122,5,'Andorra la Vella','ALV',1),(123,5,'Canillo','CAN',1),(124,5,'Encamp','ENC',1),(125,5,'Escaldes-Engordany','ESE',1),(126,5,'La Massana','LMA',1),(127,5,'Ordino','ORD',1),(128,5,'Sant Julia de Loria','SJL',1),(129,6,'Bengo','BGO',1),(130,6,'Benguela','BGU',1),(131,6,'Bie','BIE',1),(132,6,'Cabinda','CAB',1),(133,6,'Cuando-Cubango','CCU',1),(134,6,'Cuanza Norte','CNO',1),(135,6,'Cuanza Sul','CUS',1),(136,6,'Cunene','CNN',1),(137,6,'Huambo','HUA',1),(138,6,'Huila','HUI',1),(139,6,'Luanda','LUA',1),(140,6,'Lunda Norte','LNO',1),(141,6,'Lunda Sul','LSU',1),(142,6,'Malange','MAL',1),(143,6,'Moxico','MOX',1),(144,6,'Namibe','NAM',1),(145,6,'Uige','UIG',1),(146,6,'Zaire','ZAI',1),(147,9,'Saint George','ASG',1),(148,9,'Saint John','ASJ',1),(149,9,'Saint Mary','ASM',1),(150,9,'Saint Paul','ASL',1),(151,9,'Saint Peter','ASR',1),(152,9,'Saint Philip','ASH',1),(153,9,'Barbuda','BAR',1),(154,9,'Redonda','RED',1),(155,10,'Antartida e Islas del Atlantico','AN',1),(156,10,'Buenos Aires','BA',1),(157,10,'Catamarca','CA',1),(158,10,'Chaco','CH',1),(159,10,'Chubut','CU',1),(160,10,'Cordoba','CO',1),(161,10,'Corrientes','CR',1),(162,10,'Distrito Federal','DF',1),(163,10,'Entre Rios','ER',1),(164,10,'Formosa','FO',1),(165,10,'Jujuy','JU',1),(166,10,'La Pampa','LP',1),(167,10,'La Rioja','LR',1),(168,10,'Mendoza','ME',1),(169,10,'Misiones','MI',1),(170,10,'Neuquen','NE',1),(171,10,'Rio Negro','RN',1),(172,10,'Salta','SA',1),(173,10,'San Juan','SJ',1),(174,10,'San Luis','SL',1),(175,10,'Santa Cruz','SC',1),(176,10,'Santa Fe','SF',1),(177,10,'Santiago del Estero','SD',1),(178,10,'Tierra del Fuego','TF',1),(179,10,'Tucuman','TU',1),(180,11,'Aragatsotn','AGT',1),(181,11,'Ararat','ARR',1),(182,11,'Armavir','ARM',1),(183,11,'Geghark\'unik\'','GEG',1),(184,11,'Kotayk\'','KOT',1),(185,11,'Lorri','LOR',1),(186,11,'Shirak','SHI',1),(187,11,'Syunik\'','SYU',1),(188,11,'Tavush','TAV',1),(189,11,'Vayots\' Dzor','VAY',1),(190,11,'Yerevan','YER',1),(191,13,'Australian Capital Territory','ACT',1),(192,13,'New South Wales','NSW',1),(193,13,'Northern Territory','NT',1),(194,13,'Queensland','QLD',1),(195,13,'South Australia','SA',1),(196,13,'Tasmania','TAS',1),(197,13,'Victoria','VIC',1),(198,13,'Western Australia','WA',1),(199,14,'Burgenland','BUR',1),(200,14,'Kärnten','KAR',1),(201,14,'Nieder&ouml;sterreich','NOS',1),(202,14,'Ober&ouml;sterreich','OOS',1),(203,14,'Salzburg','SAL',1),(204,14,'Steiermark','STE',1),(205,14,'Tirol','TIR',1),(206,14,'Vorarlberg','VOR',1),(207,14,'Wien','WIE',1),(208,15,'Ali Bayramli','AB',1),(209,15,'Abseron','ABS',1),(210,15,'AgcabAdi','AGC',1),(211,15,'Agdam','AGM',1),(212,15,'Agdas','AGS',1),(213,15,'Agstafa','AGA',1),(214,15,'Agsu','AGU',1),(215,15,'Astara','AST',1),(216,15,'Baki','BA',1),(217,15,'BabAk','BAB',1),(218,15,'BalakAn','BAL',1),(219,15,'BArdA','BAR',1),(220,15,'Beylaqan','BEY',1),(221,15,'Bilasuvar','BIL',1),(222,15,'Cabrayil','CAB',1),(223,15,'Calilabab','CAL',1),(224,15,'Culfa','CUL',1),(225,15,'Daskasan','DAS',1),(226,15,'Davaci','DAV',1),(227,15,'Fuzuli','FUZ',1),(228,15,'Ganca','GA',1),(229,15,'Gadabay','GAD',1),(230,15,'Goranboy','GOR',1),(231,15,'Goycay','GOY',1),(232,15,'Haciqabul','HAC',1),(233,15,'Imisli','IMI',1),(234,15,'Ismayilli','ISM',1),(235,15,'Kalbacar','KAL',1),(236,15,'Kurdamir','KUR',1),(237,15,'Lankaran','LA',1),(238,15,'Lacin','LAC',1),(239,15,'Lankaran','LAN',1),(240,15,'Lerik','LER',1),(241,15,'Masalli','MAS',1),(242,15,'Mingacevir','MI',1),(243,15,'Naftalan','NA',1),(244,15,'Neftcala','NEF',1),(245,15,'Oguz','OGU',1),(246,15,'Ordubad','ORD',1),(247,15,'Qabala','QAB',1),(248,15,'Qax','QAX',1),(249,15,'Qazax','QAZ',1),(250,15,'Qobustan','QOB',1),(251,15,'Quba','QBA',1),(252,15,'Qubadli','QBI',1),(253,15,'Qusar','QUS',1),(254,15,'Saki','SA',1),(255,15,'Saatli','SAT',1),(256,15,'Sabirabad','SAB',1),(257,15,'Sadarak','SAD',1),(258,15,'Sahbuz','SAH',1),(259,15,'Saki','SAK',1),(260,15,'Salyan','SAL',1),(261,15,'Sumqayit','SM',1),(262,15,'Samaxi','SMI',1),(263,15,'Samkir','SKR',1),(264,15,'Samux','SMX',1),(265,15,'Sarur','SAR',1),(266,15,'Siyazan','SIY',1),(267,15,'Susa','SS',1),(268,15,'Susa','SUS',1),(269,15,'Tartar','TAR',1),(270,15,'Tovuz','TOV',1),(271,15,'Ucar','UCA',1),(272,15,'Xankandi','XA',1),(273,15,'Xacmaz','XAC',1),(274,15,'Xanlar','XAN',1),(275,15,'Xizi','XIZ',1),(276,15,'Xocali','XCI',1),(277,15,'Xocavand','XVD',1),(278,15,'Yardimli','YAR',1),(279,15,'Yevlax','YEV',1),(280,15,'Zangilan','ZAN',1),(281,15,'Zaqatala','ZAQ',1),(282,15,'Zardab','ZAR',1),(283,15,'Naxcivan','NX',1),(284,16,'Acklins','ACK',1),(285,16,'Berry Islands','BER',1),(286,16,'Bimini','BIM',1),(287,16,'Black Point','BLK',1),(288,16,'Cat Island','CAT',1),(289,16,'Central Abaco','CAB',1),(290,16,'Central Andros','CAN',1),(291,16,'Central Eleuthera','CEL',1),(292,16,'City of Freeport','FRE',1),(293,16,'Crooked Island','CRO',1),(294,16,'East Grand Bahama','EGB',1),(295,16,'Exuma','EXU',1),(296,16,'Grand Cay','GRD',1),(297,16,'Harbour Island','HAR',1),(298,16,'Hope Town','HOP',1),(299,16,'Inagua','INA',1),(300,16,'Long Island','LNG',1),(301,16,'Mangrove Cay','MAN',1),(302,16,'Mayaguana','MAY',1),(303,16,'Moore\'s Island','MOO',1),(304,16,'North Abaco','NAB',1),(305,16,'North Andros','NAN',1),(306,16,'North Eleuthera','NEL',1),(307,16,'Ragged Island','RAG',1),(308,16,'Rum Cay','RUM',1),(309,16,'San Salvador','SAL',1),(310,16,'South Abaco','SAB',1),(311,16,'South Andros','SAN',1),(312,16,'South Eleuthera','SEL',1),(313,16,'Spanish Wells','SWE',1),(314,16,'West Grand Bahama','WGB',1),(315,17,'Capital','CAP',1),(316,17,'Central','CEN',1),(317,17,'Muharraq','MUH',1),(318,17,'Northern','NOR',1),(319,17,'Southern','SOU',1),(320,18,'Barisal','BAR',1),(321,18,'Chittagong','CHI',1),(322,18,'Dhaka','DHA',1),(323,18,'Khulna','KHU',1),(324,18,'Rajshahi','RAJ',1),(325,18,'Sylhet','SYL',1),(326,19,'Christ Church','CC',1),(327,19,'Saint Andrew','AND',1),(328,19,'Saint George','GEO',1),(329,19,'Saint James','JAM',1),(330,19,'Saint John','JOH',1),(331,19,'Saint Joseph','JOS',1),(332,19,'Saint Lucy','LUC',1),(333,19,'Saint Michael','MIC',1),(334,19,'Saint Peter','PET',1),(335,19,'Saint Philip','PHI',1),(336,19,'Saint Thomas','THO',1),(337,20,'Brestskaya (Brest)','BR',1),(338,20,'Homyel\'skaya (Homyel\')','HO',1),(339,20,'Horad Minsk','HM',1),(340,20,'Hrodzyenskaya (Hrodna)','HR',1),(341,20,'Mahilyowskaya (Mahilyow)','MA',1),(342,20,'Minskaya','MI',1),(343,20,'Vitsyebskaya (Vitsyebsk)','VI',1),(344,21,'Antwerpen','VAN',1),(345,21,'Brabant Wallon','WBR',1),(346,21,'Hainaut','WHT',1),(347,21,'Liege','WLG',1),(348,21,'Limburg','VLI',1),(349,21,'Luxembourg','WLX',1),(350,21,'Namur','WNA',1),(351,21,'Oost-Vlaanderen','VOV',1),(352,21,'Vlaams Brabant','VBR',1),(353,21,'West-Vlaanderen','VWV',1),(354,22,'Belize','BZ',1),(355,22,'Cayo','CY',1),(356,22,'Corozal','CR',1),(357,22,'Orange Walk','OW',1),(358,22,'Stann Creek','SC',1),(359,22,'Toledo','TO',1),(360,23,'Alibori','AL',1),(361,23,'Atakora','AK',1),(362,23,'Atlantique','AQ',1),(363,23,'Borgou','BO',1),(364,23,'Collines','CO',1),(365,23,'Donga','DO',1),(366,23,'Kouffo','KO',1),(367,23,'Littoral','LI',1),(368,23,'Mono','MO',1),(369,23,'Oueme','OU',1),(370,23,'Plateau','PL',1),(371,23,'Zou','ZO',1),(372,24,'Devonshire','DS',1),(373,24,'Hamilton City','HC',1),(374,24,'Hamilton','HA',1),(375,24,'Paget','PG',1),(376,24,'Pembroke','PB',1),(377,24,'Saint George City','GC',1),(378,24,'Saint George\'s','SG',1),(379,24,'Sandys','SA',1),(380,24,'Smith\'s','SM',1),(381,24,'Southampton','SH',1),(382,24,'Warwick','WA',1),(383,25,'Bumthang','BUM',1),(384,25,'Chukha','CHU',1),(385,25,'Dagana','DAG',1),(386,25,'Gasa','GAS',1),(387,25,'Haa','HAA',1),(388,25,'Lhuntse','LHU',1),(389,25,'Mongar','MON',1),(390,25,'Paro','PAR',1),(391,25,'Pemagatshel','PEM',1),(392,25,'Punakha','PUN',1),(393,25,'Samdrup Jongkhar','SJO',1),(394,25,'Samtse','SAT',1),(395,25,'Sarpang','SAR',1),(396,25,'Thimphu','THI',1),(397,25,'Trashigang','TRG',1),(398,25,'Trashiyangste','TRY',1),(399,25,'Trongsa','TRO',1),(400,25,'Tsirang','TSI',1),(401,25,'Wangdue Phodrang','WPH',1),(402,25,'Zhemgang','ZHE',1),(403,26,'Beni','BEN',1),(404,26,'Chuquisaca','CHU',1),(405,26,'Cochabamba','COC',1),(406,26,'La Paz','LPZ',1),(407,26,'Oruro','ORU',1),(408,26,'Pando','PAN',1),(409,26,'Potosi','POT',1),(410,26,'Santa Cruz','SCZ',1),(411,26,'Tarija','TAR',1),(412,27,'Brcko district','BRO',1),(413,27,'Unsko-Sanski Kanton','FUS',1),(414,27,'Posavski Kanton','FPO',1),(415,27,'Tuzlanski Kanton','FTU',1),(416,27,'Zenicko-Dobojski Kanton','FZE',1),(417,27,'Bosanskopodrinjski Kanton','FBP',1),(418,27,'Srednjebosanski Kanton','FSB',1),(419,27,'Hercegovacko-neretvanski Kanton','FHN',1),(420,27,'Zapadnohercegovacka Zupanija','FZH',1),(421,27,'Kanton Sarajevo','FSA',1),(422,27,'Zapadnobosanska','FZA',1),(423,27,'Banja Luka','SBL',1),(424,27,'Doboj','SDO',1),(425,27,'Bijeljina','SBI',1),(426,27,'Vlasenica','SVL',1),(427,27,'Sarajevo-Romanija or Sokolac','SSR',1),(428,27,'Foca','SFO',1),(429,27,'Trebinje','STR',1),(430,28,'Central','CE',1),(431,28,'Ghanzi','GH',1),(432,28,'Kgalagadi','KD',1),(433,28,'Kgatleng','KT',1),(434,28,'Kweneng','KW',1),(435,28,'Ngamiland','NG',1),(436,28,'North East','NE',1),(437,28,'North West','NW',1),(438,28,'South East','SE',1),(439,28,'Southern','SO',1),(440,30,'Acre','AC',1),(441,30,'Alagoas','AL',1),(442,30,'Amapa','AP',1),(443,30,'Amazonas','AM',1),(444,30,'Bahia','BA',1),(445,30,'Ceara','CE',1),(446,30,'Distrito Federal','DF',1),(447,30,'Espirito Santo','ES',1),(448,30,'Goias','GO',1),(449,30,'Maranhao','MA',1),(450,30,'Mato Grosso','MT',1),(451,30,'Mato Grosso do Sul','MS',1),(452,30,'Minas Gerais','MG',1),(453,30,'Para','PA',1),(454,30,'Paraiba','PB',1),(455,30,'Parana','PR',1),(456,30,'Pernambuco','PE',1),(457,30,'Piaui','PI',1),(458,30,'Rio de Janeiro','RJ',1),(459,30,'Rio Grande do Norte','RN',1),(460,30,'Rio Grande do Sul','RS',1),(461,30,'Rondonia','RO',1),(462,30,'Roraima','RR',1),(463,30,'Santa Catarina','SC',1),(464,30,'Sao Paulo','SP',1),(465,30,'Sergipe','SE',1),(466,30,'Tocantins','TO',1),(467,31,'Peros Banhos','PB',1),(468,31,'Salomon Islands','SI',1),(469,31,'Nelsons Island','NI',1),(470,31,'Three Brothers','TB',1),(471,31,'Eagle Islands','EA',1),(472,31,'Danger Island','DI',1),(473,31,'Egmont Islands','EG',1),(474,31,'Diego Garcia','DG',1),(475,32,'Belait','BEL',1),(476,32,'Brunei and Muara','BRM',1),(477,32,'Temburong','TEM',1),(478,32,'Tutong','TUT',1),(479,33,'Blagoevgrad','',1),(480,33,'Burgas','',1),(481,33,'Dobrich','',1),(482,33,'Gabrovo','',1),(483,33,'Haskovo','',1),(484,33,'Kardjali','',1),(485,33,'Kyustendil','',1),(486,33,'Lovech','',1),(487,33,'Montana','',1),(488,33,'Pazardjik','',1),(489,33,'Pernik','',1),(490,33,'Pleven','',1),(491,33,'Plovdiv','',1),(492,33,'Razgrad','',1),(493,33,'Shumen','',1),(494,33,'Silistra','',1),(495,33,'Sliven','',1),(496,33,'Smolyan','',1),(497,33,'Sofia','',1),(498,33,'Sofia - town','',1),(499,33,'Stara Zagora','',1),(500,33,'Targovishte','',1),(501,33,'Varna','',1),(502,33,'Veliko Tarnovo','',1),(503,33,'Vidin','',1),(504,33,'Vratza','',1),(505,33,'Yambol','',1),(506,34,'Bale','BAL',1),(507,34,'Bam','BAM',1),(508,34,'Banwa','BAN',1),(509,34,'Bazega','BAZ',1),(510,34,'Bougouriba','BOR',1),(511,34,'Boulgou','BLG',1),(512,34,'Boulkiemde','BOK',1),(513,34,'Comoe','COM',1),(514,34,'Ganzourgou','GAN',1),(515,34,'Gnagna','GNA',1),(516,34,'Gourma','GOU',1),(517,34,'Houet','HOU',1),(518,34,'Ioba','IOA',1),(519,34,'Kadiogo','KAD',1),(520,34,'Kenedougou','KEN',1),(521,34,'Komondjari','KOD',1),(522,34,'Kompienga','KOP',1),(523,34,'Kossi','KOS',1),(524,34,'Koulpelogo','KOL',1),(525,34,'Kouritenga','KOT',1),(526,34,'Kourweogo','KOW',1),(527,34,'Leraba','LER',1),(528,34,'Loroum','LOR',1),(529,34,'Mouhoun','MOU',1),(530,34,'Nahouri','NAH',1),(531,34,'Namentenga','NAM',1),(532,34,'Nayala','NAY',1),(533,34,'Noumbiel','NOU',1),(534,34,'Oubritenga','OUB',1),(535,34,'Oudalan','OUD',1),(536,34,'Passore','PAS',1),(537,34,'Poni','PON',1),(538,34,'Sanguie','SAG',1),(539,34,'Sanmatenga','SAM',1),(540,34,'Seno','SEN',1),(541,34,'Sissili','SIS',1),(542,34,'Soum','SOM',1),(543,34,'Sourou','SOR',1),(544,34,'Tapoa','TAP',1),(545,34,'Tuy','TUY',1),(546,34,'Yagha','YAG',1),(547,34,'Yatenga','YAT',1),(548,34,'Ziro','ZIR',1),(549,34,'Zondoma','ZOD',1),(550,34,'Zoundweogo','ZOW',1),(551,35,'Bubanza','BB',1),(552,35,'Bujumbura','BJ',1),(553,35,'Bururi','BR',1),(554,35,'Cankuzo','CA',1),(555,35,'Cibitoke','CI',1),(556,35,'Gitega','GI',1),(557,35,'Karuzi','KR',1),(558,35,'Kayanza','KY',1),(559,35,'Kirundo','KI',1),(560,35,'Makamba','MA',1),(561,35,'Muramvya','MU',1),(562,35,'Muyinga','MY',1),(563,35,'Mwaro','MW',1),(564,35,'Ngozi','NG',1),(565,35,'Rutana','RT',1),(566,35,'Ruyigi','RY',1),(567,36,'Phnom Penh','PP',1),(568,36,'Preah Seihanu (Kompong Som or Sihanoukville)','PS',1),(569,36,'Pailin','PA',1),(570,36,'Keb','KB',1),(571,36,'Banteay Meanchey','BM',1),(572,36,'Battambang','BA',1),(573,36,'Kampong Cham','KM',1),(574,36,'Kampong Chhnang','KN',1),(575,36,'Kampong Speu','KU',1),(576,36,'Kampong Som','KO',1),(577,36,'Kampong Thom','KT',1),(578,36,'Kampot','KP',1),(579,36,'Kandal','KL',1),(580,36,'Kaoh Kong','KK',1),(581,36,'Kratie','KR',1),(582,36,'Mondul Kiri','MK',1),(583,36,'Oddar Meancheay','OM',1),(584,36,'Pursat','PU',1),(585,36,'Preah Vihear','PR',1),(586,36,'Prey Veng','PG',1),(587,36,'Ratanak Kiri','RK',1),(588,36,'Siemreap','SI',1),(589,36,'Stung Treng','ST',1),(590,36,'Svay Rieng','SR',1),(591,36,'Takeo','TK',1),(592,37,'Adamawa (Adamaoua)','ADA',1),(593,37,'Centre','CEN',1),(594,37,'East (Est)','EST',1),(595,37,'Extreme North (Extreme-Nord)','EXN',1),(596,37,'Littoral','LIT',1),(597,37,'North (Nord)','NOR',1),(598,37,'Northwest (Nord-Ouest)','NOT',1),(599,37,'West (Ouest)','OUE',1),(600,37,'South (Sud)','SUD',1),(601,37,'Southwest (Sud-Ouest).','SOU',1),(602,38,'Alberta','AB',1),(603,38,'British Columbia','BC',1),(604,38,'Manitoba','MB',1),(605,38,'New Brunswick','NB',1),(606,38,'Newfoundland and Labrador','NL',1),(607,38,'Northwest Territories','NT',1),(608,38,'Nova Scotia','NS',1),(609,38,'Nunavut','NU',1),(610,38,'Ontario','ON',1),(611,38,'Prince Edward Island','PE',1),(612,38,'Qu&eacute;bec','QC',1),(613,38,'Saskatchewan','SK',1),(614,38,'Yukon Territory','YT',1),(615,39,'Boa Vista','BV',1),(616,39,'Brava','BR',1),(617,39,'Calheta de Sao Miguel','CS',1),(618,39,'Maio','MA',1),(619,39,'Mosteiros','MO',1),(620,39,'Paul','PA',1),(621,39,'Porto Novo','PN',1),(622,39,'Praia','PR',1),(623,39,'Ribeira Grande','RG',1),(624,39,'Sal','SL',1),(625,39,'Santa Catarina','CA',1),(626,39,'Santa Cruz','CR',1),(627,39,'Sao Domingos','SD',1),(628,39,'Sao Filipe','SF',1),(629,39,'Sao Nicolau','SN',1),(630,39,'Sao Vicente','SV',1),(631,39,'Tarrafal','TA',1),(632,40,'Creek','CR',1),(633,40,'Eastern','EA',1),(634,40,'Midland','ML',1),(635,40,'South Town','ST',1),(636,40,'Spot Bay','SP',1),(637,40,'Stake Bay','SK',1),(638,40,'West End','WD',1),(639,40,'Western','WN',1),(640,41,'Bamingui-Bangoran','BBA',1),(641,41,'Basse-Kotto','BKO',1),(642,41,'Haute-Kotto','HKO',1),(643,41,'Haut-Mbomou','HMB',1),(644,41,'Kemo','KEM',1),(645,41,'Lobaye','LOB',1),(646,41,'Mambere-KadeÔ','MKD',1),(647,41,'Mbomou','MBO',1),(648,41,'Nana-Mambere','NMM',1),(649,41,'Ombella-M\'Poko','OMP',1),(650,41,'Ouaka','OUK',1),(651,41,'Ouham','OUH',1),(652,41,'Ouham-Pende','OPE',1),(653,41,'Vakaga','VAK',1),(654,41,'Nana-Grebizi','NGR',1),(655,41,'Sangha-Mbaere','SMB',1),(656,41,'Bangui','BAN',1),(657,42,'Batha','BA',1),(658,42,'Biltine','BI',1),(659,42,'Borkou-Ennedi-Tibesti','BE',1),(660,42,'Chari-Baguirmi','CB',1),(661,42,'Guera','GU',1),(662,42,'Kanem','KA',1),(663,42,'Lac','LA',1),(664,42,'Logone Occidental','LC',1),(665,42,'Logone Oriental','LR',1),(666,42,'Mayo-Kebbi','MK',1),(667,42,'Moyen-Chari','MC',1),(668,42,'Ouaddai','OU',1),(669,42,'Salamat','SA',1),(670,42,'Tandjile','TA',1),(671,43,'Aisen del General Carlos Ibanez','AI',1),(672,43,'Antofagasta','AN',1),(673,43,'Araucania','AR',1),(674,43,'Atacama','AT',1),(675,43,'Bio-Bio','BI',1),(676,43,'Coquimbo','CO',1),(677,43,'Libertador General Bernardo O\'Hi','LI',1),(678,43,'Los Lagos','LL',1),(679,43,'Magallanes y de la Antartica Chi','MA',1),(680,43,'Maule','ML',1),(681,43,'Region Metropolitana','RM',1),(682,43,'Tarapaca','TA',1),(683,43,'Valparaiso','VS',1),(684,44,'Anhui','AN',1),(685,44,'Beijing','BE',1),(686,44,'Chongqing','CH',1),(687,44,'Fujian','FU',1),(688,44,'Gansu','GA',1),(689,44,'Guangdong','GU',1),(690,44,'Guangxi','GX',1),(691,44,'Guizhou','GZ',1),(692,44,'Hainan','HA',1),(693,44,'Hebei','HB',1),(694,44,'Heilongjiang','HL',1),(695,44,'Henan','HE',1),(696,44,'Hong Kong','HK',1),(697,44,'Hubei','HU',1),(698,44,'Hunan','HN',1),(699,44,'Inner Mongolia','IM',1),(700,44,'Jiangsu','JI',1),(701,44,'Jiangxi','JX',1),(702,44,'Jilin','JL',1),(703,44,'Liaoning','LI',1),(704,44,'Macau','MA',1),(705,44,'Ningxia','NI',1),(706,44,'Shaanxi','SH',1),(707,44,'Shandong','SA',1),(708,44,'Shanghai','SG',1),(709,44,'Shanxi','SX',1),(710,44,'Sichuan','SI',1),(711,44,'Tianjin','TI',1),(712,44,'Xinjiang','XI',1),(713,44,'Yunnan','YU',1),(714,44,'Zhejiang','ZH',1),(715,46,'Direction Island','D',1),(716,46,'Home Island','H',1),(717,46,'Horsburgh Island','O',1),(718,46,'South Island','S',1),(719,46,'West Island','W',1),(720,47,'Amazonas','AMZ',1),(721,47,'Antioquia','ANT',1),(722,47,'Arauca','ARA',1),(723,47,'Atlantico','ATL',1),(724,47,'Bogota D.C.','BDC',1),(725,47,'Bolivar','BOL',1),(726,47,'Boyaca','BOY',1),(727,47,'Caldas','CAL',1),(728,47,'Caqueta','CAQ',1),(729,47,'Casanare','CAS',1),(730,47,'Cauca','CAU',1),(731,47,'Cesar','CES',1),(732,47,'Choco','CHO',1),(733,47,'Cordoba','COR',1),(734,47,'Cundinamarca','CAM',1),(735,47,'Guainia','GNA',1),(736,47,'Guajira','GJR',1),(737,47,'Guaviare','GVR',1),(738,47,'Huila','HUI',1),(739,47,'Magdalena','MAG',1),(740,47,'Meta','MET',1),(741,47,'Narino','NAR',1),(742,47,'Norte de Santander','NDS',1),(743,47,'Putumayo','PUT',1),(744,47,'Quindio','QUI',1),(745,47,'Risaralda','RIS',1),(746,47,'San Andres y Providencia','SAP',1),(747,47,'Santander','SAN',1),(748,47,'Sucre','SUC',1),(749,47,'Tolima','TOL',1),(750,47,'Valle del Cauca','VDC',1),(751,47,'Vaupes','VAU',1),(752,47,'Vichada','VIC',1),(753,48,'Grande Comore','G',1),(754,48,'Anjouan','A',1),(755,48,'Moheli','M',1),(756,49,'Bouenza','BO',1),(757,49,'Brazzaville','BR',1),(758,49,'Cuvette','CU',1),(759,49,'Cuvette-Ouest','CO',1),(760,49,'Kouilou','KO',1),(761,49,'Lekoumou','LE',1),(762,49,'Likouala','LI',1),(763,49,'Niari','NI',1),(764,49,'Plateaux','PL',1),(765,49,'Pool','PO',1),(766,49,'Sangha','SA',1),(767,50,'Pukapuka','PU',1),(768,50,'Rakahanga','RK',1),(769,50,'Manihiki','MK',1),(770,50,'Penrhyn','PE',1),(771,50,'Nassau Island','NI',1),(772,50,'Surwarrow','SU',1),(773,50,'Palmerston','PA',1),(774,50,'Aitutaki','AI',1),(775,50,'Manuae','MA',1),(776,50,'Takutea','TA',1),(777,50,'Mitiaro','MT',1),(778,50,'Atiu','AT',1),(779,50,'Mauke','MU',1),(780,50,'Rarotonga','RR',1),(781,50,'Mangaia','MG',1),(782,51,'Alajuela','AL',1),(783,51,'Cartago','CA',1),(784,51,'Guanacaste','GU',1),(785,51,'Heredia','HE',1),(786,51,'Limon','LI',1),(787,51,'Puntarenas','PU',1),(788,51,'San Jose','SJ',1),(789,52,'Abengourou','ABE',1),(790,52,'Abidjan','ABI',1),(791,52,'Aboisso','ABO',1),(792,52,'Adiake','ADI',1),(793,52,'Adzope','ADZ',1),(794,52,'Agboville','AGB',1),(795,52,'Agnibilekrou','AGN',1),(796,52,'Alepe','ALE',1),(797,52,'Bocanda','BOC',1),(798,52,'Bangolo','BAN',1),(799,52,'Beoumi','BEO',1),(800,52,'Biankouma','BIA',1),(801,52,'Bondoukou','BDK',1),(802,52,'Bongouanou','BGN',1),(803,52,'Bouafle','BFL',1),(804,52,'Bouake','BKE',1),(805,52,'Bouna','BNA',1),(806,52,'Boundiali','BDL',1),(807,52,'Dabakala','DKL',1),(808,52,'Dabou','DBU',1),(809,52,'Daloa','DAL',1),(810,52,'Danane','DAN',1),(811,52,'Daoukro','DAO',1),(812,52,'Dimbokro','DIM',1),(813,52,'Divo','DIV',1),(814,52,'Duekoue','DUE',1),(815,52,'Ferkessedougou','FER',1),(816,52,'Gagnoa','GAG',1),(817,52,'Grand-Bassam','GBA',1),(818,52,'Grand-Lahou','GLA',1),(819,52,'Guiglo','GUI',1),(820,52,'Issia','ISS',1),(821,52,'Jacqueville','JAC',1),(822,52,'Katiola','KAT',1),(823,52,'Korhogo','KOR',1),(824,52,'Lakota','LAK',1),(825,52,'Man','MAN',1),(826,52,'Mankono','MKN',1),(827,52,'Mbahiakro','MBA',1),(828,52,'Odienne','ODI',1),(829,52,'Oume','OUM',1),(830,52,'Sakassou','SAK',1),(831,52,'San-Pedro','SPE',1),(832,52,'Sassandra','SAS',1),(833,52,'Seguela','SEG',1),(834,52,'Sinfra','SIN',1),(835,52,'Soubre','SOU',1),(836,52,'Tabou','TAB',1),(837,52,'Tanda','TAN',1),(838,52,'Tiebissou','TIE',1),(839,52,'Tingrela','TIN',1),(840,52,'Tiassale','TIA',1),(841,52,'Touba','TBA',1),(842,52,'Toulepleu','TLP',1),(843,52,'Toumodi','TMD',1),(844,52,'Vavoua','VAV',1),(845,52,'Yamoussoukro','YAM',1),(846,52,'Zuenoula','ZUE',1),(847,53,'Bjelovar-Bilogora','BB',1),(848,53,'City of Zagreb','CZ',1),(849,53,'Dubrovnik-Neretva','DN',1),(850,53,'Istra','IS',1),(851,53,'Karlovac','KA',1),(852,53,'Koprivnica-Krizevci','KK',1),(853,53,'Krapina-Zagorje','KZ',1),(854,53,'Lika-Senj','LS',1),(855,53,'Medimurje','ME',1),(856,53,'Osijek-Baranja','OB',1),(857,53,'Pozega-Slavonia','PS',1),(858,53,'Primorje-Gorski Kotar','PG',1),(859,53,'Sibenik','SI',1),(860,53,'Sisak-Moslavina','SM',1),(861,53,'Slavonski Brod-Posavina','SB',1),(862,53,'Split-Dalmatia','SD',1),(863,53,'Varazdin','VA',1),(864,53,'Virovitica-Podravina','VP',1),(865,53,'Vukovar-Srijem','VS',1),(866,53,'Zadar-Knin','ZK',1),(867,53,'Zagreb','ZA',1),(868,54,'Camaguey','CA',1),(869,54,'Ciego de Avila','CD',1),(870,54,'Cienfuegos','CI',1),(871,54,'Ciudad de La Habana','CH',1),(872,54,'Granma','GR',1),(873,54,'Guantanamo','GU',1),(874,54,'Holguin','HO',1),(875,54,'Isla de la Juventud','IJ',1),(876,54,'La Habana','LH',1),(877,54,'Las Tunas','LT',1),(878,54,'Matanzas','MA',1),(879,54,'Pinar del Rio','PR',1),(880,54,'Sancti Spiritus','SS',1),(881,54,'Santiago de Cuba','SC',1),(882,54,'Villa Clara','VC',1),(883,55,'Famagusta','F',1),(884,55,'Kyrenia','K',1),(885,55,'Larnaca','A',1),(886,55,'Limassol','I',1),(887,55,'Nicosia','N',1),(888,55,'Paphos','P',1),(889,56,'Ústecký','U',1),(890,56,'Jihočeský','C',1),(891,56,'Jihomoravský','B',1),(892,56,'Karlovarský','K',1),(893,56,'Královehradecký','H',1),(894,56,'Liberecký','L',1),(895,56,'Moravskoslezský','T',1),(896,56,'Olomoucký','M',1),(897,56,'Pardubický','E',1),(898,56,'Plzeňský','P',1),(899,56,'Praha','A',1),(900,56,'Středočeský','S',1),(901,56,'Vysočina','J',1),(902,56,'Zlínský','Z',1),(903,57,'Arhus','AR',1),(904,57,'Bornholm','BH',1),(905,57,'Copenhagen','CO',1),(906,57,'Faroe Islands','FO',1),(907,57,'Frederiksborg','FR',1),(908,57,'Fyn','FY',1),(909,57,'Kobenhavn','KO',1),(910,57,'Nordjylland','NO',1),(911,57,'Ribe','RI',1),(912,57,'Ringkobing','RK',1),(913,57,'Roskilde','RO',1),(914,57,'Sonderjylland','SO',1),(915,57,'Storstrom','ST',1),(916,57,'Vejle','VK',1),(917,57,'Vestj&aelig;lland','VJ',1),(918,57,'Viborg','VB',1),(919,58,'\'Ali Sabih','S',1),(920,58,'Dikhil','K',1),(921,58,'Djibouti','J',1),(922,58,'Obock','O',1),(923,58,'Tadjoura','T',1),(924,59,'Saint Andrew Parish','AND',1),(925,59,'Saint David Parish','DAV',1),(926,59,'Saint George Parish','GEO',1),(927,59,'Saint John Parish','JOH',1),(928,59,'Saint Joseph Parish','JOS',1),(929,59,'Saint Luke Parish','LUK',1),(930,59,'Saint Mark Parish','MAR',1),(931,59,'Saint Patrick Parish','PAT',1),(932,59,'Saint Paul Parish','PAU',1),(933,59,'Saint Peter Parish','PET',1),(934,60,'Distrito Nacional','DN',1),(935,60,'Azua','AZ',1),(936,60,'Baoruco','BC',1),(937,60,'Barahona','BH',1),(938,60,'Dajabon','DJ',1),(939,60,'Duarte','DU',1),(940,60,'Elias Pina','EL',1),(941,60,'El Seybo','SY',1),(942,60,'Espaillat','ET',1),(943,60,'Hato Mayor','HM',1),(944,60,'Independencia','IN',1),(945,60,'La Altagracia','AL',1),(946,60,'La Romana','RO',1),(947,60,'La Vega','VE',1),(948,60,'Maria Trinidad Sanchez','MT',1),(949,60,'Monsenor Nouel','MN',1),(950,60,'Monte Cristi','MC',1),(951,60,'Monte Plata','MP',1),(952,60,'Pedernales','PD',1),(953,60,'Peravia (Bani)','PR',1),(954,60,'Puerto Plata','PP',1),(955,60,'Salcedo','SL',1),(956,60,'Samana','SM',1),(957,60,'Sanchez Ramirez','SH',1),(958,60,'San Cristobal','SC',1),(959,60,'San Jose de Ocoa','JO',1),(960,60,'San Juan','SJ',1),(961,60,'San Pedro de Macoris','PM',1),(962,60,'Santiago','SA',1),(963,60,'Santiago Rodriguez','ST',1),(964,60,'Santo Domingo','SD',1),(965,60,'Valverde','VA',1),(966,61,'Aileu','AL',1),(967,61,'Ainaro','AN',1),(968,61,'Baucau','BA',1),(969,61,'Bobonaro','BO',1),(970,61,'Cova Lima','CO',1),(971,61,'Dili','DI',1),(972,61,'Ermera','ER',1),(973,61,'Lautem','LA',1),(974,61,'Liquica','LI',1),(975,61,'Manatuto','MT',1),(976,61,'Manufahi','MF',1),(977,61,'Oecussi','OE',1),(978,61,'Viqueque','VI',1),(979,62,'Azuay','AZU',1),(980,62,'Bolivar','BOL',1),(981,62,'Ca&ntilde;ar','CAN',1),(982,62,'Carchi','CAR',1),(983,62,'Chimborazo','CHI',1),(984,62,'Cotopaxi','COT',1),(985,62,'El Oro','EOR',1),(986,62,'Esmeraldas','ESM',1),(987,62,'Gal&aacute;pagos','GPS',1),(988,62,'Guayas','GUA',1),(989,62,'Imbabura','IMB',1),(990,62,'Loja','LOJ',1),(991,62,'Los Rios','LRO',1),(992,62,'Manab&iacute;','MAN',1),(993,62,'Morona Santiago','MSA',1),(994,62,'Napo','NAP',1),(995,62,'Orellana','ORE',1),(996,62,'Pastaza','PAS',1),(997,62,'Pichincha','PIC',1),(998,62,'Sucumb&iacute;os','SUC',1),(999,62,'Tungurahua','TUN',1),(1000,62,'Zamora Chinchipe','ZCH',1),(1001,63,'Ad Daqahliyah','DHY',1),(1002,63,'Al Bahr al Ahmar','BAM',1),(1003,63,'Al Buhayrah','BHY',1),(1004,63,'Al Fayyum','FYM',1),(1005,63,'Al Gharbiyah','GBY',1),(1006,63,'Al Iskandariyah','IDR',1),(1007,63,'Al Isma\'iliyah','IML',1),(1008,63,'Al Jizah','JZH',1),(1009,63,'Al Minufiyah','MFY',1),(1010,63,'Al Minya','MNY',1),(1011,63,'Al Qahirah','QHR',1),(1012,63,'Al Qalyubiyah','QLY',1),(1013,63,'Al Wadi al Jadid','WJD',1),(1014,63,'Ash Sharqiyah','SHQ',1),(1015,63,'As Suways','SWY',1),(1016,63,'Aswan','ASW',1),(1017,63,'Asyut','ASY',1),(1018,63,'Bani Suwayf','BSW',1),(1019,63,'Bur Sa\'id','BSD',1),(1020,63,'Dumyat','DMY',1),(1021,63,'Janub Sina\'','JNS',1),(1022,63,'Kafr ash Shaykh','KSH',1),(1023,63,'Matruh','MAT',1),(1024,63,'Qina','QIN',1),(1025,63,'Shamal Sina\'','SHS',1),(1026,63,'Suhaj','SUH',1),(1027,64,'Ahuachapan','AH',1),(1028,64,'Cabanas','CA',1),(1029,64,'Chalatenango','CH',1),(1030,64,'Cuscatlan','CU',1),(1031,64,'La Libertad','LB',1),(1032,64,'La Paz','PZ',1),(1033,64,'La Union','UN',1),(1034,64,'Morazan','MO',1),(1035,64,'San Miguel','SM',1),(1036,64,'San Salvador','SS',1),(1037,64,'San Vicente','SV',1),(1038,64,'Santa Ana','SA',1),(1039,64,'Sonsonate','SO',1),(1040,64,'Usulutan','US',1),(1041,65,'Provincia Annobon','AN',1),(1042,65,'Provincia Bioko Norte','BN',1),(1043,65,'Provincia Bioko Sur','BS',1),(1044,65,'Provincia Centro Sur','CS',1),(1045,65,'Provincia Kie-Ntem','KN',1),(1046,65,'Provincia Litoral','LI',1),(1047,65,'Provincia Wele-Nzas','WN',1),(1048,66,'Central (Maekel)','MA',1),(1049,66,'Anseba (Keren)','KE',1),(1050,66,'Southern Red Sea (Debub-Keih-Bahri)','DK',1),(1051,66,'Northern Red Sea (Semien-Keih-Bahri)','SK',1),(1052,66,'Southern (Debub)','DE',1),(1053,66,'Gash-Barka (Barentu)','BR',1),(1054,67,'Harjumaa (Tallinn)','HA',1),(1055,67,'Hiiumaa (Kardla)','HI',1),(1056,67,'Ida-Virumaa (Johvi)','IV',1),(1057,67,'Jarvamaa (Paide)','JA',1),(1058,67,'Jogevamaa (Jogeva)','JO',1),(1059,67,'Laane-Virumaa (Rakvere)','LV',1),(1060,67,'Laanemaa (Haapsalu)','LA',1),(1061,67,'Parnumaa (Parnu)','PA',1),(1062,67,'Polvamaa (Polva)','PO',1),(1063,67,'Raplamaa (Rapla)','RA',1),(1064,67,'Saaremaa (Kuessaare)','SA',1),(1065,67,'Tartumaa (Tartu)','TA',1),(1066,67,'Valgamaa (Valga)','VA',1),(1067,67,'Viljandimaa (Viljandi)','VI',1),(1068,67,'Vorumaa (Voru)','VO',1),(1069,68,'Afar','AF',1),(1070,68,'Amhara','AH',1),(1071,68,'Benishangul-Gumaz','BG',1),(1072,68,'Gambela','GB',1),(1073,68,'Hariai','HR',1),(1074,68,'Oromia','OR',1),(1075,68,'Somali','SM',1),(1076,68,'Southern Nations - Nationalities and Peoples Region','SN',1),(1077,68,'Tigray','TG',1),(1078,68,'Addis Ababa','AA',1),(1079,68,'Dire Dawa','DD',1),(1080,71,'Central Division','C',1),(1081,71,'Northern Division','N',1),(1082,71,'Eastern Division','E',1),(1083,71,'Western Division','W',1),(1084,71,'Rotuma','R',1),(1085,72,'Ahvenanmaan Laani','AL',1),(1086,72,'Etela-Suomen Laani','ES',1),(1087,72,'Ita-Suomen Laani','IS',1),(1088,72,'Lansi-Suomen Laani','LS',1),(1089,72,'Lapin Lanani','LA',1),(1090,72,'Oulun Laani','OU',1),(1091,73,'Alsace','AL',1),(1092,73,'Aquitaine','AQ',1),(1093,73,'Auvergne','AU',1),(1094,73,'Brittany','BR',1),(1095,73,'Burgundy','BU',1),(1096,73,'Center Loire Valley','CE',1),(1097,73,'Champagne','CH',1),(1098,73,'Corse','CO',1),(1099,73,'France Comte','FR',1),(1100,73,'Languedoc Roussillon','LA',1),(1101,73,'Limousin','LI',1),(1102,73,'Lorraine','LO',1),(1103,73,'Midi Pyrenees','MI',1),(1104,73,'Nord Pas de Calais','NO',1),(1105,73,'Normandy','NR',1),(1106,73,'Paris / Ill de France','PA',1),(1107,73,'Picardie','PI',1),(1108,73,'Poitou Charente','PO',1),(1109,73,'Provence','PR',1),(1110,73,'Rhone Alps','RH',1),(1111,73,'Riviera','RI',1),(1112,73,'Western Loire Valley','WE',1),(1113,74,'Etranger','Et',1),(1114,74,'Ain','01',1),(1115,74,'Aisne','02',1),(1116,74,'Allier','03',1),(1117,74,'Alpes de Haute Provence','04',1),(1118,74,'Hautes-Alpes','05',1),(1119,74,'Alpes Maritimes','06',1),(1120,74,'Ard&egrave;che','07',1),(1121,74,'Ardennes','08',1),(1122,74,'Ari&egrave;ge','09',1),(1123,74,'Aube','10',1),(1124,74,'Aude','11',1),(1125,74,'Aveyron','12',1),(1126,74,'Bouches du Rh&ocirc;ne','13',1),(1127,74,'Calvados','14',1),(1128,74,'Cantal','15',1),(1129,74,'Charente','16',1),(1130,74,'Charente Maritime','17',1),(1131,74,'Cher','18',1),(1132,74,'Corr&egrave;ze','19',1),(1133,74,'Corse du Sud','2A',1),(1134,74,'Haute Corse','2B',1),(1135,74,'C&ocirc;te d&#039;or','21',1),(1136,74,'C&ocirc;tes d&#039;Armor','22',1),(1137,74,'Creuse','23',1),(1138,74,'Dordogne','24',1),(1139,74,'Doubs','25',1),(1140,74,'Dr&ocirc;me','26',1),(1141,74,'Eure','27',1),(1142,74,'Eure et Loir','28',1),(1143,74,'Finist&egrave;re','29',1),(1144,74,'Gard','30',1),(1145,74,'Haute Garonne','31',1),(1146,74,'Gers','32',1),(1147,74,'Gironde','33',1),(1148,74,'H&eacute;rault','34',1),(1149,74,'Ille et Vilaine','35',1),(1150,74,'Indre','36',1),(1151,74,'Indre et Loire','37',1),(1152,74,'Is&eacute;re','38',1),(1153,74,'Jura','39',1),(1154,74,'Landes','40',1),(1155,74,'Loir et Cher','41',1),(1156,74,'Loire','42',1),(1157,74,'Haute Loire','43',1),(1158,74,'Loire Atlantique','44',1),(1159,74,'Loiret','45',1),(1160,74,'Lot','46',1),(1161,74,'Lot et Garonne','47',1),(1162,74,'Loz&egrave;re','48',1),(1163,74,'Maine et Loire','49',1),(1164,74,'Manche','50',1),(1165,74,'Marne','51',1),(1166,74,'Haute Marne','52',1),(1167,74,'Mayenne','53',1),(1168,74,'Meurthe et Moselle','54',1),(1169,74,'Meuse','55',1),(1170,74,'Morbihan','56',1),(1171,74,'Moselle','57',1),(1172,74,'Ni&egrave;vre','58',1),(1173,74,'Nord','59',1),(1174,74,'Oise','60',1),(1175,74,'Orne','61',1),(1176,74,'Pas de Calais','62',1),(1177,74,'Puy de D&ocirc;me','63',1),(1178,74,'Pyr&eacute;n&eacute;es Atlantiques','64',1),(1179,74,'Hautes Pyr&eacute;n&eacute;es','65',1),(1180,74,'Pyr&eacute;n&eacute;es Orientales','66',1),(1181,74,'Bas Rhin','67',1),(1182,74,'Haut Rhin','68',1),(1183,74,'Rh&ocirc;ne','69',1),(1184,74,'Haute Sa&ocirc;ne','70',1),(1185,74,'Sa&ocirc;ne et Loire','71',1),(1186,74,'Sarthe','72',1),(1187,74,'Savoie','73',1),(1188,74,'Haute Savoie','74',1),(1189,74,'Paris','75',1),(1190,74,'Seine Maritime','76',1),(1191,74,'Seine et Marne','77',1),(1192,74,'Yvelines','78',1),(1193,74,'Deux S&egrave;vres','79',1),(1194,74,'Somme','80',1),(1195,74,'Tarn','81',1),(1196,74,'Tarn et Garonne','82',1),(1197,74,'Var','83',1),(1198,74,'Vaucluse','84',1),(1199,74,'Vend&eacute;e','85',1),(1200,74,'Vienne','86',1),(1201,74,'Haute Vienne','87',1),(1202,74,'Vosges','88',1),(1203,74,'Yonne','89',1),(1204,74,'Territoire de Belfort','90',1),(1205,74,'Essonne','91',1),(1206,74,'Hauts de Seine','92',1),(1207,74,'Seine St-Denis','93',1),(1208,74,'Val de Marne','94',1),(1209,74,'Val d\'Oise','95',1),(1210,76,'Archipel des Marquises','M',1),(1211,76,'Archipel des Tuamotu','T',1),(1212,76,'Archipel des Tubuai','I',1),(1213,76,'Iles du Vent','V',1),(1214,76,'Iles Sous-le-Vent','S',1),(1215,77,'Iles Crozet','C',1),(1216,77,'Iles Kerguelen','K',1),(1217,77,'Ile Amsterdam','A',1),(1218,77,'Ile Saint-Paul','P',1),(1219,77,'Adelie Land','D',1),(1220,78,'Estuaire','ES',1),(1221,78,'Haut-Ogooue','HO',1),(1222,78,'Moyen-Ogooue','MO',1),(1223,78,'Ngounie','NG',1),(1224,78,'Nyanga','NY',1),(1225,78,'Ogooue-Ivindo','OI',1),(1226,78,'Ogooue-Lolo','OL',1),(1227,78,'Ogooue-Maritime','OM',1),(1228,78,'Woleu-Ntem','WN',1),(1229,79,'Banjul','BJ',1),(1230,79,'Basse','BS',1),(1231,79,'Brikama','BR',1),(1232,79,'Janjangbure','JA',1),(1233,79,'Kanifeng','KA',1),(1234,79,'Kerewan','KE',1),(1235,79,'Kuntaur','KU',1),(1236,79,'Mansakonko','MA',1),(1237,79,'Lower River','LR',1),(1238,79,'Central River','CR',1),(1239,79,'North Bank','NB',1),(1240,79,'Upper River','UR',1),(1241,79,'Western','WE',1),(1242,80,'Abkhazia','AB',1),(1243,80,'Ajaria','AJ',1),(1244,80,'Tbilisi','TB',1),(1245,80,'Guria','GU',1),(1246,80,'Imereti','IM',1),(1247,80,'Kakheti','KA',1),(1248,80,'Kvemo Kartli','KK',1),(1249,80,'Mtskheta-Mtianeti','MM',1),(1250,80,'Racha Lechkhumi and Kvemo Svanet','RL',1),(1251,80,'Samegrelo-Zemo Svaneti','SZ',1),(1252,80,'Samtskhe-Javakheti','SJ',1),(1253,80,'Shida Kartli','SK',1),(1254,81,'Baden-W&uuml;rttemberg','BAW',1),(1255,81,'Bayern','BAY',1),(1256,81,'Berlin','BER',1),(1257,81,'Brandenburg','BRG',1),(1258,81,'Bremen','BRE',1),(1259,81,'Hamburg','HAM',1),(1260,81,'Hessen','HES',1),(1261,81,'Mecklenburg-Vorpommern','MEC',1),(1262,81,'Niedersachsen','NDS',1),(1263,81,'Nordrhein-Westfalen','NRW',1),(1264,81,'Rheinland-Pfalz','RHE',1),(1265,81,'Saarland','SAR',1),(1266,81,'Sachsen','SAS',1),(1267,81,'Sachsen-Anhalt','SAC',1),(1268,81,'Schleswig-Holstein','SCN',1),(1269,81,'Th&uuml;ringen','THE',1),(1270,82,'Ashanti Region','AS',1),(1271,82,'Brong-Ahafo Region','BA',1),(1272,82,'Central Region','CE',1),(1273,82,'Eastern Region','EA',1),(1274,82,'Greater Accra Region','GA',1),(1275,82,'Northern Region','NO',1),(1276,82,'Upper East Region','UE',1),(1277,82,'Upper West Region','UW',1),(1278,82,'Volta Region','VO',1),(1279,82,'Western Region','WE',1),(1280,84,'Attica','AT',1),(1281,84,'Central Greece','CN',1),(1282,84,'Central Macedonia','CM',1),(1283,84,'Crete','CR',1),(1284,84,'East Macedonia and Thrace','EM',1),(1285,84,'Epirus','EP',1),(1286,84,'Ionian Islands','II',1),(1287,84,'North Aegean','NA',1),(1288,84,'Peloponnesos','PP',1),(1289,84,'South Aegean','SA',1),(1290,84,'Thessaly','TH',1),(1291,84,'West Greece','WG',1),(1292,84,'West Macedonia','WM',1),(1293,85,'Avannaa','A',1),(1294,85,'Tunu','T',1),(1295,85,'Kitaa','K',1),(1296,86,'Saint Andrew','A',1),(1297,86,'Saint David','D',1),(1298,86,'Saint George','G',1),(1299,86,'Saint John','J',1),(1300,86,'Saint Mark','M',1),(1301,86,'Saint Patrick','P',1),(1302,86,'Carriacou','C',1),(1303,86,'Petit Martinique','Q',1),(1304,89,'Alta Verapaz','AV',1),(1305,89,'Baja Verapaz','BV',1),(1306,89,'Chimaltenango','CM',1),(1307,89,'Chiquimula','CQ',1),(1308,89,'El Peten','PE',1),(1309,89,'El Progreso','PR',1),(1310,89,'El Quiche','QC',1),(1311,89,'Escuintla','ES',1),(1312,89,'Guatemala','GU',1),(1313,89,'Huehuetenango','HU',1),(1314,89,'Izabal','IZ',1),(1315,89,'Jalapa','JA',1),(1316,89,'Jutiapa','JU',1),(1317,89,'Quetzaltenango','QZ',1),(1318,89,'Retalhuleu','RE',1),(1319,89,'Sacatepequez','ST',1),(1320,89,'San Marcos','SM',1),(1321,89,'Santa Rosa','SR',1),(1322,89,'Solola','SO',1),(1323,89,'Suchitepequez','SU',1),(1324,89,'Totonicapan','TO',1),(1325,89,'Zacapa','ZA',1),(1326,90,'Conakry','CNK',1),(1327,90,'Beyla','BYL',1),(1328,90,'Boffa','BFA',1),(1329,90,'Boke','BOK',1),(1330,90,'Coyah','COY',1),(1331,90,'Dabola','DBL',1),(1332,90,'Dalaba','DLB',1),(1333,90,'Dinguiraye','DGR',1),(1334,90,'Dubreka','DBR',1),(1335,90,'Faranah','FRN',1),(1336,90,'Forecariah','FRC',1),(1337,90,'Fria','FRI',1),(1338,90,'Gaoual','GAO',1),(1339,90,'Gueckedou','GCD',1),(1340,90,'Kankan','KNK',1),(1341,90,'Kerouane','KRN',1),(1342,90,'Kindia','KND',1),(1343,90,'Kissidougou','KSD',1),(1344,90,'Koubia','KBA',1),(1345,90,'Koundara','KDA',1),(1346,90,'Kouroussa','KRA',1),(1347,90,'Labe','LAB',1),(1348,90,'Lelouma','LLM',1),(1349,90,'Lola','LOL',1),(1350,90,'Macenta','MCT',1),(1351,90,'Mali','MAL',1),(1352,90,'Mamou','MAM',1),(1353,90,'Mandiana','MAN',1),(1354,90,'Nzerekore','NZR',1),(1355,90,'Pita','PIT',1),(1356,90,'Siguiri','SIG',1),(1357,90,'Telimele','TLM',1),(1358,90,'Tougue','TOG',1),(1359,90,'Yomou','YOM',1),(1360,91,'Bafata Region','BF',1),(1361,91,'Biombo Region','BB',1),(1362,91,'Bissau Region','BS',1),(1363,91,'Bolama Region','BL',1),(1364,91,'Cacheu Region','CA',1),(1365,91,'Gabu Region','GA',1),(1366,91,'Oio Region','OI',1),(1367,91,'Quinara Region','QU',1),(1368,91,'Tombali Region','TO',1),(1369,92,'Barima-Waini','BW',1),(1370,92,'Cuyuni-Mazaruni','CM',1),(1371,92,'Demerara-Mahaica','DM',1),(1372,92,'East Berbice-Corentyne','EC',1),(1373,92,'Essequibo Islands-West Demerara','EW',1),(1374,92,'Mahaica-Berbice','MB',1),(1375,92,'Pomeroon-Supenaam','PM',1),(1376,92,'Potaro-Siparuni','PI',1),(1377,92,'Upper Demerara-Berbice','UD',1),(1378,92,'Upper Takutu-Upper Essequibo','UT',1),(1379,93,'Artibonite','AR',1),(1380,93,'Centre','CE',1),(1381,93,'Grand\'Anse','GA',1),(1382,93,'Nord','ND',1),(1383,93,'Nord-Est','NE',1),(1384,93,'Nord-Ouest','NO',1),(1385,93,'Ouest','OU',1),(1386,93,'Sud','SD',1),(1387,93,'Sud-Est','SE',1),(1388,94,'Flat Island','F',1),(1389,94,'McDonald Island','M',1),(1390,94,'Shag Island','S',1),(1391,94,'Heard Island','H',1),(1392,95,'Atlantida','AT',1),(1393,95,'Choluteca','CH',1),(1394,95,'Colon','CL',1),(1395,95,'Comayagua','CM',1),(1396,95,'Copan','CP',1),(1397,95,'Cortes','CR',1),(1398,95,'El Paraiso','PA',1),(1399,95,'Francisco Morazan','FM',1),(1400,95,'Gracias a Dios','GD',1),(1401,95,'Intibuca','IN',1),(1402,95,'Islas de la Bahia (Bay Islands)','IB',1),(1403,95,'La Paz','PZ',1),(1404,95,'Lempira','LE',1),(1405,95,'Ocotepeque','OC',1),(1406,95,'Olancho','OL',1),(1407,95,'Santa Barbara','SB',1),(1408,95,'Valle','VA',1),(1409,95,'Yoro','YO',1),(1410,96,'Central and Western Hong Kong Island','HCW',1),(1411,96,'Eastern Hong Kong Island','HEA',1),(1412,96,'Southern Hong Kong Island','HSO',1),(1413,96,'Wan Chai Hong Kong Island','HWC',1),(1414,96,'Kowloon City Kowloon','KKC',1),(1415,96,'Kwun Tong Kowloon','KKT',1),(1416,96,'Sham Shui Po Kowloon','KSS',1),(1417,96,'Wong Tai Sin Kowloon','KWT',1),(1418,96,'Yau Tsim Mong Kowloon','KYT',1),(1419,96,'Islands New Territories','NIS',1),(1420,96,'Kwai Tsing New Territories','NKT',1),(1421,96,'North New Territories','NNO',1),(1422,96,'Sai Kung New Territories','NSK',1),(1423,96,'Sha Tin New Territories','NST',1),(1424,96,'Tai Po New Territories','NTP',1),(1425,96,'Tsuen Wan New Territories','NTW',1),(1426,96,'Tuen Mun New Territories','NTM',1),(1427,96,'Yuen Long New Territories','NYL',1),(1428,97,'Bacs-Kiskun','BK',1),(1429,97,'Baranya','BA',1),(1430,97,'Bekes','BE',1),(1431,97,'Bekescsaba','BS',1),(1432,97,'Borsod-Abauj-Zemplen','BZ',1),(1433,97,'Budapest','BU',1),(1434,97,'Csongrad','CS',1),(1435,97,'Debrecen','DE',1),(1436,97,'Dunaujvaros','DU',1),(1437,97,'Eger','EG',1),(1438,97,'Fejer','FE',1),(1439,97,'Gyor','GY',1),(1440,97,'Gyor-Moson-Sopron','GM',1),(1441,97,'Hajdu-Bihar','HB',1),(1442,97,'Heves','HE',1),(1443,97,'Hodmezovasarhely','HO',1),(1444,97,'Jasz-Nagykun-Szolnok','JN',1),(1445,97,'Kaposvar','KA',1),(1446,97,'Kecskemet','KE',1),(1447,97,'Komarom-Esztergom','KO',1),(1448,97,'Miskolc','MI',1),(1449,97,'Nagykanizsa','NA',1),(1450,97,'Nograd','NO',1),(1451,97,'Nyiregyhaza','NY',1),(1452,97,'Pecs','PE',1),(1453,97,'Pest','PS',1),(1454,97,'Somogy','SO',1),(1455,97,'Sopron','SP',1),(1456,97,'Szabolcs-Szatmar-Bereg','SS',1),(1457,97,'Szeged','SZ',1),(1458,97,'Szekesfehervar','SE',1),(1459,97,'Szolnok','SL',1),(1460,97,'Szombathely','SM',1),(1461,97,'Tatabanya','TA',1),(1462,97,'Tolna','TO',1),(1463,97,'Vas','VA',1),(1464,97,'Veszprem','VE',1),(1465,97,'Zala','ZA',1),(1466,97,'Zalaegerszeg','ZZ',1),(1467,98,'Austurland','AL',1),(1468,98,'Hofuoborgarsvaeoi','HF',1),(1469,98,'Norourland eystra','NE',1),(1470,98,'Norourland vestra','NV',1),(1471,98,'Suourland','SL',1),(1472,98,'Suournes','SN',1),(1473,98,'Vestfiroir','VF',1),(1474,98,'Vesturland','VL',1),(1475,99,'Andaman and Nicobar Islands','AN',1),(1476,99,'Andhra Pradesh','AP',1),(1477,99,'Arunachal Pradesh','AR',1),(1478,99,'Assam','AS',1),(1479,99,'Bihar','BI',1),(1480,99,'Chandigarh','CH',1),(1481,99,'Dadra and Nagar Haveli','DA',1),(1482,99,'Daman and Diu','DM',1),(1483,99,'Delhi','DE',1),(1484,99,'Goa','GO',1),(1485,99,'Gujarat','GU',1),(1486,99,'Haryana','HA',1),(1487,99,'Himachal Pradesh','HP',1),(1488,99,'Jammu and Kashmir','JA',1),(1489,99,'Karnataka','KA',1),(1490,99,'Kerala','KE',1),(1491,99,'Lakshadweep Islands','LI',1),(1492,99,'Madhya Pradesh','MP',1),(1493,99,'Maharashtra','MA',1),(1494,99,'Manipur','MN',1),(1495,99,'Meghalaya','ME',1),(1496,99,'Mizoram','MI',1),(1497,99,'Nagaland','NA',1),(1498,99,'Orissa','OR',1),(1499,99,'Pondicherry','PO',1),(1500,99,'Punjab','PU',1),(1501,99,'Rajasthan','RA',1),(1502,99,'Sikkim','SI',1),(1503,99,'Tamil Nadu','TN',1),(1504,99,'Tripura','TR',1),(1505,99,'Uttar Pradesh','UP',1),(1506,99,'West Bengal','WB',1),(1507,100,'Aceh','AC',1),(1508,100,'Bali','BA',1),(1509,100,'Banten','BT',1),(1510,100,'Bengkulu','BE',1),(1511,100,'BoDeTaBek','BD',1),(1512,100,'Gorontalo','GO',1),(1513,100,'Jakarta Raya','JK',1),(1514,100,'Jambi','JA',1),(1515,100,'Jawa Barat','JB',1),(1516,100,'Jawa Tengah','JT',1),(1517,100,'Jawa Timur','JI',1),(1518,100,'Kalimantan Barat','KB',1),(1519,100,'Kalimantan Selatan','KS',1),(1520,100,'Kalimantan Tengah','KT',1),(1521,100,'Kalimantan Timur','KI',1),(1522,100,'Kepulauan Bangka Belitung','BB',1),(1523,100,'Lampung','LA',1),(1524,100,'Maluku','MA',1),(1525,100,'Maluku Utara','MU',1),(1526,100,'Nusa Tenggara Barat','NB',1),(1527,100,'Nusa Tenggara Timur','NT',1),(1528,100,'Papua','PA',1),(1529,100,'Riau','RI',1),(1530,100,'Sulawesi Selatan','SN',1),(1531,100,'Sulawesi Tengah','ST',1),(1532,100,'Sulawesi Tenggara','SG',1),(1533,100,'Sulawesi Utara','SA',1),(1534,100,'Sumatera Barat','SB',1),(1535,100,'Sumatera Selatan','SS',1),(1536,100,'Sumatera Utara','SU',1),(1537,100,'Yogyakarta','YO',1),(1538,101,'Tehran','TEH',1),(1539,101,'Qom','QOM',1),(1540,101,'Markazi','MKZ',1),(1541,101,'Qazvin','QAZ',1),(1542,101,'Gilan','GIL',1),(1543,101,'Ardabil','ARD',1),(1544,101,'Zanjan','ZAN',1),(1545,101,'East Azarbaijan','EAZ',1),(1546,101,'West Azarbaijan','WEZ',1),(1547,101,'Kurdistan','KRD',1),(1548,101,'Hamadan','HMD',1),(1549,101,'Kermanshah','KRM',1),(1550,101,'Ilam','ILM',1),(1551,101,'Lorestan','LRS',1),(1552,101,'Khuzestan','KZT',1),(1553,101,'Chahar Mahaal and Bakhtiari','CMB',1),(1554,101,'Kohkiluyeh and Buyer Ahmad','KBA',1),(1555,101,'Bushehr','BSH',1),(1556,101,'Fars','FAR',1),(1557,101,'Hormozgan','HRM',1),(1558,101,'Sistan and Baluchistan','SBL',1),(1559,101,'Kerman','KRB',1),(1560,101,'Yazd','YZD',1),(1561,101,'Esfahan','EFH',1),(1562,101,'Semnan','SMN',1),(1563,101,'Mazandaran','MZD',1),(1564,101,'Golestan','GLS',1),(1565,101,'North Khorasan','NKH',1),(1566,101,'Razavi Khorasan','RKH',1),(1567,101,'South Khorasan','SKH',1),(1568,102,'Baghdad','BD',1),(1569,102,'Salah ad Din','SD',1),(1570,102,'Diyala','DY',1),(1571,102,'Wasit','WS',1),(1572,102,'Maysan','MY',1),(1573,102,'Al Basrah','BA',1),(1574,102,'Dhi Qar','DQ',1),(1575,102,'Al Muthanna','MU',1),(1576,102,'Al Qadisyah','QA',1),(1577,102,'Babil','BB',1),(1578,102,'Al Karbala','KB',1),(1579,102,'An Najaf','NJ',1),(1580,102,'Al Anbar','AB',1),(1581,102,'Ninawa','NN',1),(1582,102,'Dahuk','DH',1),(1583,102,'Arbil','AL',1),(1584,102,'At Ta\'mim','TM',1),(1585,102,'As Sulaymaniyah','SL',1),(1586,103,'Carlow','CA',1),(1587,103,'Cavan','CV',1),(1588,103,'Clare','CL',1),(1589,103,'Cork','CO',1),(1590,103,'Donegal','DO',1),(1591,103,'Dublin','DU',1),(1592,103,'Galway','GA',1),(1593,103,'Kerry','KE',1),(1594,103,'Kildare','KI',1),(1595,103,'Kilkenny','KL',1),(1596,103,'Laois','LA',1),(1597,103,'Leitrim','LE',1),(1598,103,'Limerick','LI',1),(1599,103,'Longford','LO',1),(1600,103,'Louth','LU',1),(1601,103,'Mayo','MA',1),(1602,103,'Meath','ME',1),(1603,103,'Monaghan','MO',1),(1604,103,'Offaly','OF',1),(1605,103,'Roscommon','RO',1),(1606,103,'Sligo','SL',1),(1607,103,'Tipperary','TI',1),(1608,103,'Waterford','WA',1),(1609,103,'Westmeath','WE',1),(1610,103,'Wexford','WX',1),(1611,103,'Wicklow','WI',1),(1612,104,'Be\'er Sheva','BS',1),(1613,104,'Bika\'at Hayarden','BH',1),(1614,104,'Eilat and Arava','EA',1),(1615,104,'Galil','GA',1),(1616,104,'Haifa','HA',1),(1617,104,'Jehuda Mountains','JM',1),(1618,104,'Jerusalem','JE',1),(1619,104,'Negev','NE',1),(1620,104,'Semaria','SE',1),(1621,104,'Sharon','SH',1),(1622,104,'Tel Aviv (Gosh Dan)','TA',1),(3860,105,'Caltanissetta','CL',1),(3842,105,'Agrigento','AG',1),(3843,105,'Alessandria','AL',1),(3844,105,'Ancona','AN',1),(3845,105,'Aosta','AO',1),(3846,105,'Arezzo','AR',1),(3847,105,'Ascoli Piceno','AP',1),(3848,105,'Asti','AT',1),(3849,105,'Avellino','AV',1),(3850,105,'Bari','BA',1),(3851,105,'Belluno','BL',1),(3852,105,'Benevento','BN',1),(3853,105,'Bergamo','BG',1),(3854,105,'Biella','BI',1),(3855,105,'Bologna','BO',1),(3856,105,'Bolzano','BZ',1),(3857,105,'Brescia','BS',1),(3858,105,'Brindisi','BR',1),(3859,105,'Cagliari','CA',1),(1643,106,'Clarendon Parish','CLA',1),(1644,106,'Hanover Parish','HAN',1),(1645,106,'Kingston Parish','KIN',1),(1646,106,'Manchester Parish','MAN',1),(1647,106,'Portland Parish','POR',1),(1648,106,'Saint Andrew Parish','AND',1),(1649,106,'Saint Ann Parish','ANN',1),(1650,106,'Saint Catherine Parish','CAT',1),(1651,106,'Saint Elizabeth Parish','ELI',1),(1652,106,'Saint James Parish','JAM',1),(1653,106,'Saint Mary Parish','MAR',1),(1654,106,'Saint Thomas Parish','THO',1),(1655,106,'Trelawny Parish','TRL',1),(1656,106,'Westmoreland Parish','WML',1),(1657,107,'Aichi','AI',1),(1658,107,'Akita','AK',1),(1659,107,'Aomori','AO',1),(1660,107,'Chiba','CH',1),(1661,107,'Ehime','EH',1),(1662,107,'Fukui','FK',1),(1663,107,'Fukuoka','FU',1),(1664,107,'Fukushima','FS',1),(1665,107,'Gifu','GI',1),(1666,107,'Gumma','GU',1),(1667,107,'Hiroshima','HI',1),(1668,107,'Hokkaido','HO',1),(1669,107,'Hyogo','HY',1),(1670,107,'Ibaraki','IB',1),(1671,107,'Ishikawa','IS',1),(1672,107,'Iwate','IW',1),(1673,107,'Kagawa','KA',1),(1674,107,'Kagoshima','KG',1),(1675,107,'Kanagawa','KN',1),(1676,107,'Kochi','KO',1),(1677,107,'Kumamoto','KU',1),(1678,107,'Kyoto','KY',1),(1679,107,'Mie','MI',1),(1680,107,'Miyagi','MY',1),(1681,107,'Miyazaki','MZ',1),(1682,107,'Nagano','NA',1),(1683,107,'Nagasaki','NG',1),(1684,107,'Nara','NR',1),(1685,107,'Niigata','NI',1),(1686,107,'Oita','OI',1),(1687,107,'Okayama','OK',1),(1688,107,'Okinawa','ON',1),(1689,107,'Osaka','OS',1),(1690,107,'Saga','SA',1),(1691,107,'Saitama','SI',1),(1692,107,'Shiga','SH',1),(1693,107,'Shimane','SM',1),(1694,107,'Shizuoka','SZ',1),(1695,107,'Tochigi','TO',1),(1696,107,'Tokushima','TS',1),(1697,107,'Tokyo','TK',1),(1698,107,'Tottori','TT',1),(1699,107,'Toyama','TY',1),(1700,107,'Wakayama','WA',1),(1701,107,'Yamagata','YA',1),(1702,107,'Yamaguchi','YM',1),(1703,107,'Yamanashi','YN',1),(1704,108,'\'Amman','AM',1),(1705,108,'Ajlun','AJ',1),(1706,108,'Al \'Aqabah','AA',1),(1707,108,'Al Balqa\'','AB',1),(1708,108,'Al Karak','AK',1),(1709,108,'Al Mafraq','AL',1),(1710,108,'At Tafilah','AT',1),(1711,108,'Az Zarqa\'','AZ',1),(1712,108,'Irbid','IR',1),(1713,108,'Jarash','JA',1),(1714,108,'Ma\'an','MA',1),(1715,108,'Madaba','MD',1),(1716,109,'Almaty','AL',1),(1717,109,'Almaty City','AC',1),(1718,109,'Aqmola','AM',1),(1719,109,'Aqtobe','AQ',1),(1720,109,'Astana City','AS',1),(1721,109,'Atyrau','AT',1),(1722,109,'Batys Qazaqstan','BA',1),(1723,109,'Bayqongyr City','BY',1),(1724,109,'Mangghystau','MA',1),(1725,109,'Ongtustik Qazaqstan','ON',1),(1726,109,'Pavlodar','PA',1),(1727,109,'Qaraghandy','QA',1),(1728,109,'Qostanay','QO',1),(1729,109,'Qyzylorda','QY',1),(1730,109,'Shyghys Qazaqstan','SH',1),(1731,109,'Soltustik Qazaqstan','SO',1),(1732,109,'Zhambyl','ZH',1),(1733,110,'Central','CE',1),(1734,110,'Coast','CO',1),(1735,110,'Eastern','EA',1),(1736,110,'Nairobi Area','NA',1),(1737,110,'North Eastern','NE',1),(1738,110,'Nyanza','NY',1),(1739,110,'Rift Valley','RV',1),(1740,110,'Western','WE',1),(1741,111,'Abaiang','AG',1),(1742,111,'Abemama','AM',1),(1743,111,'Aranuka','AK',1),(1744,111,'Arorae','AO',1),(1745,111,'Banaba','BA',1),(1746,111,'Beru','BE',1),(1747,111,'Butaritari','bT',1),(1748,111,'Kanton','KA',1),(1749,111,'Kiritimati','KR',1),(1750,111,'Kuria','KU',1),(1751,111,'Maiana','MI',1),(1752,111,'Makin','MN',1),(1753,111,'Marakei','ME',1),(1754,111,'Nikunau','NI',1),(1755,111,'Nonouti','NO',1),(1756,111,'Onotoa','ON',1),(1757,111,'Tabiteuea','TT',1),(1758,111,'Tabuaeran','TR',1),(1759,111,'Tamana','TM',1),(1760,111,'Tarawa','TW',1),(1761,111,'Teraina','TE',1),(1762,112,'Chagang-do','CHA',1),(1763,112,'Hamgyong-bukto','HAB',1),(1764,112,'Hamgyong-namdo','HAN',1),(1765,112,'Hwanghae-bukto','HWB',1),(1766,112,'Hwanghae-namdo','HWN',1),(1767,112,'Kangwon-do','KAN',1),(1768,112,'P\'yongan-bukto','PYB',1),(1769,112,'P\'yongan-namdo','PYN',1),(1770,112,'Ryanggang-do (Yanggang-do)','YAN',1),(1771,112,'Rason Directly Governed City','NAJ',1),(1772,112,'P\'yongyang Special City','PYO',1),(1773,113,'Ch\'ungch\'ong-bukto','CO',1),(1774,113,'Ch\'ungch\'ong-namdo','CH',1),(1775,113,'Cheju-do','CD',1),(1776,113,'Cholla-bukto','CB',1),(1777,113,'Cholla-namdo','CN',1),(1778,113,'Inch\'on-gwangyoksi','IG',1),(1779,113,'Kangwon-do','KA',1),(1780,113,'Kwangju-gwangyoksi','KG',1),(1781,113,'Kyonggi-do','KD',1),(1782,113,'Kyongsang-bukto','KB',1),(1783,113,'Kyongsang-namdo','KN',1),(1784,113,'Pusan-gwangyoksi','PG',1),(1785,113,'Soul-t\'ukpyolsi','SO',1),(1786,113,'Taegu-gwangyoksi','TA',1),(1787,113,'Taejon-gwangyoksi','TG',1),(1788,114,'Al \'Asimah','AL',1),(1789,114,'Al Ahmadi','AA',1),(1790,114,'Al Farwaniyah','AF',1),(1791,114,'Al Jahra\'','AJ',1),(1792,114,'Hawalli','HA',1),(1793,115,'Bishkek','GB',1),(1794,115,'Batken','B',1),(1795,115,'Chu','C',1),(1796,115,'Jalal-Abad','J',1),(1797,115,'Naryn','N',1),(1798,115,'Osh','O',1),(1799,115,'Talas','T',1),(1800,115,'Ysyk-Kol','Y',1),(1801,116,'Vientiane','VT',1),(1802,116,'Attapu','AT',1),(1803,116,'Bokeo','BK',1),(1804,116,'Bolikhamxai','BL',1),(1805,116,'Champasak','CH',1),(1806,116,'Houaphan','HO',1),(1807,116,'Khammouan','KH',1),(1808,116,'Louang Namtha','LM',1),(1809,116,'Louangphabang','LP',1),(1810,116,'Oudomxai','OU',1),(1811,116,'Phongsali','PH',1),(1812,116,'Salavan','SL',1),(1813,116,'Savannakhet','SV',1),(1814,116,'Vientiane','VI',1),(1815,116,'Xaignabouli','XA',1),(1816,116,'Xekong','XE',1),(1817,116,'Xiangkhoang','XI',1),(1818,116,'Xaisomboun','XN',1),(1819,117,'Aizkraukles Rajons','AIZ',1),(1820,117,'Aluksnes Rajons','ALU',1),(1821,117,'Balvu Rajons','BAL',1),(1822,117,'Bauskas Rajons','BAU',1),(1823,117,'Cesu Rajons','CES',1),(1824,117,'Daugavpils Rajons','DGR',1),(1825,117,'Dobeles Rajons','DOB',1),(1826,117,'Gulbenes Rajons','GUL',1),(1827,117,'Jekabpils Rajons','JEK',1),(1828,117,'Jelgavas Rajons','JGR',1),(1829,117,'Kraslavas Rajons','KRA',1),(1830,117,'Kuldigas Rajons','KUL',1),(1831,117,'Liepajas Rajons','LPR',1),(1832,117,'Limbazu Rajons','LIM',1),(1833,117,'Ludzas Rajons','LUD',1),(1834,117,'Madonas Rajons','MAD',1),(1835,117,'Ogres Rajons','OGR',1),(1836,117,'Preilu Rajons','PRE',1),(1837,117,'Rezeknes Rajons','RZR',1),(1838,117,'Rigas Rajons','RGR',1),(1839,117,'Saldus Rajons','SAL',1),(1840,117,'Talsu Rajons','TAL',1),(1841,117,'Tukuma Rajons','TUK',1),(1842,117,'Valkas Rajons','VLK',1),(1843,117,'Valmieras Rajons','VLM',1),(1844,117,'Ventspils Rajons','VSR',1),(1845,117,'Daugavpils','DGV',1),(1846,117,'Jelgava','JGV',1),(1847,117,'Jurmala','JUR',1),(1848,117,'Liepaja','LPK',1),(1849,117,'Rezekne','RZK',1),(1850,117,'Riga','RGA',1),(1851,117,'Ventspils','VSL',1),(1852,119,'Berea','BE',1),(1853,119,'Butha-Buthe','BB',1),(1854,119,'Leribe','LE',1),(1855,119,'Mafeteng','MF',1),(1856,119,'Maseru','MS',1),(1857,119,'Mohale\'s Hoek','MH',1),(1858,119,'Mokhotlong','MK',1),(1859,119,'Qacha\'s Nek','QN',1),(1860,119,'Quthing','QT',1),(1861,119,'Thaba-Tseka','TT',1),(1862,120,'Bomi','BI',1),(1863,120,'Bong','BG',1),(1864,120,'Grand Bassa','GB',1),(1865,120,'Grand Cape Mount','CM',1),(1866,120,'Grand Gedeh','GG',1),(1867,120,'Grand Kru','GK',1),(1868,120,'Lofa','LO',1),(1869,120,'Margibi','MG',1),(1870,120,'Maryland','ML',1),(1871,120,'Montserrado','MS',1),(1872,120,'Nimba','NB',1),(1873,120,'River Cess','RC',1),(1874,120,'Sinoe','SN',1),(1875,121,'Ajdabiya','AJ',1),(1876,121,'Al \'Aziziyah','AZ',1),(1877,121,'Al Fatih','FA',1),(1878,121,'Al Jabal al Akhdar','JA',1),(1879,121,'Al Jufrah','JU',1),(1880,121,'Al Khums','KH',1),(1881,121,'Al Kufrah','KU',1),(1882,121,'An Nuqat al Khams','NK',1),(1883,121,'Ash Shati\'','AS',1),(1884,121,'Awbari','AW',1),(1885,121,'Az Zawiyah','ZA',1),(1886,121,'Banghazi','BA',1),(1887,121,'Darnah','DA',1),(1888,121,'Ghadamis','GD',1),(1889,121,'Gharyan','GY',1),(1890,121,'Misratah','MI',1),(1891,121,'Murzuq','MZ',1),(1892,121,'Sabha','SB',1),(1893,121,'Sawfajjin','SW',1),(1894,121,'Surt','SU',1),(1895,121,'Tarabulus (Tripoli)','TL',1),(1896,121,'Tarhunah','TH',1),(1897,121,'Tubruq','TU',1),(1898,121,'Yafran','YA',1),(1899,121,'Zlitan','ZL',1),(1900,122,'Vaduz','V',1),(1901,122,'Schaan','A',1),(1902,122,'Balzers','B',1),(1903,122,'Triesen','N',1),(1904,122,'Eschen','E',1),(1905,122,'Mauren','M',1),(1906,122,'Triesenberg','T',1),(1907,122,'Ruggell','R',1),(1908,122,'Gamprin','G',1),(1909,122,'Schellenberg','L',1),(1910,122,'Planken','P',1),(1911,123,'Alytus','AL',1),(1912,123,'Kaunas','KA',1),(1913,123,'Klaipeda','KL',1),(1914,123,'Marijampole','MA',1),(1915,123,'Panevezys','PA',1),(1916,123,'Siauliai','SI',1),(1917,123,'Taurage','TA',1),(1918,123,'Telsiai','TE',1),(1919,123,'Utena','UT',1),(1920,123,'Vilnius','VI',1),(1921,124,'Diekirch','DD',1),(1922,124,'Clervaux','DC',1),(1923,124,'Redange','DR',1),(1924,124,'Vianden','DV',1),(1925,124,'Wiltz','DW',1),(1926,124,'Grevenmacher','GG',1),(1927,124,'Echternach','GE',1),(1928,124,'Remich','GR',1),(1929,124,'Luxembourg','LL',1),(1930,124,'Capellen','LC',1),(1931,124,'Esch-sur-Alzette','LE',1),(1932,124,'Mersch','LM',1),(1933,125,'Our Lady Fatima Parish','OLF',1),(1934,125,'St. Anthony Parish','ANT',1),(1935,125,'St. Lazarus Parish','LAZ',1),(1936,125,'Cathedral Parish','CAT',1),(1937,125,'St. Lawrence Parish','LAW',1),(1938,127,'Antananarivo','AN',1),(1939,127,'Antsiranana','AS',1),(1940,127,'Fianarantsoa','FN',1),(1941,127,'Mahajanga','MJ',1),(1942,127,'Toamasina','TM',1),(1943,127,'Toliara','TL',1),(1944,128,'Balaka','BLK',1),(1945,128,'Blantyre','BLT',1),(1946,128,'Chikwawa','CKW',1),(1947,128,'Chiradzulu','CRD',1),(1948,128,'Chitipa','CTP',1),(1949,128,'Dedza','DDZ',1),(1950,128,'Dowa','DWA',1),(1951,128,'Karonga','KRG',1),(1952,128,'Kasungu','KSG',1),(1953,128,'Likoma','LKM',1),(1954,128,'Lilongwe','LLG',1),(1955,128,'Machinga','MCG',1),(1956,128,'Mangochi','MGC',1),(1957,128,'Mchinji','MCH',1),(1958,128,'Mulanje','MLJ',1),(1959,128,'Mwanza','MWZ',1),(1960,128,'Mzimba','MZM',1),(1961,128,'Ntcheu','NTU',1),(1962,128,'Nkhata Bay','NKB',1),(1963,128,'Nkhotakota','NKH',1),(1964,128,'Nsanje','NSJ',1),(1965,128,'Ntchisi','NTI',1),(1966,128,'Phalombe','PHL',1),(1967,128,'Rumphi','RMP',1),(1968,128,'Salima','SLM',1),(1969,128,'Thyolo','THY',1),(1970,128,'Zomba','ZBA',1),(1971,129,'Johor','JO',1),(1972,129,'Kedah','KE',1),(1973,129,'Kelantan','KL',1),(1974,129,'Labuan','LA',1),(1975,129,'Melaka','ME',1),(1976,129,'Negeri Sembilan','NS',1),(1977,129,'Pahang','PA',1),(1978,129,'Perak','PE',1),(1979,129,'Perlis','PR',1),(1980,129,'Pulau Pinang','PP',1),(1981,129,'Sabah','SA',1),(1982,129,'Sarawak','SR',1),(1983,129,'Selangor','SE',1),(1984,129,'Terengganu','TE',1),(1985,129,'Wilayah Persekutuan','WP',1),(1986,130,'Thiladhunmathi Uthuru','THU',1),(1987,130,'Thiladhunmathi Dhekunu','THD',1),(1988,130,'Miladhunmadulu Uthuru','MLU',1),(1989,130,'Miladhunmadulu Dhekunu','MLD',1),(1990,130,'Maalhosmadulu Uthuru','MAU',1),(1991,130,'Maalhosmadulu Dhekunu','MAD',1),(1992,130,'Faadhippolhu','FAA',1),(1993,130,'Male Atoll','MAA',1),(1994,130,'Ari Atoll Uthuru','AAU',1),(1995,130,'Ari Atoll Dheknu','AAD',1),(1996,130,'Felidhe Atoll','FEA',1),(1997,130,'Mulaku Atoll','MUA',1),(1998,130,'Nilandhe Atoll Uthuru','NAU',1),(1999,130,'Nilandhe Atoll Dhekunu','NAD',1),(2000,130,'Kolhumadulu','KLH',1),(2001,130,'Hadhdhunmathi','HDH',1),(2002,130,'Huvadhu Atoll Uthuru','HAU',1),(2003,130,'Huvadhu Atoll Dhekunu','HAD',1),(2004,130,'Fua Mulaku','FMU',1),(2005,130,'Addu','ADD',1),(2006,131,'Gao','GA',1),(2007,131,'Kayes','KY',1),(2008,131,'Kidal','KD',1),(2009,131,'Koulikoro','KL',1),(2010,131,'Mopti','MP',1),(2011,131,'Segou','SG',1),(2012,131,'Sikasso','SK',1),(2013,131,'Tombouctou','TB',1),(2014,131,'Bamako Capital District','CD',1),(2015,132,'Attard','ATT',1),(2016,132,'Balzan','BAL',1),(2017,132,'Birgu','BGU',1),(2018,132,'Birkirkara','BKK',1),(2019,132,'Birzebbuga','BRZ',1),(2020,132,'Bormla','BOR',1),(2021,132,'Dingli','DIN',1),(2022,132,'Fgura','FGU',1),(2023,132,'Floriana','FLO',1),(2024,132,'Gudja','GDJ',1),(2025,132,'Gzira','GZR',1),(2026,132,'Gargur','GRG',1),(2027,132,'Gaxaq','GXQ',1),(2028,132,'Hamrun','HMR',1),(2029,132,'Iklin','IKL',1),(2030,132,'Isla','ISL',1),(2031,132,'Kalkara','KLK',1),(2032,132,'Kirkop','KRK',1),(2033,132,'Lija','LIJ',1),(2034,132,'Luqa','LUQ',1),(2035,132,'Marsa','MRS',1),(2036,132,'Marsaskala','MKL',1),(2037,132,'Marsaxlokk','MXL',1),(2038,132,'Mdina','MDN',1),(2039,132,'Melliea','MEL',1),(2040,132,'Mgarr','MGR',1),(2041,132,'Mosta','MST',1),(2042,132,'Mqabba','MQA',1),(2043,132,'Msida','MSI',1),(2044,132,'Mtarfa','MTF',1),(2045,132,'Naxxar','NAX',1),(2046,132,'Paola','PAO',1),(2047,132,'Pembroke','PEM',1),(2048,132,'Pieta','PIE',1),(2049,132,'Qormi','QOR',1),(2050,132,'Qrendi','QRE',1),(2051,132,'Rabat','RAB',1),(2052,132,'Safi','SAF',1),(2053,132,'San Giljan','SGI',1),(2054,132,'Santa Lucija','SLU',1),(2055,132,'San Pawl il-Bahar','SPB',1),(2056,132,'San Gwann','SGW',1),(2057,132,'Santa Venera','SVE',1),(2058,132,'Siggiewi','SIG',1),(2059,132,'Sliema','SLM',1),(2060,132,'Swieqi','SWQ',1),(2061,132,'Ta Xbiex','TXB',1),(2062,132,'Tarxien','TRX',1),(2063,132,'Valletta','VLT',1),(2064,132,'Xgajra','XGJ',1),(2065,132,'Zabbar','ZBR',1),(2066,132,'Zebbug','ZBG',1),(2067,132,'Zejtun','ZJT',1),(2068,132,'Zurrieq','ZRQ',1),(2069,132,'Fontana','FNT',1),(2070,132,'Ghajnsielem','GHJ',1),(2071,132,'Gharb','GHR',1),(2072,132,'Ghasri','GHS',1),(2073,132,'Kercem','KRC',1),(2074,132,'Munxar','MUN',1),(2075,132,'Nadur','NAD',1),(2076,132,'Qala','QAL',1),(2077,132,'Victoria','VIC',1),(2078,132,'San Lawrenz','SLA',1),(2079,132,'Sannat','SNT',1),(2080,132,'Xagra','ZAG',1),(2081,132,'Xewkija','XEW',1),(2082,132,'Zebbug','ZEB',1),(2083,133,'Ailinginae','ALG',1),(2084,133,'Ailinglaplap','ALL',1),(2085,133,'Ailuk','ALK',1),(2086,133,'Arno','ARN',1),(2087,133,'Aur','AUR',1),(2088,133,'Bikar','BKR',1),(2089,133,'Bikini','BKN',1),(2090,133,'Bokak','BKK',1),(2091,133,'Ebon','EBN',1),(2092,133,'Enewetak','ENT',1),(2093,133,'Erikub','EKB',1),(2094,133,'Jabat','JBT',1),(2095,133,'Jaluit','JLT',1),(2096,133,'Jemo','JEM',1),(2097,133,'Kili','KIL',1),(2098,133,'Kwajalein','KWJ',1),(2099,133,'Lae','LAE',1),(2100,133,'Lib','LIB',1),(2101,133,'Likiep','LKP',1),(2102,133,'Majuro','MJR',1),(2103,133,'Maloelap','MLP',1),(2104,133,'Mejit','MJT',1),(2105,133,'Mili','MIL',1),(2106,133,'Namorik','NMK',1),(2107,133,'Namu','NAM',1),(2108,133,'Rongelap','RGL',1),(2109,133,'Rongrik','RGK',1),(2110,133,'Toke','TOK',1),(2111,133,'Ujae','UJA',1),(2112,133,'Ujelang','UJL',1),(2113,133,'Utirik','UTK',1),(2114,133,'Wotho','WTH',1),(2115,133,'Wotje','WTJ',1),(2116,135,'Adrar','AD',1),(2117,135,'Assaba','AS',1),(2118,135,'Brakna','BR',1),(2119,135,'Dakhlet Nouadhibou','DN',1),(2120,135,'Gorgol','GO',1),(2121,135,'Guidimaka','GM',1),(2122,135,'Hodh Ech Chargui','HC',1),(2123,135,'Hodh El Gharbi','HG',1),(2124,135,'Inchiri','IN',1),(2125,135,'Tagant','TA',1),(2126,135,'Tiris Zemmour','TZ',1),(2127,135,'Trarza','TR',1),(2128,135,'Nouakchott','NO',1),(2129,136,'Beau Bassin-Rose Hill','BR',1),(2130,136,'Curepipe','CU',1),(2131,136,'Port Louis','PU',1),(2132,136,'Quatre Bornes','QB',1),(2133,136,'Vacoas-Phoenix','VP',1),(2134,136,'Agalega Islands','AG',1),(2135,136,'Cargados Carajos Shoals (Saint Brandon Islands)','CC',1),(2136,136,'Rodrigues','RO',1),(2137,136,'Black River','BL',1),(2138,136,'Flacq','FL',1),(2139,136,'Grand Port','GP',1),(2140,136,'Moka','MO',1),(2141,136,'Pamplemousses','PA',1),(2142,136,'Plaines Wilhems','PW',1),(2143,136,'Port Louis','PL',1),(2144,136,'Riviere du Rempart','RR',1),(2145,136,'Savanne','SA',1),(2146,138,'Baja California Norte','BN',1),(2147,138,'Baja California Sur','BS',1),(2148,138,'Campeche','CA',1),(2149,138,'Chiapas','CI',1),(2150,138,'Chihuahua','CH',1),(2151,138,'Coahuila de Zaragoza','CZ',1),(2152,138,'Colima','CL',1),(2153,138,'Distrito Federal','DF',1),(2154,138,'Durango','DU',1),(2155,138,'Guanajuato','GA',1),(2156,138,'Guerrero','GE',1),(2157,138,'Hidalgo','HI',1),(2158,138,'Jalisco','JA',1),(2159,138,'Mexico','ME',1),(2160,138,'Michoacan de Ocampo','MI',1),(2161,138,'Morelos','MO',1),(2162,138,'Nayarit','NA',1),(2163,138,'Nuevo Leon','NL',1),(2164,138,'Oaxaca','OA',1),(2165,138,'Puebla','PU',1),(2166,138,'Queretaro de Arteaga','QA',1),(2167,138,'Quintana Roo','QR',1),(2168,138,'San Luis Potosi','SA',1),(2169,138,'Sinaloa','SI',1),(2170,138,'Sonora','SO',1),(2171,138,'Tabasco','TB',1),(2172,138,'Tamaulipas','TM',1),(2173,138,'Tlaxcala','TL',1),(2174,138,'Veracruz-Llave','VE',1),(2175,138,'Yucatan','YU',1),(2176,138,'Zacatecas','ZA',1),(2177,139,'Chuuk','C',1),(2178,139,'Kosrae','K',1),(2179,139,'Pohnpei','P',1),(2180,139,'Yap','Y',1),(2181,140,'Gagauzia','GA',1),(2182,140,'Chisinau','CU',1),(2183,140,'Balti','BA',1),(2184,140,'Cahul','CA',1),(2185,140,'Edinet','ED',1),(2186,140,'Lapusna','LA',1),(2187,140,'Orhei','OR',1),(2188,140,'Soroca','SO',1),(2189,140,'Tighina','TI',1),(2190,140,'Ungheni','UN',1),(2191,140,'St‚nga Nistrului','SN',1),(2192,141,'Fontvieille','FV',1),(2193,141,'La Condamine','LC',1),(2194,141,'Monaco-Ville','MV',1),(2195,141,'Monte-Carlo','MC',1),(2196,142,'Ulanbaatar','1',1),(2197,142,'Orhon','035',1),(2198,142,'Darhan uul','037',1),(2199,142,'Hentiy','039',1),(2200,142,'Hovsgol','041',1),(2201,142,'Hovd','043',1),(2202,142,'Uvs','046',1),(2203,142,'Tov','047',1),(2204,142,'Selenge','049',1),(2205,142,'Suhbaatar','051',1),(2206,142,'Omnogovi','053',1),(2207,142,'Ovorhangay','055',1),(2208,142,'Dzavhan','057',1),(2209,142,'DundgovL','059',1),(2210,142,'Dornod','061',1),(2211,142,'Dornogov','063',1),(2212,142,'Govi-Sumber','064',1),(2213,142,'Govi-Altay','065',1),(2214,142,'Bulgan','067',1),(2215,142,'Bayanhongor','069',1),(2216,142,'Bayan-Olgiy','071',1),(2217,142,'Arhangay','073',1),(2218,143,'Saint Anthony','A',1),(2219,143,'Saint Georges','G',1),(2220,143,'Saint Peter','P',1),(2221,144,'Agadir','AGD',1),(2222,144,'Al Hoceima','HOC',1),(2223,144,'Azilal','AZI',1),(2224,144,'Beni Mellal','BME',1),(2225,144,'Ben Slimane','BSL',1),(2226,144,'Boulemane','BLM',1),(2227,144,'Casablanca','CBL',1),(2228,144,'Chaouen','CHA',1),(2229,144,'El Jadida','EJA',1),(2230,144,'El Kelaa des Sraghna','EKS',1),(2231,144,'Er Rachidia','ERA',1),(2232,144,'Essaouira','ESS',1),(2233,144,'Fes','FES',1),(2234,144,'Figuig','FIG',1),(2235,144,'Guelmim','GLM',1),(2236,144,'Ifrane','IFR',1),(2237,144,'Kenitra','KEN',1),(2238,144,'Khemisset','KHM',1),(2239,144,'Khenifra','KHN',1),(2240,144,'Khouribga','KHO',1),(2241,144,'Laayoune','LYN',1),(2242,144,'Larache','LAR',1),(2243,144,'Marrakech','MRK',1),(2244,144,'Meknes','MKN',1),(2245,144,'Nador','NAD',1),(2246,144,'Ouarzazate','ORZ',1),(2247,144,'Oujda','OUJ',1),(2248,144,'Rabat-Sale','RSA',1),(2249,144,'Safi','SAF',1),(2250,144,'Settat','SET',1),(2251,144,'Sidi Kacem','SKA',1),(2252,144,'Tangier','TGR',1),(2253,144,'Tan-Tan','TAN',1),(2254,144,'Taounate','TAO',1),(2255,144,'Taroudannt','TRD',1),(2256,144,'Tata','TAT',1),(2257,144,'Taza','TAZ',1),(2258,144,'Tetouan','TET',1),(2259,144,'Tiznit','TIZ',1),(2260,144,'Ad Dakhla','ADK',1),(2261,144,'Boujdour','BJD',1),(2262,144,'Es Smara','ESM',1),(2263,145,'Cabo Delgado','CD',1),(2264,145,'Gaza','GZ',1),(2265,145,'Inhambane','IN',1),(2266,145,'Manica','MN',1),(2267,145,'Maputo (city)','MC',1),(2268,145,'Maputo','MP',1),(2269,145,'Nampula','NA',1),(2270,145,'Niassa','NI',1),(2271,145,'Sofala','SO',1),(2272,145,'Tete','TE',1),(2273,145,'Zambezia','ZA',1),(2274,146,'Ayeyarwady','AY',1),(2275,146,'Bago','BG',1),(2276,146,'Magway','MG',1),(2277,146,'Mandalay','MD',1),(2278,146,'Sagaing','SG',1),(2279,146,'Tanintharyi','TN',1),(2280,146,'Yangon','YG',1),(2281,146,'Chin State','CH',1),(2282,146,'Kachin State','KC',1),(2283,146,'Kayah State','KH',1),(2284,146,'Kayin State','KN',1),(2285,146,'Mon State','MN',1),(2286,146,'Rakhine State','RK',1),(2287,146,'Shan State','SH',1),(2288,147,'Caprivi','CA',1),(2289,147,'Erongo','ER',1),(2290,147,'Hardap','HA',1),(2291,147,'Karas','KR',1),(2292,147,'Kavango','KV',1),(2293,147,'Khomas','KH',1),(2294,147,'Kunene','KU',1),(2295,147,'Ohangwena','OW',1),(2296,147,'Omaheke','OK',1),(2297,147,'Omusati','OT',1),(2298,147,'Oshana','ON',1),(2299,147,'Oshikoto','OO',1),(2300,147,'Otjozondjupa','OJ',1),(2301,148,'Aiwo','AO',1),(2302,148,'Anabar','AA',1),(2303,148,'Anetan','AT',1),(2304,148,'Anibare','AI',1),(2305,148,'Baiti','BA',1),(2306,148,'Boe','BO',1),(2307,148,'Buada','BU',1),(2308,148,'Denigomodu','DE',1),(2309,148,'Ewa','EW',1),(2310,148,'Ijuw','IJ',1),(2311,148,'Meneng','ME',1),(2312,148,'Nibok','NI',1),(2313,148,'Uaboe','UA',1),(2314,148,'Yaren','YA',1),(2315,149,'Bagmati','BA',1),(2316,149,'Bheri','BH',1),(2317,149,'Dhawalagiri','DH',1),(2318,149,'Gandaki','GA',1),(2319,149,'Janakpur','JA',1),(2320,149,'Karnali','KA',1),(2321,149,'Kosi','KO',1),(2322,149,'Lumbini','LU',1),(2323,149,'Mahakali','MA',1),(2324,149,'Mechi','ME',1),(2325,149,'Narayani','NA',1),(2326,149,'Rapti','RA',1),(2327,149,'Sagarmatha','SA',1),(2328,149,'Seti','SE',1),(2329,150,'Drenthe','DR',1),(2330,150,'Flevoland','FL',1),(2331,150,'Friesland','FR',1),(2332,150,'Gelderland','GE',1),(2333,150,'Groningen','GR',1),(2334,150,'Limburg','LI',1),(2335,150,'Noord Brabant','NB',1),(2336,150,'Noord Holland','NH',1),(2337,150,'Overijssel','OV',1),(2338,150,'Utrecht','UT',1),(2339,150,'Zeeland','ZE',1),(2340,150,'Zuid Holland','ZH',1),(2341,152,'Iles Loyaute','L',1),(2342,152,'Nord','N',1),(2343,152,'Sud','S',1),(2344,153,'Auckland','AUK',1),(2345,153,'Bay of Plenty','BOP',1),(2346,153,'Canterbury','CAN',1),(2347,153,'Coromandel','COR',1),(2348,153,'Gisborne','GIS',1),(2349,153,'Fiordland','FIO',1),(2350,153,'Hawke\'s Bay','HKB',1),(2351,153,'Marlborough','MBH',1),(2352,153,'Manawatu-Wanganui','MWT',1),(2353,153,'Mt Cook-Mackenzie','MCM',1),(2354,153,'Nelson','NSN',1),(2355,153,'Northland','NTL',1),(2356,153,'Otago','OTA',1),(2357,153,'Southland','STL',1),(2358,153,'Taranaki','TKI',1),(2359,153,'Wellington','WGN',1),(2360,153,'Waikato','WKO',1),(2361,153,'Wairprarapa','WAI',1),(2362,153,'West Coast','WTC',1),(2363,154,'Atlantico Norte','AN',1),(2364,154,'Atlantico Sur','AS',1),(2365,154,'Boaco','BO',1),(2366,154,'Carazo','CA',1),(2367,154,'Chinandega','CI',1),(2368,154,'Chontales','CO',1),(2369,154,'Esteli','ES',1),(2370,154,'Granada','GR',1),(2371,154,'Jinotega','JI',1),(2372,154,'Leon','LE',1),(2373,154,'Madriz','MD',1),(2374,154,'Managua','MN',1),(2375,154,'Masaya','MS',1),(2376,154,'Matagalpa','MT',1),(2377,154,'Nuevo Segovia','NS',1),(2378,154,'Rio San Juan','RS',1),(2379,154,'Rivas','RI',1),(2380,155,'Agadez','AG',1),(2381,155,'Diffa','DF',1),(2382,155,'Dosso','DS',1),(2383,155,'Maradi','MA',1),(2384,155,'Niamey','NM',1),(2385,155,'Tahoua','TH',1),(2386,155,'Tillaberi','TL',1),(2387,155,'Zinder','ZD',1),(2388,156,'Abia','AB',1),(2389,156,'Abuja Federal Capital Territory','CT',1),(2390,156,'Adamawa','AD',1),(2391,156,'Akwa Ibom','AK',1),(2392,156,'Anambra','AN',1),(2393,156,'Bauchi','BC',1),(2394,156,'Bayelsa','BY',1),(2395,156,'Benue','BN',1),(2396,156,'Borno','BO',1),(2397,156,'Cross River','CR',1),(2398,156,'Delta','DE',1),(2399,156,'Ebonyi','EB',1),(2400,156,'Edo','ED',1),(2401,156,'Ekiti','EK',1),(2402,156,'Enugu','EN',1),(2403,156,'Gombe','GO',1),(2404,156,'Imo','IM',1),(2405,156,'Jigawa','JI',1),(2406,156,'Kaduna','KD',1),(2407,156,'Kano','KN',1),(2408,156,'Katsina','KT',1),(2409,156,'Kebbi','KE',1),(2410,156,'Kogi','KO',1),(2411,156,'Kwara','KW',1),(2412,156,'Lagos','LA',1),(2413,156,'Nassarawa','NA',1),(2414,156,'Niger','NI',1),(2415,156,'Ogun','OG',1),(2416,156,'Ondo','ONG',1),(2417,156,'Osun','OS',1),(2418,156,'Oyo','OY',1),(2419,156,'Plateau','PL',1),(2420,156,'Rivers','RI',1),(2421,156,'Sokoto','SO',1),(2422,156,'Taraba','TA',1),(2423,156,'Yobe','YO',1),(2424,156,'Zamfara','ZA',1),(2425,159,'Northern Islands','N',1),(2426,159,'Rota','R',1),(2427,159,'Saipan','S',1),(2428,159,'Tinian','T',1),(2429,160,'Akershus','AK',1),(2430,160,'Aust-Agder','AA',1),(2431,160,'Buskerud','BU',1),(2432,160,'Finnmark','FM',1),(2433,160,'Hedmark','HM',1),(2434,160,'Hordaland','HL',1),(2435,160,'More og Romdal','MR',1),(2436,160,'Nord-Trondelag','NT',1),(2437,160,'Nordland','NL',1),(2438,160,'Ostfold','OF',1),(2439,160,'Oppland','OP',1),(2440,160,'Oslo','OL',1),(2441,160,'Rogaland','RL',1),(2442,160,'Sor-Trondelag','ST',1),(2443,160,'Sogn og Fjordane','SJ',1),(2444,160,'Svalbard','SV',1),(2445,160,'Telemark','TM',1),(2446,160,'Troms','TR',1),(2447,160,'Vest-Agder','VA',1),(2448,160,'Vestfold','VF',1),(2449,161,'Ad Dakhiliyah','DA',1),(2450,161,'Al Batinah','BA',1),(2451,161,'Al Wusta','WU',1),(2452,161,'Ash Sharqiyah','SH',1),(2453,161,'Az Zahirah','ZA',1),(2454,161,'Masqat','MA',1),(2455,161,'Musandam','MU',1),(2456,161,'Zufar','ZU',1),(2457,162,'Balochistan','B',1),(2458,162,'Federally Administered Tribal Areas','T',1),(2459,162,'Islamabad Capital Territory','I',1),(2460,162,'North-West Frontier','N',1),(2461,162,'Punjab','P',1),(2462,162,'Sindh','S',1),(2463,163,'Aimeliik','AM',1),(2464,163,'Airai','AR',1),(2465,163,'Angaur','AN',1),(2466,163,'Hatohobei','HA',1),(2467,163,'Kayangel','KA',1),(2468,163,'Koror','KO',1),(2469,163,'Melekeok','ME',1),(2470,163,'Ngaraard','NA',1),(2471,163,'Ngarchelong','NG',1),(2472,163,'Ngardmau','ND',1),(2473,163,'Ngatpang','NT',1),(2474,163,'Ngchesar','NC',1),(2475,163,'Ngeremlengui','NR',1),(2476,163,'Ngiwal','NW',1),(2477,163,'Peleliu','PE',1),(2478,163,'Sonsorol','SO',1),(2479,164,'Bocas del Toro','BT',1),(2480,164,'Chiriqui','CH',1),(2481,164,'Cocle','CC',1),(2482,164,'Colon','CL',1),(2483,164,'Darien','DA',1),(2484,164,'Herrera','HE',1),(2485,164,'Los Santos','LS',1),(2486,164,'Panama','PA',1),(2487,164,'San Blas','SB',1),(2488,164,'Veraguas','VG',1),(2489,165,'Bougainville','BV',1),(2490,165,'Central','CE',1),(2491,165,'Chimbu','CH',1),(2492,165,'Eastern Highlands','EH',1),(2493,165,'East New Britain','EB',1),(2494,165,'East Sepik','ES',1),(2495,165,'Enga','EN',1),(2496,165,'Gulf','GU',1),(2497,165,'Madang','MD',1),(2498,165,'Manus','MN',1),(2499,165,'Milne Bay','MB',1),(2500,165,'Morobe','MR',1),(2501,165,'National Capital','NC',1),(2502,165,'New Ireland','NI',1),(2503,165,'Northern','NO',1),(2504,165,'Sandaun','SA',1),(2505,165,'Southern Highlands','SH',1),(2506,165,'Western','WE',1),(2507,165,'Western Highlands','WH',1),(2508,165,'West New Britain','WB',1),(2509,166,'Alto Paraguay','AG',1),(2510,166,'Alto Parana','AN',1),(2511,166,'Amambay','AM',1),(2512,166,'Asuncion','AS',1),(2513,166,'Boqueron','BO',1),(2514,166,'Caaguazu','CG',1),(2515,166,'Caazapa','CZ',1),(2516,166,'Canindeyu','CN',1),(2517,166,'Central','CE',1),(2518,166,'Concepcion','CC',1),(2519,166,'Cordillera','CD',1),(2520,166,'Guaira','GU',1),(2521,166,'Itapua','IT',1),(2522,166,'Misiones','MI',1),(2523,166,'Neembucu','NE',1),(2524,166,'Paraguari','PA',1),(2525,166,'Presidente Hayes','PH',1),(2526,166,'San Pedro','SP',1),(2527,167,'Amazonas','AM',1),(2528,167,'Ancash','AN',1),(2529,167,'Apurimac','AP',1),(2530,167,'Arequipa','AR',1),(2531,167,'Ayacucho','AY',1),(2532,167,'Cajamarca','CJ',1),(2533,167,'Callao','CL',1),(2534,167,'Cusco','CU',1),(2535,167,'Huancavelica','HV',1),(2536,167,'Huanuco','HO',1),(2537,167,'Ica','IC',1),(2538,167,'Junin','JU',1),(2539,167,'La Libertad','LD',1),(2540,167,'Lambayeque','LY',1),(2541,167,'Lima','LI',1),(2542,167,'Loreto','LO',1),(2543,167,'Madre de Dios','MD',1),(2544,167,'Moquegua','MO',1),(2545,167,'Pasco','PA',1),(2546,167,'Piura','PI',1),(2547,167,'Puno','PU',1),(2548,167,'San Martin','SM',1),(2549,167,'Tacna','TA',1),(2550,167,'Tumbes','TU',1),(2551,167,'Ucayali','UC',1),(2552,168,'Abra','ABR',1),(2553,168,'Agusan del Norte','ANO',1),(2554,168,'Agusan del Sur','ASU',1),(2555,168,'Aklan','AKL',1),(2556,168,'Albay','ALB',1),(2557,168,'Antique','ANT',1),(2558,168,'Apayao','APY',1),(2559,168,'Aurora','AUR',1),(2560,168,'Basilan','BAS',1),(2561,168,'Bataan','BTA',1),(2562,168,'Batanes','BTE',1),(2563,168,'Batangas','BTG',1),(2564,168,'Biliran','BLR',1),(2565,168,'Benguet','BEN',1),(2566,168,'Bohol','BOL',1),(2567,168,'Bukidnon','BUK',1),(2568,168,'Bulacan','BUL',1),(2569,168,'Cagayan','CAG',1),(2570,168,'Camarines Norte','CNO',1),(2571,168,'Camarines Sur','CSU',1),(2572,168,'Camiguin','CAM',1),(2573,168,'Capiz','CAP',1),(2574,168,'Catanduanes','CAT',1),(2575,168,'Cavite','CAV',1),(2576,168,'Cebu','CEB',1),(2577,168,'Compostela','CMP',1),(2578,168,'Davao del Norte','DNO',1),(2579,168,'Davao del Sur','DSU',1),(2580,168,'Davao Oriental','DOR',1),(2581,168,'Eastern Samar','ESA',1),(2582,168,'Guimaras','GUI',1),(2583,168,'Ifugao','IFU',1),(2584,168,'Ilocos Norte','INO',1),(2585,168,'Ilocos Sur','ISU',1),(2586,168,'Iloilo','ILO',1),(2587,168,'Isabela','ISA',1),(2588,168,'Kalinga','KAL',1),(2589,168,'Laguna','LAG',1),(2590,168,'Lanao del Norte','LNO',1),(2591,168,'Lanao del Sur','LSU',1),(2592,168,'La Union','UNI',1),(2593,168,'Leyte','LEY',1),(2594,168,'Maguindanao','MAG',1),(2595,168,'Marinduque','MRN',1),(2596,168,'Masbate','MSB',1),(2597,168,'Mindoro Occidental','MIC',1),(2598,168,'Mindoro Oriental','MIR',1),(2599,168,'Misamis Occidental','MSC',1),(2600,168,'Misamis Oriental','MOR',1),(2601,168,'Mountain','MOP',1),(2602,168,'Negros Occidental','NOC',1),(2603,168,'Negros Oriental','NOR',1),(2604,168,'North Cotabato','NCT',1),(2605,168,'Northern Samar','NSM',1),(2606,168,'Nueva Ecija','NEC',1),(2607,168,'Nueva Vizcaya','NVZ',1),(2608,168,'Palawan','PLW',1),(2609,168,'Pampanga','PMP',1),(2610,168,'Pangasinan','PNG',1),(2611,168,'Quezon','QZN',1),(2612,168,'Quirino','QRN',1),(2613,168,'Rizal','RIZ',1),(2614,168,'Romblon','ROM',1),(2615,168,'Samar','SMR',1),(2616,168,'Sarangani','SRG',1),(2617,168,'Siquijor','SQJ',1),(2618,168,'Sorsogon','SRS',1),(2619,168,'South Cotabato','SCO',1),(2620,168,'Southern Leyte','SLE',1),(2621,168,'Sultan Kudarat','SKU',1),(2622,168,'Sulu','SLU',1),(2623,168,'Surigao del Norte','SNO',1),(2624,168,'Surigao del Sur','SSU',1),(2625,168,'Tarlac','TAR',1),(2626,168,'Tawi-Tawi','TAW',1),(2627,168,'Zambales','ZBL',1),(2628,168,'Zamboanga del Norte','ZNO',1),(2629,168,'Zamboanga del Sur','ZSU',1),(2630,168,'Zamboanga Sibugay','ZSI',1),(2631,170,'Dolnoslaskie','DO',1),(2632,170,'Kujawsko-Pomorskie','KP',1),(2633,170,'Lodzkie','LO',1),(2634,170,'Lubelskie','LL',1),(2635,170,'Lubuskie','LU',1),(2636,170,'Malopolskie','ML',1),(2637,170,'Mazowieckie','MZ',1),(2638,170,'Opolskie','OP',1),(2639,170,'Podkarpackie','PP',1),(2640,170,'Podlaskie','PL',1),(2641,170,'Pomorskie','PM',1),(2642,170,'Slaskie','SL',1),(2643,170,'Swietokrzyskie','SW',1),(2644,170,'Warminsko-Mazurskie','WM',1),(2645,170,'Wielkopolskie','WP',1),(2646,170,'Zachodniopomorskie','ZA',1),(2647,198,'Saint Pierre','P',1),(2648,198,'Miquelon','M',1),(2649,171,'A&ccedil;ores','AC',1),(2650,171,'Aveiro','AV',1),(2651,171,'Beja','BE',1),(2652,171,'Braga','BR',1),(2653,171,'Bragan&ccedil;a','BA',1),(2654,171,'Castelo Branco','CB',1),(2655,171,'Coimbra','CO',1),(2656,171,'&Eacute;vora','EV',1),(2657,171,'Faro','FA',1),(2658,171,'Guarda','GU',1),(2659,171,'Leiria','LE',1),(2660,171,'Lisboa','LI',1),(2661,171,'Madeira','ME',1),(2662,171,'Portalegre','PO',1),(2663,171,'Porto','PR',1),(2664,171,'Santar&eacute;m','SA',1),(2665,171,'Set&uacute;bal','SE',1),(2666,171,'Viana do Castelo','VC',1),(2667,171,'Vila Real','VR',1),(2668,171,'Viseu','VI',1),(2669,173,'Ad Dawhah','DW',1),(2670,173,'Al Ghuwayriyah','GW',1),(2671,173,'Al Jumayliyah','JM',1),(2672,173,'Al Khawr','KR',1),(2673,173,'Al Wakrah','WK',1),(2674,173,'Ar Rayyan','RN',1),(2675,173,'Jarayan al Batinah','JB',1),(2676,173,'Madinat ash Shamal','MS',1),(2677,173,'Umm Sa\'id','UD',1),(2678,173,'Umm Salal','UL',1),(2679,175,'Alba','AB',1),(2680,175,'Arad','AR',1),(2681,175,'Arges','AG',1),(2682,175,'Bacau','BC',1),(2683,175,'Bihor','BH',1),(2684,175,'Bistrita-Nasaud','BN',1),(2685,175,'Botosani','BT',1),(2686,175,'Brasov','BV',1),(2687,175,'Braila','BR',1),(2688,175,'Bucuresti','B',1),(2689,175,'Buzau','BZ',1),(2690,175,'Caras-Severin','CS',1),(2691,175,'Calarasi','CL',1),(2692,175,'Cluj','CJ',1),(2693,175,'Constanta','CT',1),(2694,175,'Covasna','CV',1),(2695,175,'Dimbovita','DB',1),(2696,175,'Dolj','DJ',1),(2697,175,'Galati','GL',1),(2698,175,'Giurgiu','GR',1),(2699,175,'Gorj','GJ',1),(2700,175,'Harghita','HR',1),(2701,175,'Hunedoara','HD',1),(2702,175,'Ialomita','IL',1),(2703,175,'Iasi','IS',1),(2704,175,'Ilfov','IF',1),(2705,175,'Maramures','MM',1),(2706,175,'Mehedinti','MH',1),(2707,175,'Mures','MS',1),(2708,175,'Neamt','NT',1),(2709,175,'Olt','OT',1),(2710,175,'Prahova','PH',1),(2711,175,'Satu-Mare','SM',1),(2712,175,'Salaj','SJ',1),(2713,175,'Sibiu','SB',1),(2714,175,'Suceava','SV',1),(2715,175,'Teleorman','TR',1),(2716,175,'Timis','TM',1),(2717,175,'Tulcea','TL',1),(2718,175,'Vaslui','VS',1),(2719,175,'Valcea','VL',1),(2720,175,'Vrancea','VN',1),(2721,176,'Abakan','AB',1),(2722,176,'Aginskoye','AG',1),(2723,176,'Anadyr','AN',1),(2724,176,'Arkahangelsk','AR',1),(2725,176,'Astrakhan','AS',1),(2726,176,'Barnaul','BA',1),(2727,176,'Belgorod','BE',1),(2728,176,'Birobidzhan','BI',1),(2729,176,'Blagoveshchensk','BL',1),(2730,176,'Bryansk','BR',1),(2731,176,'Cheboksary','CH',1),(2732,176,'Chelyabinsk','CL',1),(2733,176,'Cherkessk','CR',1),(2734,176,'Chita','CI',1),(2735,176,'Dudinka','DU',1),(2736,176,'Elista','EL',1),(2737,176,'Gomo-Altaysk','GO',1),(2738,176,'Gorno-Altaysk','GA',1),(2739,176,'Groznyy','GR',1),(2740,176,'Irkutsk','IR',1),(2741,176,'Ivanovo','IV',1),(2742,176,'Izhevsk','IZ',1),(2743,176,'Kalinigrad','KA',1),(2744,176,'Kaluga','KL',1),(2745,176,'Kasnodar','KS',1),(2746,176,'Kazan','KZ',1),(2747,176,'Kemerovo','KE',1),(2748,176,'Khabarovsk','KH',1),(2749,176,'Khanty-Mansiysk','KM',1),(2750,176,'Kostroma','KO',1),(2751,176,'Krasnodar','KR',1),(2752,176,'Krasnoyarsk','KN',1),(2753,176,'Kudymkar','KU',1),(2754,176,'Kurgan','KG',1),(2755,176,'Kursk','KK',1),(2756,176,'Kyzyl','KY',1),(2757,176,'Lipetsk','LI',1),(2758,176,'Magadan','MA',1),(2759,176,'Makhachkala','MK',1),(2760,176,'Maykop','MY',1),(2761,176,'Moscow','MO',1),(2762,176,'Murmansk','MU',1),(2763,176,'Nalchik','NA',1),(2764,176,'Naryan Mar','NR',1),(2765,176,'Nazran','NZ',1),(2766,176,'Nizhniy Novgorod','NI',1),(2767,176,'Novgorod','NO',1),(2768,176,'Novosibirsk','NV',1),(2769,176,'Omsk','OM',1),(2770,176,'Orel','OR',1),(2771,176,'Orenburg','OE',1),(2772,176,'Palana','PA',1),(2773,176,'Penza','PE',1),(2774,176,'Perm','PR',1),(2775,176,'Petropavlovsk-Kamchatskiy','PK',1),(2776,176,'Petrozavodsk','PT',1),(2777,176,'Pskov','PS',1),(2778,176,'Rostov-na-Donu','RO',1),(2779,176,'Ryazan','RY',1),(2780,176,'Salekhard','SL',1),(2781,176,'Samara','SA',1),(2782,176,'Saransk','SR',1),(2783,176,'Saratov','SV',1),(2784,176,'Smolensk','SM',1),(2785,176,'St. Petersburg','SP',1),(2786,176,'Stavropol','ST',1),(2787,176,'Syktyvkar','SY',1),(2788,176,'Tambov','TA',1),(2789,176,'Tomsk','TO',1),(2790,176,'Tula','TU',1),(2791,176,'Tura','TR',1),(2792,176,'Tver','TV',1),(2793,176,'Tyumen','TY',1),(2794,176,'Ufa','UF',1),(2795,176,'Ul\'yanovsk','UL',1),(2796,176,'Ulan-Ude','UU',1),(2797,176,'Ust\'-Ordynskiy','US',1),(2798,176,'Vladikavkaz','VL',1),(2799,176,'Vladimir','VA',1),(2800,176,'Vladivostok','VV',1),(2801,176,'Volgograd','VG',1),(2802,176,'Vologda','VD',1),(2803,176,'Voronezh','VO',1),(2804,176,'Vyatka','VY',1),(2805,176,'Yakutsk','YA',1),(2806,176,'Yaroslavl','YR',1),(2807,176,'Yekaterinburg','YE',1),(2808,176,'Yoshkar-Ola','YO',1),(2809,177,'Butare','BU',1),(2810,177,'Byumba','BY',1),(2811,177,'Cyangugu','CY',1),(2812,177,'Gikongoro','GK',1),(2813,177,'Gisenyi','GS',1),(2814,177,'Gitarama','GT',1),(2815,177,'Kibungo','KG',1),(2816,177,'Kibuye','KY',1),(2817,177,'Kigali Rurale','KR',1),(2818,177,'Kigali-ville','KV',1),(2819,177,'Ruhengeri','RU',1),(2820,177,'Umutara','UM',1),(2821,178,'Christ Church Nichola Town','CCN',1),(2822,178,'Saint Anne Sandy Point','SAS',1),(2823,178,'Saint George Basseterre','SGB',1),(2824,178,'Saint George Gingerland','SGG',1),(2825,178,'Saint James Windward','SJW',1),(2826,178,'Saint John Capesterre','SJC',1),(2827,178,'Saint John Figtree','SJF',1),(2828,178,'Saint Mary Cayon','SMC',1),(2829,178,'Saint Paul Capesterre','CAP',1),(2830,178,'Saint Paul Charlestown','CHA',1),(2831,178,'Saint Peter Basseterre','SPB',1),(2832,178,'Saint Thomas Lowland','STL',1),(2833,178,'Saint Thomas Middle Island','STM',1),(2834,178,'Trinity Palmetto Point','TPP',1),(2835,179,'Anse-la-Raye','AR',1),(2836,179,'Castries','CA',1),(2837,179,'Choiseul','CH',1),(2838,179,'Dauphin','DA',1),(2839,179,'Dennery','DE',1),(2840,179,'Gros-Islet','GI',1),(2841,179,'Laborie','LA',1),(2842,179,'Micoud','MI',1),(2843,179,'Praslin','PR',1),(2844,179,'Soufriere','SO',1),(2845,179,'Vieux-Fort','VF',1),(2846,180,'Charlotte','C',1),(2847,180,'Grenadines','R',1),(2848,180,'Saint Andrew','A',1),(2849,180,'Saint David','D',1),(2850,180,'Saint George','G',1),(2851,180,'Saint Patrick','P',1),(2852,181,'A\'ana','AN',1),(2853,181,'Aiga-i-le-Tai','AI',1),(2854,181,'Atua','AT',1),(2855,181,'Fa\'asaleleaga','FA',1),(2856,181,'Gaga\'emauga','GE',1),(2857,181,'Gagaifomauga','GF',1),(2858,181,'Palauli','PA',1),(2859,181,'Satupa\'itea','SA',1),(2860,181,'Tuamasaga','TU',1),(2861,181,'Va\'a-o-Fonoti','VF',1),(2862,181,'Vaisigano','VS',1),(2863,182,'Acquaviva','AC',1),(2864,182,'Borgo Maggiore','BM',1),(2865,182,'Chiesanuova','CH',1),(2866,182,'Domagnano','DO',1),(2867,182,'Faetano','FA',1),(2868,182,'Fiorentino','FI',1),(2869,182,'Montegiardino','MO',1),(2870,182,'Citta di San Marino','SM',1),(2871,182,'Serravalle','SE',1),(2872,183,'Sao Tome','S',1),(2873,183,'Principe','P',1),(2874,184,'Al Bahah','BH',1),(2875,184,'Al Hudud ash Shamaliyah','HS',1),(2876,184,'Al Jawf','JF',1),(2877,184,'Al Madinah','MD',1),(2878,184,'Al Qasim','QS',1),(2879,184,'Ar Riyad','RD',1),(2880,184,'Ash Sharqiyah (Eastern)','AQ',1),(2881,184,'\'Asir','AS',1),(2882,184,'Ha\'il','HL',1),(2883,184,'Jizan','JZ',1),(2884,184,'Makkah','ML',1),(2885,184,'Najran','NR',1),(2886,184,'Tabuk','TB',1),(2887,185,'Dakar','DA',1),(2888,185,'Diourbel','DI',1),(2889,185,'Fatick','FA',1),(2890,185,'Kaolack','KA',1),(2891,185,'Kolda','KO',1),(2892,185,'Louga','LO',1),(2893,185,'Matam','MA',1),(2894,185,'Saint-Louis','SL',1),(2895,185,'Tambacounda','TA',1),(2896,185,'Thies','TH',1),(2897,185,'Ziguinchor','ZI',1),(2898,186,'Anse aux Pins','AP',1),(2899,186,'Anse Boileau','AB',1),(2900,186,'Anse Etoile','AE',1),(2901,186,'Anse Louis','AL',1),(2902,186,'Anse Royale','AR',1),(2903,186,'Baie Lazare','BL',1),(2904,186,'Baie Sainte Anne','BS',1),(2905,186,'Beau Vallon','BV',1),(2906,186,'Bel Air','BA',1),(2907,186,'Bel Ombre','BO',1),(2908,186,'Cascade','CA',1),(2909,186,'Glacis','GL',1),(2910,186,'Grand\' Anse (on Mahe)','GM',1),(2911,186,'Grand\' Anse (on Praslin)','GP',1),(2912,186,'La Digue','DG',1),(2913,186,'La Riviere Anglaise','RA',1),(2914,186,'Mont Buxton','MB',1),(2915,186,'Mont Fleuri','MF',1),(2916,186,'Plaisance','PL',1),(2917,186,'Pointe La Rue','PR',1),(2918,186,'Port Glaud','PG',1),(2919,186,'Saint Louis','SL',1),(2920,186,'Takamaka','TA',1),(2921,187,'Eastern','E',1),(2922,187,'Northern','N',1),(2923,187,'Southern','S',1),(2924,187,'Western','W',1),(2925,189,'Banskobystrický','BA',1),(2926,189,'Bratislavský','BR',1),(2927,189,'Košický','KO',1),(2928,189,'Nitriansky','NI',1),(2929,189,'Prešovský','PR',1),(2930,189,'Trenčiansky','TC',1),(2931,189,'Trnavský','TV',1),(2932,189,'Žilinský','ZI',1),(2933,191,'Central','CE',1),(2934,191,'Choiseul','CH',1),(2935,191,'Guadalcanal','GC',1),(2936,191,'Honiara','HO',1),(2937,191,'Isabel','IS',1),(2938,191,'Makira','MK',1),(2939,191,'Malaita','ML',1),(2940,191,'Rennell and Bellona','RB',1),(2941,191,'Temotu','TM',1),(2942,191,'Western','WE',1),(2943,192,'Awdal','AW',1),(2944,192,'Bakool','BK',1),(2945,192,'Banaadir','BN',1),(2946,192,'Bari','BR',1),(2947,192,'Bay','BY',1),(2948,192,'Galguduud','GA',1),(2949,192,'Gedo','GE',1),(2950,192,'Hiiraan','HI',1),(2951,192,'Jubbada Dhexe','JD',1),(2952,192,'Jubbada Hoose','JH',1),(2953,192,'Mudug','MU',1),(2954,192,'Nugaal','NU',1),(2955,192,'Sanaag','SA',1),(2956,192,'Shabeellaha Dhexe','SD',1),(2957,192,'Shabeellaha Hoose','SH',1),(2958,192,'Sool','SL',1),(2959,192,'Togdheer','TO',1),(2960,192,'Woqooyi Galbeed','WG',1),(2961,193,'Eastern Cape','EC',1),(2962,193,'Free State','FS',1),(2963,193,'Gauteng','GT',1),(2964,193,'KwaZulu-Natal','KN',1),(2965,193,'Limpopo','LP',1),(2966,193,'Mpumalanga','MP',1),(2967,193,'North West','NW',1),(2968,193,'Northern Cape','NC',1),(2969,193,'Western Cape','WC',1),(2970,195,'La Coru&ntilde;a','CA',1),(2971,195,'&Aacute;lava','AL',1),(2972,195,'Albacete','AB',1),(2973,195,'Alicante','AC',1),(2974,195,'Almeria','AM',1),(2975,195,'Asturias','AS',1),(2976,195,'&Aacute;vila','AV',1),(2977,195,'Badajoz','BJ',1),(2978,195,'Baleares','IB',1),(2979,195,'Barcelona','BA',1),(2980,195,'Burgos','BU',1),(2981,195,'C&aacute;ceres','CC',1),(2982,195,'C&aacute;diz','CZ',1),(2983,195,'Cantabria','CT',1),(2984,195,'Castell&oacute;n','CL',1),(2985,195,'Ceuta','CE',1),(2986,195,'Ciudad Real','CR',1),(2987,195,'C&oacute;rdoba','CD',1),(2988,195,'Cuenca','CU',1),(2989,195,'Girona','GI',1),(2990,195,'Granada','GD',1),(2991,195,'Guadalajara','GJ',1),(2992,195,'Guip&uacute;zcoa','GP',1),(2993,195,'Huelva','HL',1),(2994,195,'Huesca','HS',1),(2995,195,'Ja&eacute;n','JN',1),(2996,195,'La Rioja','RJ',1),(2997,195,'Las Palmas','PM',1),(2998,195,'Leon','LE',1),(2999,195,'Lleida','LL',1),(3000,195,'Lugo','LG',1),(3001,195,'Madrid','MD',1),(3002,195,'Malaga','MA',1),(3003,195,'Melilla','ML',1),(3004,195,'Murcia','MU',1),(3005,195,'Navarra','NV',1),(3006,195,'Ourense','OU',1),(3007,195,'Palencia','PL',1),(3008,195,'Pontevedra','PO',1),(3009,195,'Salamanca','SL',1),(3010,195,'Santa Cruz de Tenerife','SC',1),(3011,195,'Segovia','SG',1),(3012,195,'Sevilla','SV',1),(3013,195,'Soria','SO',1),(3014,195,'Tarragona','TA',1),(3015,195,'Teruel','TE',1),(3016,195,'Toledo','TO',1),(3017,195,'Valencia','VC',1),(3018,195,'Valladolid','VD',1),(3019,195,'Vizcaya','VZ',1),(3020,195,'Zamora','ZM',1),(3021,195,'Zaragoza','ZR',1),(3022,196,'Central','CE',1),(3023,196,'Eastern','EA',1),(3024,196,'North Central','NC',1),(3025,196,'Northern','NO',1),(3026,196,'North Western','NW',1),(3027,196,'Sabaragamuwa','SA',1),(3028,196,'Southern','SO',1),(3029,196,'Uva','UV',1),(3030,196,'Western','WE',1),(3031,197,'Ascension','A',1),(3032,197,'Saint Helena','S',1),(3033,197,'Tristan da Cunha','T',1),(3034,199,'A\'ali an Nil','ANL',1),(3035,199,'Al Bahr al Ahmar','BAM',1),(3036,199,'Al Buhayrat','BRT',1),(3037,199,'Al Jazirah','JZR',1),(3038,199,'Al Khartum','KRT',1),(3039,199,'Al Qadarif','QDR',1),(3040,199,'Al Wahdah','WDH',1),(3041,199,'An Nil al Abyad','ANB',1),(3042,199,'An Nil al Azraq','ANZ',1),(3043,199,'Ash Shamaliyah','ASH',1),(3044,199,'Bahr al Jabal','BJA',1),(3045,199,'Gharb al Istiwa\'iyah','GIS',1),(3046,199,'Gharb Bahr al Ghazal','GBG',1),(3047,199,'Gharb Darfur','GDA',1),(3048,199,'Gharb Kurdufan','GKU',1),(3049,199,'Janub Darfur','JDA',1),(3050,199,'Janub Kurdufan','JKU',1),(3051,199,'Junqali','JQL',1),(3052,199,'Kassala','KSL',1),(3053,199,'Nahr an Nil','NNL',1),(3054,199,'Shamal Bahr al Ghazal','SBG',1),(3055,199,'Shamal Darfur','SDA',1),(3056,199,'Shamal Kurdufan','SKU',1),(3057,199,'Sharq al Istiwa\'iyah','SIS',1),(3058,199,'Sinnar','SNR',1),(3059,199,'Warab','WRB',1),(3060,200,'Brokopondo','BR',1),(3061,200,'Commewijne','CM',1),(3062,200,'Coronie','CR',1),(3063,200,'Marowijne','MA',1),(3064,200,'Nickerie','NI',1),(3065,200,'Para','PA',1),(3066,200,'Paramaribo','PM',1),(3067,200,'Saramacca','SA',1),(3068,200,'Sipaliwini','SI',1),(3069,200,'Wanica','WA',1),(3070,202,'Hhohho','H',1),(3071,202,'Lubombo','L',1),(3072,202,'Manzini','M',1),(3073,202,'Shishelweni','S',1),(3074,203,'Blekinge','K',1),(3075,203,'Dalarna','W',1),(3076,203,'G&auml;vleborg','X',1),(3077,203,'Gotland','I',1),(3078,203,'Halland','N',1),(3079,203,'J&auml;mtland','Z',1),(3080,203,'J&ouml;nk&ouml;ping','F',1),(3081,203,'Kalmar','H',1),(3082,203,'Kronoberg','G',1),(3083,203,'Norrbotten','BD',1),(3084,203,'&Ouml;rebro','T',1),(3085,203,'&Ouml;sterg&ouml;tland','E',1),(3086,203,'Sk&aring;ne','M',1),(3087,203,'S&ouml;dermanland','D',1),(3088,203,'Stockholm','AB',1),(3089,203,'Uppsala','C',1),(3090,203,'V&auml;rmland','S',1),(3091,203,'V&auml;sterbotten','AC',1),(3092,203,'V&auml;sternorrland','Y',1),(3093,203,'V&auml;stmanland','U',1),(3094,203,'V&auml;stra G&ouml;taland','O',1),(3095,204,'Aargau','AG',1),(3096,204,'Appenzell Ausserrhoden','AR',1),(3097,204,'Appenzell Innerrhoden','AI',1),(3098,204,'Basel-Stadt','BS',1),(3099,204,'Basel-Landschaft','BL',1),(3100,204,'Bern','BE',1),(3101,204,'Fribourg','FR',1),(3102,204,'Gen&egrave;ve','GE',1),(3103,204,'Glarus','GL',1),(3104,204,'Graub&uuml;nden','GR',1),(3105,204,'Jura','JU',1),(3106,204,'Luzern','LU',1),(3107,204,'Neuch&acirc;tel','NE',1),(3108,204,'Nidwald','NW',1),(3109,204,'Obwald','OW',1),(3110,204,'St. Gallen','SG',1),(3111,204,'Schaffhausen','SH',1),(3112,204,'Schwyz','SZ',1),(3113,204,'Solothurn','SO',1),(3114,204,'Thurgau','TG',1),(3115,204,'Ticino','TI',1),(3116,204,'Uri','UR',1),(3117,204,'Valais','VS',1),(3118,204,'Vaud','VD',1),(3119,204,'Zug','ZG',1),(3120,204,'Z&uuml;rich','ZH',1),(3121,205,'Al Hasakah','HA',1),(3122,205,'Al Ladhiqiyah','LA',1),(3123,205,'Al Qunaytirah','QU',1),(3124,205,'Ar Raqqah','RQ',1),(3125,205,'As Suwayda','SU',1),(3126,205,'Dara','DA',1),(3127,205,'Dayr az Zawr','DZ',1),(3128,205,'Dimashq','DI',1),(3129,205,'Halab','HL',1),(3130,205,'Hamah','HM',1),(3131,205,'Hims','HI',1),(3132,205,'Idlib','ID',1),(3133,205,'Rif Dimashq','RD',1),(3134,205,'Tartus','TA',1),(3135,206,'Chang-hua','CH',1),(3136,206,'Chia-i','CI',1),(3137,206,'Hsin-chu','HS',1),(3138,206,'Hua-lien','HL',1),(3139,206,'I-lan','IL',1),(3140,206,'Kao-hsiung county','KH',1),(3141,206,'Kin-men','KM',1),(3142,206,'Lien-chiang','LC',1),(3143,206,'Miao-li','ML',1),(3144,206,'Nan-t\'ou','NT',1),(3145,206,'P\'eng-hu','PH',1),(3146,206,'P\'ing-tung','PT',1),(3147,206,'T\'ai-chung','TG',1),(3148,206,'T\'ai-nan','TA',1),(3149,206,'T\'ai-pei county','TP',1),(3150,206,'T\'ai-tung','TT',1),(3151,206,'T\'ao-yuan','TY',1),(3152,206,'Yun-lin','YL',1),(3153,206,'Chia-i city','CC',1),(3154,206,'Chi-lung','CL',1),(3155,206,'Hsin-chu','HC',1),(3156,206,'T\'ai-chung','TH',1),(3157,206,'T\'ai-nan','TN',1),(3158,206,'Kao-hsiung city','KC',1),(3159,206,'T\'ai-pei city','TC',1),(3160,207,'Gorno-Badakhstan','GB',1),(3161,207,'Khatlon','KT',1),(3162,207,'Sughd','SU',1),(3163,208,'Arusha','AR',1),(3164,208,'Dar es Salaam','DS',1),(3165,208,'Dodoma','DO',1),(3166,208,'Iringa','IR',1),(3167,208,'Kagera','KA',1),(3168,208,'Kigoma','KI',1),(3169,208,'Kilimanjaro','KJ',1),(3170,208,'Lindi','LN',1),(3171,208,'Manyara','MY',1),(3172,208,'Mara','MR',1),(3173,208,'Mbeya','MB',1),(3174,208,'Morogoro','MO',1),(3175,208,'Mtwara','MT',1),(3176,208,'Mwanza','MW',1),(3177,208,'Pemba North','PN',1),(3178,208,'Pemba South','PS',1),(3179,208,'Pwani','PW',1),(3180,208,'Rukwa','RK',1),(3181,208,'Ruvuma','RV',1),(3182,208,'Shinyanga','SH',1),(3183,208,'Singida','SI',1),(3184,208,'Tabora','TB',1),(3185,208,'Tanga','TN',1),(3186,208,'Zanzibar Central/South','ZC',1),(3187,208,'Zanzibar North','ZN',1),(3188,208,'Zanzibar Urban/West','ZU',1),(3189,209,'Amnat Charoen','Amnat Charoen',1),(3190,209,'Ang Thong','Ang Thong',1),(3191,209,'Ayutthaya','Ayutthaya',1),(3192,209,'Bangkok','Bangkok',1),(3193,209,'Buriram','Buriram',1),(3194,209,'Chachoengsao','Chachoengsao',1),(3195,209,'Chai Nat','Chai Nat',1),(3196,209,'Chaiyaphum','Chaiyaphum',1),(3197,209,'Chanthaburi','Chanthaburi',1),(3198,209,'Chiang Mai','Chiang Mai',1),(3199,209,'Chiang Rai','Chiang Rai',1),(3200,209,'Chon Buri','Chon Buri',1),(3201,209,'Chumphon','Chumphon',1),(3202,209,'Kalasin','Kalasin',1),(3203,209,'Kamphaeng Phet','Kamphaeng Phet',1),(3204,209,'Kanchanaburi','Kanchanaburi',1),(3205,209,'Khon Kaen','Khon Kaen',1),(3206,209,'Krabi','Krabi',1),(3207,209,'Lampang','Lampang',1),(3208,209,'Lamphun','Lamphun',1),(3209,209,'Loei','Loei',1),(3210,209,'Lop Buri','Lop Buri',1),(3211,209,'Mae Hong Son','Mae Hong Son',1),(3212,209,'Maha Sarakham','Maha Sarakham',1),(3213,209,'Mukdahan','Mukdahan',1),(3214,209,'Nakhon Nayok','Nakhon Nayok',1),(3215,209,'Nakhon Pathom','Nakhon Pathom',1),(3216,209,'Nakhon Phanom','Nakhon Phanom',1),(3217,209,'Nakhon Ratchasima','Nakhon Ratchasima',1),(3218,209,'Nakhon Sawan','Nakhon Sawan',1),(3219,209,'Nakhon Si Thammarat','Nakhon Si Thammarat',1),(3220,209,'Nan','Nan',1),(3221,209,'Narathiwat','Narathiwat',1),(3222,209,'Nong Bua Lamphu','Nong Bua Lamphu',1),(3223,209,'Nong Khai','Nong Khai',1),(3224,209,'Nonthaburi','Nonthaburi',1),(3225,209,'Pathum Thani','Pathum Thani',1),(3226,209,'Pattani','Pattani',1),(3227,209,'Phangnga','Phangnga',1),(3228,209,'Phatthalung','Phatthalung',1),(3229,209,'Phayao','Phayao',1),(3230,209,'Phetchabun','Phetchabun',1),(3231,209,'Phetchaburi','Phetchaburi',1),(3232,209,'Phichit','Phichit',1),(3233,209,'Phitsanulok','Phitsanulok',1),(3234,209,'Phrae','Phrae',1),(3235,209,'Phuket','Phuket',1),(3236,209,'Prachin Buri','Prachin Buri',1),(3237,209,'Prachuap Khiri Khan','Prachuap Khiri Khan',1),(3238,209,'Ranong','Ranong',1),(3239,209,'Ratchaburi','Ratchaburi',1),(3240,209,'Rayong','Rayong',1),(3241,209,'Roi Et','Roi Et',1),(3242,209,'Sa Kaeo','Sa Kaeo',1),(3243,209,'Sakon Nakhon','Sakon Nakhon',1),(3244,209,'Samut Prakan','Samut Prakan',1),(3245,209,'Samut Sakhon','Samut Sakhon',1),(3246,209,'Samut Songkhram','Samut Songkhram',1),(3247,209,'Sara Buri','Sara Buri',1),(3248,209,'Satun','Satun',1),(3249,209,'Sing Buri','Sing Buri',1),(3250,209,'Sisaket','Sisaket',1),(3251,209,'Songkhla','Songkhla',1),(3252,209,'Sukhothai','Sukhothai',1),(3253,209,'Suphan Buri','Suphan Buri',1),(3254,209,'Surat Thani','Surat Thani',1),(3255,209,'Surin','Surin',1),(3256,209,'Tak','Tak',1),(3257,209,'Trang','Trang',1),(3258,209,'Trat','Trat',1),(3259,209,'Ubon Ratchathani','Ubon Ratchathani',1),(3260,209,'Udon Thani','Udon Thani',1),(3261,209,'Uthai Thani','Uthai Thani',1),(3262,209,'Uttaradit','Uttaradit',1),(3263,209,'Yala','Yala',1),(3264,209,'Yasothon','Yasothon',1),(3265,210,'Kara','K',1),(3266,210,'Plateaux','P',1),(3267,210,'Savanes','S',1),(3268,210,'Centrale','C',1),(3269,210,'Maritime','M',1),(3270,211,'Atafu','A',1),(3271,211,'Fakaofo','F',1),(3272,211,'Nukunonu','N',1),(3273,212,'Ha\'apai','H',1),(3274,212,'Tongatapu','T',1),(3275,212,'Vava\'u','V',1),(3276,213,'Couva/Tabaquite/Talparo','CT',1),(3277,213,'Diego Martin','DM',1),(3278,213,'Mayaro/Rio Claro','MR',1),(3279,213,'Penal/Debe','PD',1),(3280,213,'Princes Town','PT',1),(3281,213,'Sangre Grande','SG',1),(3282,213,'San Juan/Laventille','SL',1),(3283,213,'Siparia','SI',1),(3284,213,'Tunapuna/Piarco','TP',1),(3285,213,'Port of Spain','PS',1),(3286,213,'San Fernando','SF',1),(3287,213,'Arima','AR',1),(3288,213,'Point Fortin','PF',1),(3289,213,'Chaguanas','CH',1),(3290,213,'Tobago','TO',1),(3291,214,'Ariana','AR',1),(3292,214,'Beja','BJ',1),(3293,214,'Ben Arous','BA',1),(3294,214,'Bizerte','BI',1),(3295,214,'Gabes','GB',1),(3296,214,'Gafsa','GF',1),(3297,214,'Jendouba','JE',1),(3298,214,'Kairouan','KR',1),(3299,214,'Kasserine','KS',1),(3300,214,'Kebili','KB',1),(3301,214,'Kef','KF',1),(3302,214,'Mahdia','MH',1),(3303,214,'Manouba','MN',1),(3304,214,'Medenine','ME',1),(3305,214,'Monastir','MO',1),(3306,214,'Nabeul','NA',1),(3307,214,'Sfax','SF',1),(3308,214,'Sidi','SD',1),(3309,214,'Siliana','SL',1),(3310,214,'Sousse','SO',1),(3311,214,'Tataouine','TA',1),(3312,214,'Tozeur','TO',1),(3313,214,'Tunis','TU',1),(3314,214,'Zaghouan','ZA',1),(3315,215,'Adana','ADA',1),(3316,215,'Adıyaman','ADI',1),(3317,215,'Afyonkarahisar','AFY',1),(3318,215,'Ağrı','AGR',1),(3319,215,'Aksaray','AKS',1),(3320,215,'Amasya','AMA',1),(3321,215,'Ankara','ANK',1),(3322,215,'Antalya','ANT',1),(3323,215,'Ardahan','ARD',1),(3324,215,'Artvin','ART',1),(3325,215,'Aydın','AYI',1),(3326,215,'Balıkesir','BAL',1),(3327,215,'Bartın','BAR',1),(3328,215,'Batman','BAT',1),(3329,215,'Bayburt','BAY',1),(3330,215,'Bilecik','BIL',1),(3331,215,'Bingöl','BIN',1),(3332,215,'Bitlis','BIT',1),(3333,215,'Bolu','BOL',1),(3334,215,'Burdur','BRD',1),(3335,215,'Bursa','BRS',1),(3336,215,'Çanakkale','CKL',1),(3337,215,'Çankırı','CKR',1),(3338,215,'Çorum','COR',1),(3339,215,'Denizli','DEN',1),(3340,215,'Diyarbakir','DIY',1),(3341,215,'Düzce','DUZ',1),(3342,215,'Edirne','EDI',1),(3343,215,'Elazig','ELA',1),(3344,215,'Erzincan','EZC',1),(3345,215,'Erzurum','EZR',1),(3346,215,'Eskişehir','ESK',1),(3347,215,'Gaziantep','GAZ',1),(3348,215,'Giresun','GIR',1),(3349,215,'Gümüşhane','GMS',1),(3350,215,'Hakkari','HKR',1),(3351,215,'Hatay','HTY',1),(3352,215,'Iğdır','IGD',1),(3353,215,'Isparta','ISP',1),(3354,215,'İstanbul','IST',1),(3355,215,'İzmir','IZM',1),(3356,215,'Kahramanmaraş','KAH',1),(3357,215,'Karabük','KRB',1),(3358,215,'Karaman','KRM',1),(3359,215,'Kars','KRS',1),(3360,215,'Kastamonu','KAS',1),(3361,215,'Kayseri','KAY',1),(3362,215,'Kilis','KLS',1),(3363,215,'Kirikkale','KRK',1),(3364,215,'Kirklareli','KLR',1),(3365,215,'Kirsehir','KRH',1),(3366,215,'Kocaeli','KOC',1),(3367,215,'Konya','KON',1),(3368,215,'Kütahya','KUT',1),(3369,215,'Malatya','MAL',1),(3370,215,'Manisa','MAN',1),(3371,215,'Mardin','MAR',1),(3372,215,'Mersin','MER',1),(3373,215,'Muğla','MUG',1),(3374,215,'Muş','MUS',1),(3375,215,'Nevşehir','NEV',1),(3376,215,'Niğde','NIG',1),(3377,215,'Ordu','ORD',1),(3378,215,'Osmaniye','OSM',1),(3379,215,'Rize','RIZ',1),(3380,215,'Sakarya','SAK',1),(3381,215,'Samsun','SAM',1),(3382,215,'Şanlıurfa','SAN',1),(3383,215,'Siirt','SII',1),(3384,215,'Sinop','SIN',1),(3385,215,'Şırnak','SIR',1),(3386,215,'Sivas','SIV',1),(3387,215,'Tekirdağ','TEL',1),(3388,215,'Tokat','TOK',1),(3389,215,'Trabzon','TRA',1),(3390,215,'Tunceli','TUN',1),(3391,215,'Uşak','USK',1),(3392,215,'Van','VAN',1),(3393,215,'Yalova','YAL',1),(3394,215,'Yozgat','YOZ',1),(3395,215,'Zonguldak','ZON',1),(3396,216,'Ahal Welayaty','A',1),(3397,216,'Balkan Welayaty','B',1),(3398,216,'Dashhowuz Welayaty','D',1),(3399,216,'Lebap Welayaty','L',1),(3400,216,'Mary Welayaty','M',1),(3401,217,'Ambergris Cays','AC',1),(3402,217,'Dellis Cay','DC',1),(3403,217,'French Cay','FC',1),(3404,217,'Little Water Cay','LW',1),(3405,217,'Parrot Cay','RC',1),(3406,217,'Pine Cay','PN',1),(3407,217,'Salt Cay','SL',1),(3408,217,'Grand Turk','GT',1),(3409,217,'South Caicos','SC',1),(3410,217,'East Caicos','EC',1),(3411,217,'Middle Caicos','MC',1),(3412,217,'North Caicos','NC',1),(3413,217,'Providenciales','PR',1),(3414,217,'West Caicos','WC',1),(3415,218,'Nanumanga','NMG',1),(3416,218,'Niulakita','NLK',1),(3417,218,'Niutao','NTO',1),(3418,218,'Funafuti','FUN',1),(3419,218,'Nanumea','NME',1),(3420,218,'Nui','NUI',1),(3421,218,'Nukufetau','NFT',1),(3422,218,'Nukulaelae','NLL',1),(3423,218,'Vaitupu','VAI',1),(3424,219,'Kalangala','KAL',1),(3425,219,'Kampala','KMP',1),(3426,219,'Kayunga','KAY',1),(3427,219,'Kiboga','KIB',1),(3428,219,'Luwero','LUW',1),(3429,219,'Masaka','MAS',1),(3430,219,'Mpigi','MPI',1),(3431,219,'Mubende','MUB',1),(3432,219,'Mukono','MUK',1),(3433,219,'Nakasongola','NKS',1),(3434,219,'Rakai','RAK',1),(3435,219,'Sembabule','SEM',1),(3436,219,'Wakiso','WAK',1),(3437,219,'Bugiri','BUG',1),(3438,219,'Busia','BUS',1),(3439,219,'Iganga','IGA',1),(3440,219,'Jinja','JIN',1),(3441,219,'Kaberamaido','KAB',1),(3442,219,'Kamuli','KML',1),(3443,219,'Kapchorwa','KPC',1),(3444,219,'Katakwi','KTK',1),(3445,219,'Kumi','KUM',1),(3446,219,'Mayuge','MAY',1),(3447,219,'Mbale','MBA',1),(3448,219,'Pallisa','PAL',1),(3449,219,'Sironko','SIR',1),(3450,219,'Soroti','SOR',1),(3451,219,'Tororo','TOR',1),(3452,219,'Adjumani','ADJ',1),(3453,219,'Apac','APC',1),(3454,219,'Arua','ARU',1),(3455,219,'Gulu','GUL',1),(3456,219,'Kitgum','KIT',1),(3457,219,'Kotido','KOT',1),(3458,219,'Lira','LIR',1),(3459,219,'Moroto','MRT',1),(3460,219,'Moyo','MOY',1),(3461,219,'Nakapiripirit','NAK',1),(3462,219,'Nebbi','NEB',1),(3463,219,'Pader','PAD',1),(3464,219,'Yumbe','YUM',1),(3465,219,'Bundibugyo','BUN',1),(3466,219,'Bushenyi','BSH',1),(3467,219,'Hoima','HOI',1),(3468,219,'Kabale','KBL',1),(3469,219,'Kabarole','KAR',1),(3470,219,'Kamwenge','KAM',1),(3471,219,'Kanungu','KAN',1),(3472,219,'Kasese','KAS',1),(3473,219,'Kibaale','KBA',1),(3474,219,'Kisoro','KIS',1),(3475,219,'Kyenjojo','KYE',1),(3476,219,'Masindi','MSN',1),(3477,219,'Mbarara','MBR',1),(3478,219,'Ntungamo','NTU',1),(3479,219,'Rukungiri','RUK',1),(3480,220,'Cherkasy','CK',1),(3481,220,'Chernihiv','CH',1),(3482,220,'Chernivtsi','CV',1),(3483,220,'Crimea','CR',1),(3484,220,'Dnipropetrovs\'k','DN',1),(3485,220,'Donets\'k','DO',1),(3486,220,'Ivano-Frankivs\'k','IV',1),(3487,220,'Kharkiv Kherson','KL',1),(3488,220,'Khmel\'nyts\'kyy','KM',1),(3489,220,'Kirovohrad','KR',1),(3490,220,'Kiev','KV',1),(3491,220,'Kyyiv','KY',1),(3492,220,'Luhans\'k','LU',1),(3493,220,'L\'viv','LV',1),(3494,220,'Mykolayiv','MY',1),(3495,220,'Odesa','OD',1),(3496,220,'Poltava','PO',1),(3497,220,'Rivne','RI',1),(3498,220,'Sevastopol','SE',1),(3499,220,'Sumy','SU',1),(3500,220,'Ternopil\'','TE',1),(3501,220,'Vinnytsya','VI',1),(3502,220,'Volyn\'','VO',1),(3503,220,'Zakarpattya','ZK',1),(3504,220,'Zaporizhzhya','ZA',1),(3505,220,'Zhytomyr','ZH',1),(3506,221,'Abu Zaby','AZ',1),(3507,221,'\'Ajman','AJ',1),(3508,221,'Al Fujayrah','FU',1),(3509,221,'Ash Shariqah','SH',1),(3510,221,'Dubayy','DU',1),(3511,221,'R\'as al Khaymah','RK',1),(3512,221,'Umm al Qaywayn','UQ',1),(3513,222,'Aberdeen','ABN',1),(3514,222,'Aberdeenshire','ABNS',1),(3515,222,'Anglesey','ANG',1),(3516,222,'Angus','AGS',1),(3517,222,'Argyll and Bute','ARY',1),(3518,222,'Bedfordshire','BEDS',1),(3519,222,'Berkshire','BERKS',1),(3520,222,'Blaenau Gwent','BLA',1),(3521,222,'Bridgend','BRI',1),(3522,222,'Bristol','BSTL',1),(3523,222,'Buckinghamshire','BUCKS',1),(3524,222,'Caerphilly','CAE',1),(3525,222,'Cambridgeshire','CAMBS',1),(3526,222,'Cardiff','CDF',1),(3527,222,'Carmarthenshire','CARM',1),(3528,222,'Ceredigion','CDGN',1),(3529,222,'Cheshire','CHES',1),(3530,222,'Clackmannanshire','CLACK',1),(3531,222,'Conwy','CON',1),(3532,222,'Cornwall','CORN',1),(3533,222,'Denbighshire','DNBG',1),(3534,222,'Derbyshire','DERBY',1),(3535,222,'Devon','DVN',1),(3536,222,'Dorset','DOR',1),(3537,222,'Dumfries and Galloway','DGL',1),(3538,222,'Dundee','DUND',1),(3539,222,'Durham','DHM',1),(3540,222,'East Ayrshire','ARYE',1),(3541,222,'East Dunbartonshire','DUNBE',1),(3542,222,'East Lothian','LOTE',1),(3543,222,'East Renfrewshire','RENE',1),(3544,222,'East Riding of Yorkshire','ERYS',1),(3545,222,'East Sussex','SXE',1),(3546,222,'Edinburgh','EDIN',1),(3547,222,'Essex','ESX',1),(3548,222,'Falkirk','FALK',1),(3549,222,'Fife','FFE',1),(3550,222,'Flintshire','FLINT',1),(3551,222,'Glasgow','GLAS',1),(3552,222,'Gloucestershire','GLOS',1),(3553,222,'Greater London','LDN',1),(3554,222,'Greater Manchester','MCH',1),(3555,222,'Gwynedd','GDD',1),(3556,222,'Hampshire','HANTS',1),(3557,222,'Herefordshire','HWR',1),(3558,222,'Hertfordshire','HERTS',1),(3559,222,'Highlands','HLD',1),(3560,222,'Inverclyde','IVER',1),(3561,222,'Isle of Wight','IOW',1),(3562,222,'Kent','KNT',1),(3563,222,'Lancashire','LANCS',1),(3564,222,'Leicestershire','LEICS',1),(3565,222,'Lincolnshire','LINCS',1),(3566,222,'Merseyside','MSY',1),(3567,222,'Merthyr Tydfil','MERT',1),(3568,222,'Midlothian','MLOT',1),(3569,222,'Monmouthshire','MMOUTH',1),(3570,222,'Moray','MORAY',1),(3571,222,'Neath Port Talbot','NPRTAL',1),(3572,222,'Newport','NEWPT',1),(3573,222,'Norfolk','NOR',1),(3574,222,'North Ayrshire','ARYN',1),(3575,222,'North Lanarkshire','LANN',1),(3576,222,'North Yorkshire','YSN',1),(3577,222,'Northamptonshire','NHM',1),(3578,222,'Northumberland','NLD',1),(3579,222,'Nottinghamshire','NOT',1),(3580,222,'Orkney Islands','ORK',1),(3581,222,'Oxfordshire','OFE',1),(3582,222,'Pembrokeshire','PEM',1),(3583,222,'Perth and Kinross','PERTH',1),(3584,222,'Powys','PWS',1),(3585,222,'Renfrewshire','REN',1),(3586,222,'Rhondda Cynon Taff','RHON',1),(3587,222,'Rutland','RUT',1),(3588,222,'Scottish Borders','BOR',1),(3589,222,'Shetland Islands','SHET',1),(3590,222,'Shropshire','SPE',1),(3591,222,'Somerset','SOM',1),(3592,222,'South Ayrshire','ARYS',1),(3593,222,'South Lanarkshire','LANS',1),(3594,222,'South Yorkshire','YSS',1),(3595,222,'Staffordshire','SFD',1),(3596,222,'Stirling','STIR',1),(3597,222,'Suffolk','SFK',1),(3598,222,'Surrey','SRY',1),(3599,222,'Swansea','SWAN',1),(3600,222,'Torfaen','TORF',1),(3601,222,'Tyne and Wear','TWR',1),(3602,222,'Vale of Glamorgan','VGLAM',1),(3603,222,'Warwickshire','WARKS',1),(3604,222,'West Dunbartonshire','WDUN',1),(3605,222,'West Lothian','WLOT',1),(3606,222,'West Midlands','WMD',1),(3607,222,'West Sussex','SXW',1),(3608,222,'West Yorkshire','YSW',1),(3609,222,'Western Isles','WIL',1),(3610,222,'Wiltshire','WLT',1),(3611,222,'Worcestershire','WORCS',1),(3612,222,'Wrexham','WRX',1),(3613,223,'Alabama','AL',1),(3614,223,'Alaska','AK',1),(3615,223,'American Samoa','AS',1),(3616,223,'Arizona','AZ',1),(3617,223,'Arkansas','AR',1),(3618,223,'Armed Forces Africa','AF',1),(3619,223,'Armed Forces Americas','AA',1),(3620,223,'Armed Forces Canada','AC',1),(3621,223,'Armed Forces Europe','AE',1),(3622,223,'Armed Forces Middle East','AM',1),(3623,223,'Armed Forces Pacific','AP',1),(3624,223,'California','CA',1),(3625,223,'Colorado','CO',1),(3626,223,'Connecticut','CT',1),(3627,223,'Delaware','DE',1),(3628,223,'District of Columbia','DC',1),(3629,223,'Federated States Of Micronesia','FM',1),(3630,223,'Florida','FL',1),(3631,223,'Georgia','GA',1),(3632,223,'Guam','GU',1),(3633,223,'Hawaii','HI',1),(3634,223,'Idaho','ID',1),(3635,223,'Illinois','IL',1),(3636,223,'Indiana','IN',1),(3637,223,'Iowa','IA',1),(3638,223,'Kansas','KS',1),(3639,223,'Kentucky','KY',1),(3640,223,'Louisiana','LA',1),(3641,223,'Maine','ME',1),(3642,223,'Marshall Islands','MH',1),(3643,223,'Maryland','MD',1),(3644,223,'Massachusetts','MA',1),(3645,223,'Michigan','MI',1),(3646,223,'Minnesota','MN',1),(3647,223,'Mississippi','MS',1),(3648,223,'Missouri','MO',1),(3649,223,'Montana','MT',1),(3650,223,'Nebraska','NE',1),(3651,223,'Nevada','NV',1),(3652,223,'New Hampshire','NH',1),(3653,223,'New Jersey','NJ',1),(3654,223,'New Mexico','NM',1),(3655,223,'New York','NY',1),(3656,223,'North Carolina','NC',1),(3657,223,'North Dakota','ND',1),(3658,223,'Northern Mariana Islands','MP',1),(3659,223,'Ohio','OH',1),(3660,223,'Oklahoma','OK',1),(3661,223,'Oregon','OR',1),(3662,223,'Palau','PW',1),(3663,223,'Pennsylvania','PA',1),(3664,223,'Puerto Rico','PR',1),(3665,223,'Rhode Island','RI',1),(3666,223,'South Carolina','SC',1),(3667,223,'South Dakota','SD',1),(3668,223,'Tennessee','TN',1),(3669,223,'Texas','TX',1),(3670,223,'Utah','UT',1),(3671,223,'Vermont','VT',1),(3672,223,'Virgin Islands','VI',1),(3673,223,'Virginia','VA',1),(3674,223,'Washington','WA',1),(3675,223,'West Virginia','WV',1),(3676,223,'Wisconsin','WI',1),(3677,223,'Wyoming','WY',1),(3678,224,'Baker Island','BI',1),(3679,224,'Howland Island','HI',1),(3680,224,'Jarvis Island','JI',1),(3681,224,'Johnston Atoll','JA',1),(3682,224,'Kingman Reef','KR',1),(3683,224,'Midway Atoll','MA',1),(3684,224,'Navassa Island','NI',1),(3685,224,'Palmyra Atoll','PA',1),(3686,224,'Wake Island','WI',1),(3687,225,'Artigas','AR',1),(3688,225,'Canelones','CA',1),(3689,225,'Cerro Largo','CL',1),(3690,225,'Colonia','CO',1),(3691,225,'Durazno','DU',1),(3692,225,'Flores','FS',1),(3693,225,'Florida','FA',1),(3694,225,'Lavalleja','LA',1),(3695,225,'Maldonado','MA',1),(3696,225,'Montevideo','MO',1),(3697,225,'Paysandu','PA',1),(3698,225,'Rio Negro','RN',1),(3699,225,'Rivera','RV',1),(3700,225,'Rocha','RO',1),(3701,225,'Salto','SL',1),(3702,225,'San Jose','SJ',1),(3703,225,'Soriano','SO',1),(3704,225,'Tacuarembo','TA',1),(3705,225,'Treinta y Tres','TT',1),(3706,226,'Andijon','AN',1),(3707,226,'Buxoro','BU',1),(3708,226,'Farg\'ona','FA',1),(3709,226,'Jizzax','JI',1),(3710,226,'Namangan','NG',1),(3711,226,'Navoiy','NW',1),(3712,226,'Qashqadaryo','QA',1),(3713,226,'Qoraqalpog\'iston Republikasi','QR',1),(3714,226,'Samarqand','SA',1),(3715,226,'Sirdaryo','SI',1),(3716,226,'Surxondaryo','SU',1),(3717,226,'Toshkent City','TK',1),(3718,226,'Toshkent Region','TO',1),(3719,226,'Xorazm','XO',1),(3720,227,'Malampa','MA',1),(3721,227,'Penama','PE',1),(3722,227,'Sanma','SA',1),(3723,227,'Shefa','SH',1),(3724,227,'Tafea','TA',1),(3725,227,'Torba','TO',1),(3726,229,'Amazonas','AM',1),(3727,229,'Anzoategui','AN',1),(3728,229,'Apure','AP',1),(3729,229,'Aragua','AR',1),(3730,229,'Barinas','BA',1),(3731,229,'Bolivar','BO',1),(3732,229,'Carabobo','CA',1),(3733,229,'Cojedes','CO',1),(3734,229,'Delta Amacuro','DA',1),(3735,229,'Dependencias Federales','DF',1),(3736,229,'Distrito Federal','DI',1),(3737,229,'Falcon','FA',1),(3738,229,'Guarico','GU',1),(3739,229,'Lara','LA',1),(3740,229,'Merida','ME',1),(3741,229,'Miranda','MI',1),(3742,229,'Monagas','MO',1),(3743,229,'Nueva Esparta','NE',1),(3744,229,'Portuguesa','PO',1),(3745,229,'Sucre','SU',1),(3746,229,'Tachira','TA',1),(3747,229,'Trujillo','TR',1),(3748,229,'Vargas','VA',1),(3749,229,'Yaracuy','YA',1),(3750,229,'Zulia','ZU',1),(3751,230,'An Giang','AG',1),(3752,230,'Bac Giang','BG',1),(3753,230,'Bac Kan','BK',1),(3754,230,'Bac Lieu','BL',1),(3755,230,'Bac Ninh','BC',1),(3756,230,'Ba Ria-Vung Tau','BR',1),(3757,230,'Ben Tre','BN',1),(3758,230,'Binh Dinh','BH',1),(3759,230,'Binh Duong','BU',1),(3760,230,'Binh Phuoc','BP',1),(3761,230,'Binh Thuan','BT',1),(3762,230,'Ca Mau','CM',1),(3763,230,'Can Tho','CT',1),(3764,230,'Cao Bang','CB',1),(3765,230,'Dak Lak','DL',1),(3766,230,'Dak Nong','DG',1),(3767,230,'Da Nang','DN',1),(3768,230,'Dien Bien','DB',1),(3769,230,'Dong Nai','DI',1),(3770,230,'Dong Thap','DT',1),(3771,230,'Gia Lai','GL',1),(3772,230,'Ha Giang','HG',1),(3773,230,'Hai Duong','HD',1),(3774,230,'Hai Phong','HP',1),(3775,230,'Ha Nam','HM',1),(3776,230,'Ha Noi','HI',1),(3777,230,'Ha Tay','HT',1),(3778,230,'Ha Tinh','HH',1),(3779,230,'Hoa Binh','HB',1),(3780,230,'Ho Chi Minh City','HC',1),(3781,230,'Hau Giang','HU',1),(3782,230,'Hung Yen','HY',1),(3783,232,'Saint Croix','C',1),(3784,232,'Saint John','J',1),(3785,232,'Saint Thomas','T',1),(3786,233,'Alo','A',1),(3787,233,'Sigave','S',1),(3788,233,'Wallis','W',1),(3789,235,'Abyan','AB',1),(3790,235,'Adan','AD',1),(3791,235,'Amran','AM',1),(3792,235,'Al Bayda','BA',1),(3793,235,'Ad Dali','DA',1),(3794,235,'Dhamar','DH',1),(3795,235,'Hadramawt','HD',1),(3796,235,'Hajjah','HJ',1),(3797,235,'Al Hudaydah','HU',1),(3798,235,'Ibb','IB',1),(3799,235,'Al Jawf','JA',1),(3800,235,'Lahij','LA',1),(3801,235,'Ma\'rib','MA',1),(3802,235,'Al Mahrah','MR',1),(3803,235,'Al Mahwit','MW',1),(3804,235,'Sa\'dah','SD',1),(3805,235,'San\'a','SN',1),(3806,235,'Shabwah','SH',1),(3807,235,'Ta\'izz','TA',1),(3808,236,'Kosovo','KOS',1),(3809,236,'Montenegro','MON',1),(3810,236,'Serbia','SER',1),(3811,236,'Vojvodina','VOJ',1),(3812,237,'Bas-Congo','BC',1),(3813,237,'Bandundu','BN',1),(3814,237,'Equateur','EQ',1),(3815,237,'Katanga','KA',1),(3816,237,'Kasai-Oriental','KE',1),(3817,237,'Kinshasa','KN',1),(3818,237,'Kasai-Occidental','KW',1),(3819,237,'Maniema','MA',1),(3820,237,'Nord-Kivu','NK',1),(3821,237,'Orientale','OR',1),(3822,237,'Sud-Kivu','SK',1),(3823,238,'Central','CE',1),(3824,238,'Copperbelt','CB',1),(3825,238,'Eastern','EA',1),(3826,238,'Luapula','LP',1),(3827,238,'Lusaka','LK',1),(3828,238,'Northern','NO',1),(3829,238,'North-Western','NW',1),(3830,238,'Southern','SO',1),(3831,238,'Western','WE',1),(3832,239,'Bulawayo','BU',1),(3833,239,'Harare','HA',1),(3834,239,'Manicaland','ML',1),(3835,239,'Mashonaland Central','MC',1),(3836,239,'Mashonaland East','ME',1),(3837,239,'Mashonaland West','MW',1),(3838,239,'Masvingo','MV',1),(3839,239,'Matabeleland North','MN',1),(3840,239,'Matabeleland South','MS',1),(3841,239,'Midlands','MD',1),(3861,105,'Campobasso','CB',1),(3862,105,'Carbonia-Iglesias','CI',1),(3863,105,'Caserta','CE',1),(3864,105,'Catania','CT',1),(3865,105,'Catanzaro','CZ',1),(3866,105,'Chieti','CH',1),(3867,105,'Como','CO',1),(3868,105,'Cosenza','CS',1),(3869,105,'Cremona','CR',1),(3870,105,'Crotone','KR',1),(3871,105,'Cuneo','CN',1),(3872,105,'Enna','EN',1),(3873,105,'Ferrara','FE',1),(3874,105,'Firenze','FI',1),(3875,105,'Foggia','FG',1),(3876,105,'Forli-Cesena','FC',1),(3877,105,'Frosinone','FR',1),(3878,105,'Genova','GE',1),(3879,105,'Gorizia','GO',1),(3880,105,'Grosseto','GR',1),(3881,105,'Imperia','IM',1),(3882,105,'Isernia','IS',1),(3883,105,'L&#39;Aquila','AQ',1),(3884,105,'La Spezia','SP',1),(3885,105,'Latina','LT',1),(3886,105,'Lecce','LE',1),(3887,105,'Lecco','LC',1),(3888,105,'Livorno','LI',1),(3889,105,'Lodi','LO',1),(3890,105,'Lucca','LU',1),(3891,105,'Macerata','MC',1),(3892,105,'Mantova','MN',1),(3893,105,'Massa-Carrara','MS',1),(3894,105,'Matera','MT',1),(3895,105,'Medio Campidano','VS',1),(3896,105,'Messina','ME',1),(3897,105,'Milano','MI',1),(3898,105,'Modena','MO',1),(3899,105,'Napoli','NA',1),(3900,105,'Novara','NO',1),(3901,105,'Nuoro','NU',1),(3902,105,'Ogliastra','OG',1),(3903,105,'Olbia-Tempio','OT',1),(3904,105,'Oristano','OR',1),(3905,105,'Padova','PD',1),(3906,105,'Palermo','PA',1),(3907,105,'Parma','PR',1),(3908,105,'Pavia','PV',1),(3909,105,'Perugia','PG',1),(3910,105,'Pesaro e Urbino','PU',1),(3911,105,'Pescara','PE',1),(3912,105,'Piacenza','PC',1),(3913,105,'Pisa','PI',1),(3914,105,'Pistoia','PT',1),(3915,105,'Pordenone','PN',1),(3916,105,'Potenza','PZ',1),(3917,105,'Prato','PO',1),(3918,105,'Ragusa','RG',1),(3919,105,'Ravenna','RA',1),(3920,105,'Reggio Calabria','RC',1),(3921,105,'Reggio Emilia','RE',1),(3922,105,'Rieti','RI',1),(3923,105,'Rimini','RN',1),(3924,105,'Roma','RM',1),(3925,105,'Rovigo','RO',1),(3926,105,'Salerno','SA',1),(3927,105,'Sassari','SS',1),(3928,105,'Savona','SV',1),(3929,105,'Siena','SI',1),(3930,105,'Siracusa','SR',1),(3931,105,'Sondrio','SO',1),(3932,105,'Taranto','TA',1),(3933,105,'Teramo','TE',1),(3934,105,'Terni','TR',1),(3935,105,'Torino','TO',1),(3936,105,'Trapani','TP',1),(3937,105,'Trento','TN',1),(3938,105,'Treviso','TV',1),(3939,105,'Trieste','TS',1),(3940,105,'Udine','UD',1),(3941,105,'Varese','VA',1),(3942,105,'Venezia','VE',1),(3943,105,'Verbano-Cusio-Ossola','VB',1),(3944,105,'Vercelli','VC',1),(3945,105,'Verona','VR',1),(3946,105,'Vibo Valentia','VV',1),(3947,105,'Vicenza','VI',1),(3948,105,'Viterbo','VT',1),(3949,222,'County Antrim','ANT',1),(3950,222,'County Armagh','ARM',1),(3951,222,'County Down','DOW',1),(3952,222,'County Fermanagh','FER',1),(3953,222,'County Londonderry','LDY',1),(3954,222,'County Tyrone','TYR',1),(3955,222,'Cumbria','CMA',1),(3956,190,'Pomurska','1',1),(3957,190,'Podravska','2',1),(3958,190,'Koroška','3',1),(3959,190,'Savinjska','4',1),(3960,190,'Zasavska','5',1),(3961,190,'Spodnjeposavska','6',1),(3962,190,'Jugovzhodna Slovenija','7',1),(3963,190,'Osrednjeslovenska','8',1),(3964,190,'Gorenjska','9',1),(3965,190,'Notranjsko-kraška','10',1),(3966,190,'Goriška','11',1),(3967,190,'Obalno-kraška','12',1),(3968,33,'Ruse','',1),(3969,101,'Alborz','ALB',1);

--
-- Table structure for table `zone_to_geo_zone`
--

CREATE TABLE `zone_to_geo_zone` (
  `zone_to_geo_zone_id` int NOT NULL AUTO_INCREMENT,
  `country_id` int NOT NULL,
  `zone_id` int NOT NULL DEFAULT '0',
  `geo_zone_id` int NOT NULL,
  `date_added` datetime NOT NULL DEFAULT '0000-00-00 00:00:00',
  `date_modified` datetime NOT NULL DEFAULT '0000-00-00 00:00:00',
  PRIMARY KEY (`zone_to_geo_zone_id`)
) ENGINE=MyISAM AUTO_INCREMENT=67 DEFAULT CHARSET=utf8mb3 COLLATE=utf8mb3_bin;

--
-- Dumping data for table `zone_to_geo_zone`
--

INSERT INTO `zone_to_geo_zone` (`zone_to_geo_zone_id`, `country_id`, `zone_id`, `geo_zone_id`, `date_added`, `date_modified`) VALUES (57,222,0,3,'2010-02-26 22:33:24','0000-00-00 00:00:00'),(65,222,0,4,'2010-12-15 15:18:13','0000-00-00 00:00:00'),(66,175,0,5,'2013-01-31 08:28:35','0000-00-00 00:00:00');

--
-- Dumping events for database 'reparati_store'
--

--
-- Dumping routines for database 'reparati_store'
--


